74.7.227.82 - - [02/Nov/2025:12:29:03 +0000] "GET /?path=//sys/class/net/lo/subsystem/lo/subsystem/eth0/device/net/eth0/subsystem/eth0/device/driver/virtio0/net/eth0/device/subsystem/devices/virtio0/driver/module/sections HTTP/1.1" 200 3362 "-" "Mozilla/5.0 AppleWebKit/537.36 (KHTML, like Gecko; compatible; GPTBot/1.2; +https://openai.com/gptbot)"
74.7.227.82 - - [02/Nov/2025:12:29:07 +0000] "GET /?path=//sys/class/net/lo/subsystem/lo/subsystem/eth0/device/net/eth0/subsystem/eth0/device/driver/virtio0/net/eth0/device/subsystem/devices/virtio0/driver/module/holders HTTP/1.1" 200 2475 "-" "Mozilla/5.0 AppleWebKit/537.36 (KHTML, like Gecko; compatible; GPTBot/1.2; +https://openai.com/gptbot)"
74.7.227.82 - - [02/Nov/2025:12:29:10 +0000] "GET /?path=//sys/class/net/lo/subsystem/lo/subsystem/eth0/device/net/eth0/subsystem/eth0/device/driver/virtio0/net/eth0/device/subsystem/devices/virtio0/driver/module/parameters HTTP/1.1" 200 2821 "-" "Mozilla/5.0 AppleWebKit/537.36 (KHTML, like Gecko; compatible; GPTBot/1.2; +https://openai.com/gptbot)"
74.7.227.82 - - [02/Nov/2025:12:29:13 +0000] "GET /?path=//sys/class/net/lo/subsystem/lo/subsystem/eth0/device/net/eth0/subsystem/eth0/device/driver/virtio0/net/eth0/device/subsystem/devices/virtio0/driver/module/drivers HTTP/1.1" 200 2718 "-" "Mozilla/5.0 AppleWebKit/537.36 (KHTML, like Gecko; compatible; GPTBot/1.2; +https://openai.com/gptbot)"
74.7.227.82 - - [02/Nov/2025:12:29:19 +0000] "GET /?path=//sys/class/net/lo/subsystem/lo/subsystem/eth0/device/net/eth0/device/subsystem/devices/virtio1/host0/scsi_host/host0/subsystem/host1/subsystem/host2/power HTTP/1.1" 200 2873 "-" "Mozilla/5.0 AppleWebKit/537.36 (KHTML, like Gecko; compatible; GPTBot/1.2; +https://openai.com/gptbot)"
57.141.2.85 - - [02/Nov/2025:12:29:22 +0000] "GET /wp-json/wp/v2/posts/33733?path=//lib64/tcl8.6 HTTP/1.1" 200 15462 "-" "meta-externalagent/1.1 (+https://developers.facebook.com/docs/sharing/webmasters/crawler)"
74.7.227.82 - - [02/Nov/2025:12:29:22 +0000] "GET /?path=//sys/class/net/lo/subsystem/lo/subsystem/eth0/device/net/eth0/device/subsystem/devices/virtio1/host0/scsi_host/host0/subsystem/host2/subsystem/host1/power HTTP/1.1" 200 2873 "-" "Mozilla/5.0 AppleWebKit/537.36 (KHTML, like Gecko; compatible; GPTBot/1.2; +https://openai.com/gptbot)"
57.141.2.78 - - [02/Nov/2025:12:29:23 +0000] "GET /the-department-declined-to-provide-specifics-when-impact-x/?path=//lib/.build-id/82 HTTP/1.1" 200 40740 "-" "meta-externalagent/1.1 (+https://developers.facebook.com/docs/sharing/webmasters/crawler)"
74.7.227.82 - - [02/Nov/2025:12:29:25 +0000] "GET /?path=//sys/class/net/lo/subsystem/lo/subsystem/eth0/device/net/eth0/device/driver/virtio0/driver/virtio0/subsystem/drivers/virtio_scsi/virtio1/host0/scsi_host/host0 HTTP/1.1" 200 3373 "-" "Mozilla/5.0 AppleWebKit/537.36 (KHTML, like Gecko; compatible; GPTBot/1.2; +https://openai.com/gptbot)"
57.141.2.7 - - [02/Nov/2025:12:29:28 +0000] "GET /wp-json/wp/v2/posts/32402?path=//share HTTP/1.1" 200 13975 "-" "meta-externalagent/1.1 (+https://developers.facebook.com/docs/sharing/webmasters/crawler)"
74.7.227.82 - - [02/Nov/2025:12:29:28 +0000] "GET /?path=//sys/class/net/lo/subsystem/lo/subsystem/eth0/device/net/eth0/device/subsystem/devices/virtio1/host0/scsi_host/host0/subsystem/host2/subsystem/host0 HTTP/1.1" 200 3358 "-" "Mozilla/5.0 AppleWebKit/537.36 (KHTML, like Gecko; compatible; GPTBot/1.2; +https://openai.com/gptbot)"
74.7.227.82 - - [02/Nov/2025:12:29:32 +0000] "GET /?path=//sys/class/net/lo/subsystem/lo/subsystem/eth0/device/net/eth0/subsystem/eth0/device/driver/virtio0/subsystem/devices/virtio0/subsystem HTTP/1.1" 200 2834 "-" "Mozilla/5.0 AppleWebKit/537.36 (KHTML, like Gecko; compatible; GPTBot/1.2; +https://openai.com/gptbot)"
74.7.227.82 - - [02/Nov/2025:12:29:36 +0000] "GET /?path=//sys/class/net/lo/subsystem/lo/subsystem/eth0/device/net/eth0/subsystem/lo/subsystem/lo/queues/rx-0 HTTP/1.1" 200 2700 "-" "Mozilla/5.0 AppleWebKit/537.36 (KHTML, like Gecko; compatible; GPTBot/1.2; +https://openai.com/gptbot)"
74.7.227.82 - - [02/Nov/2025:12:29:38 +0000] "GET /?path=//sys/class/net/lo/subsystem/lo/subsystem/eth0/device/net/eth0/device/driver/virtio0/net/eth0/device/driver/virtio0/driver/virtio0/power HTTP/1.1" 200 2845 "-" "Mozilla/5.0 AppleWebKit/537.36 (KHTML, like Gecko; compatible; GPTBot/1.2; +https://openai.com/gptbot)"
74.7.227.82 - - [02/Nov/2025:12:29:41 +0000] "GET /?path=//sys/class/net/lo/subsystem/lo/subsystem/eth0/device/net/eth0/device/subsystem/drivers/virtio_net/virtio0/net/eth0/device/net/eth0/device HTTP/1.1" 200 2979 "-" "Mozilla/5.0 AppleWebKit/537.36 (KHTML, like Gecko; compatible; GPTBot/1.2; +https://openai.com/gptbot)"
74.7.227.82 - - [02/Nov/2025:12:29:44 +0000] "GET /?fileloc=//sys/class/net/lo/subsystem/lo/subsystem/eth0/device/net/eth0/device/driver/virtio0/driver/virtio0/subsystem/drivers/virtio_scsi/virtio1/host0/scsi_host/host0/eh_deadline&path=//sys/class/net/lo/subsystem/lo/subsystem/eth0/device/net/eth0/device/driver/virtio0/driver/virtio0/subsystem/drivers/virtio_scsi/virtio1/host0/scsi_host/host0 HTTP/1.1" 200 2424 "-" "Mozilla/5.0 AppleWebKit/537.36 (KHTML, like Gecko; compatible; GPTBot/1.2; +https://openai.com/gptbot)"
74.7.227.82 - - [02/Nov/2025:12:29:47 +0000] "GET /?fileloc=//sys/class/net/lo/subsystem/lo/subsystem/eth0/device/net/eth0/device/driver/virtio0/driver/virtio0/subsystem/drivers/virtio_scsi/virtio1/host0/scsi_host/host0/host_busy&path=//sys/class/net/lo/subsystem/lo/subsystem/eth0/device/net/eth0/device/driver/virtio0/driver/virtio0/subsystem/drivers/virtio_scsi/virtio1/host0/scsi_host/host0 HTTP/1.1" 200 2420 "-" "Mozilla/5.0 AppleWebKit/537.36 (KHTML, like Gecko; compatible; GPTBot/1.2; +https://openai.com/gptbot)"
74.7.227.82 - - [02/Nov/2025:12:29:50 +0000] "GET /?path=//sys/class/net/lo/subsystem/lo/subsystem/eth0/device/net/eth0/subsystem/eth0/device/driver/virtio0/subsystem/devices/virtio0/subsystem/drivers HTTP/1.1" 200 2820 "-" "Mozilla/5.0 AppleWebKit/537.36 (KHTML, like Gecko; compatible; GPTBot/1.2; +https://openai.com/gptbot)"
74.7.227.82 - - [02/Nov/2025:12:29:53 +0000] "GET /?path=//sys/class/net/lo/subsystem/lo/subsystem/eth0/device/net/eth0/subsystem/eth0/device/driver/virtio0/net/eth0/device/subsystem/devices/virtio1/driver/module HTTP/1.1" 200 3051 "-" "Mozilla/5.0 AppleWebKit/537.36 (KHTML, like Gecko; compatible; GPTBot/1.2; +https://openai.com/gptbot)"
74.7.227.82 - - [02/Nov/2025:12:29:57 +0000] "GET /?path=//sys/class/net/lo/subsystem/lo/subsystem/eth0/device/net/eth0/device/driver/virtio0/driver/virtio0/subsystem/drivers/virtio_scsi/virtio1/host0/scsi_host/host0/power HTTP/1.1" 200 2888 "-" "Mozilla/5.0 AppleWebKit/537.36 (KHTML, like Gecko; compatible; GPTBot/1.2; +https://openai.com/gptbot)"
57.141.2.14 - - [02/Nov/2025:12:29:58 +0000] "GET /clinical-sexologist-and-sex-therapist-ness-cooper-recommends/?fileloc=//scripts/restartsrv_ipaliases&path=//scripts HTTP/1.1" 200 12274 "-" "meta-externalagent/1.1 (+https://developers.facebook.com/docs/sharing/webmasters/crawler)"
74.7.227.82 - - [02/Nov/2025:12:30:00 +0000] "GET /?path=//sys/class/net/lo/subsystem/lo/subsystem/eth0/device/net/eth0/device/subsystem/devices/virtio1/host0/scsi_host/host0/subsystem/host2/subsystem/host0/power HTTP/1.1" 200 2871 "-" "Mozilla/5.0 AppleWebKit/537.36 (KHTML, like Gecko; compatible; GPTBot/1.2; +https://openai.com/gptbot)"
74.7.227.82 - - [02/Nov/2025:12:30:05 +0000] "GET /?path=//sys/class/net/lo/subsystem/lo/subsystem/eth0/device/net/eth0/device/subsystem/drivers/virtio_net/virtio0/net/eth0/device/net/eth0/device/power HTTP/1.1" 200 2861 "-" "Mozilla/5.0 AppleWebKit/537.36 (KHTML, like Gecko; compatible; GPTBot/1.2; +https://openai.com/gptbot)"
74.7.227.82 - - [02/Nov/2025:12:30:07 +0000] "GET /?path=//sys/class/net/lo/subsystem/lo/subsystem/eth0/device/net/eth0/device/subsystem/drivers/virtio_net/virtio0/net/eth0/device/net/eth0/device/net HTTP/1.1" 200 2682 "-" "Mozilla/5.0 AppleWebKit/537.36 (KHTML, like Gecko; compatible; GPTBot/1.2; +https://openai.com/gptbot)"
74.7.227.82 - - [02/Nov/2025:12:30:10 +0000] "GET /?path=//sys/class/net/lo/subsystem/lo/subsystem/eth0/device/net/eth0/subsystem/eth0/device/driver/virtio0/subsystem/devices/virtio0/subsystem/drivers/virtio_net HTTP/1.1" 200 2851 "-" "Mozilla/5.0 AppleWebKit/537.36 (KHTML, like Gecko; compatible; GPTBot/1.2; +https://openai.com/gptbot)"
74.7.227.82 - - [02/Nov/2025:12:30:13 +0000] "GET /?path=//sys/class/net/lo/subsystem/lo/subsystem/eth0/device/net/eth0/device/driver/virtio0/driver/virtio0/net/eth0/subsystem/lo/subsystem/eth0 HTTP/1.1" 200 3708 "-" "Mozilla/5.0 AppleWebKit/537.36 (KHTML, like Gecko; compatible; GPTBot/1.2; +https://openai.com/gptbot)"
74.7.227.82 - - [02/Nov/2025:12:30:15 +0000] "GET /?path=//sys/class/net/lo/subsystem/lo/subsystem/eth0/device/net/eth0/subsystem/eth0/device/driver/virtio0/net/eth0/device/subsystem/devices/virtio1/driver/module/holders HTTP/1.1" 200 2478 "-" "Mozilla/5.0 AppleWebKit/537.36 (KHTML, like Gecko; compatible; GPTBot/1.2; +https://openai.com/gptbot)"
47.128.99.230 - - [02/Nov/2025:12:30:17 +0000] "GET /aside-from-the-techniques-im-also-going-to-be-explaining-the/?fileloc=%2F%2Fproc%2F10%2Ftimens_offsets&path=%2F%2Fproc%2F10 HTTP/1.1" 200 2276 "-" "Mozilla/5.0 (Linux; Android 5.0) AppleWebKit/537.36 (KHTML, like Gecko) Mobile Safari/537.36 (compatible; Bytespider; spider-feedback@bytedance.com)"
74.7.227.82 - - [02/Nov/2025:12:30:19 +0000] "GET /?path=//sys/class/net/lo/subsystem/lo/subsystem/eth0/device/net/eth0/subsystem/eth0/device/driver/virtio0/net/eth0/device/subsystem/devices/virtio1/driver/module/drivers HTTP/1.1" 200 2720 "-" "Mozilla/5.0 AppleWebKit/537.36 (KHTML, like Gecko; compatible; GPTBot/1.2; +https://openai.com/gptbot)"
74.7.227.82 - - [02/Nov/2025:12:30:21 +0000] "GET /?path=//sys/class/net/lo/subsystem/lo/subsystem/eth0/device/net/eth0/subsystem/eth0/device/driver/virtio0/net/eth0/device/subsystem/devices/virtio1/driver/module/sections HTTP/1.1" 200 3262 "-" "Mozilla/5.0 AppleWebKit/537.36 (KHTML, like Gecko; compatible; GPTBot/1.2; +https://openai.com/gptbot)"
74.7.227.82 - - [02/Nov/2025:12:30:25 +0000] "GET /?path=//sys/class/net/lo/subsystem/lo/subsystem/eth0/device/net/eth0/subsystem/eth0/device/driver/virtio0/net/eth0/device/subsystem/devices/virtio1/driver/module/notes HTTP/1.1" 200 2742 "-" "Mozilla/5.0 AppleWebKit/537.36 (KHTML, like Gecko; compatible; GPTBot/1.2; +https://openai.com/gptbot)"
51.75.119.229 - - [02/Nov/2025:12:30:26 +0000] "GET /robots.txt HTTP/1.1" 200 49024 "-" "Mozilla/5.0 (compatible; MJ12bot/v1.4.8; http://mj12bot.com/)"
74.7.227.82 - - [02/Nov/2025:12:30:28 +0000] "GET /?path=//sys/class/net/lo/subsystem/lo/subsystem/eth0/device/net/eth0/subsystem/eth0/device/driver/virtio0/subsystem/devices/virtio0/subsystem/drivers/virtio_scsi HTTP/1.1" 200 2854 "-" "Mozilla/5.0 AppleWebKit/537.36 (KHTML, like Gecko; compatible; GPTBot/1.2; +https://openai.com/gptbot)"
51.75.119.229 - - [02/Nov/2025:12:30:28 +0000] "GET /2025/08/04/pinco-kazino-r%C9%99smi-sayti-az%C9%99rbaycanda-onlayn-slotlar-bonuslar-v%C9%99-sur%C9%99tli-qeydiyyat/ HTTP/1.1" 200 3335 "-" "Mozilla/5.0 (compatible; MJ12bot/v1.4.8; http://mj12bot.com/)"
51.75.119.229 - - [02/Nov/2025:12:30:30 +0000] "GET /?fileloc=//etc/alternatives/easy_install-3&path=//etc/alternatives HTTP/1.1" 200 2416 "-" "Mozilla/5.0 (compatible; MJ12bot/v1.4.8; http://mj12bot.com/)"
57.141.2.14 - - [02/Nov/2025:12:30:31 +0000] "GET /wp-json/wp/v2/posts/35703?fileloc=//bin/semodule_unpackage&path=//bin HTTP/1.1" 200 12260 "-" "meta-externalagent/1.1 (+https://developers.facebook.com/docs/sharing/webmasters/crawler)"
51.75.119.229 - - [02/Nov/2025:12:30:32 +0000] "GET /?fileloc=//etc/alternatives/ifdown&path=//etc/alternatives HTTP/1.1" 200 3137 "-" "Mozilla/5.0 (compatible; MJ12bot/v1.4.8; http://mj12bot.com/)"
74.7.227.82 - - [02/Nov/2025:12:30:33 +0000] "GET /?path=//sys/class/net/lo/subsystem/lo/subsystem/eth0/device/net/eth0/subsystem/eth0/device/driver/virtio0/subsystem/devices/virtio0/subsystem/drivers/virtio_net/module HTTP/1.1" 200 3069 "-" "Mozilla/5.0 AppleWebKit/537.36 (KHTML, like Gecko; compatible; GPTBot/1.2; +https://openai.com/gptbot)"
51.75.119.229 - - [02/Nov/2025:12:30:34 +0000] "GET /?fileloc=//etc/alternatives/module.1.gz&path=//etc/alternatives HTTP/1.1" 200 2262 "-" "Mozilla/5.0 (compatible; MJ12bot/v1.4.8; http://mj12bot.com/)"
51.75.119.229 - - [02/Nov/2025:12:30:36 +0000] "GET /?fileloc=//etc/alternatives/modulecmd&path=//etc/alternatives HTTP/1.1" 200 88447 "-" "Mozilla/5.0 (compatible; MJ12bot/v1.4.8; http://mj12bot.com/)"
74.7.227.82 - - [02/Nov/2025:12:30:36 +0000] "GET /?path=//sys/class/net/lo/subsystem/lo/subsystem/eth0/device/net/eth0/subsystem/eth0/device/driver/virtio0/subsystem/devices/virtio0/subsystem/drivers/virtio_rproc_serial HTTP/1.1" 200 2837 "-" "Mozilla/5.0 AppleWebKit/537.36 (KHTML, like Gecko; compatible; GPTBot/1.2; +https://openai.com/gptbot)"
51.75.119.229 - - [02/Nov/2025:12:30:38 +0000] "GET /?fileloc=//etc/alternatives/modules.csh&path=//etc/alternatives HTTP/1.1" 200 2307 "-" "Mozilla/5.0 (compatible; MJ12bot/v1.4.8; http://mj12bot.com/)"
74.7.227.82 - - [02/Nov/2025:12:30:40 +0000] "GET /?path=//sys/class/net/lo/subsystem/lo/subsystem/eth0/device/net/eth0/device/driver/virtio0/net/eth0/subsystem/eth0/device/driver/virtio0/power HTTP/1.1" 200 2853 "-" "Mozilla/5.0 AppleWebKit/537.36 (KHTML, like Gecko; compatible; GPTBot/1.2; +https://openai.com/gptbot)"
51.75.119.229 - - [02/Nov/2025:12:30:40 +0000] "GET /?fileloc=//etc/alternatives/modules.sh&path=//etc/alternatives HTTP/1.1" 200 2455 "-" "Mozilla/5.0 (compatible; MJ12bot/v1.4.8; http://mj12bot.com/)"
51.75.119.229 - - [02/Nov/2025:12:30:42 +0000] "GET /?fileloc=//etc/alternatives/ncman&path=//etc/alternatives HTTP/1.1" 200 2257 "-" "Mozilla/5.0 (compatible; MJ12bot/v1.4.8; http://mj12bot.com/)"
74.7.227.82 - - [02/Nov/2025:12:30:43 +0000] "GET /?path=//sys/class/net/lo/subsystem/lo/subsystem/eth0/device/net/eth0/device/driver/virtio0/driver/virtio0/driver/virtio0/net/eth0/subsystem/lo HTTP/1.1" 200 3688 "-" "Mozilla/5.0 AppleWebKit/537.36 (KHTML, like Gecko; compatible; GPTBot/1.2; +https://openai.com/gptbot)"
51.75.119.229 - - [02/Nov/2025:12:30:44 +0000] "GET /?fileloc=//etc/alternatives/nmap&path=//etc/alternatives HTTP/1.1" 200 2256 "-" "Mozilla/5.0 (compatible; MJ12bot/v1.4.8; http://mj12bot.com/)"
51.75.119.229 - - [02/Nov/2025:12:30:46 +0000] "GET /?fileloc=//etc/alternatives/pyvenv-3&path=//etc/alternatives HTTP/1.1" 200 2495 "-" "Mozilla/5.0 (compatible; MJ12bot/v1.4.8; http://mj12bot.com/)"
74.7.227.82 - - [02/Nov/2025:12:30:46 +0000] "GET /?fileloc=//sys/class/net/lo/subsystem/lo/subsystem/eth0/device/net/eth0/subsystem/eth0/device/driver/virtio0/net/eth0/device/subsystem/devices/virtio1/driver/module/sections/.bss&path=//sys/class/net/lo/subsystem/lo/subsystem/eth0/device/net/eth0/subsystem/eth0/device/driver/virtio0/net/eth0/device/subsystem/devices/virtio1/driver/module/sections HTTP/1.1" 200 2423 "-" "Mozilla/5.0 AppleWebKit/537.36 (KHTML, like Gecko; compatible; GPTBot/1.2; +https://openai.com/gptbot)"
51.75.119.229 - - [02/Nov/2025:12:30:48 +0000] "GET /?fileloc=//etc/chkserv.d/cpgreylistd&path=//etc/chkserv.d HTTP/1.1" 200 2305 "-" "Mozilla/5.0 (compatible; MJ12bot/v1.4.8; http://mj12bot.com/)"
57.141.2.23 - - [02/Nov/2025:12:30:49 +0000] "GET /wp-json/wp/v2/posts/29551?fileloc=/home/nakedfoamlojoweb/public_html/wp-includes/pomo/plural-forms.php&path=/home/nakedfoamlojoweb/public_html/wp-includes/pomo HTTP/1.1" 200 20480 "-" "meta-externalagent/1.1 (+https://developers.facebook.com/docs/sharing/webmasters/crawler)"
51.75.119.229 - - [02/Nov/2025:12:30:50 +0000] "GET /?fileloc=//etc/chkserv.d/sshd&path=//etc/chkserv.d HTTP/1.1" 200 2301 "-" "Mozilla/5.0 (compatible; MJ12bot/v1.4.8; http://mj12bot.com/)"
74.7.227.82 - - [02/Nov/2025:12:30:50 +0000] "GET /?path=//sys/class/net/lo/subsystem/lo/subsystem/eth0/device/net/eth0/subsystem/eth0/device/driver/virtio0/subsystem/devices/virtio0/subsystem/drivers/virtio_scsi/module HTTP/1.1" 200 3048 "-" "Mozilla/5.0 AppleWebKit/537.36 (KHTML, like Gecko; compatible; GPTBot/1.2; +https://openai.com/gptbot)"
51.75.119.229 - - [02/Nov/2025:12:30:52 +0000] "GET /?fileloc=//etc/profile.d/bash_timestamps.sh&path=//etc/profile.d HTTP/1.1" 200 2311 "-" "Mozilla/5.0 (compatible; MJ12bot/v1.4.8; http://mj12bot.com/)"
74.7.227.82 - - [02/Nov/2025:12:30:54 +0000] "GET /?path=//sys/class/net/lo/subsystem/lo/subsystem/eth0/device/net/eth0/device/driver/virtio0/net/eth0/device/driver/virtio0/driver/module/sections HTTP/1.1" 200 3325 "-" "Mozilla/5.0 AppleWebKit/537.36 (KHTML, like Gecko; compatible; GPTBot/1.2; +https://openai.com/gptbot)"
51.75.119.229 - - [02/Nov/2025:12:30:54 +0000] "GET /?fileloc=//etc/profile.d/colorgrep.csh&path=//etc/profile.d HTTP/1.1" 200 2350 "-" "Mozilla/5.0 (compatible; MJ12bot/v1.4.8; http://mj12bot.com/)"
51.75.119.229 - - [02/Nov/2025:12:30:56 +0000] "GET /?fileloc=//etc/profile.d/colorgrep.sh&path=//etc/profile.d HTTP/1.1" 200 2339 "-" "Mozilla/5.0 (compatible; MJ12bot/v1.4.8; http://mj12bot.com/)"
74.7.227.82 - - [02/Nov/2025:12:30:57 +0000] "GET /?path=//sys/class/net/lo/subsystem/lo/subsystem/eth0/device/net/eth0/device/driver/virtio0/net/eth0/subsystem/lo/subsystem/eth0/device/driver HTTP/1.1" 200 2838 "-" "Mozilla/5.0 AppleWebKit/537.36 (KHTML, like Gecko; compatible; GPTBot/1.2; +https://openai.com/gptbot)"
51.75.119.229 - - [02/Nov/2025:12:30:58 +0000] "GET /?fileloc=//etc/profile.d/colorls.sh&path=//etc/profile.d HTTP/1.1" 200 2854 "-" "Mozilla/5.0 (compatible; MJ12bot/v1.4.8; http://mj12bot.com/)"
51.75.119.229 - - [02/Nov/2025:12:31:00 +0000] "GET /?fileloc=//etc/profile.d/colorsysstat.csh&path=//etc/profile.d HTTP/1.1" 200 2305 "-" "Mozilla/5.0 (compatible; MJ12bot/v1.4.8; http://mj12bot.com/)"
74.7.227.82 - - [02/Nov/2025:12:31:01 +0000] "GET /?path=//sys/class/net/lo/subsystem/lo/subsystem/eth0/device/net/eth0/subsystem/eth0/device/driver/virtio0/net/eth0/device/driver/virtio0/power HTTP/1.1" 200 2850 "-" "Mozilla/5.0 AppleWebKit/537.36 (KHTML, like Gecko; compatible; GPTBot/1.2; +https://openai.com/gptbot)"
51.75.119.229 - - [02/Nov/2025:12:31:02 +0000] "GET /?fileloc=//etc/profile.d/colorsysstat.sh&path=//etc/profile.d HTTP/1.1" 200 2295 "-" "Mozilla/5.0 (compatible; MJ12bot/v1.4.8; http://mj12bot.com/)"
51.75.119.229 - - [02/Nov/2025:12:31:04 +0000] "GET /?fileloc=//etc/profile.d/colorxzgrep.csh&path=//etc/profile.d HTTP/1.1" 200 2328 "-" "Mozilla/5.0 (compatible; MJ12bot/v1.4.8; http://mj12bot.com/)"
74.7.227.82 - - [02/Nov/2025:12:31:04 +0000] "GET /?path=//sys/class/net/lo/subsystem/lo/subsystem/eth0/device/net/eth0/device/driver/virtio0/net/eth0/device/driver/virtio0/driver/module/holders HTTP/1.1" 200 2447 "-" "Mozilla/5.0 AppleWebKit/537.36 (KHTML, like Gecko; compatible; GPTBot/1.2; +https://openai.com/gptbot)"
51.75.119.229 - - [02/Nov/2025:12:31:06 +0000] "GET /?fileloc=//etc/profile.d/colorxzgrep.sh&path=//etc/profile.d HTTP/1.1" 200 2323 "-" "Mozilla/5.0 (compatible; MJ12bot/v1.4.8; http://mj12bot.com/)"
74.7.227.82 - - [02/Nov/2025:12:31:06 +0000] "GET /?path=//sys/class/net/lo/subsystem/lo/subsystem/eth0/device/net/eth0/device/driver/virtio0/driver/virtio0/driver/virtio0/net/eth0/device/power HTTP/1.1" 200 2849 "-" "Mozilla/5.0 AppleWebKit/537.36 (KHTML, like Gecko; compatible; GPTBot/1.2; +https://openai.com/gptbot)"
51.75.119.229 - - [02/Nov/2025:12:31:08 +0000] "GET /?fileloc=//etc/profile.d/colorzgrep.csh&path=//etc/profile.d HTTP/1.1" 200 2338 "-" "Mozilla/5.0 (compatible; MJ12bot/v1.4.8; http://mj12bot.com/)"
57.141.2.73 - - [02/Nov/2025:12:31:08 +0000] "GET /wp-json/wp/v2/posts/28887?fileloc=/home/nakedfoamlojoweb/public_html/wp-includes/category.php&path=/home/nakedfoamlojoweb/public_html/wp-includes HTTP/1.1" 200 25528 "-" "meta-externalagent/1.1 (+https://developers.facebook.com/docs/sharing/webmasters/crawler)"
57.141.2.23 - - [02/Nov/2025:12:31:08 +0000] "GET /wp-json/wp/v2/posts/35703?fileloc=//bin/msgfmt&path=//bin HTTP/1.1" 200 12248 "-" "meta-externalagent/1.1 (+https://developers.facebook.com/docs/sharing/webmasters/crawler)"
51.75.119.229 - - [02/Nov/2025:12:31:10 +0000] "GET /?fileloc=//etc/profile.d/colorzgrep.sh&path=//etc/profile.d HTTP/1.1" 200 2336 "-" "Mozilla/5.0 (compatible; MJ12bot/v1.4.8; http://mj12bot.com/)"
74.7.227.82 - - [02/Nov/2025:12:31:10 +0000] "GET /?path=//sys/class/net/lo/subsystem/lo/subsystem/eth0/device/net/eth0/device/driver/virtio0/driver/virtio0/net/eth0/device/driver/virtio0/power HTTP/1.1" 200 2849 "-" "Mozilla/5.0 AppleWebKit/537.36 (KHTML, like Gecko; compatible; GPTBot/1.2; +https://openai.com/gptbot)"
51.75.119.229 - - [02/Nov/2025:12:31:11 +0000] "GET /?fileloc=//etc/profile.d/cpanel-user-commands.sh&path=//etc/profile.d HTTP/1.1" 200 2502 "-" "Mozilla/5.0 (compatible; MJ12bot/v1.4.8; http://mj12bot.com/)"
74.7.227.82 - - [02/Nov/2025:12:31:12 +0000] "GET /?path=//sys/class/net/lo/subsystem/lo/subsystem/eth0/device/net/eth0/device/driver/virtio0/net/eth0/device/driver/virtio0/driver/module/drivers HTTP/1.1" 200 2690 "-" "Mozilla/5.0 AppleWebKit/537.36 (KHTML, like Gecko; compatible; GPTBot/1.2; +https://openai.com/gptbot)"
51.75.119.229 - - [02/Nov/2025:12:31:13 +0000] "GET /?fileloc=//etc/profile.d/csh.local&path=//etc/profile.d HTTP/1.1" 200 2304 "-" "Mozilla/5.0 (compatible; MJ12bot/v1.4.8; http://mj12bot.com/)"
51.75.119.229 - - [02/Nov/2025:12:31:15 +0000] "GET /?fileloc=//etc/profile.d/debuginfod.csh&path=//etc/profile.d HTTP/1.1" 200 2567 "-" "Mozilla/5.0 (compatible; MJ12bot/v1.4.8; http://mj12bot.com/)"
74.7.227.82 - - [02/Nov/2025:12:31:16 +0000] "GET /?path=//sys/class/net/lo/subsystem/lo/subsystem/eth0/device/net/eth0/device/driver/virtio0/net/eth0/subsystem/eth0/device/driver/virtio0/driver HTTP/1.1" 200 2839 "-" "Mozilla/5.0 AppleWebKit/537.36 (KHTML, like Gecko; compatible; GPTBot/1.2; +https://openai.com/gptbot)"
51.75.119.229 - - [02/Nov/2025:12:31:17 +0000] "GET /?fileloc=//etc/profile.d/debuginfod.sh&path=//etc/profile.d HTTP/1.1" 200 2542 "-" "Mozilla/5.0 (compatible; MJ12bot/v1.4.8; http://mj12bot.com/)"
51.75.119.229 - - [02/Nov/2025:12:31:19 +0000] "GET /?fileloc=//etc/profile.d/gawk.csh&path=//etc/profile.d HTTP/1.1" 200 2467 "-" "Mozilla/5.0 (compatible; MJ12bot/v1.4.8; http://mj12bot.com/)"
74.7.227.82 - - [02/Nov/2025:12:31:19 +0000] "GET /?path=//sys/class/net/lo/subsystem/lo/subsystem/eth0/device/net/eth0/device/driver/virtio0/net/eth0/device/driver/virtio0/driver/module/notes HTTP/1.1" 200 2710 "-" "Mozilla/5.0 AppleWebKit/537.36 (KHTML, like Gecko; compatible; GPTBot/1.2; +https://openai.com/gptbot)"
51.75.119.229 - - [02/Nov/2025:12:31:21 +0000] "GET /?fileloc=//etc/profile.d/gawk.sh&path=//etc/profile.d HTTP/1.1" 200 2429 "-" "Mozilla/5.0 (compatible; MJ12bot/v1.4.8; http://mj12bot.com/)"
74.7.227.82 - - [02/Nov/2025:12:31:22 +0000] "GET /?path=//sys/class/net/lo/subsystem/lo/subsystem/eth0/device/net/eth0/device/subsystem/devices/virtio2/virtio-ports/vport2p1/subsystem/vport2p1/device/driver HTTP/1.1" 200 2865 "-" "Mozilla/5.0 AppleWebKit/537.36 (KHTML, like Gecko; compatible; GPTBot/1.2; +https://openai.com/gptbot)"
51.75.119.229 - - [02/Nov/2025:12:31:23 +0000] "GET /?fileloc=//etc/profile.d/lang.csh&path=//etc/profile.d HTTP/1.1" 200 3128 "-" "Mozilla/5.0 (compatible; MJ12bot/v1.4.8; http://mj12bot.com/)"
74.7.227.82 - - [02/Nov/2025:12:31:25 +0000] "GET /?path=//sys/class/net/lo/subsystem/lo/subsystem/eth0/device/net/eth0/device/driver/virtio0/subsystem/devices/virtio2/driver/virtio2/virtio-ports/vport2p1/subsystem HTTP/1.1" 200 2702 "-" "Mozilla/5.0 AppleWebKit/537.36 (KHTML, like Gecko; compatible; GPTBot/1.2; +https://openai.com/gptbot)"
51.75.119.229 - - [02/Nov/2025:12:31:25 +0000] "GET /?fileloc=//etc/profile.d/lang.sh&path=//etc/profile.d HTTP/1.1" 200 3073 "-" "Mozilla/5.0 (compatible; MJ12bot/v1.4.8; http://mj12bot.com/)"
51.75.119.229 - - [02/Nov/2025:12:31:27 +0000] "GET /?fileloc=//etc/profile.d/less.csh&path=//etc/profile.d HTTP/1.1" 200 2563 "-" "Mozilla/5.0 (compatible; MJ12bot/v1.4.8; http://mj12bot.com/)"
74.7.227.82 - - [02/Nov/2025:12:31:29 +0000] "GET /?path=//sys/class/net/lo/subsystem/lo/subsystem/eth0/device/net/eth0/device/subsystem/devices/virtio2/virtio-ports/vport2p1/subsystem/vport2p1/device/virtio-ports HTTP/1.1" 200 2686 "-" "Mozilla/5.0 AppleWebKit/537.36 (KHTML, like Gecko; compatible; GPTBot/1.2; +https://openai.com/gptbot)"
51.75.119.229 - - [02/Nov/2025:12:31:29 +0000] "GET /?fileloc=//etc/profile.d/less.sh&path=//etc/profile.d HTTP/1.1" 200 2418 "-" "Mozilla/5.0 (compatible; MJ12bot/v1.4.8; http://mj12bot.com/)"
51.75.119.229 - - [02/Nov/2025:12:31:31 +0000] "GET /?fileloc=//etc/profile.d/locallib.csh&path=//etc/profile.d HTTP/1.1" 200 2379 "-" "Mozilla/5.0 (compatible; MJ12bot/v1.4.8; http://mj12bot.com/)"
74.7.227.82 - - [02/Nov/2025:12:31:31 +0000] "GET /?path=//sys/class/net/lo/subsystem/lo/subsystem/eth0/device/net/eth0/device/subsystem/drivers/virtio_console/virtio2/virtio-ports/vport2p1/subsystem/vport2p1 HTTP/1.1" 200 2891 "-" "Mozilla/5.0 AppleWebKit/537.36 (KHTML, like Gecko; compatible; GPTBot/1.2; +https://openai.com/gptbot)"
51.75.119.229 - - [02/Nov/2025:12:31:33 +0000] "GET /?fileloc=//etc/profile.d/modules.csh&path=//etc/profile.d HTTP/1.1" 200 2303 "-" "Mozilla/5.0 (compatible; MJ12bot/v1.4.8; http://mj12bot.com/)"
74.7.227.82 - - [02/Nov/2025:12:31:35 +0000] "GET /?path=//sys/class/net/lo/subsystem/lo/subsystem/eth0/device/net/eth0/device/driver/virtio0/net/eth0/device/driver/virtio0/driver/module/drivers/virtio:virtio_net HTTP/1.1" 200 2865 "-" "Mozilla/5.0 AppleWebKit/537.36 (KHTML, like Gecko; compatible; GPTBot/1.2; +https://openai.com/gptbot)"
51.75.119.229 - - [02/Nov/2025:12:31:35 +0000] "GET /?fileloc=//etc/profile.d/modules.sh&path=//etc/profile.d HTTP/1.1" 200 2450 "-" "Mozilla/5.0 (compatible; MJ12bot/v1.4.8; http://mj12bot.com/)"
51.75.119.229 - - [02/Nov/2025:12:31:37 +0000] "GET /?fileloc=//etc/profile.d/scl-init.csh&path=//etc/profile.d HTTP/1.1" 200 2430 "-" "Mozilla/5.0 (compatible; MJ12bot/v1.4.8; http://mj12bot.com/)"
74.7.227.82 - - [02/Nov/2025:12:31:37 +0000] "GET /?path=//sys/class/net/lo/subsystem/lo/subsystem/eth0/device/net/eth0/device/subsystem/drivers/virtio_scsi/virtio1/subsystem/devices/virtio1/driver/virtio1/driver/virtio1 HTTP/1.1" 200 2979 "-" "Mozilla/5.0 AppleWebKit/537.36 (KHTML, like Gecko; compatible; GPTBot/1.2; +https://openai.com/gptbot)"
51.75.119.229 - - [02/Nov/2025:12:31:39 +0000] "GET /?fileloc=//etc/profile.d/scl-init.sh&path=//etc/profile.d HTTP/1.1" 200 2613 "-" "Mozilla/5.0 (compatible; MJ12bot/v1.4.8; http://mj12bot.com/)"
74.7.227.82 - - [02/Nov/2025:12:31:39 +0000] "GET /?path=//sys/class/net/lo/subsystem/lo/subsystem/eth0/device/net/eth0/subsystem/eth0/device/driver/virtio0/subsystem/devices/virtio0/driver/virtio0/driver/module/holders HTTP/1.1" 200 2465 "-" "Mozilla/5.0 AppleWebKit/537.36 (KHTML, like Gecko; compatible; GPTBot/1.2; +https://openai.com/gptbot)"
51.75.119.229 - - [02/Nov/2025:12:31:41 +0000] "GET /?fileloc=//etc/profile.d/which2.sh&path=//etc/profile.d HTTP/1.1" 200 2530 "-" "Mozilla/5.0 (compatible; MJ12bot/v1.4.8; http://mj12bot.com/)"
51.75.119.229 - - [02/Nov/2025:12:31:43 +0000] "GET /?fileloc=//etc/security/chroot.conf&path=//etc/security HTTP/1.1" 200 2300 "-" "Mozilla/5.0 (compatible; MJ12bot/v1.4.8; http://mj12bot.com/)"
51.75.119.229 - - [02/Nov/2025:12:31:45 +0000] "GET /?fileloc=//etc/security/console.perms&path=//etc/security HTTP/1.1" 200 2645 "-" "Mozilla/5.0 (compatible; MJ12bot/v1.4.8; http://mj12bot.com/)"
74.7.227.82 - - [02/Nov/2025:12:31:47 +0000] "GET /?path=//sys/class/net/lo/subsystem/lo/subsystem/eth0/device/net/eth0/device/subsystem/devices/virtio2/virtio-ports/vport2p1/subsystem/vport2p1/device/driver/module HTTP/1.1" 200 3050 "-" "Mozilla/5.0 AppleWebKit/537.36 (KHTML, like Gecko; compatible; GPTBot/1.2; +https://openai.com/gptbot)"
51.75.119.229 - - [02/Nov/2025:12:31:47 +0000] "GET /?fileloc=//etc/security/group.conf&path=//etc/security HTTP/1.1" 200 3806 "-" "Mozilla/5.0 (compatible; MJ12bot/v1.4.8; http://mj12bot.com/)"
51.75.119.229 - - [02/Nov/2025:12:31:49 +0000] "GET /?fileloc=//etc/security/namespace.init&path=//etc/security HTTP/1.1" 200 3083 "-" "Mozilla/5.0 (compatible; MJ12bot/v1.4.8; http://mj12bot.com/)"
74.7.227.82 - - [02/Nov/2025:12:31:50 +0000] "GET /?path=//sys/class/net/lo/subsystem/lo/subsystem/eth0/device/net/eth0/subsystem/eth0/device/driver/virtio0/subsystem/drivers/virtio_scsi/virtio1/subsystem/devices/virtio1 HTTP/1.1" 200 2987 "-" "Mozilla/5.0 AppleWebKit/537.36 (KHTML, like Gecko; compatible; GPTBot/1.2; +https://openai.com/gptbot)"
51.75.119.229 - - [02/Nov/2025:12:31:51 +0000] "GET /?fileloc=//etc/yum.repos.d/almalinux-resilientstorage.repo&path=//etc/yum.repos.d HTTP/1.1" 200 2488 "-" "Mozilla/5.0 (compatible; MJ12bot/v1.4.8; http://mj12bot.com/)"
51.75.119.229 - - [02/Nov/2025:12:31:52 +0000] "GET /?fileloc=//etc/yum.repos.d/cPAddons.repo&path=//etc/yum.repos.d HTTP/1.1" 200 2401 "-" "Mozilla/5.0 (compatible; MJ12bot/v1.4.8; http://mj12bot.com/)"
74.7.227.82 - - [02/Nov/2025:12:31:53 +0000] "GET /?path=//sys/class/net/lo/subsystem/lo/subsystem/eth0/device/net/eth0/device/driver/virtio0/subsystem/devices/virtio0/subsystem/drivers/virtio_scsi/virtio1/driver/virtio1 HTTP/1.1" 200 2991 "-" "Mozilla/5.0 AppleWebKit/537.36 (KHTML, like Gecko; compatible; GPTBot/1.2; +https://openai.com/gptbot)"
57.141.2.95 - - [02/Nov/2025:12:31:54 +0000] "GET /wp-json/wp/v2/posts/31061?path=/home/royalcrestmobile HTTP/1.1" 200 12726 "-" "meta-externalagent/1.1 (+https://developers.facebook.com/docs/sharing/webmasters/crawler)"
51.75.119.229 - - [02/Nov/2025:12:31:54 +0000] "GET /?fileloc=//etc/yum.repos.d/cpanel-plugins.repo&path=//etc/yum.repos.d HTTP/1.1" 200 2265 "-" "Mozilla/5.0 (compatible; MJ12bot/v1.4.8; http://mj12bot.com/)"
74.7.227.82 - - [02/Nov/2025:12:31:55 +0000] "GET /?path=//sys/class/net/lo/subsystem/lo/subsystem/eth0/device/net/eth0/subsystem/eth0/device/driver/virtio0/subsystem/drivers/virtio_scsi/virtio1/subsystem/devices/virtio0 HTTP/1.1" 200 2997 "-" "Mozilla/5.0 AppleWebKit/537.36 (KHTML, like Gecko; compatible; GPTBot/1.2; +https://openai.com/gptbot)"
51.75.119.229 - - [02/Nov/2025:12:31:56 +0000] "GET /?fileloc=//etc/yum.repos.d/epel-modular.repo&path=//etc/yum.repos.d HTTP/1.1" 200 2633 "-" "Mozilla/5.0 (compatible; MJ12bot/v1.4.8; http://mj12bot.com/)"
51.75.119.229 - - [02/Nov/2025:12:31:58 +0000] "GET /?fileloc=//etc/yum.repos.d/epel-testing-modular.repo&path=//etc/yum.repos.d HTTP/1.1" 200 2647 "-" "Mozilla/5.0 (compatible; MJ12bot/v1.4.8; http://mj12bot.com/)"
74.7.227.82 - - [02/Nov/2025:12:31:59 +0000] "GET /?path=//sys/class/net/lo/subsystem/lo/subsystem/eth0/device/net/eth0/device/subsystem/devices/virtio1/subsystem/drivers/virtio_net/virtio0/driver/virtio0/driver/virtio0 HTTP/1.1" 200 2986 "-" "Mozilla/5.0 AppleWebKit/537.36 (KHTML, like Gecko; compatible; GPTBot/1.2; +https://openai.com/gptbot)"
51.75.119.229 - - [02/Nov/2025:12:32:00 +0000] "GET /?fileloc=//etc/yum.repos.d/epel-testing.repo&path=//etc/yum.repos.d HTTP/1.1" 200 2584 "-" "Mozilla/5.0 (compatible; MJ12bot/v1.4.8; http://mj12bot.com/)"
74.7.227.82 - - [02/Nov/2025:12:32:02 +0000] "GET /?path=//sys/class/net/lo/subsystem/lo/subsystem/eth0/device/net/eth0/device/driver/virtio0/driver/virtio0/subsystem/devices/virtio0/driver/virtio0/driver/module/sections HTTP/1.1" 200 3346 "-" "Mozilla/5.0 AppleWebKit/537.36 (KHTML, like Gecko; compatible; GPTBot/1.2; +https://openai.com/gptbot)"
51.75.119.229 - - [02/Nov/2025:12:32:02 +0000] "GET /?fileloc=//etc/yum.repos.d/imunify-rollout.repo&path=//etc/yum.repos.d HTTP/1.1" 200 2485 "-" "Mozilla/5.0 (compatible; MJ12bot/v1.4.8; http://mj12bot.com/)"
51.75.119.229 - - [02/Nov/2025:12:32:04 +0000] "GET /?fileloc=//etc/yum.repos.d/mysql-community-source.repo&path=//etc/yum.repos.d HTTP/1.1" 200 2536 "-" "Mozilla/5.0 (compatible; MJ12bot/v1.4.8; http://mj12bot.com/)"
57.141.2.20 - - [02/Nov/2025:12:32:05 +0000] "GET /wp-json/wp/v2/posts/35796?path=/home/palmdrivemhplojo HTTP/1.1" 200 12726 "-" "meta-externalagent/1.1 (+https://developers.facebook.com/docs/sharing/webmasters/crawler)"
74.7.227.82 - - [02/Nov/2025:12:32:05 +0000] "GET /?path=//sys/class/net/lo/subsystem/lo/subsystem/eth0/device/net/eth0/device/subsystem/devices/virtio2/virtio-ports/vport2p1/subsystem/vport2p1/device/driver/module/sections HTTP/1.1" 200 3339 "-" "Mozilla/5.0 AppleWebKit/537.36 (KHTML, like Gecko; compatible; GPTBot/1.2; +https://openai.com/gptbot)"
51.75.119.229 - - [02/Nov/2025:12:32:06 +0000] "GET /?fileloc=//etc/yum.repos.d/mysql-community.repo&path=//etc/yum.repos.d HTTP/1.1" 200 2538 "-" "Mozilla/5.0 (compatible; MJ12bot/v1.4.8; http://mj12bot.com/)"
57.141.2.2 - - [02/Nov/2025:12:32:07 +0000] "GET /wp-json/wp/v2/posts/34358?fileloc=//scripts/delpop&path=//scripts HTTP/1.1" 200 18914 "-" "meta-externalagent/1.1 (+https://developers.facebook.com/docs/sharing/webmasters/crawler)"
51.75.119.229 - - [02/Nov/2025:12:32:08 +0000] "GET /?fileloc=//etc/yum.repos.d/wp-toolkit-cpanel.repo&path=//etc/yum.repos.d HTTP/1.1" 200 2366 "-" "Mozilla/5.0 (compatible; MJ12bot/v1.4.8; http://mj12bot.com/)"
74.7.227.82 - - [02/Nov/2025:12:32:08 +0000] "GET /?path=//sys/class/net/lo/subsystem/lo/subsystem/eth0/device/net/eth0/subsystem/eth0/device/driver/virtio0/subsystem/devices/virtio2/subsystem/drivers/virtio_net/virtio0 HTTP/1.1" 200 2988 "-" "Mozilla/5.0 AppleWebKit/537.36 (KHTML, like Gecko; compatible; GPTBot/1.2; +https://openai.com/gptbot)"
57.141.2.80 - - [02/Nov/2025:12:32:10 +0000] "GET /wp-json/wp/v2/posts/28243?fileloc=//lib64/pkgconfig/xcb-xkb.pc&path=//lib64/pkgconfig HTTP/1.1" 200 12543 "-" "meta-externalagent/1.1 (+https://developers.facebook.com/docs/sharing/webmasters/crawler)"
51.75.119.229 - - [02/Nov/2025:12:32:10 +0000] "GET /?path=//lib/.build-id/b8 HTTP/1.1" 200 3111 "-" "Mozilla/5.0 (compatible; MJ12bot/v1.4.8; http://mj12bot.com/)"
74.7.227.82 - - [02/Nov/2025:12:32:11 +0000] "GET /?path=//sys/class/net/lo/subsystem/lo/subsystem/eth0/device/net/eth0/device/subsystem/devices/virtio2/virtio-ports/vport2p1/subsystem/vport2p1/device/driver/module/notes HTTP/1.1" 200 2742 "-" "Mozilla/5.0 AppleWebKit/537.36 (KHTML, like Gecko; compatible; GPTBot/1.2; +https://openai.com/gptbot)"
51.75.119.229 - - [02/Nov/2025:12:32:12 +0000] "GET /?path=//lib/.build-id/b9 HTTP/1.1" 200 3357 "-" "Mozilla/5.0 (compatible; MJ12bot/v1.4.8; http://mj12bot.com/)"
74.7.227.82 - - [02/Nov/2025:12:32:14 +0000] "GET /?path=//sys/class/net/lo/subsystem/lo/subsystem/eth0/device/net/eth0/device/subsystem/devices/virtio2/virtio-ports/vport2p1/subsystem/vport2p1/device/driver/module/holders HTTP/1.1" 200 2479 "-" "Mozilla/5.0 AppleWebKit/537.36 (KHTML, like Gecko; compatible; GPTBot/1.2; +https://openai.com/gptbot)"
51.75.119.229 - - [02/Nov/2025:12:32:14 +0000] "GET /?path=//lib/.build-id/ba HTTP/1.1" 200 3008 "-" "Mozilla/5.0 (compatible; MJ12bot/v1.4.8; http://mj12bot.com/)"
51.75.119.229 - - [02/Nov/2025:12:32:16 +0000] "GET /?path=//lib/.build-id/bb HTTP/1.1" 200 3262 "-" "Mozilla/5.0 (compatible; MJ12bot/v1.4.8; http://mj12bot.com/)"
74.7.227.82 - - [02/Nov/2025:12:32:18 +0000] "GET /?path=//sys/class/net/lo/subsystem/lo/subsystem/eth0/device/net/eth0/device/subsystem/devices/virtio2/virtio-ports/vport2p1/subsystem/vport2p1/device/driver/module/drivers HTTP/1.1" 200 2760 "-" "Mozilla/5.0 AppleWebKit/537.36 (KHTML, like Gecko; compatible; GPTBot/1.2; +https://openai.com/gptbot)"
51.75.119.229 - - [02/Nov/2025:12:32:18 +0000] "GET /?path=//lib/.build-id/bc HTTP/1.1" 200 3152 "-" "Mozilla/5.0 (compatible; MJ12bot/v1.4.8; http://mj12bot.com/)"
51.75.119.229 - - [02/Nov/2025:12:32:20 +0000] "GET /?path=//lib/.build-id/bd HTTP/1.1" 200 2809 "-" "Mozilla/5.0 (compatible; MJ12bot/v1.4.8; http://mj12bot.com/)"
74.7.227.82 - - [02/Nov/2025:12:32:20 +0000] "GET /?path=//sys/class/net/lo/subsystem/lo/subsystem/eth0/device/net/eth0/device/subsystem/devices/virtio1/subsystem/drivers/virtio_net/virtio0/driver/virtio0/driver/virtio0/net HTTP/1.1" 200 2699 "-" "Mozilla/5.0 AppleWebKit/537.36 (KHTML, like Gecko; compatible; GPTBot/1.2; +https://openai.com/gptbot)"
51.75.119.229 - - [02/Nov/2025:12:32:22 +0000] "GET /?path=//lib/.build-id/c7 HTTP/1.1" 200 3247 "-" "Mozilla/5.0 (compatible; MJ12bot/v1.4.8; http://mj12bot.com/)"
51.75.119.229 - - [02/Nov/2025:12:32:24 +0000] "GET /?path=//lib/.build-id/f4 HTTP/1.1" 200 3305 "-" "Mozilla/5.0 (compatible; MJ12bot/v1.4.8; http://mj12bot.com/)"
74.7.227.82 - - [02/Nov/2025:12:32:24 +0000] "GET /?fileloc=//sys/class/net/lo/subsystem/lo/subsystem/eth0/device/net/eth0/device/driver/virtio0/driver/virtio0/subsystem/devices/virtio0/driver/virtio0/driver/module/sections/__mcount_loc&path=//sys/class/net/lo/subsystem/lo/subsystem/eth0/device/net/eth0/device/driver/virtio0/driver/virtio0/subsystem/devices/virtio0/driver/virtio0/driver/module/sections HTTP/1.1" 200 2415 "-" "Mozilla/5.0 AppleWebKit/537.36 (KHTML, like Gecko; compatible; GPTBot/1.2; +https://openai.com/gptbot)"
51.75.119.229 - - [02/Nov/2025:12:32:26 +0000] "GET /?path=/home/nakedfoamlojoweb/www/wp-includes/pomo HTTP/1.1" 200 2785 "-" "Mozilla/5.0 (compatible; MJ12bot/v1.4.8; http://mj12bot.com/)"
74.7.227.82 - - [02/Nov/2025:12:32:28 +0000] "GET /?path=//sys/class/net/lo/subsystem/lo/subsystem/eth0/device/net/eth0/subsystem/eth0/device/driver/virtio0/driver/virtio0/subsystem/devices/virtio1/driver/module/drivers HTTP/1.1" 200 2712 "-" "Mozilla/5.0 AppleWebKit/537.36 (KHTML, like Gecko; compatible; GPTBot/1.2; +https://openai.com/gptbot)"
51.75.119.229 - - [02/Nov/2025:12:32:28 +0000] "GET /?path=/home/nakedfoamlojoweb/www/wp-includes/rest-api HTTP/1.1" 200 2834 "-" "Mozilla/5.0 (compatible; MJ12bot/v1.4.8; http://mj12bot.com/)"
51.75.119.229 - - [02/Nov/2025:12:32:30 +0000] "GET /?path=/home/nakedfoamlojoweb/www/wp-includes/sitemaps HTTP/1.1" 200 2839 "-" "Mozilla/5.0 (compatible; MJ12bot/v1.4.8; http://mj12bot.com/)"
51.75.119.229 - - [02/Nov/2025:12:32:32 +0000] "GET /?path=/home/nakedfoamlojoweb/www/wp-includes/sodium_compat HTTP/1.1" 200 2855 "-" "Mozilla/5.0 (compatible; MJ12bot/v1.4.8; http://mj12bot.com/)"
74.7.227.82 - - [02/Nov/2025:12:32:32 +0000] "GET /?fileloc=//sys/class/net/lo/subsystem/lo/subsystem/eth0/device/net/eth0/device/subsystem/devices/virtio2/virtio-ports/vport2p1/subsystem/vport2p1/device/driver/module/notes/.note.gnu.build-id&path=//sys/class/net/lo/subsystem/lo/subsystem/eth0/device/net/eth0/device/subsystem/devices/virtio2/virtio-ports/vport2p1/subsystem/vport2p1/device/driver/module/notes HTTP/1.1" 200 2432 "-" "Mozilla/5.0 AppleWebKit/537.36 (KHTML, like Gecko; compatible; GPTBot/1.2; +https://openai.com/gptbot)"
51.75.119.229 - - [02/Nov/2025:12:32:34 +0000] "GET /?path=/home/nakedfoamlojoweb/www/wp-includes/style-engine HTTP/1.1" 200 2771 "-" "Mozilla/5.0 (compatible; MJ12bot/v1.4.8; http://mj12bot.com/)"
74.7.227.82 - - [02/Nov/2025:12:32:35 +0000] "GET /?path=//sys/class/net/lo/subsystem/lo/subsystem/eth0/device/net/eth0/subsystem/eth0/device/driver/virtio0/subsystem/devices/virtio0/driver/virtio0/driver/module/sections HTTP/1.1" 200 3346 "-" "Mozilla/5.0 AppleWebKit/537.36 (KHTML, like Gecko; compatible; GPTBot/1.2; +https://openai.com/gptbot)"
51.75.119.229 - - [02/Nov/2025:12:32:36 +0000] "GET /?path=/home/nakedfoamlojoweb/www/wp-includes/theme-compat HTTP/1.1" 200 2861 "-" "Mozilla/5.0 (compatible; MJ12bot/v1.4.8; http://mj12bot.com/)"
57.141.2.33 - - [02/Nov/2025:12:32:37 +0000] "GET /when-youre-investing-in-a-bit-like-this/?fileloc=//etc/profile.d/colorgrep.csh&path=//etc/profile.d HTTP/1.1" 200 12507 "-" "meta-externalagent/1.1 (+https://developers.facebook.com/docs/sharing/webmasters/crawler)"
51.75.119.229 - - [02/Nov/2025:12:32:37 +0000] "GET /com-the-apps-the-informational-website-and-its-mirror-the/?fileloc=/home/nakedfoamlojoweb/public_html/.htaccess&path=/home/nakedfoamlojoweb/public_html HTTP/1.1" 200 3167 "-" "Mozilla/5.0 (compatible; MJ12bot/v1.4.8; http://mj12bot.com/)"
74.7.227.82 - - [02/Nov/2025:12:32:39 +0000] "GET /?path=//sys/class/net/lo/subsystem/lo/subsystem/eth0/device/net/eth0/subsystem/eth0/device/driver/virtio0/subsystem/devices/virtio2/subsystem/drivers/virtio_net/virtio0/net HTTP/1.1" 200 2708 "-" "Mozilla/5.0 AppleWebKit/537.36 (KHTML, like Gecko; compatible; GPTBot/1.2; +https://openai.com/gptbot)"
51.75.119.229 - - [02/Nov/2025:12:32:39 +0000] "GET /com-the-apps-the-informational-website-and-its-mirror-the/?fileloc=/home/nakedfoamlojoweb/public_html/.htaccess.bk&path=/home/nakedfoamlojoweb/public_html HTTP/1.1" 200 2545 "-" "Mozilla/5.0 (compatible; MJ12bot/v1.4.8; http://mj12bot.com/)"
51.75.119.229 - - [02/Nov/2025:12:32:41 +0000] "GET /com-the-apps-the-informational-website-and-its-mirror-the/?fileloc=/home/nakedfoamlojoweb/public_html/756afe6a78548f3e80efeb678a7f6a02&path=/home/nakedfoamlojoweb/public_html HTTP/1.1" 200 2323 "-" "Mozilla/5.0 (compatible; MJ12bot/v1.4.8; http://mj12bot.com/)"
74.7.227.82 - - [02/Nov/2025:12:32:42 +0000] "GET /?path=//sys/class/net/lo/subsystem/lo/subsystem/eth0/device/net/eth0/device/driver/virtio0/driver/virtio0/subsystem/devices/virtio0/driver/virtio0/driver/module/holders HTTP/1.1" 200 2465 "-" "Mozilla/5.0 AppleWebKit/537.36 (KHTML, like Gecko; compatible; GPTBot/1.2; +https://openai.com/gptbot)"
51.75.119.229 - - [02/Nov/2025:12:32:43 +0000] "GET /com-the-apps-the-informational-website-and-its-mirror-the/?fileloc=/home/nakedfoamlojoweb/public_html/index.php&path=/home/nakedfoamlojoweb/public_html HTTP/1.1" 200 2457 "-" "Mozilla/5.0 (compatible; MJ12bot/v1.4.8; http://mj12bot.com/)"
51.75.119.229 - - [02/Nov/2025:12:32:45 +0000] "GET /com-the-apps-the-informational-website-and-its-mirror-the/?fileloc=/home/nakedfoamlojoweb/public_html/license.txt&path=/home/nakedfoamlojoweb/public_html HTTP/1.1" 200 9304 "-" "Mozilla/5.0 (compatible; MJ12bot/v1.4.8; http://mj12bot.com/)"
57.141.2.70 - - [02/Nov/2025:12:32:45 +0000] "GET /wp-json/wp/v2/posts/30389?path=/home/nakedfoamlojoweb/public_html/wp-includes/assets HTTP/1.1" 200 28029 "-" "meta-externalagent/1.1 (+https://developers.facebook.com/docs/sharing/webmasters/crawler)"
74.7.227.82 - - [02/Nov/2025:12:32:46 +0000] "GET /?path=//sys/class/net/lo/subsystem/lo/subsystem/eth0/device/net/eth0/device/driver/virtio0/driver/virtio0/subsystem/devices/virtio0/driver/virtio0/driver/module/drivers HTTP/1.1" 200 2707 "-" "Mozilla/5.0 AppleWebKit/537.36 (KHTML, like Gecko; compatible; GPTBot/1.2; +https://openai.com/gptbot)"
51.75.119.229 - - [02/Nov/2025:12:32:47 +0000] "GET /com-the-apps-the-informational-website-and-its-mirror-the/?fileloc=/home/nakedfoamlojoweb/public_html/readme.html&path=/home/nakedfoamlojoweb/public_html HTTP/1.1" 200 5152 "-" "Mozilla/5.0 (compatible; MJ12bot/v1.4.8; http://mj12bot.com/)"
51.75.119.229 - - [02/Nov/2025:12:32:49 +0000] "GET /com-the-apps-the-informational-website-and-its-mirror-the/?fileloc=/home/nakedfoamlojoweb/public_html/wp-activate.php&path=/home/nakedfoamlojoweb/public_html HTTP/1.1" 200 4648 "-" "Mozilla/5.0 (compatible; MJ12bot/v1.4.8; http://mj12bot.com/)"
74.7.227.82 - - [02/Nov/2025:12:32:50 +0000] "GET /?path=//sys/class/net/lo/subsystem/lo/subsystem/eth0/device/net/eth0/device/subsystem/devices/virtio1/subsystem/drivers/virtio_scsi/virtio1/driver/virtio1/driver/virtio1 HTTP/1.1" 200 2978 "-" "Mozilla/5.0 AppleWebKit/537.36 (KHTML, like Gecko; compatible; GPTBot/1.2; +https://openai.com/gptbot)"
51.75.119.229 - - [02/Nov/2025:12:32:51 +0000] "GET /com-the-apps-the-informational-website-and-its-mirror-the/?fileloc=/home/nakedfoamlojoweb/public_html/wp-blog-header.php&path=/home/nakedfoamlojoweb/public_html HTTP/1.1" 200 2442 "-" "Mozilla/5.0 (compatible; MJ12bot/v1.4.8; http://mj12bot.com/)"
51.75.119.229 - - [02/Nov/2025:12:32:53 +0000] "GET /com-the-apps-the-informational-website-and-its-mirror-the/?fileloc=/home/nakedfoamlojoweb/public_html/wp-comments-post.php&path=/home/nakedfoamlojoweb/public_html HTTP/1.1" 200 3260 "-" "Mozilla/5.0 (compatible; MJ12bot/v1.4.8; http://mj12bot.com/)"
74.7.227.82 - - [02/Nov/2025:12:32:54 +0000] "GET /?path=//sys/class/net/lo/subsystem/lo/subsystem/eth0/device/net/eth0/device/subsystem/devices/virtio3/subsystem/drivers/virtio_net/virtio0/driver/virtio0/driver/virtio0 HTTP/1.1" 200 2986 "-" "Mozilla/5.0 AppleWebKit/537.36 (KHTML, like Gecko; compatible; GPTBot/1.2; +https://openai.com/gptbot)"
51.75.119.229 - - [02/Nov/2025:12:32:55 +0000] "GET /com-the-apps-the-informational-website-and-its-mirror-the/?fileloc=/home/nakedfoamlojoweb/public_html/wp-config-sample.php&path=/home/nakedfoamlojoweb/public_html HTTP/1.1" 200 3483 "-" "Mozilla/5.0 (compatible; MJ12bot/v1.4.8; http://mj12bot.com/)"
74.7.227.82 - - [02/Nov/2025:12:32:56 +0000] "GET /?path=//sys/class/net/lo/subsystem/lo/subsystem/eth0/device/net/eth0/device/driver/virtio0/subsystem/devices/virtio0/subsystem/drivers/virtio_scsi/virtio1/host0/subsystem HTTP/1.1" 200 2876 "-" "Mozilla/5.0 AppleWebKit/537.36 (KHTML, like Gecko; compatible; GPTBot/1.2; +https://openai.com/gptbot)"
51.75.119.229 - - [02/Nov/2025:12:32:57 +0000] "GET /com-the-apps-the-informational-website-and-its-mirror-the/?fileloc=/home/nakedfoamlojoweb/public_html/wp-config.php&path=/home/nakedfoamlojoweb/public_html HTTP/1.1" 200 3431 "-" "Mozilla/5.0 (compatible; MJ12bot/v1.4.8; http://mj12bot.com/)"
51.75.119.229 - - [02/Nov/2025:12:32:59 +0000] "GET /com-the-apps-the-informational-website-and-its-mirror-the/?fileloc=/home/nakedfoamlojoweb/public_html/wp-cron.php&path=/home/nakedfoamlojoweb/public_html HTTP/1.1" 200 4247 "-" "Mozilla/5.0 (compatible; MJ12bot/v1.4.8; http://mj12bot.com/)"
74.7.227.82 - - [02/Nov/2025:12:33:01 +0000] "GET /?path=//sys/class/net/lo/subsystem/lo/subsystem/eth0/device/net/eth0/device/driver/virtio0/subsystem/drivers/virtio_scsi/virtio1/driver/virtio1/driver/virtio1/subsystem HTTP/1.1" 200 2864 "-" "Mozilla/5.0 AppleWebKit/537.36 (KHTML, like Gecko; compatible; GPTBot/1.2; +https://openai.com/gptbot)"
51.75.119.229 - - [02/Nov/2025:12:33:01 +0000] "GET /com-the-apps-the-informational-website-and-its-mirror-the/?fileloc=/home/nakedfoamlojoweb/public_html/wp-links-opml.php&path=/home/nakedfoamlojoweb/public_html HTTP/1.1" 200 3338 "-" "Mozilla/5.0 (compatible; MJ12bot/v1.4.8; http://mj12bot.com/)"
51.75.119.229 - - [02/Nov/2025:12:33:03 +0000] "GET /com-the-apps-the-informational-website-and-its-mirror-the/?fileloc=/home/nakedfoamlojoweb/public_html/wp-load.php&path=/home/nakedfoamlojoweb/public_html HTTP/1.1" 200 3843 "-" "Mozilla/5.0 (compatible; MJ12bot/v1.4.8; http://mj12bot.com/)"
74.7.227.82 - - [02/Nov/2025:12:33:04 +0000] "GET /?path=//sys/class/net/lo/subsystem/lo/subsystem/eth0/device/net/eth0/device/subsystem/devices/virtio1/driver/virtio1/driver/virtio1/subsystem/drivers/virtio_scsi/virtio1 HTTP/1.1" 200 2981 "-" "Mozilla/5.0 AppleWebKit/537.36 (KHTML, like Gecko; compatible; GPTBot/1.2; +https://openai.com/gptbot)"
51.75.119.229 - - [02/Nov/2025:12:33:05 +0000] "GET /com-the-apps-the-informational-website-and-its-mirror-the/?fileloc=/home/nakedfoamlojoweb/public_html/wp-mail.php&path=/home/nakedfoamlojoweb/public_html HTTP/1.1" 200 5225 "-" "Mozilla/5.0 (compatible; MJ12bot/v1.4.8; http://mj12bot.com/)"
74.7.227.82 - - [02/Nov/2025:12:33:07 +0000] "GET /?path=//sys/class/net/lo/subsystem/lo/subsystem/eth0/device/net/eth0/subsystem/eth0/device/driver/virtio0/subsystem/drivers/virtio_net/virtio0/subsystem/devices/virtio3 HTTP/1.1" 200 2966 "-" "Mozilla/5.0 AppleWebKit/537.36 (KHTML, like Gecko; compatible; GPTBot/1.2; +https://openai.com/gptbot)"
51.75.119.229 - - [02/Nov/2025:12:33:07 +0000] "GET /com-the-apps-the-informational-website-and-its-mirror-the/?fileloc=/home/nakedfoamlojoweb/public_html/wp-settings.php&path=/home/nakedfoamlojoweb/public_html HTTP/1.1" 200 8174 "-" "Mozilla/5.0 (compatible; MJ12bot/v1.4.8; http://mj12bot.com/)"
51.75.119.229 - - [02/Nov/2025:12:33:09 +0000] "GET /com-the-apps-the-informational-website-and-its-mirror-the/?fileloc=/home/nakedfoamlojoweb/public_html/wp-signup.php&path=/home/nakedfoamlojoweb/public_html HTTP/1.1" 200 10057 "-" "Mozilla/5.0 (compatible; MJ12bot/v1.4.8; http://mj12bot.com/)"
74.7.227.82 - - [02/Nov/2025:12:33:10 +0000] "GET /?path=//sys/class/net/lo/subsystem/lo/subsystem/eth0/device/net/eth0/subsystem/eth0/device/driver/virtio0/driver/virtio0/subsystem/devices/virtio0/driver/module/holders HTTP/1.1" 200 2467 "-" "Mozilla/5.0 AppleWebKit/537.36 (KHTML, like Gecko; compatible; GPTBot/1.2; +https://openai.com/gptbot)"
51.75.119.229 - - [02/Nov/2025:12:33:11 +0000] "GET /com-the-apps-the-informational-website-and-its-mirror-the/?fileloc=/home/nakedfoamlojoweb/public_html/wp-trackback.php&path=/home/nakedfoamlojoweb/public_html HTTP/1.1" 200 4037 "-" "Mozilla/5.0 (compatible; MJ12bot/v1.4.8; http://mj12bot.com/)"
51.75.119.229 - - [02/Nov/2025:12:33:13 +0000] "GET /com-the-apps-the-informational-website-and-its-mirror-the/?path=/ HTTP/1.1" 200 3175 "-" "Mozilla/5.0 (compatible; MJ12bot/v1.4.8; http://mj12bot.com/)"
74.7.227.82 - - [02/Nov/2025:12:33:14 +0000] "GET /?path=//sys/class/net/lo/subsystem/lo/subsystem/eth0/device/net/eth0/device/subsystem/devices/virtio3/subsystem/drivers/virtio_net/virtio0/driver/virtio0/driver/virtio0/net HTTP/1.1" 200 2699 "-" "Mozilla/5.0 AppleWebKit/537.36 (KHTML, like Gecko; compatible; GPTBot/1.2; +https://openai.com/gptbot)"
51.75.119.229 - - [02/Nov/2025:12:33:15 +0000] "GET /com-the-apps-the-informational-website-and-its-mirror-the/?path=/home HTTP/1.1" 200 2291 "-" "Mozilla/5.0 (compatible; MJ12bot/v1.4.8; http://mj12bot.com/)"
51.75.119.229 - - [02/Nov/2025:12:33:17 +0000] "GET /com-the-apps-the-informational-website-and-its-mirror-the/?path=/home/nakedfoamlojoweb HTTP/1.1" 200 3367 "-" "Mozilla/5.0 (compatible; MJ12bot/v1.4.8; http://mj12bot.com/)"
