74.7.227.82 - - [02/Nov/2025:15:01:40 +0000] "GET /?path=//sys/class/net/lo/subsystem/lo/subsystem/eth0/device/net/eth0/subsystem/eth0/subsystem/eth0/device/driver/virtio0/driver/virtio0/driver HTTP/1.1" 200 2825 "-" "Mozilla/5.0 AppleWebKit/537.36 (KHTML, like Gecko; compatible; GPTBot/1.2; +https://openai.com/gptbot)"
74.7.227.82 - - [02/Nov/2025:15:01:43 +0000] "GET /?path=//sys/class/net/lo/subsystem/lo/subsystem/eth0/device/net/eth0/subsystem/eth0/subsystem/eth0/device/subsystem/drivers/virtio_net/virtio0/subsystem/devices/virtio0 HTTP/1.1" 200 2982 "-" "Mozilla/5.0 AppleWebKit/537.36 (KHTML, like Gecko; compatible; GPTBot/1.2; +https://openai.com/gptbot)"
74.7.227.82 - - [02/Nov/2025:15:01:46 +0000] "GET /?path=//sys/class/net/lo/subsystem/lo/subsystem/eth0/device/net/eth0/subsystem/eth0/subsystem/eth0/device/subsystem/drivers/virtio_net/virtio0/subsystem/devices/virtio1 HTTP/1.1" 200 2981 "-" "Mozilla/5.0 AppleWebKit/537.36 (KHTML, like Gecko; compatible; GPTBot/1.2; +https://openai.com/gptbot)"
57.141.2.57 - - [02/Nov/2025:15:01:47 +0000] "GET /the-puller-should-by-no-means-grasp-down-at-a-90-levels-angle/?path=//proc/79/task HTTP/1.1" 200 14043 "-" "meta-externalagent/1.1 (+https://developers.facebook.com/docs/sharing/webmasters/crawler)"
74.7.227.82 - - [02/Nov/2025:15:01:50 +0000] "GET /?path=//sys/class/net/lo/subsystem/lo/subsystem/eth0/device/net/eth0/subsystem/eth0/subsystem/eth0/device/subsystem/drivers/virtio_net/virtio0/net/eth0/device/driver/module HTTP/1.1" 200 3078 "-" "Mozilla/5.0 AppleWebKit/537.36 (KHTML, like Gecko; compatible; GPTBot/1.2; +https://openai.com/gptbot)"
57.141.2.68 - - [02/Nov/2025:15:01:51 +0000] "GET /wp-json/wp/v2/categories/705?path=/home/adventureincampi HTTP/1.1" 200 12726 "-" "meta-externalagent/1.1 (+https://developers.facebook.com/docs/sharing/webmasters/crawler)"
74.7.227.82 - - [02/Nov/2025:15:01:52 +0000] "GET /?path=//sys/class/net/lo/subsystem/lo/subsystem/eth0/device/net/eth0/device/net/eth0/subsystem/eth0/device/subsystem/drivers/virtio_scsi/virtio1/host0/subsystem/drivers HTTP/1.1" 200 2704 "-" "Mozilla/5.0 AppleWebKit/537.36 (KHTML, like Gecko; compatible; GPTBot/1.2; +https://openai.com/gptbot)"
74.7.227.82 - - [02/Nov/2025:15:01:54 +0000] "GET /?fileloc=//sys/class/net/lo/subsystem/lo/subsystem/eth0/device/net/eth0/device/net/eth0/subsystem/eth0/device/subsystem/drivers/virtio_scsi/virtio1/driver/module/initsize&path=//sys/class/net/lo/subsystem/lo/subsystem/eth0/device/net/eth0/device/net/eth0/subsystem/eth0/device/subsystem/drivers/virtio_scsi/virtio1/driver/module HTTP/1.1" 200 2407 "-" "Mozilla/5.0 AppleWebKit/537.36 (KHTML, like Gecko; compatible; GPTBot/1.2; +https://openai.com/gptbot)"
74.7.227.82 - - [02/Nov/2025:15:01:57 +0000] "GET /?path=//sys/class/net/lo/subsystem/lo/subsystem/eth0/device/net/eth0/subsystem/eth0/subsystem/eth0/device/driver/module/drivers/virtio:virtio_net/virtio0/net/eth0/power HTTP/1.1" 200 2877 "-" "Mozilla/5.0 AppleWebKit/537.36 (KHTML, like Gecko; compatible; GPTBot/1.2; +https://openai.com/gptbot)"
74.7.227.82 - - [02/Nov/2025:15:02:00 +0000] "GET /?path=//sys/class/net/lo/subsystem/lo/subsystem/eth0/device/net/eth0/device/net/eth0/subsystem/eth0/device/subsystem/drivers/virtio_scsi/virtio1/driver/module/sections HTTP/1.1" 200 3251 "-" "Mozilla/5.0 AppleWebKit/537.36 (KHTML, like Gecko; compatible; GPTBot/1.2; +https://openai.com/gptbot)"
74.7.227.82 - - [02/Nov/2025:15:02:01 +0000] "GET /?path=//sys/class/net/lo/subsystem/lo/subsystem/eth0/device/net/eth0/device/net/eth0/subsystem/eth0/device/subsystem/drivers/virtio_scsi/virtio1/host0/subsystem/devices HTTP/1.1" 200 2805 "-" "Mozilla/5.0 AppleWebKit/537.36 (KHTML, like Gecko; compatible; GPTBot/1.2; +https://openai.com/gptbot)"
74.7.227.82 - - [02/Nov/2025:15:02:04 +0000] "GET /?path=//sys/class/net/lo/subsystem/lo/subsystem/eth0/device/net/eth0/subsystem/eth0/subsystem/eth0/device/subsystem/drivers/virtio_net/virtio0/subsystem/devices/virtio0/net HTTP/1.1" 200 2701 "-" "Mozilla/5.0 AppleWebKit/537.36 (KHTML, like Gecko; compatible; GPTBot/1.2; +https://openai.com/gptbot)"
74.7.227.82 - - [02/Nov/2025:15:02:07 +0000] "GET /?path=//sys/class/net/lo/subsystem/lo/subsystem/eth0/device/net/eth0/subsystem/eth0/subsystem/eth0/device/driver/module/drivers/virtio:virtio_net/virtio0/net/eth0/queues HTTP/1.1" 200 2737 "-" "Mozilla/5.0 AppleWebKit/537.36 (KHTML, like Gecko; compatible; GPTBot/1.2; +https://openai.com/gptbot)"
74.7.227.82 - - [02/Nov/2025:15:02:11 +0000] "GET /?path=//sys/class/net/lo/subsystem/lo/subsystem/eth0/device/net/eth0/subsystem/eth0/subsystem/eth0/device/driver/module/drivers/virtio:virtio_net/virtio0/net/eth0/device HTTP/1.1" 200 2999 "-" "Mozilla/5.0 AppleWebKit/537.36 (KHTML, like Gecko; compatible; GPTBot/1.2; +https://openai.com/gptbot)"
57.141.2.89 - - [02/Nov/2025:15:02:12 +0000] "GET /wp-json/wp/v2/posts/29551?fileloc=/home/nakedfoamlojoweb/public_html/wp-includes/update.php&path=/home/nakedfoamlojoweb/public_html/wp-includes HTTP/1.1" 200 50907 "-" "meta-externalagent/1.1 (+https://developers.facebook.com/docs/sharing/webmasters/crawler)"
74.7.227.82 - - [02/Nov/2025:15:02:13 +0000] "GET /?path=//sys/class/net/lo/subsystem/lo/subsystem/eth0/device/net/eth0/subsystem/eth0/subsystem/eth0/device/driver/module/drivers/virtio:virtio_net/virtio0/driver/virtio0 HTTP/1.1" 200 2984 "-" "Mozilla/5.0 AppleWebKit/537.36 (KHTML, like Gecko; compatible; GPTBot/1.2; +https://openai.com/gptbot)"
74.7.227.82 - - [02/Nov/2025:15:02:18 +0000] "GET /?path=//sys/class/net/lo/subsystem/lo/subsystem/eth0/device/net/eth0/device/net/eth0/subsystem/eth0/device/subsystem/drivers/virtio_scsi/virtio1/host0/subsystem/drivers/sd HTTP/1.1" 200 2881 "-" "Mozilla/5.0 AppleWebKit/537.36 (KHTML, like Gecko; compatible; GPTBot/1.2; +https://openai.com/gptbot)"
57.141.2.49 - - [02/Nov/2025:15:02:21 +0000] "GET /wp-json/wp/v2/posts/29376?fileloc=/home/nakedfoamlojoweb/public_html/wp-includes/class-wp-feed-cache-transient.php&path=/home/nakedfoamlojoweb/public_html/wp-includes HTTP/1.1" 200 15747 "-" "meta-externalagent/1.1 (+https://developers.facebook.com/docs/sharing/webmasters/crawler)"
74.7.227.82 - - [02/Nov/2025:15:02:22 +0000] "GET /?path=//sys/class/net/lo/subsystem/lo/subsystem/eth0/device/net/eth0/subsystem/eth0/subsystem/eth0/device/driver/module/drivers/virtio:virtio_net/virtio0/net/eth0/subsystem HTTP/1.1" 200 2737 "-" "Mozilla/5.0 AppleWebKit/537.36 (KHTML, like Gecko; compatible; GPTBot/1.2; +https://openai.com/gptbot)"
74.7.227.82 - - [02/Nov/2025:15:02:26 +0000] "GET /?path=//sys/class/net/lo/subsystem/lo/subsystem/eth0/device/net/eth0/device/net/eth0/subsystem/eth0/device/subsystem/drivers/virtio_scsi/virtio1/driver/module/notes HTTP/1.1" 200 2734 "-" "Mozilla/5.0 AppleWebKit/537.36 (KHTML, like Gecko; compatible; GPTBot/1.2; +https://openai.com/gptbot)"
74.7.227.82 - - [02/Nov/2025:15:02:29 +0000] "GET /?path=//sys/class/net/lo/subsystem/lo/subsystem/eth0/device/net/eth0/subsystem/eth0/subsystem/eth0/device/subsystem/drivers/virtio_scsi/virtio1/subsystem/devices/virtio3 HTTP/1.1" 200 2962 "-" "Mozilla/5.0 AppleWebKit/537.36 (KHTML, like Gecko; compatible; GPTBot/1.2; +https://openai.com/gptbot)"
74.7.227.82 - - [02/Nov/2025:15:02:33 +0000] "GET /?path=//sys/class/net/lo/subsystem/lo/subsystem/eth0/device/net/eth0/subsystem/eth0/subsystem/eth0/device/subsystem/drivers/virtio_scsi/virtio1/subsystem/devices/virtio1 HTTP/1.1" 200 2978 "-" "Mozilla/5.0 AppleWebKit/537.36 (KHTML, like Gecko; compatible; GPTBot/1.2; +https://openai.com/gptbot)"
74.7.227.82 - - [02/Nov/2025:15:02:35 +0000] "GET /?path=//sys/class/net/lo/subsystem/lo/subsystem/eth0/device/net/eth0/subsystem/eth0/subsystem/eth0/device/subsystem/drivers/virtio_net/virtio0/subsystem/devices/virtio2 HTTP/1.1" 200 2992 "-" "Mozilla/5.0 AppleWebKit/537.36 (KHTML, like Gecko; compatible; GPTBot/1.2; +https://openai.com/gptbot)"
74.7.227.82 - - [02/Nov/2025:15:02:38 +0000] "GET /?path=//sys/class/net/lo/subsystem/lo/subsystem/eth0/device/net/eth0/subsystem/eth0/subsystem/eth0/device/driver/module/drivers/virtio:virtio_net/virtio0/driver/virtio0/net HTTP/1.1" 200 2703 "-" "Mozilla/5.0 AppleWebKit/537.36 (KHTML, like Gecko; compatible; GPTBot/1.2; +https://openai.com/gptbot)"
74.7.227.82 - - [02/Nov/2025:15:02:40 +0000] "GET /?path=//sys/class/net/lo/subsystem/lo/subsystem/eth0/device/net/eth0/subsystem/eth0/subsystem/eth0/device/subsystem/drivers/virtio_scsi/virtio1/subsystem/devices/virtio2 HTTP/1.1" 200 2992 "-" "Mozilla/5.0 AppleWebKit/537.36 (KHTML, like Gecko; compatible; GPTBot/1.2; +https://openai.com/gptbot)"
74.7.227.82 - - [02/Nov/2025:15:02:43 +0000] "GET /?path=//sys/class/net/lo/subsystem/lo/subsystem/eth0/device/net/eth0/subsystem/eth0/subsystem/eth0/device/subsystem/drivers/virtio_scsi/virtio1/subsystem/devices/virtio0 HTTP/1.1" 200 2989 "-" "Mozilla/5.0 AppleWebKit/537.36 (KHTML, like Gecko; compatible; GPTBot/1.2; +https://openai.com/gptbot)"
74.7.227.82 - - [02/Nov/2025:15:02:45 +0000] "GET /?path=//sys/class/net/lo/subsystem/lo/subsystem/eth0/device/net/eth0/device/net/eth0/subsystem/eth0/device/subsystem/drivers/virtio_scsi/virtio1/driver/virtio1 HTTP/1.1" 200 2976 "-" "Mozilla/5.0 AppleWebKit/537.36 (KHTML, like Gecko; compatible; GPTBot/1.2; +https://openai.com/gptbot)"
57.141.2.31 - - [02/Nov/2025:15:02:48 +0000] "GET /wp-json/wp/v2/posts/34056?fileloc=//lib64/libXxf86misc.so.1.1.0&path=//lib64 HTTP/1.1" 200 12269 "-" "meta-externalagent/1.1 (+https://developers.facebook.com/docs/sharing/webmasters/crawler)"
74.7.227.82 - - [02/Nov/2025:15:02:48 +0000] "GET /?path=//sys/class/net/lo/subsystem/lo/subsystem/eth0/device/net/eth0/subsystem/eth0/subsystem/eth0/device/subsystem/drivers/virtio_scsi/virtio1/driver/module/holders HTTP/1.1" 200 2460 "-" "Mozilla/5.0 AppleWebKit/537.36 (KHTML, like Gecko; compatible; GPTBot/1.2; +https://openai.com/gptbot)"
74.7.227.82 - - [02/Nov/2025:15:02:51 +0000] "GET /?path=//sys/class/net/lo/subsystem/lo/subsystem/eth0/device/net/eth0/subsystem/eth0/subsystem/eth0/device/driver/virtio0/driver/virtio0/driver/module HTTP/1.1" 200 3047 "-" "Mozilla/5.0 AppleWebKit/537.36 (KHTML, like Gecko; compatible; GPTBot/1.2; +https://openai.com/gptbot)"
74.7.227.82 - - [02/Nov/2025:15:02:56 +0000] "GET /?path=//sys/class/net/lo/subsystem/lo/subsystem/eth0/device/net/eth0/device/net/eth0/subsystem/eth0/device/subsystem/drivers/virtio_balloon/virtio3/driver HTTP/1.1" 200 2844 "-" "Mozilla/5.0 AppleWebKit/537.36 (KHTML, like Gecko; compatible; GPTBot/1.2; +https://openai.com/gptbot)"
74.7.227.82 - - [02/Nov/2025:15:02:59 +0000] "GET /?path=//sys/class/net/lo/subsystem/lo/subsystem/eth0/device/net/eth0/device/net/eth0/subsystem/eth0/device/subsystem/drivers/virtio_balloon/virtio3/subsystem HTTP/1.1" 200 2858 "-" "Mozilla/5.0 AppleWebKit/537.36 (KHTML, like Gecko; compatible; GPTBot/1.2; +https://openai.com/gptbot)"
74.7.227.82 - - [02/Nov/2025:15:03:01 +0000] "GET /?path=//sys/class/net/lo/subsystem/lo/subsystem/eth0/device/net/eth0/subsystem/eth0/subsystem/eth0/device/subsystem/drivers/virtio_net/virtio0/subsystem/devices/virtio3 HTTP/1.1" 200 2960 "-" "Mozilla/5.0 AppleWebKit/537.36 (KHTML, like Gecko; compatible; GPTBot/1.2; +https://openai.com/gptbot)"
74.7.227.82 - - [02/Nov/2025:15:03:04 +0000] "GET /?path=//sys/class/net/lo/subsystem/lo/subsystem/eth0/device/net/eth0/device/net/eth0/subsystem/eth0/device/subsystem/drivers/virtio_scsi/virtio1/driver/module/holders HTTP/1.1" 200 2466 "-" "Mozilla/5.0 AppleWebKit/537.36 (KHTML, like Gecko; compatible; GPTBot/1.2; +https://openai.com/gptbot)"
74.7.227.82 - - [02/Nov/2025:15:03:06 +0000] "GET /?path=//sys/class/net/lo/subsystem/lo/subsystem/eth0/device/net/eth0/device/net/eth0/subsystem/eth0/device/subsystem/drivers/virtio_scsi/virtio1/driver/virtio1/subsystem HTTP/1.1" 200 2862 "-" "Mozilla/5.0 AppleWebKit/537.36 (KHTML, like Gecko; compatible; GPTBot/1.2; +https://openai.com/gptbot)"
57.141.2.76 - - [02/Nov/2025:15:03:09 +0000] "GET /wp-json/wp/v2/posts/27446?path=/home/snplojoweb HTTP/1.1" 200 12714 "-" "meta-externalagent/1.1 (+https://developers.facebook.com/docs/sharing/webmasters/crawler)"
74.7.227.82 - - [02/Nov/2025:15:03:09 +0000] "GET /?path=//sys/class/net/lo/subsystem/lo/subsystem/eth0/device/net/eth0/device/net/eth0/subsystem/eth0/device/subsystem/drivers/virtio_scsi/virtio1/driver/virtio1/driver HTTP/1.1" 200 2863 "-" "Mozilla/5.0 AppleWebKit/537.36 (KHTML, like Gecko; compatible; GPTBot/1.2; +https://openai.com/gptbot)"
74.7.227.82 - - [02/Nov/2025:15:03:12 +0000] "GET /?path=//sys/class/net/lo/subsystem/lo/subsystem/eth0/device/net/eth0/subsystem/eth0/subsystem/eth0/device/driver/virtio0/driver/virtio0/driver/module/drivers HTTP/1.1" 200 2693 "-" "Mozilla/5.0 AppleWebKit/537.36 (KHTML, like Gecko; compatible; GPTBot/1.2; +https://openai.com/gptbot)"
57.141.2.61 - - [02/Nov/2025:15:03:13 +0000] "GET /wp-json/wp/v2/posts/34821?path=/home/wojw HTTP/1.1" 200 12702 "-" "meta-externalagent/1.1 (+https://developers.facebook.com/docs/sharing/webmasters/crawler)"
74.7.227.82 - - [02/Nov/2025:15:03:14 +0000] "GET /?path=//sys/class/net/lo/subsystem/lo/subsystem/eth0/device/net/eth0/subsystem/eth0/subsystem/eth0/device/driver/virtio0/driver/virtio0/driver/module/holders HTTP/1.1" 200 2449 "-" "Mozilla/5.0 AppleWebKit/537.36 (KHTML, like Gecko; compatible; GPTBot/1.2; +https://openai.com/gptbot)"
57.141.2.86 - - [02/Nov/2025:15:03:14 +0000] "GET /wp-json/wp/v2/posts/27446?path=/home/numberslojoweb HTTP/1.1" 200 12722 "-" "meta-externalagent/1.1 (+https://developers.facebook.com/docs/sharing/webmasters/crawler)"
57.141.2.14 - - [02/Nov/2025:15:03:15 +0000] "GET /?p=6374 HTTP/1.1" 200 49024 "-" "meta-externalagent/1.1 (+https://developers.facebook.com/docs/sharing/webmasters/crawler)"
74.7.227.82 - - [02/Nov/2025:15:03:17 +0000] "GET /?path=//sys/class/net/lo/subsystem/lo/subsystem/eth0/device/net/eth0/subsystem/eth0/subsystem/eth0/device/driver/virtio0/driver/virtio0/driver/module/sections HTTP/1.1" 200 3325 "-" "Mozilla/5.0 AppleWebKit/537.36 (KHTML, like Gecko; compatible; GPTBot/1.2; +https://openai.com/gptbot)"
74.7.227.82 - - [02/Nov/2025:15:03:19 +0000] "GET /?path=//sys/class/net/lo/subsystem/lo/subsystem/eth0/device/net/eth0/subsystem/eth0/subsystem/eth0/device/driver/virtio0/driver/virtio0/driver/module/parameters HTTP/1.1" 200 2807 "-" "Mozilla/5.0 AppleWebKit/537.36 (KHTML, like Gecko; compatible; GPTBot/1.2; +https://openai.com/gptbot)"
74.7.227.82 - - [02/Nov/2025:15:03:22 +0000] "GET /?path=//sys/class/net/lo/subsystem/lo/subsystem/eth0/device/net/eth0/subsystem/eth0/subsystem/eth0/device/driver/virtio0/driver/virtio0/driver/module/notes HTTP/1.1" 200 2712 "-" "Mozilla/5.0 AppleWebKit/537.36 (KHTML, like Gecko; compatible; GPTBot/1.2; +https://openai.com/gptbot)"
74.7.227.82 - - [02/Nov/2025:15:03:24 +0000] "GET /?path=//sys/class/net/lo/subsystem/lo/subsystem/eth0/device/net/eth0/subsystem/eth0/subsystem/eth0/device/driver/virtio0/driver/virtio0/subsystem/drivers/virtio_rng HTTP/1.1" 200 2762 "-" "Mozilla/5.0 AppleWebKit/537.36 (KHTML, like Gecko; compatible; GPTBot/1.2; +https://openai.com/gptbot)"
74.7.227.82 - - [02/Nov/2025:15:03:27 +0000] "GET /?path=//sys/class/net/lo/subsystem/lo/subsystem/eth0/device/net/eth0/subsystem/eth0/subsystem/eth0/device/subsystem/drivers/virtio_net/virtio0/driver/virtio0/power HTTP/1.1" 200 2860 "-" "Mozilla/5.0 AppleWebKit/537.36 (KHTML, like Gecko; compatible; GPTBot/1.2; +https://openai.com/gptbot)"
74.7.227.82 - - [02/Nov/2025:15:03:31 +0000] "GET /?path=//sys/class/net/lo/subsystem/lo/subsystem/eth0/device/net/eth0/subsystem/eth0/subsystem/eth0/device/subsystem/drivers/virtio_balloon/virtio3/driver HTTP/1.1" 200 2849 "-" "Mozilla/5.0 AppleWebKit/537.36 (KHTML, like Gecko; compatible; GPTBot/1.2; +https://openai.com/gptbot)"
74.7.227.82 - - [02/Nov/2025:15:03:33 +0000] "GET /?path=//sys/class/net/lo/subsystem/lo/subsystem/eth0/device/net/eth0/device/net/eth0/subsystem/eth0/device/subsystem/drivers/virtio_balloon/virtio3/driver/virtio3 HTTP/1.1" 200 2954 "-" "Mozilla/5.0 AppleWebKit/537.36 (KHTML, like Gecko; compatible; GPTBot/1.2; +https://openai.com/gptbot)"
57.141.2.20 - - [02/Nov/2025:15:03:35 +0000] "GET /wp-json/wp/v2/posts/31217?fileloc=/home/nakedfoamlojoweb/public_html/wp-includes/class-wp-embed.php&path=/home/nakedfoamlojoweb/public_html/wp-includes HTTP/1.1" 200 28819 "-" "meta-externalagent/1.1 (+https://developers.facebook.com/docs/sharing/webmasters/crawler)"
74.7.227.82 - - [02/Nov/2025:15:03:36 +0000] "GET /?fileloc=//sys/class/net/lo/subsystem/lo/subsystem/eth0/device/net/eth0/subsystem/eth0/subsystem/eth0/device/driver/virtio0/driver/virtio0/driver/module/sections/.orc_unwind&path=//sys/class/net/lo/subsystem/lo/subsystem/eth0/device/net/eth0/subsystem/eth0/subsystem/eth0/device/driver/virtio0/driver/virtio0/driver/module/sections HTTP/1.1" 200 2399 "-" "Mozilla/5.0 AppleWebKit/537.36 (KHTML, like Gecko; compatible; GPTBot/1.2; +https://openai.com/gptbot)"
57.141.2.30 - - [02/Nov/2025:15:03:37 +0000] "GET /wp-json/wp/v2/posts/35784?path=/home/nakedfoamlojoweb/www/.well-known HTTP/1.1" 200 14279 "-" "meta-externalagent/1.1 (+https://developers.facebook.com/docs/sharing/webmasters/crawler)"
74.7.227.82 - - [02/Nov/2025:15:03:40 +0000] "GET /?fileloc=//sys/class/net/lo/subsystem/lo/subsystem/eth0/device/net/eth0/subsystem/eth0/subsystem/eth0/device/driver/virtio0/driver/virtio0/driver/module/sections/.smp_locks&path=//sys/class/net/lo/subsystem/lo/subsystem/eth0/device/net/eth0/subsystem/eth0/subsystem/eth0/device/driver/virtio0/driver/virtio0/driver/module/sections HTTP/1.1" 200 2398 "-" "Mozilla/5.0 AppleWebKit/537.36 (KHTML, like Gecko; compatible; GPTBot/1.2; +https://openai.com/gptbot)"
74.7.227.82 - - [02/Nov/2025:15:03:43 +0000] "GET /?path=//sys/class/net/lo/subsystem/lo/subsystem/eth0/device/net/eth0/device/net/eth0/subsystem/eth0/device/subsystem/drivers/virtio_balloon/virtio3/driver/module HTTP/1.1" 200 3041 "-" "Mozilla/5.0 AppleWebKit/537.36 (KHTML, like Gecko; compatible; GPTBot/1.2; +https://openai.com/gptbot)"
74.7.227.82 - - [02/Nov/2025:15:03:46 +0000] "GET /?path=//sys/class/net/lo/subsystem/lo/subsystem/eth0/device/net/eth0/device/net/eth0/subsystem/eth0/device/subsystem/drivers/virtio_console/virtio2/virtio-ports HTTP/1.1" 200 2698 "-" "Mozilla/5.0 AppleWebKit/537.36 (KHTML, like Gecko; compatible; GPTBot/1.2; +https://openai.com/gptbot)"
57.141.2.63 - - [02/Nov/2025:15:03:48 +0000] "GET /wp-json/wp/v2/posts/34358?fileloc=//boot/initramfs-4.18.0-372.26.1.el8_6.x86_64.img&path=//boot HTTP/1.1" 200 12287 "-" "meta-externalagent/1.1 (+https://developers.facebook.com/docs/sharing/webmasters/crawler)"
74.7.227.82 - - [02/Nov/2025:15:03:49 +0000] "GET /?path=//sys/class/net/lo/subsystem/lo/subsystem/eth0/device/net/eth0/subsystem/eth0/subsystem/eth0/device/subsystem/drivers/virtio_balloon/virtio3/driver/virtio3 HTTP/1.1" 200 2948 "-" "Mozilla/5.0 AppleWebKit/537.36 (KHTML, like Gecko; compatible; GPTBot/1.2; +https://openai.com/gptbot)"
74.7.227.82 - - [02/Nov/2025:15:03:51 +0000] "GET /?path=//sys/class/net/lo/subsystem/lo/subsystem/eth0/device/net/eth0/device/net/eth0/subsystem/eth0/device/subsystem/drivers/virtio_console/virtio2/subsystem/drivers HTTP/1.1" 200 2829 "-" "Mozilla/5.0 AppleWebKit/537.36 (KHTML, like Gecko; compatible; GPTBot/1.2; +https://openai.com/gptbot)"
74.7.227.82 - - [02/Nov/2025:15:03:55 +0000] "GET /?path=//sys/class/net/lo/subsystem/lo/subsystem/eth0/device/net/eth0/device/net/eth0/subsystem/eth0/device/subsystem/drivers/virtio_balloon/virtio3/driver/virtio3/driver HTTP/1.1" 200 2863 "-" "Mozilla/5.0 AppleWebKit/537.36 (KHTML, like Gecko; compatible; GPTBot/1.2; +https://openai.com/gptbot)"
74.7.227.82 - - [02/Nov/2025:15:03:57 +0000] "GET /?path=//sys/class/net/lo/subsystem/lo/subsystem/eth0/device/net/eth0/device/net/eth0/subsystem/eth0/device/subsystem/drivers/virtio_balloon/virtio3/driver/virtio3/power HTTP/1.1" 200 2868 "-" "Mozilla/5.0 AppleWebKit/537.36 (KHTML, like Gecko; compatible; GPTBot/1.2; +https://openai.com/gptbot)"
74.7.227.82 - - [02/Nov/2025:15:04:00 +0000] "GET /?path=//sys/class/net/lo/subsystem/lo/subsystem/eth0/device/net/eth0/device/net/eth0/subsystem/eth0/device/subsystem/drivers/virtio_balloon/virtio3/driver/virtio3/subsystem HTTP/1.1" 200 2864 "-" "Mozilla/5.0 AppleWebKit/537.36 (KHTML, like Gecko; compatible; GPTBot/1.2; +https://openai.com/gptbot)"
74.7.227.82 - - [02/Nov/2025:15:04:04 +0000] "GET /?path=//sys/class/net/lo/subsystem/lo/subsystem/eth0/device/net/eth0/device/net/eth0/subsystem/eth0/device/subsystem/drivers/virtio_balloon/virtio3/driver/module/holders HTTP/1.1" 200 2465 "-" "Mozilla/5.0 AppleWebKit/537.36 (KHTML, like Gecko; compatible; GPTBot/1.2; +https://openai.com/gptbot)"
57.141.2.84 - - [02/Nov/2025:15:04:05 +0000] "GET /the-puller-should-by-no-means-grasp-down-at-a-90-levels-angle/?fileloc=//proc/79/mounts&path=//proc/79 HTTP/1.1" 200 14743 "-" "meta-externalagent/1.1 (+https://developers.facebook.com/docs/sharing/webmasters/crawler)"
74.7.227.82 - - [02/Nov/2025:15:04:06 +0000] "GET /?path=//sys/class/net/lo/subsystem/lo/subsystem/eth0/device/net/eth0/device/net/eth0/subsystem/eth0/device/subsystem/drivers/virtio_balloon/virtio3/driver/module/drivers HTTP/1.1" 200 2704 "-" "Mozilla/5.0 AppleWebKit/537.36 (KHTML, like Gecko; compatible; GPTBot/1.2; +https://openai.com/gptbot)"
74.7.227.82 - - [02/Nov/2025:15:04:09 +0000] "GET /?path=//sys/class/net/lo/subsystem/lo/subsystem/eth0/device/net/eth0/device/net/eth0/subsystem/eth0/device/subsystem/drivers/virtio_balloon/virtio3/driver/module/notes HTTP/1.1" 200 2733 "-" "Mozilla/5.0 AppleWebKit/537.36 (KHTML, like Gecko; compatible; GPTBot/1.2; +https://openai.com/gptbot)"
74.7.227.82 - - [02/Nov/2025:15:04:13 +0000] "GET /?path=//sys/class/net/lo/subsystem/lo/subsystem/eth0/device/net/eth0/subsystem/eth0/subsystem/eth0/device/subsystem/drivers/virtio_balloon/virtio3/driver/virtio3/power HTTP/1.1" 200 2863 "-" "Mozilla/5.0 AppleWebKit/537.36 (KHTML, like Gecko; compatible; GPTBot/1.2; +https://openai.com/gptbot)"
57.141.2.94 - - [02/Nov/2025:15:04:15 +0000] "GET /wp-json/wp/v2/posts/27588?fileloc=/home/nakedfoamlojoweb/public_html/wp-mail.php&path=/home/nakedfoamlojoweb/public_html HTTP/1.1" 200 21422 "-" "meta-externalagent/1.1 (+https://developers.facebook.com/docs/sharing/webmasters/crawler)"
74.7.227.82 - - [02/Nov/2025:15:04:15 +0000] "GET /?path=//sys/class/net/lo/subsystem/lo/subsystem/eth0/device/net/eth0/device/net/eth0/subsystem/eth0/device/subsystem/drivers/virtio_scsi/virtio1/driver/module/drivers HTTP/1.1" 200 2706 "-" "Mozilla/5.0 AppleWebKit/537.36 (KHTML, like Gecko; compatible; GPTBot/1.2; +https://openai.com/gptbot)"
74.7.227.82 - - [02/Nov/2025:15:04:19 +0000] "GET /?path=//sys/class/net/lo/subsystem/lo/subsystem/eth0/device/net/eth0/device/net/eth0/subsystem/eth0/device/subsystem/drivers/virtio_balloon/virtio3/driver/module/sections HTTP/1.1" 200 3255 "-" "Mozilla/5.0 AppleWebKit/537.36 (KHTML, like Gecko; compatible; GPTBot/1.2; +https://openai.com/gptbot)"
74.7.227.82 - - [02/Nov/2025:15:04:21 +0000] "GET /?path=//sys/class/net/lo/subsystem/lo/subsystem/eth0/device/net/eth0/subsystem/eth0/subsystem/eth0/device/subsystem/drivers/virtio_console/virtio2/driver HTTP/1.1" 200 2849 "-" "Mozilla/5.0 AppleWebKit/537.36 (KHTML, like Gecko; compatible; GPTBot/1.2; +https://openai.com/gptbot)"
57.141.2.5 - - [02/Nov/2025:15:04:22 +0000] "GET /page-65/?path=/home/wwwrevie HTTP/1.1" 200 12710 "-" "meta-externalagent/1.1 (+https://developers.facebook.com/docs/sharing/webmasters/crawler)"
74.7.227.82 - - [02/Nov/2025:15:04:24 +0000] "GET /?path=//sys/class/net/lo/subsystem/lo/subsystem/eth0/device/net/eth0/subsystem/eth0/subsystem/eth0/device/subsystem/drivers/virtio_scsi/virtio1/driver/virtio1 HTTP/1.1" 200 2971 "-" "Mozilla/5.0 AppleWebKit/537.36 (KHTML, like Gecko; compatible; GPTBot/1.2; +https://openai.com/gptbot)"
74.7.227.82 - - [02/Nov/2025:15:04:26 +0000] "GET /?path=//sys/class/net/lo/subsystem/lo/subsystem/eth0/device/net/eth0/device/net/eth0/subsystem/eth0/device/subsystem/drivers/virtio_scsi/virtio1/driver/virtio1/power HTTP/1.1" 200 2868 "-" "Mozilla/5.0 AppleWebKit/537.36 (KHTML, like Gecko; compatible; GPTBot/1.2; +https://openai.com/gptbot)"
74.7.227.82 - - [02/Nov/2025:15:04:29 +0000] "GET /?path=//sys/class/net/lo/subsystem/lo/subsystem/eth0/device/net/eth0/device/net/eth0/subsystem/eth0/device/subsystem/drivers/virtio_balloon/virtio3/subsystem/devices HTTP/1.1" 200 2758 "-" "Mozilla/5.0 AppleWebKit/537.36 (KHTML, like Gecko; compatible; GPTBot/1.2; +https://openai.com/gptbot)"
74.7.227.82 - - [02/Nov/2025:15:04:31 +0000] "GET /?path=//sys/class/net/lo/subsystem/lo/subsystem/eth0/device/net/eth0/subsystem/eth0/subsystem/eth0/device/subsystem/drivers/virtio_balloon/virtio3/driver/module HTTP/1.1" 200 3034 "-" "Mozilla/5.0 AppleWebKit/537.36 (KHTML, like Gecko; compatible; GPTBot/1.2; +https://openai.com/gptbot)"
74.7.227.82 - - [02/Nov/2025:15:04:33 +0000] "GET /?path=//sys/class/net/lo/subsystem/lo/subsystem/eth0/device/net/eth0/device/net/eth0/subsystem/eth0/device/subsystem/drivers/virtio_console/virtio2/driver HTTP/1.1" 200 2844 "-" "Mozilla/5.0 AppleWebKit/537.36 (KHTML, like Gecko; compatible; GPTBot/1.2; +https://openai.com/gptbot)"
74.7.227.82 - - [02/Nov/2025:15:04:35 +0000] "GET /?path=//sys/class/net/lo/subsystem/lo/subsystem/eth0/device/net/eth0/device/net/eth0/subsystem/eth0/device/subsystem/drivers/virtio_balloon/virtio3/subsystem/drivers HTTP/1.1" 200 2827 "-" "Mozilla/5.0 AppleWebKit/537.36 (KHTML, like Gecko; compatible; GPTBot/1.2; +https://openai.com/gptbot)"
57.141.2.27 - - [02/Nov/2025:15:04:36 +0000] "GET /wp-json/wp/v2/posts/35784?path=/home/cPanelInstall HTTP/1.1" 200 12720 "-" "meta-externalagent/1.1 (+https://developers.facebook.com/docs/sharing/webmasters/crawler)"
74.7.227.82 - - [02/Nov/2025:15:04:38 +0000] "GET /?path=//sys/class/net/lo/subsystem/lo/subsystem/eth0/device/net/eth0/subsystem/eth0/subsystem/eth0/device/subsystem/drivers/virtio_console/virtio2/driver/virtio2 HTTP/1.1" 200 2978 "-" "Mozilla/5.0 AppleWebKit/537.36 (KHTML, like Gecko; compatible; GPTBot/1.2; +https://openai.com/gptbot)"
74.7.227.82 - - [02/Nov/2025:15:04:41 +0000] "GET /?path=//sys/class/net/lo/subsystem/lo/subsystem/eth0/device/net/eth0/subsystem/eth0/subsystem/eth0/device/subsystem/drivers/virtio_scsi/virtio1/driver/virtio1/subsystem HTTP/1.1" 200 2868 "-" "Mozilla/5.0 AppleWebKit/537.36 (KHTML, like Gecko; compatible; GPTBot/1.2; +https://openai.com/gptbot)"
74.7.227.82 - - [02/Nov/2025:15:04:44 +0000] "GET /?path=//sys/class/net/lo/subsystem/lo/subsystem/eth0/device/net/eth0/subsystem/eth0/subsystem/eth0/device/subsystem/drivers/virtio_scsi/virtio1/driver/virtio1/power HTTP/1.1" 200 2863 "-" "Mozilla/5.0 AppleWebKit/537.36 (KHTML, like Gecko; compatible; GPTBot/1.2; +https://openai.com/gptbot)"
74.7.227.82 - - [02/Nov/2025:15:04:46 +0000] "GET /?path=//sys/class/net/lo/subsystem/lo/subsystem/eth0/device/net/eth0/subsystem/eth0/subsystem/eth0/device/subsystem/drivers/virtio_scsi/virtio1/driver/virtio1/driver HTTP/1.1" 200 2858 "-" "Mozilla/5.0 AppleWebKit/537.36 (KHTML, like Gecko; compatible; GPTBot/1.2; +https://openai.com/gptbot)"
74.7.227.82 - - [02/Nov/2025:15:04:48 +0000] "GET /?path=//sys/class/net/lo/subsystem/lo/subsystem/eth0/device/net/eth0/subsystem/eth0/subsystem/eth0/device/subsystem/drivers/virtio_balloon/virtio3/driver/module/notes HTTP/1.1" 200 2728 "-" "Mozilla/5.0 AppleWebKit/537.36 (KHTML, like Gecko; compatible; GPTBot/1.2; +https://openai.com/gptbot)"
74.7.227.82 - - [02/Nov/2025:15:04:51 +0000] "GET /?path=//sys/class/net/lo/subsystem/lo/subsystem/eth0/device/net/eth0/subsystem/eth0/subsystem/eth0/device/subsystem/drivers/virtio_scsi/virtio1/subsystem/devices/virtio2/subsystem HTTP/1.1" 200 2870 "-" "Mozilla/5.0 AppleWebKit/537.36 (KHTML, like Gecko; compatible; GPTBot/1.2; +https://openai.com/gptbot)"
74.7.227.82 - - [02/Nov/2025:15:04:55 +0000] "GET /?path=//sys/class/net/lo/subsystem/lo/subsystem/eth0/device/net/eth0/subsystem/eth0/subsystem/eth0/device/subsystem/drivers/virtio_balloon/virtio3/driver/module/sections HTTP/1.1" 200 3246 "-" "Mozilla/5.0 AppleWebKit/537.36 (KHTML, like Gecko; compatible; GPTBot/1.2; +https://openai.com/gptbot)"
74.7.227.82 - - [02/Nov/2025:15:04:58 +0000] "GET /?path=//sys/class/net/lo/subsystem/lo/subsystem/eth0/device/net/eth0/subsystem/eth0/subsystem/eth0/device/subsystem/drivers/virtio_console/virtio2/driver/virtio2/power HTTP/1.1" 200 2862 "-" "Mozilla/5.0 AppleWebKit/537.36 (KHTML, like Gecko; compatible; GPTBot/1.2; +https://openai.com/gptbot)"
74.7.227.82 - - [02/Nov/2025:15:05:00 +0000] "GET /?path=//sys/class/net/lo/subsystem/lo/subsystem/eth0/device/net/eth0/subsystem/eth0/subsystem/eth0/device/subsystem/drivers/virtio_balloon/virtio3/driver/module/drivers HTTP/1.1" 200 2697 "-" "Mozilla/5.0 AppleWebKit/537.36 (KHTML, like Gecko; compatible; GPTBot/1.2; +https://openai.com/gptbot)"
74.7.227.82 - - [02/Nov/2025:15:05:03 +0000] "GET /?path=//sys/class/net/lo/subsystem/lo/subsystem/eth0/device/net/eth0/subsystem/eth0/subsystem/eth0/device/subsystem/drivers/virtio_balloon/virtio3/driver/module/holders HTTP/1.1" 200 2459 "-" "Mozilla/5.0 AppleWebKit/537.36 (KHTML, like Gecko; compatible; GPTBot/1.2; +https://openai.com/gptbot)"
74.7.227.82 - - [02/Nov/2025:15:05:06 +0000] "GET /?path=//sys/class/net/lo/subsystem/lo/subsystem/eth0/device/net/eth0/device/net/eth0/subsystem/eth0/device/subsystem/drivers/virtio_console/virtio2/driver/module HTTP/1.1" 200 3041 "-" "Mozilla/5.0 AppleWebKit/537.36 (KHTML, like Gecko; compatible; GPTBot/1.2; +https://openai.com/gptbot)"
74.7.227.82 - - [02/Nov/2025:15:05:08 +0000] "GET /?path=//sys/class/net/lo/subsystem/lo/subsystem/eth0/device/net/eth0/subsystem/eth0/subsystem/eth0/device/subsystem/drivers/virtio_scsi/virtio1/driver/virtio1/driver/module HTTP/1.1" 200 3043 "-" "Mozilla/5.0 AppleWebKit/537.36 (KHTML, like Gecko; compatible; GPTBot/1.2; +https://openai.com/gptbot)"
74.7.227.82 - - [02/Nov/2025:15:05:11 +0000] "GET /?path=//sys/class/net/lo/subsystem/lo/subsystem/eth0/device/net/eth0/device/net/eth0/subsystem/eth0/device/subsystem/drivers/virtio_console/virtio2/driver/virtio2 HTTP/1.1" 200 2984 "-" "Mozilla/5.0 AppleWebKit/537.36 (KHTML, like Gecko; compatible; GPTBot/1.2; +https://openai.com/gptbot)"
74.7.227.82 - - [02/Nov/2025:15:05:14 +0000] "GET /?path=//sys/class/net/lo/subsystem/lo/subsystem/eth0/device/net/eth0/subsystem/eth0/subsystem/eth0/device/driver/module/drivers/virtio:virtio_net/virtio0/subsystem HTTP/1.1" 200 2867 "-" "Mozilla/5.0 AppleWebKit/537.36 (KHTML, like Gecko; compatible; GPTBot/1.2; +https://openai.com/gptbot)"
74.7.227.82 - - [02/Nov/2025:15:05:18 +0000] "GET /?path=//sys/class/net/lo/subsystem/lo/subsystem/eth0/device/net/eth0/subsystem/eth0/subsystem/eth0/device/subsystem/drivers/virtio_net/virtio0/subsystem/drivers/virtio_net HTTP/1.1" 200 2860 "-" "Mozilla/5.0 AppleWebKit/537.36 (KHTML, like Gecko; compatible; GPTBot/1.2; +https://openai.com/gptbot)"
74.7.227.82 - - [02/Nov/2025:15:05:20 +0000] "GET /?path=//sys/class/net/lo/subsystem/lo/subsystem/eth0/device/net/eth0/subsystem/eth0/subsystem/eth0/device/subsystem/drivers/virtio_console/virtio2/driver/module HTTP/1.1" 200 3034 "-" "Mozilla/5.0 AppleWebKit/537.36 (KHTML, like Gecko; compatible; GPTBot/1.2; +https://openai.com/gptbot)"
74.7.227.82 - - [02/Nov/2025:15:05:24 +0000] "GET /?path=//sys/class/net/lo/subsystem/lo/subsystem/eth0/device/net/eth0/subsystem/eth0/subsystem/eth0/device/subsystem/drivers/virtio_scsi/virtio1/subsystem/drivers/virtio_net HTTP/1.1" 200 2867 "-" "Mozilla/5.0 AppleWebKit/537.36 (KHTML, like Gecko; compatible; GPTBot/1.2; +https://openai.com/gptbot)"
74.7.227.82 - - [02/Nov/2025:15:05:26 +0000] "GET /?path=//sys/class/net/lo/subsystem/lo/subsystem/eth0/device/net/eth0/device/net/eth0/subsystem/eth0/device/subsystem/drivers/virtio_console/virtio2/driver/module/sections HTTP/1.1" 200 3327 "-" "Mozilla/5.0 AppleWebKit/537.36 (KHTML, like Gecko; compatible; GPTBot/1.2; +https://openai.com/gptbot)"
74.7.227.82 - - [02/Nov/2025:15:05:30 +0000] "GET /?path=//sys/class/net/lo/subsystem/lo/subsystem/eth0/device/net/eth0/device/net/eth0/subsystem/eth0/device/subsystem/drivers/virtio_console/virtio2/driver/module/drivers HTTP/1.1" 200 2744 "-" "Mozilla/5.0 AppleWebKit/537.36 (KHTML, like Gecko; compatible; GPTBot/1.2; +https://openai.com/gptbot)"
74.7.227.82 - - [02/Nov/2025:15:05:32 +0000] "GET /?path=//sys/class/net/lo/subsystem/lo/subsystem/eth0/device/net/eth0/subsystem/eth0/subsystem/eth0/device/subsystem/drivers/virtio_net/virtio0/subsystem/drivers/virtio_scsi HTTP/1.1" 200 2870 "-" "Mozilla/5.0 AppleWebKit/537.36 (KHTML, like Gecko; compatible; GPTBot/1.2; +https://openai.com/gptbot)"
74.7.227.82 - - [02/Nov/2025:15:05:35 +0000] "GET /?path=//sys/class/net/lo/subsystem/lo/subsystem/eth0/device/net/eth0/device/net/eth0/subsystem/eth0/device/subsystem/drivers/virtio_console/virtio2/driver/module/notes HTTP/1.1" 200 2733 "-" "Mozilla/5.0 AppleWebKit/537.36 (KHTML, like Gecko; compatible; GPTBot/1.2; +https://openai.com/gptbot)"
74.7.227.82 - - [02/Nov/2025:15:05:38 +0000] "GET /?path=//sys/class/net/lo/subsystem/lo/subsystem/eth0/device/net/eth0/subsystem/eth0/subsystem/eth0/device/driver/module/drivers/virtio:virtio_net/virtio0/subsystem/drivers HTTP/1.1" 200 2841 "-" "Mozilla/5.0 AppleWebKit/537.36 (KHTML, like Gecko; compatible; GPTBot/1.2; +https://openai.com/gptbot)"
74.7.227.82 - - [02/Nov/2025:15:05:40 +0000] "GET /?path=//sys/class/net/lo/subsystem/lo/subsystem/eth0/device/net/eth0/device/net/eth0/subsystem/eth0/device/subsystem/drivers/virtio_console/virtio2/driver/module/holders HTTP/1.1" 200 2466 "-" "Mozilla/5.0 AppleWebKit/537.36 (KHTML, like Gecko; compatible; GPTBot/1.2; +https://openai.com/gptbot)"
74.7.227.82 - - [02/Nov/2025:15:05:43 +0000] "GET /?path=//sys/class/net/lo/subsystem/lo/subsystem/eth0/device/net/eth0/subsystem/eth0/subsystem/eth0/device/subsystem/drivers/virtio_console/virtio2/driver/module/notes HTTP/1.1" 200 2728 "-" "Mozilla/5.0 AppleWebKit/537.36 (KHTML, like Gecko; compatible; GPTBot/1.2; +https://openai.com/gptbot)"
74.7.227.82 - - [02/Nov/2025:15:05:47 +0000] "GET /?path=//sys/class/net/lo/subsystem/lo/subsystem/eth0/device/net/eth0/device/net/eth0/subsystem/eth0/device/subsystem/drivers/virtio_console/virtio2/driver/virtio2/subsystem HTTP/1.1" 200 2864 "-" "Mozilla/5.0 AppleWebKit/537.36 (KHTML, like Gecko; compatible; GPTBot/1.2; +https://openai.com/gptbot)"
74.7.227.82 - - [02/Nov/2025:15:05:50 +0000] "GET /?path=//sys/class/net/lo/subsystem/lo/subsystem/eth0/device/net/eth0/device/net/eth0/subsystem/eth0/device/subsystem/drivers/virtio_console/virtio2/driver/virtio2/power HTTP/1.1" 200 2868 "-" "Mozilla/5.0 AppleWebKit/537.36 (KHTML, like Gecko; compatible; GPTBot/1.2; +https://openai.com/gptbot)"
74.7.227.82 - - [02/Nov/2025:15:05:52 +0000] "GET /?path=//sys/class/net/lo/subsystem/lo/subsystem/eth0/device/net/eth0/device/net/eth0/subsystem/eth0/device/subsystem/drivers/virtio_console/virtio2/driver/virtio2/driver HTTP/1.1" 200 2863 "-" "Mozilla/5.0 AppleWebKit/537.36 (KHTML, like Gecko; compatible; GPTBot/1.2; +https://openai.com/gptbot)"
74.7.227.82 - - [02/Nov/2025:15:05:56 +0000] "GET /?path=//sys/class/net/lo/subsystem/lo/subsystem/eth0/device/net/eth0/subsystem/eth0/subsystem/eth0/device/subsystem/drivers/virtio_console/virtio2/driver/module/holders HTTP/1.1" 200 2460 "-" "Mozilla/5.0 AppleWebKit/537.36 (KHTML, like Gecko; compatible; GPTBot/1.2; +https://openai.com/gptbot)"
57.141.2.58 - - [02/Nov/2025:15:05:57 +0000] "GET /wp-json/wp/v2/posts/32470?path=//media HTTP/1.1" 200 12669 "-" "meta-externalagent/1.1 (+https://developers.facebook.com/docs/sharing/webmasters/crawler)"
57.141.2.35 - - [02/Nov/2025:15:05:57 +0000] "GET /wp-json/wp/v2/posts/31745?fileloc=/home/nakedfoamlojoweb/public_html/wp-includes/class-wp-http-ixr-client.php&path=/home/nakedfoamlojoweb/public_html/wp-includes HTTP/1.1" 200 16241 "-" "meta-externalagent/1.1 (+https://developers.facebook.com/docs/sharing/webmasters/crawler)"
74.7.227.82 - - [02/Nov/2025:15:05:58 +0000] "GET /?path=//sys/class/net/lo/subsystem/lo/subsystem/eth0/device/net/eth0/subsystem/eth0/subsystem/eth0/device/subsystem/drivers/virtio_console/virtio2/driver/module/drivers HTTP/1.1" 200 2738 "-" "Mozilla/5.0 AppleWebKit/537.36 (KHTML, like Gecko; compatible; GPTBot/1.2; +https://openai.com/gptbot)"
57.141.2.12 - - [02/Nov/2025:15:05:59 +0000] "GET /wp-json/wp/v2/posts/35919?path=/home/ranchograndemhpl HTTP/1.1" 200 12726 "-" "meta-externalagent/1.1 (+https://developers.facebook.com/docs/sharing/webmasters/crawler)"
57.141.2.36 - - [02/Nov/2025:15:06:00 +0000] "GET /wp-json/wp/v2/posts/34723?path=/home/istairslojoweb HTTP/1.1" 200 12722 "-" "meta-externalagent/1.1 (+https://developers.facebook.com/docs/sharing/webmasters/crawler)"
74.7.227.82 - - [02/Nov/2025:15:06:00 +0000] "GET /?path=//sys/class/net/lo/subsystem/lo/subsystem/eth0/device/net/eth0/device/net/eth0/subsystem/eth0/device/subsystem/drivers/virtio_net/virtio0/subsystem/drivers/virtio_net HTTP/1.1" 200 2864 "-" "Mozilla/5.0 AppleWebKit/537.36 (KHTML, like Gecko; compatible; GPTBot/1.2; +https://openai.com/gptbot)"
57.141.2.12 - - [02/Nov/2025:15:06:01 +0000] "GET /wp-json/wp/v2/posts/29376?path=//usr HTTP/1.1" 200 30875 "-" "meta-externalagent/1.1 (+https://developers.facebook.com/docs/sharing/webmasters/crawler)"
74.7.227.82 - - [02/Nov/2025:15:06:03 +0000] "GET /?path=//sys/class/net/lo/subsystem/lo/subsystem/eth0/device/net/eth0/subsystem/eth0/subsystem/eth0/device/subsystem/drivers/virtio_console/virtio2/driver/module/sections HTTP/1.1" 200 3320 "-" "Mozilla/5.0 AppleWebKit/537.36 (KHTML, like Gecko; compatible; GPTBot/1.2; +https://openai.com/gptbot)"
57.141.2.86 - - [02/Nov/2025:15:06:04 +0000] "GET /wp-json/wp/v2/posts/30411?fileloc=/home/nakedfoamlojoweb/public_html/wp-admin/options-permalink.php&path=/home/nakedfoamlojoweb/public_html/wp-admin HTTP/1.1" 200 37423 "-" "meta-externalagent/1.1 (+https://developers.facebook.com/docs/sharing/webmasters/crawler)"
74.7.227.82 - - [02/Nov/2025:15:06:05 +0000] "GET /?path=//sys/class/net/lo/subsystem/lo/subsystem/eth0/device/net/eth0/subsystem/eth0/subsystem/eth0/device/subsystem/drivers/virtio_balloon/virtio3/driver/virtio3/driver HTTP/1.1" 200 2858 "-" "Mozilla/5.0 AppleWebKit/537.36 (KHTML, like Gecko; compatible; GPTBot/1.2; +https://openai.com/gptbot)"
57.141.2.75 - - [02/Nov/2025:15:06:07 +0000] "GET /wp-json/wp/v2/posts/27884?fileloc=/home/nakedfoamlojoweb/public_html/wp-links-opml.php&path=/home/nakedfoamlojoweb/public_html HTTP/1.1" 200 15219 "-" "meta-externalagent/1.1 (+https://developers.facebook.com/docs/sharing/webmasters/crawler)"
74.7.227.82 - - [02/Nov/2025:15:06:07 +0000] "GET /?path=//sys/class/net/lo/subsystem/lo/subsystem/eth0/device/net/eth0/subsystem/eth0/subsystem/eth0/device/driver/virtio0/driver/virtio0/subsystem/drivers/virtio_balloon HTTP/1.1" 200 2863 "-" "Mozilla/5.0 AppleWebKit/537.36 (KHTML, like Gecko; compatible; GPTBot/1.2; +https://openai.com/gptbot)"
57.141.2.75 - - [02/Nov/2025:15:06:09 +0000] "GET /wp-json/wp/v2/posts/30193?fileloc=/home/nakedfoamlojoweb/public_html/wp-admin/options-media.php&path=/home/nakedfoamlojoweb/public_html/wp-admin HTTP/1.1" 200 21086 "-" "meta-externalagent/1.1 (+https://developers.facebook.com/docs/sharing/webmasters/crawler)"
74.7.227.82 - - [02/Nov/2025:15:06:10 +0000] "GET /?path=//sys/class/net/lo/subsystem/lo/subsystem/eth0/device/net/eth0/subsystem/eth0/subsystem/eth0/device/subsystem/drivers/virtio_console/virtio2/driver/virtio2/driver HTTP/1.1" 200 2858 "-" "Mozilla/5.0 AppleWebKit/537.36 (KHTML, like Gecko; compatible; GPTBot/1.2; +https://openai.com/gptbot)"
74.7.227.82 - - [02/Nov/2025:15:06:13 +0000] "GET /?path=//sys/class/net/lo/subsystem/lo/subsystem/eth0/device/net/eth0/subsystem/eth0/subsystem/eth0/device/driver/virtio0/driver/virtio0/subsystem/drivers/virtio_console HTTP/1.1" 200 2863 "-" "Mozilla/5.0 AppleWebKit/537.36 (KHTML, like Gecko; compatible; GPTBot/1.2; +https://openai.com/gptbot)"
57.141.2.81 - - [02/Nov/2025:15:06:13 +0000] "GET /wp-json/wp/v2/posts/30907?fileloc=/home/nakedfoamlojoweb/public_html/wp-includes/class-wp-http.php&path=/home/nakedfoamlojoweb/public_html/wp-includes HTTP/1.1" 200 54450 "-" "meta-externalagent/1.1 (+https://developers.facebook.com/docs/sharing/webmasters/crawler)"
57.141.2.73 - - [02/Nov/2025:15:06:14 +0000] "GET /2024/09/21/dirtyroulette-a-comprehensive-review-of-live-video-chat/feed/?path=//etc/libnl HTTP/1.1" 200 15503 "-" "meta-externalagent/1.1 (+https://developers.facebook.com/docs/sharing/webmasters/crawler)"
74.7.227.82 - - [02/Nov/2025:15:06:16 +0000] "GET /?path=//sys/class/net/lo/subsystem/lo/subsystem/eth0/device/net/eth0/subsystem/eth0/subsystem/eth0/device/subsystem/drivers/virtio_console/virtio2/subsystem HTTP/1.1" 200 2854 "-" "Mozilla/5.0 AppleWebKit/537.36 (KHTML, like Gecko; compatible; GPTBot/1.2; +https://openai.com/gptbot)"
74.7.227.82 - - [02/Nov/2025:15:06:19 +0000] "GET /?path=//sys/class/net/lo/subsystem/lo/subsystem/eth0/device/net/eth0/subsystem/eth0/subsystem/eth0/device/driver/module/drivers/virtio:virtio_net/virtio0/subsystem/devices HTTP/1.1" 200 2763 "-" "Mozilla/5.0 AppleWebKit/537.36 (KHTML, like Gecko; compatible; GPTBot/1.2; +https://openai.com/gptbot)"
74.7.227.82 - - [02/Nov/2025:15:06:21 +0000] "GET /?path=//sys/class/net/lo/subsystem/lo/subsystem/eth0/device/net/eth0/subsystem/eth0/subsystem/eth0/device/subsystem/drivers/virtio_console/virtio2/driver/virtio2/subsystem HTTP/1.1" 200 2867 "-" "Mozilla/5.0 AppleWebKit/537.36 (KHTML, like Gecko; compatible; GPTBot/1.2; +https://openai.com/gptbot)"
74.7.227.82 - - [02/Nov/2025:15:06:25 +0000] "GET /?path=//sys/class/net/lo/subsystem/lo/subsystem/eth0/device/net/eth0/device/net/eth0/subsystem/eth0/device/subsystem/drivers/virtio_net/virtio0/subsystem/drivers/virtio_rng HTTP/1.1" 200 2773 "-" "Mozilla/5.0 AppleWebKit/537.36 (KHTML, like Gecko; compatible; GPTBot/1.2; +https://openai.com/gptbot)"
74.7.227.82 - - [02/Nov/2025:15:06:28 +0000] "GET /?path=//sys/class/net/lo/subsystem/lo/subsystem/eth0/device/net/eth0/subsystem/eth0/subsystem/eth0/device/subsystem/drivers/virtio_scsi/virtio1/subsystem/drivers/virtio_rng HTTP/1.1" 200 2771 "-" "Mozilla/5.0 AppleWebKit/537.36 (KHTML, like Gecko; compatible; GPTBot/1.2; +https://openai.com/gptbot)"
74.7.227.82 - - [02/Nov/2025:15:06:31 +0000] "GET /?path=//sys/class/net/lo/subsystem/lo/subsystem/eth0/device/net/eth0/subsystem/eth0/subsystem/eth0/device/subsystem/drivers/virtio_net/virtio0/subsystem/drivers/virtio_rng HTTP/1.1" 200 2768 "-" "Mozilla/5.0 AppleWebKit/537.36 (KHTML, like Gecko; compatible; GPTBot/1.2; +https://openai.com/gptbot)"
74.7.227.82 - - [02/Nov/2025:15:06:34 +0000] "GET /?path=//sys/class/net/lo/subsystem/lo/subsystem/eth0/device/net/eth0/subsystem/eth0/subsystem/eth0/device/subsystem/drivers/virtio_balloon/virtio3/driver/virtio3/subsystem HTTP/1.1" 200 2867 "-" "Mozilla/5.0 AppleWebKit/537.36 (KHTML, like Gecko; compatible; GPTBot/1.2; +https://openai.com/gptbot)"
74.7.227.82 - - [02/Nov/2025:15:06:37 +0000] "GET /?path=//sys/class/net/lo/subsystem/lo/subsystem/eth0/device/net/eth0/subsystem/eth0/subsystem/eth0/device/subsystem/drivers/virtio_console/virtio2/subsystem/drivers HTTP/1.1" 200 2823 "-" "Mozilla/5.0 AppleWebKit/537.36 (KHTML, like Gecko; compatible; GPTBot/1.2; +https://openai.com/gptbot)"
74.7.227.82 - - [02/Nov/2025:15:06:40 +0000] "GET /?path=//sys/class/net/lo/subsystem/lo/subsystem/eth0/device/net/eth0/subsystem/eth0/subsystem/eth0/device/subsystem/drivers/virtio_net/virtio0/net/eth0/queues/tx-0 HTTP/1.1" 200 2925 "-" "Mozilla/5.0 AppleWebKit/537.36 (KHTML, like Gecko; compatible; GPTBot/1.2; +https://openai.com/gptbot)"
57.141.2.60 - - [02/Nov/2025:15:06:43 +0000] "GET /wp-json/wp/v2/posts/32411?fileloc=/home/nakedfoamlojoweb/public_html/wp-includes/template-canvas.php&path=/home/nakedfoamlojoweb/public_html/wp-includes HTTP/1.1" 200 13165 "-" "meta-externalagent/1.1 (+https://developers.facebook.com/docs/sharing/webmasters/crawler)"
74.7.227.82 - - [02/Nov/2025:15:06:44 +0000] "GET /?path=//sys/class/net/lo/subsystem/lo/subsystem/eth0/device/net/eth0/subsystem/eth0/subsystem/eth0/device/subsystem/drivers/virtio_console/virtio2/subsystem/devices HTTP/1.1" 200 2753 "-" "Mozilla/5.0 AppleWebKit/537.36 (KHTML, like Gecko; compatible; GPTBot/1.2; +https://openai.com/gptbot)"
74.7.227.82 - - [02/Nov/2025:15:06:46 +0000] "GET /?path=//sys/class/net/lo/subsystem/lo/subsystem/eth0/device/net/eth0/subsystem/eth0/subsystem/eth0/device/power HTTP/1.1" 200 2801 "-" "Mozilla/5.0 AppleWebKit/537.36 (KHTML, like Gecko; compatible; GPTBot/1.2; +https://openai.com/gptbot)"
57.141.2.24 - - [02/Nov/2025:15:06:48 +0000] "GET /the-department-declined-to-provide-specifics-when-impact-x/?path=//proc/79/map_files HTTP/1.1" 200 12750 "-" "meta-externalagent/1.1 (+https://developers.facebook.com/docs/sharing/webmasters/crawler)"
74.7.227.82 - - [02/Nov/2025:15:06:49 +0000] "GET /?path=//sys/class/net/lo/subsystem/lo/subsystem/eth0/device/net/eth0/subsystem/eth0/subsystem/eth0/statistics HTTP/1.1" 200 3193 "-" "Mozilla/5.0 AppleWebKit/537.36 (KHTML, like Gecko; compatible; GPTBot/1.2; +https://openai.com/gptbot)"
74.7.227.82 - - [02/Nov/2025:15:06:53 +0000] "GET /?path=//sys/class/net/lo/subsystem/lo/subsystem/eth0/device/net/eth0/device/net/eth0/subsystem/eth0/statistics HTTP/1.1" 200 3202 "-" "Mozilla/5.0 AppleWebKit/537.36 (KHTML, like Gecko; compatible; GPTBot/1.2; +https://openai.com/gptbot)"
74.7.227.82 - - [02/Nov/2025:15:06:56 +0000] "GET /?path=//sys/class/net/lo/subsystem/lo/subsystem/eth0/device/net/eth0/device/net/eth0/subsystem/eth0/subsystem/lo/subsystem HTTP/1.1" 200 2671 "-" "Mozilla/5.0 AppleWebKit/537.36 (KHTML, like Gecko; compatible; GPTBot/1.2; +https://openai.com/gptbot)"
74.7.227.82 - - [02/Nov/2025:15:07:00 +0000] "GET /?path=//sys/class/net/lo/subsystem/lo/subsystem/eth0/device/net/eth0/device/net/eth0/subsystem/eth0/subsystem/lo/queues HTTP/1.1" 200 2672 "-" "Mozilla/5.0 AppleWebKit/537.36 (KHTML, like Gecko; compatible; GPTBot/1.2; +https://openai.com/gptbot)"
74.7.227.82 - - [02/Nov/2025:15:07:03 +0000] "GET /?path=//sys/class/net/lo/subsystem/lo/subsystem/eth0/device/net/eth0/subsystem/eth0/device/subsystem/drivers/virtio_scsi/virtio1/host0/scsi_host/host0/subsystem/host2 HTTP/1.1" 200 3375 "-" "Mozilla/5.0 AppleWebKit/537.36 (KHTML, like Gecko; compatible; GPTBot/1.2; +https://openai.com/gptbot)"
74.7.227.82 - - [02/Nov/2025:15:07:06 +0000] "GET /?path=//sys/class/net/lo/subsystem/lo/subsystem/eth0/device/net/eth0/subsystem/eth0/subsystem/eth0/device/subsystem/drivers/virtio_console/virtio2/subsystem/devices/virtio0 HTTP/1.1" 200 2988 "-" "Mozilla/5.0 AppleWebKit/537.36 (KHTML, like Gecko; compatible; GPTBot/1.2; +https://openai.com/gptbot)"
74.7.227.82 - - [02/Nov/2025:15:07:09 +0000] "GET /?path=//sys/class/net/lo/subsystem/lo/subsystem/eth0/device/net/eth0/subsystem/eth0/subsystem/eth0/device/subsystem/drivers/virtio_console/virtio2/subsystem/devices/virtio1 HTTP/1.1" 200 2982 "-" "Mozilla/5.0 AppleWebKit/537.36 (KHTML, like Gecko; compatible; GPTBot/1.2; +https://openai.com/gptbot)"
74.7.227.82 - - [02/Nov/2025:15:07:12 +0000] "GET /?path=//sys/class/net/lo/subsystem/lo/subsystem/eth0/device/net/eth0/subsystem/eth0/subsystem/eth0/device/subsystem/drivers/virtio_console/virtio2/subsystem/devices/virtio3 HTTP/1.1" 200 2963 "-" "Mozilla/5.0 AppleWebKit/537.36 (KHTML, like Gecko; compatible; GPTBot/1.2; +https://openai.com/gptbot)"
74.7.227.82 - - [02/Nov/2025:15:07:15 +0000] "GET /?path=//sys/class/net/lo/subsystem/lo/subsystem/eth0/device/net/eth0/subsystem/eth0/device/driver/virtio0/subsystem/devices/virtio1/host0/scsi_host/host0 HTTP/1.1" 200 3361 "-" "Mozilla/5.0 AppleWebKit/537.36 (KHTML, like Gecko; compatible; GPTBot/1.2; +https://openai.com/gptbot)"
74.7.227.82 - - [02/Nov/2025:15:07:17 +0000] "GET /?path=//sys/class/net/lo/subsystem/lo/subsystem/eth0/device/net/eth0/subsystem/eth0/subsystem/eth0/device/subsystem/drivers/virtio_console/virtio2/subsystem/devices/virtio2 HTTP/1.1" 200 2987 "-" "Mozilla/5.0 AppleWebKit/537.36 (KHTML, like Gecko; compatible; GPTBot/1.2; +https://openai.com/gptbot)"
74.7.227.82 - - [02/Nov/2025:15:07:19 +0000] "GET /?path=//sys/class/net/lo/subsystem/lo/subsystem/eth0/device/net/eth0/subsystem/eth0/device/subsystem/devices/virtio1/driver/virtio1/host0/scsi_host/host0 HTTP/1.1" 200 3356 "-" "Mozilla/5.0 AppleWebKit/537.36 (KHTML, like Gecko; compatible; GPTBot/1.2; +https://openai.com/gptbot)"
74.7.227.82 - - [02/Nov/2025:15:07:24 +0000] "GET /?path=//sys/class/net/lo/subsystem/lo/subsystem/eth0/device/net/eth0/subsystem/eth0/device/driver/virtio0/driver/virtio0/subsystem/devices/virtio1/host0 HTTP/1.1" 200 2868 "-" "Mozilla/5.0 AppleWebKit/537.36 (KHTML, like Gecko; compatible; GPTBot/1.2; +https://openai.com/gptbot)"
57.141.2.32 - - [02/Nov/2025:15:07:26 +0000] "GET /?fileloc=//lib64/libudev.so.1.6.11&path=//lib64 HTTP/1.1" 200 12265 "-" "meta-externalagent/1.1 (+https://developers.facebook.com/docs/sharing/webmasters/crawler)"
74.7.227.82 - - [02/Nov/2025:15:07:28 +0000] "GET /?path=//sys/class/net/lo/subsystem/lo/subsystem/eth0/device/net/eth0/subsystem/eth0/device/subsystem/drivers/virtio_scsi/virtio1/host0/scsi_host/host0/subsystem/host2/power HTTP/1.1" 200 2887 "-" "Mozilla/5.0 AppleWebKit/537.36 (KHTML, like Gecko; compatible; GPTBot/1.2; +https://openai.com/gptbot)"
74.7.227.82 - - [02/Nov/2025:15:07:31 +0000] "GET /?path=//sys/class/net/lo/subsystem/lo/subsystem/eth0/device/net/eth0/device/driver/virtio0/subsystem/devices/virtio1/host0/subsystem/devices/host1/scsi_host/host1 HTTP/1.1" 200 3375 "-" "Mozilla/5.0 AppleWebKit/537.36 (KHTML, like Gecko; compatible; GPTBot/1.2; +https://openai.com/gptbot)"
