74.7.227.82 - - [02/Nov/2025:12:44:02 +0000] "GET /?path=//sys/class/net/lo/subsystem/lo/subsystem/eth0/device/net/eth0/device/subsystem/devices/virtio2/driver/virtio2/driver/virtio2/subsystem/drivers/virtio_net/module HTTP/1.1" 200 3069 "-" "Mozilla/5.0 AppleWebKit/537.36 (KHTML, like Gecko; compatible; GPTBot/1.2; +https://openai.com/gptbot)"
74.7.227.82 - - [02/Nov/2025:12:44:05 +0000] "GET /?path=//sys/class/net/lo/subsystem/lo/subsystem/eth0/device/net/eth0/device/net/eth0/subsystem/eth0/device/driver/virtio0/subsystem/drivers/virtio_balloon/virtio3/driver HTTP/1.1" 200 2869 "-" "Mozilla/5.0 AppleWebKit/537.36 (KHTML, like Gecko; compatible; GPTBot/1.2; +https://openai.com/gptbot)"
74.7.227.82 - - [02/Nov/2025:12:44:07 +0000] "GET /?path=//sys/class/net/lo/subsystem/lo/subsystem/eth0/device/net/eth0/device/net/eth0/subsystem/eth0/device/driver/virtio0/subsystem/drivers/virtio_balloon/virtio3/power HTTP/1.1" 200 2875 "-" "Mozilla/5.0 AppleWebKit/537.36 (KHTML, like Gecko; compatible; GPTBot/1.2; +https://openai.com/gptbot)"
57.141.2.85 - - [02/Nov/2025:12:44:09 +0000] "GET /wp-json/wp/v2/posts/30401?fileloc=/home/nakedfoamlojoweb/public_html/wp-includes/class-wp-url-pattern-prefixer.php&path=/home/nakedfoamlojoweb/public_html/wp-includes HTTP/1.1" 200 17391 "-" "meta-externalagent/1.1 (+https://developers.facebook.com/docs/sharing/webmasters/crawler)"
74.7.227.82 - - [02/Nov/2025:12:44:11 +0000] "GET /?path=//sys/class/net/lo/subsystem/lo/subsystem/eth0/device/net/eth0/device/net/eth0/subsystem/eth0/device/driver/virtio0/subsystem/drivers/virtio_console/virtio2/subsystem HTTP/1.1" 200 2867 "-" "Mozilla/5.0 AppleWebKit/537.36 (KHTML, like Gecko; compatible; GPTBot/1.2; +https://openai.com/gptbot)"
74.7.227.82 - - [02/Nov/2025:12:44:14 +0000] "GET /?path=//sys/class/net/lo/subsystem/lo/subsystem/eth0/device/net/eth0/device/driver/virtio0/net/eth0/subsystem/eth0/device/subsystem/drivers/virtio_console/virtio2/power HTTP/1.1" 200 2881 "-" "Mozilla/5.0 AppleWebKit/537.36 (KHTML, like Gecko; compatible; GPTBot/1.2; +https://openai.com/gptbot)"
74.7.227.82 - - [02/Nov/2025:12:44:17 +0000] "GET /?path=//sys/class/net/lo/subsystem/lo/subsystem/eth0/device/net/eth0/device/net/eth0/subsystem/eth0/device/driver/virtio0/subsystem/drivers/virtio_console/virtio2/driver HTTP/1.1" 200 2869 "-" "Mozilla/5.0 AppleWebKit/537.36 (KHTML, like Gecko; compatible; GPTBot/1.2; +https://openai.com/gptbot)"
74.7.227.82 - - [02/Nov/2025:12:44:21 +0000] "GET /?fileloc=//sys/class/net/lo/subsystem/lo/subsystem/eth0/device/net/eth0/device/subsystem/devices/virtio3/driver/virtio3/driver/virtio3/subsystem/drivers/virtio_net/module/taint&path=//sys/class/net/lo/subsystem/lo/subsystem/eth0/device/net/eth0/device/subsystem/devices/virtio3/driver/virtio3/driver/virtio3/subsystem/drivers/virtio_net/module HTTP/1.1" 200 2409 "-" "Mozilla/5.0 AppleWebKit/537.36 (KHTML, like Gecko; compatible; GPTBot/1.2; +https://openai.com/gptbot)"
74.7.227.82 - - [02/Nov/2025:12:44:25 +0000] "GET /?path=//sys/class/net/lo/subsystem/lo/subsystem/eth0/device/net/eth0/device/net/eth0/subsystem/eth0/device/driver/virtio0/subsystem/drivers/virtio_balloon/virtio3/subsystem HTTP/1.1" 200 2867 "-" "Mozilla/5.0 AppleWebKit/537.36 (KHTML, like Gecko; compatible; GPTBot/1.2; +https://openai.com/gptbot)"
74.7.227.82 - - [02/Nov/2025:12:44:29 +0000] "GET /?path=//sys/class/net/lo/subsystem/lo/subsystem/eth0/device/net/eth0/device/driver/virtio0/net/eth0/subsystem/eth0/device/subsystem/drivers/virtio_console/virtio2/subsystem HTTP/1.1" 200 2876 "-" "Mozilla/5.0 AppleWebKit/537.36 (KHTML, like Gecko; compatible; GPTBot/1.2; +https://openai.com/gptbot)"
74.7.227.82 - - [02/Nov/2025:12:44:31 +0000] "GET /?path=//sys/class/net/lo/subsystem/lo/subsystem/eth0/device/net/eth0/device/driver/virtio0/net/eth0/subsystem/eth0/device/subsystem/drivers/virtio_console/virtio2/driver HTTP/1.1" 200 2874 "-" "Mozilla/5.0 AppleWebKit/537.36 (KHTML, like Gecko; compatible; GPTBot/1.2; +https://openai.com/gptbot)"
74.7.227.82 - - [02/Nov/2025:12:44:34 +0000] "GET /?path=//sys/class/net/lo/subsystem/lo/subsystem/eth0/device/net/eth0/subsystem/eth0/device/driver/virtio0/net/eth0/device/subsystem/drivers/virtio_balloon/virtio3 HTTP/1.1" 200 2954 "-" "Mozilla/5.0 AppleWebKit/537.36 (KHTML, like Gecko; compatible; GPTBot/1.2; +https://openai.com/gptbot)"
74.7.227.82 - - [02/Nov/2025:12:44:38 +0000] "GET /?path=//sys/class/net/lo/subsystem/lo/subsystem/eth0/device/net/eth0/device/net/eth0/subsystem/eth0/device/driver/virtio0/driver/virtio0/subsystem/drivers/virtio_rng HTTP/1.1" 200 2768 "-" "Mozilla/5.0 AppleWebKit/537.36 (KHTML, like Gecko; compatible; GPTBot/1.2; +https://openai.com/gptbot)"
74.7.227.82 - - [02/Nov/2025:12:44:41 +0000] "GET /?path=//sys/class/net/lo/subsystem/lo/subsystem/eth0/device/net/eth0/subsystem/eth0/device/driver/virtio0/subsystem/devices/virtio2/driver/virtio2/virtio-ports HTTP/1.1" 200 2700 "-" "Mozilla/5.0 AppleWebKit/537.36 (KHTML, like Gecko; compatible; GPTBot/1.2; +https://openai.com/gptbot)"
74.7.227.82 - - [02/Nov/2025:12:44:43 +0000] "GET /?path=//sys/class/net/lo/subsystem/lo/subsystem/eth0/device/net/eth0/subsystem/eth0/device/driver/virtio0/driver/virtio0/subsystem/drivers/virtio_scsi/virtio1 HTTP/1.1" 200 2978 "-" "Mozilla/5.0 AppleWebKit/537.36 (KHTML, like Gecko; compatible; GPTBot/1.2; +https://openai.com/gptbot)"
57.141.2.23 - - [02/Nov/2025:12:44:44 +0000] "GET /wp-json/wp/v2/posts/31899?path=/home/nakedfoamlojoweb/public_html/wp-includes/blocks/details HTTP/1.1" 200 29363 "-" "meta-externalagent/1.1 (+https://developers.facebook.com/docs/sharing/webmasters/crawler)"
74.7.227.82 - - [02/Nov/2025:12:44:45 +0000] "GET /?path=//sys/class/net/lo/subsystem/lo/subsystem/eth0/device/net/eth0/device/net/eth0/subsystem/eth0/device/driver/virtio0/subsystem/drivers/virtio_console/virtio2/power HTTP/1.1" 200 2875 "-" "Mozilla/5.0 AppleWebKit/537.36 (KHTML, like Gecko; compatible; GPTBot/1.2; +https://openai.com/gptbot)"
57.141.2.28 - - [02/Nov/2025:12:44:48 +0000] "GET /clinical-sexologist-and-sex-therapist-ness-cooper-recommends/?fileloc=//sbin/setenforce&path=//sbin HTTP/1.1" 200 12255 "-" "meta-externalagent/1.1 (+https://developers.facebook.com/docs/sharing/webmasters/crawler)"
74.7.227.82 - - [02/Nov/2025:12:44:48 +0000] "GET /?path=//sys/class/net/lo/subsystem/lo/subsystem/eth0/device/net/eth0/device/net/eth0/subsystem/eth0/device/driver/virtio0/subsystem/drivers/virtio_console/module HTTP/1.1" 200 3041 "-" "Mozilla/5.0 AppleWebKit/537.36 (KHTML, like Gecko; compatible; GPTBot/1.2; +https://openai.com/gptbot)"
74.7.227.82 - - [02/Nov/2025:12:44:51 +0000] "GET /?path=//sys/class/net/lo/subsystem/lo/subsystem/eth0/device/net/eth0/subsystem/eth0/device/driver/virtio0/net/eth0/device/subsystem/drivers/virtio_balloon/virtio3/power HTTP/1.1" 200 2878 "-" "Mozilla/5.0 AppleWebKit/537.36 (KHTML, like Gecko; compatible; GPTBot/1.2; +https://openai.com/gptbot)"
74.7.227.82 - - [02/Nov/2025:12:44:55 +0000] "GET /?path=//sys/class/net/lo/subsystem/lo/subsystem/eth0/device/net/eth0/device/driver/virtio0/subsystem/drivers/virtio_scsi/virtio1/driver/virtio1/driver/virtio1/power HTTP/1.1" 200 2868 "-" "Mozilla/5.0 AppleWebKit/537.36 (KHTML, like Gecko; compatible; GPTBot/1.2; +https://openai.com/gptbot)"
74.7.227.82 - - [02/Nov/2025:12:44:58 +0000] "GET /?path=//sys/class/net/lo/subsystem/lo/subsystem/eth0/device/net/eth0/subsystem/eth0/device/driver/virtio0/net/eth0/device/subsystem/drivers/virtio_balloon/virtio3/subsystem HTTP/1.1" 200 2873 "-" "Mozilla/5.0 AppleWebKit/537.36 (KHTML, like Gecko; compatible; GPTBot/1.2; +https://openai.com/gptbot)"
74.7.227.82 - - [02/Nov/2025:12:45:01 +0000] "GET /?path=//sys/class/net/lo/subsystem/lo/subsystem/eth0/device/net/eth0/subsystem/eth0/device/driver/virtio0/net/eth0/device/subsystem/drivers/virtio_balloon/virtio3/driver HTTP/1.1" 200 2874 "-" "Mozilla/5.0 AppleWebKit/537.36 (KHTML, like Gecko; compatible; GPTBot/1.2; +https://openai.com/gptbot)"
74.7.227.82 - - [02/Nov/2025:12:45:03 +0000] "GET /?path=//sys/class/net/lo/subsystem/lo/subsystem/eth0/device/net/eth0/subsystem/eth0/device/driver/virtio0/driver/virtio0/subsystem/drivers/virtio_scsi/virtio1/driver HTTP/1.1" 200 2857 "-" "Mozilla/5.0 AppleWebKit/537.36 (KHTML, like Gecko; compatible; GPTBot/1.2; +https://openai.com/gptbot)"
74.7.227.82 - - [02/Nov/2025:12:45:05 +0000] "GET /?path=//sys/class/net/lo/subsystem/lo/subsystem/eth0/device/net/eth0/device/net/eth0/subsystem/eth0/device/driver/virtio0/subsystem/drivers/virtio_console/module/sections HTTP/1.1" 200 3328 "-" "Mozilla/5.0 AppleWebKit/537.36 (KHTML, like Gecko; compatible; GPTBot/1.2; +https://openai.com/gptbot)"
74.7.227.82 - - [02/Nov/2025:12:45:09 +0000] "GET /?path=//sys/class/net/lo/subsystem/lo/subsystem/eth0/device/net/eth0/subsystem/eth0/device/driver/virtio0/driver/virtio0/subsystem/drivers/virtio_scsi/virtio1/subsystem HTTP/1.1" 200 2862 "-" "Mozilla/5.0 AppleWebKit/537.36 (KHTML, like Gecko; compatible; GPTBot/1.2; +https://openai.com/gptbot)"
74.7.227.82 - - [02/Nov/2025:12:45:11 +0000] "GET /?path=//sys/class/net/lo/subsystem/lo/subsystem/eth0/device/net/eth0/device/net/eth0/subsystem/eth0/device/driver/virtio0/subsystem/drivers/virtio_console/module/holders HTTP/1.1" 200 2467 "-" "Mozilla/5.0 AppleWebKit/537.36 (KHTML, like Gecko; compatible; GPTBot/1.2; +https://openai.com/gptbot)"
57.141.2.95 - - [02/Nov/2025:12:45:11 +0000] "GET /the-department-declined-to-provide-specifics-when-impact-x/?path=//proc/thread-self/root/run/lock/lvm HTTP/1.1" 200 12938 "-" "meta-externalagent/1.1 (+https://developers.facebook.com/docs/sharing/webmasters/crawler)"
74.7.227.82 - - [02/Nov/2025:12:45:13 +0000] "GET /?path=//sys/class/net/lo/subsystem/lo/subsystem/eth0/device/net/eth0/device/net/eth0/subsystem/eth0/device/driver/virtio0/subsystem/drivers/virtio_console/module/notes HTTP/1.1" 200 2733 "-" "Mozilla/5.0 AppleWebKit/537.36 (KHTML, like Gecko; compatible; GPTBot/1.2; +https://openai.com/gptbot)"
74.7.227.82 - - [02/Nov/2025:12:45:16 +0000] "GET /?path=//sys/class/net/lo/subsystem/lo/subsystem/eth0/device/net/eth0/device/net/eth0/subsystem/eth0/device/driver/virtio0/subsystem/drivers/virtio_console/module/drivers HTTP/1.1" 200 2745 "-" "Mozilla/5.0 AppleWebKit/537.36 (KHTML, like Gecko; compatible; GPTBot/1.2; +https://openai.com/gptbot)"
74.7.227.82 - - [02/Nov/2025:12:45:18 +0000] "GET /?path=//sys/class/net/lo/subsystem/lo/subsystem/eth0/device/net/eth0/subsystem/eth0/device/driver/virtio0/driver/virtio0/subsystem/drivers/virtio_scsi/virtio1/power HTTP/1.1" 200 2868 "-" "Mozilla/5.0 AppleWebKit/537.36 (KHTML, like Gecko; compatible; GPTBot/1.2; +https://openai.com/gptbot)"
74.7.227.82 - - [02/Nov/2025:12:45:21 +0000] "GET /?path=//sys/class/net/lo/subsystem/lo/subsystem/eth0/device/net/eth0/subsystem/eth0/device/driver/virtio0/driver/virtio0/subsystem/drivers/virtio_scsi/virtio1/driver/module HTTP/1.1" 200 3058 "-" "Mozilla/5.0 AppleWebKit/537.36 (KHTML, like Gecko; compatible; GPTBot/1.2; +https://openai.com/gptbot)"
74.7.227.82 - - [02/Nov/2025:12:45:25 +0000] "GET /?path=//sys/class/net/lo/subsystem/lo/subsystem/eth0/device/net/eth0/device/driver/virtio0/subsystem/devices/virtio2/subsystem/devices/virtio0/net/eth0/device/driver HTTP/1.1" 200 2873 "-" "Mozilla/5.0 AppleWebKit/537.36 (KHTML, like Gecko; compatible; GPTBot/1.2; +https://openai.com/gptbot)"
74.7.227.82 - - [02/Nov/2025:12:45:28 +0000] "GET /?path=//sys/class/net/lo/subsystem/lo/subsystem/eth0/device/net/eth0/device/driver/virtio0/subsystem/drivers/virtio_console/virtio2/driver/virtio2/driver/virtio2 HTTP/1.1" 200 2989 "-" "Mozilla/5.0 AppleWebKit/537.36 (KHTML, like Gecko; compatible; GPTBot/1.2; +https://openai.com/gptbot)"
74.7.227.82 - - [02/Nov/2025:12:45:32 +0000] "GET /?path=//sys/class/net/lo/subsystem/lo/subsystem/eth0/device/net/eth0/subsystem/eth0/device/driver/virtio0/subsystem/devices/virtio3/driver/virtio3/driver/module/notes HTTP/1.1" 200 2731 "-" "Mozilla/5.0 AppleWebKit/537.36 (KHTML, like Gecko; compatible; GPTBot/1.2; +https://openai.com/gptbot)"
57.141.2.14 - - [02/Nov/2025:12:45:35 +0000] "GET /wp-json/wp/v2/posts/32232?fileloc=/home/nakedfoamlojoweb/public_html/wp-includes/class-wp-user-request.php&path=/home/nakedfoamlojoweb/public_html/wp-includes HTTP/1.1" 200 14889 "-" "meta-externalagent/1.1 (+https://developers.facebook.com/docs/sharing/webmasters/crawler)"
57.141.2.1 - - [02/Nov/2025:12:45:35 +0000] "GET /wp-json/wp/v2/posts/30509?fileloc=//bin/dwp&path=//bin HTTP/1.1" 200 12245 "-" "meta-externalagent/1.1 (+https://developers.facebook.com/docs/sharing/webmasters/crawler)"
74.7.227.82 - - [02/Nov/2025:12:45:36 +0000] "GET /?path=//sys/class/net/lo/subsystem/lo/subsystem/eth0/device/net/eth0/subsystem/eth0/device/driver/virtio0/subsystem/devices/virtio2/driver/virtio2/power HTTP/1.1" 200 2855 "-" "Mozilla/5.0 AppleWebKit/537.36 (KHTML, like Gecko; compatible; GPTBot/1.2; +https://openai.com/gptbot)"
74.7.227.82 - - [02/Nov/2025:12:45:39 +0000] "GET /?path=//sys/class/net/lo/subsystem/lo/subsystem/eth0/device/net/eth0/subsystem/eth0/device/driver/virtio0/subsystem/devices/virtio3/driver/virtio3/power HTTP/1.1" 200 2855 "-" "Mozilla/5.0 AppleWebKit/537.36 (KHTML, like Gecko; compatible; GPTBot/1.2; +https://openai.com/gptbot)"
74.7.227.82 - - [02/Nov/2025:12:45:43 +0000] "GET /?path=//sys/class/net/lo/subsystem/lo/subsystem/eth0/device/net/eth0/subsystem/eth0/device/driver/virtio0/driver/virtio0/subsystem/drivers/virtio_net/module/holders HTTP/1.1" 200 2460 "-" "Mozilla/5.0 AppleWebKit/537.36 (KHTML, like Gecko; compatible; GPTBot/1.2; +https://openai.com/gptbot)"
74.7.227.82 - - [02/Nov/2025:12:45:46 +0000] "GET /?path=//sys/class/net/lo/subsystem/lo/subsystem/eth0/device/net/eth0/device/driver/virtio0/subsystem/devices/virtio2/subsystem/devices/virtio0/net/eth0/device/driver/module HTTP/1.1" 200 3089 "-" "Mozilla/5.0 AppleWebKit/537.36 (KHTML, like Gecko; compatible; GPTBot/1.2; +https://openai.com/gptbot)"
57.141.2.6 - - [02/Nov/2025:12:45:47 +0000] "GET /wp-json/wp/v2/posts/34056?fileloc=//usr/sbin/lwresd&path=//usr/sbin HTTP/1.1" 200 12289 "-" "meta-externalagent/1.1 (+https://developers.facebook.com/docs/sharing/webmasters/crawler)"
74.7.227.82 - - [02/Nov/2025:12:45:49 +0000] "GET /?path=//sys/class/net/lo/subsystem/lo/subsystem/eth0/device/net/eth0/subsystem/eth0/device/driver/virtio0/subsystem/drivers/virtio_scsi/virtio1/driver/module/drivers HTTP/1.1" 200 2706 "-" "Mozilla/5.0 AppleWebKit/537.36 (KHTML, like Gecko; compatible; GPTBot/1.2; +https://openai.com/gptbot)"
74.7.227.82 - - [02/Nov/2025:12:45:52 +0000] "GET /?path=//sys/class/net/lo/subsystem/lo/subsystem/eth0/device/net/eth0/subsystem/eth0/device/driver/virtio0/driver/virtio0/subsystem/drivers/virtio_scsi/virtio1/driver/module/holders HTTP/1.1" 200 2480 "-" "Mozilla/5.0 AppleWebKit/537.36 (KHTML, like Gecko; compatible; GPTBot/1.2; +https://openai.com/gptbot)"
57.141.2.6 - - [02/Nov/2025:12:45:53 +0000] "GET /wp-json/wp/v2/posts/32402?fileloc=/home/nakedfoamlojoweb/public_html/wp-includes/class-wp-duotone.php&path=/home/nakedfoamlojoweb/public_html/wp-includes HTTP/1.1" 200 54145 "-" "meta-externalagent/1.1 (+https://developers.facebook.com/docs/sharing/webmasters/crawler)"
57.141.2.23 - - [02/Nov/2025:12:45:54 +0000] "GET /wp-json/wp/v2/posts/29551?fileloc=/home/nakedfoamlojoweb/public_html/wp-includes/class-wp-http-ixr-client.php&path=/home/nakedfoamlojoweb/public_html/wp-includes HTTP/1.1" 200 16241 "-" "meta-externalagent/1.1 (+https://developers.facebook.com/docs/sharing/webmasters/crawler)"
74.7.227.82 - - [02/Nov/2025:12:45:56 +0000] "GET /?path=//sys/class/net/lo/subsystem/lo/subsystem/eth0/device/net/eth0/device/driver/virtio0/subsystem/drivers/virtio_console/virtio2/driver/virtio2/driver/virtio2/power HTTP/1.1" 200 2869 "-" "Mozilla/5.0 AppleWebKit/537.36 (KHTML, like Gecko; compatible; GPTBot/1.2; +https://openai.com/gptbot)"
74.7.227.82 - - [02/Nov/2025:12:45:59 +0000] "GET /?path=//sys/class/net/lo/subsystem/lo/subsystem/eth0/device/net/eth0/device/net/eth0/subsystem/eth0/device/driver/virtio0/subsystem/drivers/virtio_balloon/module HTTP/1.1" 200 3041 "-" "Mozilla/5.0 AppleWebKit/537.36 (KHTML, like Gecko; compatible; GPTBot/1.2; +https://openai.com/gptbot)"
57.141.2.84 - - [02/Nov/2025:12:46:01 +0000] "GET /wp-json/wp/v2/posts/4982?fileloc=//sbin/named-compilezone&path=//sbin HTTP/1.1" 200 12262 "-" "meta-externalagent/1.1 (+https://developers.facebook.com/docs/sharing/webmasters/crawler)"
74.7.227.82 - - [02/Nov/2025:12:46:01 +0000] "GET /?path=//sys/class/net/lo/subsystem/lo/subsystem/eth0/device/net/eth0/subsystem/eth0/device/driver/virtio0/net/eth0/device/subsystem/drivers/virtio_console/virtio2 HTTP/1.1" 200 2995 "-" "Mozilla/5.0 AppleWebKit/537.36 (KHTML, like Gecko; compatible; GPTBot/1.2; +https://openai.com/gptbot)"
74.7.227.82 - - [02/Nov/2025:12:46:04 +0000] "GET /?path=//sys/class/net/lo/subsystem/lo/subsystem/eth0/device/net/eth0/subsystem/eth0/device/driver/virtio0/driver/virtio0/subsystem/drivers/virtio_scsi/module/holders HTTP/1.1" 200 2462 "-" "Mozilla/5.0 AppleWebKit/537.36 (KHTML, like Gecko; compatible; GPTBot/1.2; +https://openai.com/gptbot)"
57.141.2.36 - - [02/Nov/2025:12:46:05 +0000] "GET /wp-json/wp/v2/posts/29896?fileloc=/home/nakedfoamlojoweb/public_html/wp-includes/class-wp-term.php&path=/home/nakedfoamlojoweb/public_html/wp-includes HTTP/1.1" 200 17880 "-" "meta-externalagent/1.1 (+https://developers.facebook.com/docs/sharing/webmasters/crawler)"
74.7.227.82 - - [02/Nov/2025:12:46:07 +0000] "GET /?path=//sys/class/net/lo/subsystem/lo/subsystem/eth0/device/net/eth0/device/subsystem/devices/virtio2/driver/virtio2/subsystem/devices/virtio0/net/eth0/device/power HTTP/1.1" 200 2878 "-" "Mozilla/5.0 AppleWebKit/537.36 (KHTML, like Gecko; compatible; GPTBot/1.2; +https://openai.com/gptbot)"
74.7.227.82 - - [02/Nov/2025:12:46:10 +0000] "GET /?path=//sys/class/net/lo/subsystem/lo/subsystem/eth0/device/net/eth0/device/subsystem/devices/virtio0/driver/virtio0/driver/virtio0/subsystem/drivers/virtio_rng HTTP/1.1" 200 2762 "-" "Mozilla/5.0 AppleWebKit/537.36 (KHTML, like Gecko; compatible; GPTBot/1.2; +https://openai.com/gptbot)"
74.7.227.82 - - [02/Nov/2025:12:46:15 +0000] "GET /?path=//sys/class/net/lo/subsystem/lo/subsystem/eth0/device/net/eth0/subsystem/eth0/device/driver/virtio0/subsystem/devices/virtio1/driver/virtio1/driver/module HTTP/1.1" 200 3039 "-" "Mozilla/5.0 AppleWebKit/537.36 (KHTML, like Gecko; compatible; GPTBot/1.2; +https://openai.com/gptbot)"
74.7.227.82 - - [02/Nov/2025:12:46:17 +0000] "GET /?path=//sys/class/net/lo/subsystem/lo/subsystem/eth0/device/net/eth0/device/driver/virtio0/net/eth0/subsystem/eth0/device/subsystem/drivers/virtio_scsi/virtio1/power HTTP/1.1" 200 2880 "-" "Mozilla/5.0 AppleWebKit/537.36 (KHTML, like Gecko; compatible; GPTBot/1.2; +https://openai.com/gptbot)"
74.7.227.82 - - [02/Nov/2025:12:46:21 +0000] "GET /?path=//sys/class/net/lo/subsystem/lo/subsystem/eth0/device/net/eth0/device/net/eth0/subsystem/eth0/device/driver/virtio0/subsystem/drivers/virtio_balloon/module/sections HTTP/1.1" 200 3254 "-" "Mozilla/5.0 AppleWebKit/537.36 (KHTML, like Gecko; compatible; GPTBot/1.2; +https://openai.com/gptbot)"
74.7.227.82 - - [02/Nov/2025:12:46:24 +0000] "GET /?path=//sys/class/net/lo/subsystem/lo/subsystem/eth0/device/net/eth0/device/net/eth0/subsystem/eth0/device/driver/virtio0/subsystem/drivers/virtio_balloon/module/notes HTTP/1.1" 200 2733 "-" "Mozilla/5.0 AppleWebKit/537.36 (KHTML, like Gecko; compatible; GPTBot/1.2; +https://openai.com/gptbot)"
74.7.227.82 - - [02/Nov/2025:12:46:26 +0000] "GET /?path=//sys/class/net/lo/subsystem/lo/subsystem/eth0/device/net/eth0/device/net/eth0/subsystem/eth0/device/driver/virtio0/subsystem/drivers/virtio_balloon/module/holders HTTP/1.1" 200 2467 "-" "Mozilla/5.0 AppleWebKit/537.36 (KHTML, like Gecko; compatible; GPTBot/1.2; +https://openai.com/gptbot)"
74.7.227.82 - - [02/Nov/2025:12:46:30 +0000] "GET /?path=//sys/class/net/lo/subsystem/lo/subsystem/eth0/device/net/eth0/subsystem/eth0/device/driver/virtio0/net/eth0/device/subsystem/drivers/virtio_console/virtio2/driver HTTP/1.1" 200 2874 "-" "Mozilla/5.0 AppleWebKit/537.36 (KHTML, like Gecko; compatible; GPTBot/1.2; +https://openai.com/gptbot)"
74.7.227.82 - - [02/Nov/2025:12:46:32 +0000] "GET /?path=//sys/class/net/lo/subsystem/lo/subsystem/eth0/device/net/eth0/subsystem/eth0/device/driver/virtio0/net/eth0/device/subsystem/drivers/virtio_console/virtio2/subsystem HTTP/1.1" 200 2873 "-" "Mozilla/5.0 AppleWebKit/537.36 (KHTML, like Gecko; compatible; GPTBot/1.2; +https://openai.com/gptbot)"
74.7.227.82 - - [02/Nov/2025:12:46:35 +0000] "GET /?path=//sys/class/net/lo/subsystem/lo/subsystem/eth0/device/net/eth0/subsystem/eth0/device/driver/virtio0/net/eth0/device/subsystem/drivers/virtio_console/virtio2/power HTTP/1.1" 200 2878 "-" "Mozilla/5.0 AppleWebKit/537.36 (KHTML, like Gecko; compatible; GPTBot/1.2; +https://openai.com/gptbot)"
74.7.227.82 - - [02/Nov/2025:12:46:38 +0000] "GET /?path=//sys/class/net/lo/subsystem/lo/subsystem/eth0/device/net/eth0/subsystem/eth0/device/driver/virtio0/subsystem/devices/virtio1/driver/virtio1/driver/module/drivers HTTP/1.1" 200 2711 "-" "Mozilla/5.0 AppleWebKit/537.36 (KHTML, like Gecko; compatible; GPTBot/1.2; +https://openai.com/gptbot)"
74.7.227.82 - - [02/Nov/2025:12:46:41 +0000] "GET /?path=//sys/class/net/lo/subsystem/lo/subsystem/eth0/device/net/eth0/device/net/eth0/subsystem/eth0/device/driver/virtio0/subsystem/drivers/virtio_balloon/module/drivers HTTP/1.1" 200 2703 "-" "Mozilla/5.0 AppleWebKit/537.36 (KHTML, like Gecko; compatible; GPTBot/1.2; +https://openai.com/gptbot)"
57.141.2.4 - - [02/Nov/2025:12:46:43 +0000] "GET /wp-json/wp/v2/posts/34296?fileloc=/home/nakedfoamlojoweb/.spamassassinenable&path=/home/nakedfoamlojoweb HTTP/1.1" 200 12339 "-" "meta-externalagent/1.1 (+https://developers.facebook.com/docs/sharing/webmasters/crawler)"
74.7.227.82 - - [02/Nov/2025:12:46:44 +0000] "GET /?path=//sys/class/net/lo/subsystem/lo/subsystem/eth0/device/net/eth0/subsystem/eth0/device/driver/virtio0/subsystem/devices/virtio1/driver/virtio1/driver/module/notes HTTP/1.1" 200 2731 "-" "Mozilla/5.0 AppleWebKit/537.36 (KHTML, like Gecko; compatible; GPTBot/1.2; +https://openai.com/gptbot)"
74.7.227.82 - - [02/Nov/2025:12:46:46 +0000] "GET /?path=//sys/class/net/lo/subsystem/lo/subsystem/eth0/device/net/eth0/device/driver/virtio0/subsystem/devices/virtio3/subsystem/devices/virtio0/net/eth0/power HTTP/1.1" 200 2871 "-" "Mozilla/5.0 AppleWebKit/537.36 (KHTML, like Gecko; compatible; GPTBot/1.2; +https://openai.com/gptbot)"
74.7.227.82 - - [02/Nov/2025:12:46:50 +0000] "GET /?path=//sys/class/net/lo/subsystem/lo/subsystem/eth0/device/net/eth0/subsystem/eth0/device/driver/virtio0/driver/virtio0/subsystem/drivers/virtio_net/module/sections HTTP/1.1" 200 3345 "-" "Mozilla/5.0 AppleWebKit/537.36 (KHTML, like Gecko; compatible; GPTBot/1.2; +https://openai.com/gptbot)"
74.7.227.82 - - [02/Nov/2025:12:46:54 +0000] "GET /?path=//sys/class/net/lo/subsystem/lo/subsystem/eth0/device/net/eth0/subsystem/eth0/device/driver/virtio0/net/eth0/device/subsystem/drivers/virtio_console/virtio2/subsystem/drivers HTTP/1.1" 200 2851 "-" "Mozilla/5.0 AppleWebKit/537.36 (KHTML, like Gecko; compatible; GPTBot/1.2; +https://openai.com/gptbot)"
74.7.227.82 - - [02/Nov/2025:12:46:56 +0000] "GET /?path=//sys/class/net/lo/subsystem/lo/subsystem/eth0/device/net/eth0/subsystem/eth0/device/driver/virtio0/driver/virtio0/subsystem/devices/virtio0/power HTTP/1.1" 200 2852 "-" "Mozilla/5.0 AppleWebKit/537.36 (KHTML, like Gecko; compatible; GPTBot/1.2; +https://openai.com/gptbot)"
66.249.75.37 - - [02/Nov/2025:12:46:57 +0000] "GET /?p=689651 HTTP/1.1" 200 3335 "-" "Mozilla/5.0 (Linux; Android 6.0.1; Nexus 5X Build/MMB29P) AppleWebKit/537.36 (KHTML, like Gecko) Chrome/141.0.7390.122 Mobile Safari/537.36 (compatible; Googlebot/2.1; +http://www.google.com/bot.html)"
74.7.227.82 - - [02/Nov/2025:12:46:59 +0000] "GET /?path=//sys/class/net/lo/subsystem/lo/subsystem/eth0/device/net/eth0/subsystem/eth0/device/driver/virtio0/driver/virtio0/net/eth0/device/subsystem/drivers/virtio_rng HTTP/1.1" 200 2774 "-" "Mozilla/5.0 AppleWebKit/537.36 (KHTML, like Gecko; compatible; GPTBot/1.2; +https://openai.com/gptbot)"
74.7.227.82 - - [02/Nov/2025:12:47:03 +0000] "GET /?path=//sys/class/net/lo/subsystem/lo/subsystem/eth0/device/net/eth0/subsystem/eth0/device/driver/virtio0/subsystem/devices/virtio2/subsystem/drivers/virtio_rng HTTP/1.1" 200 2766 "-" "Mozilla/5.0 AppleWebKit/537.36 (KHTML, like Gecko; compatible; GPTBot/1.2; +https://openai.com/gptbot)"
47.128.40.115 - - [02/Nov/2025:12:47:05 +0000] "GET /online-sales-have-additionally-exploded/?fileloc=%2F%2Fproc%2F1%2Fcomm&path=%2F%2Fproc%2F1 HTTP/1.1" 200 2251 "-" "Mozilla/5.0 (Linux; Android 5.0) AppleWebKit/537.36 (KHTML, like Gecko) Mobile Safari/537.36 (compatible; Bytespider; spider-feedback@bytedance.com)"
74.7.227.82 - - [02/Nov/2025:12:47:06 +0000] "GET /?fileloc=//sys/class/net/lo/subsystem/lo/subsystem/eth0/device/net/eth0/subsystem/eth0/device/driver/virtio0/driver/virtio0/subsystem/drivers/virtio_net/module/sections/.rodata.str1.8&path=//sys/class/net/lo/subsystem/lo/subsystem/eth0/device/net/eth0/subsystem/eth0/device/driver/virtio0/driver/virtio0/subsystem/drivers/virtio_net/module/sections HTTP/1.1" 200 2417 "-" "Mozilla/5.0 AppleWebKit/537.36 (KHTML, like Gecko; compatible; GPTBot/1.2; +https://openai.com/gptbot)"
74.7.227.82 - - [02/Nov/2025:12:47:10 +0000] "GET /?path=//sys/class/net/lo/subsystem/lo/subsystem/eth0/device/net/eth0/device/subsystem/devices/virtio1/driver/virtio1/subsystem/devices/virtio0/net/eth0/device/power HTTP/1.1" 200 2878 "-" "Mozilla/5.0 AppleWebKit/537.36 (KHTML, like Gecko; compatible; GPTBot/1.2; +https://openai.com/gptbot)"
74.7.227.82 - - [02/Nov/2025:12:47:15 +0000] "GET /?path=//sys/class/net/lo/subsystem/lo/subsystem/eth0/device/net/eth0/subsystem/eth0/device/driver/virtio0/subsystem/drivers/virtio_balloon/virtio3/driver/virtio3 HTTP/1.1" 200 2945 "-" "Mozilla/5.0 AppleWebKit/537.36 (KHTML, like Gecko; compatible; GPTBot/1.2; +https://openai.com/gptbot)"
74.7.227.82 - - [02/Nov/2025:12:47:18 +0000] "GET /?path=//sys/class/net/lo/subsystem/lo/subsystem/eth0/device/net/eth0/device/subsystem/drivers/virtio_balloon/virtio3/subsystem/devices/virtio2/virtio-ports/vport2p1 HTTP/1.1" 200 2904 "-" "Mozilla/5.0 AppleWebKit/537.36 (KHTML, like Gecko; compatible; GPTBot/1.2; +https://openai.com/gptbot)"
74.7.227.82 - - [02/Nov/2025:12:47:21 +0000] "GET /?fileloc=//sys/class/net/lo/subsystem/lo/subsystem/eth0/device/net/eth0/device/subsystem/drivers/virtio_console/module/uevent&path=//sys/class/net/lo/subsystem/lo/subsystem/eth0/device/net/eth0/device/subsystem/drivers/virtio_console/module HTTP/1.1" 200 2363 "-" "Mozilla/5.0 AppleWebKit/537.36 (KHTML, like Gecko; compatible; GPTBot/1.2; +https://openai.com/gptbot)"
57.141.2.93 - - [02/Nov/2025:12:47:23 +0000] "GET /wp-json/wp/v2/posts/28214?path=//proc/1844278 HTTP/1.1" 200 12710 "-" "meta-externalagent/1.1 (+https://developers.facebook.com/docs/sharing/webmasters/crawler)"
74.7.227.82 - - [02/Nov/2025:12:47:24 +0000] "GET /?fileloc=//sys/class/net/lo/subsystem/lo/subsystem/eth0/device/net/eth0/device/subsystem/drivers/virtio_console/module/coresize&path=//sys/class/net/lo/subsystem/lo/subsystem/eth0/device/net/eth0/device/subsystem/drivers/virtio_console/module HTTP/1.1" 200 2370 "-" "Mozilla/5.0 AppleWebKit/537.36 (KHTML, like Gecko; compatible; GPTBot/1.2; +https://openai.com/gptbot)"
74.7.227.82 - - [02/Nov/2025:12:47:29 +0000] "GET /?fileloc=//sys/class/net/lo/subsystem/lo/subsystem/eth0/device/net/eth0/device/subsystem/drivers/virtio_console/module/refcnt&path=//sys/class/net/lo/subsystem/lo/subsystem/eth0/device/net/eth0/device/subsystem/drivers/virtio_console/module HTTP/1.1" 200 2366 "-" "Mozilla/5.0 AppleWebKit/537.36 (KHTML, like Gecko; compatible; GPTBot/1.2; +https://openai.com/gptbot)"
74.7.227.82 - - [02/Nov/2025:12:47:32 +0000] "GET /?fileloc=//sys/class/net/lo/subsystem/lo/subsystem/eth0/device/net/eth0/device/subsystem/drivers/virtio_scsi/module/rhelversion&path=//sys/class/net/lo/subsystem/lo/subsystem/eth0/device/net/eth0/device/subsystem/drivers/virtio_scsi/module HTTP/1.1" 200 2371 "-" "Mozilla/5.0 AppleWebKit/537.36 (KHTML, like Gecko; compatible; GPTBot/1.2; +https://openai.com/gptbot)"
74.7.227.82 - - [02/Nov/2025:12:47:36 +0000] "GET /?fileloc=//sys/class/net/lo/subsystem/lo/subsystem/eth0/device/net/eth0/device/subsystem/drivers/virtio_console/module/initsize&path=//sys/class/net/lo/subsystem/lo/subsystem/eth0/device/net/eth0/device/subsystem/drivers/virtio_console/module HTTP/1.1" 200 2366 "-" "Mozilla/5.0 AppleWebKit/537.36 (KHTML, like Gecko; compatible; GPTBot/1.2; +https://openai.com/gptbot)"
47.128.20.183 - - [02/Nov/2025:12:47:40 +0000] "GET /online-sales-have-additionally-exploded/?fileloc=%2F%2Flib64%2Fgconv%2FISO-2022-CN-EXT.so&path=%2F%2Flib64%2Fgconv HTTP/1.1" 200 2265 "-" "Mozilla/5.0 (Linux; Android 5.0) AppleWebKit/537.36 (KHTML, like Gecko) Mobile Safari/537.36 (compatible; Bytespider; spider-feedback@bytedance.com)"
74.7.227.82 - - [02/Nov/2025:12:47:40 +0000] "GET /?path=//sys/class/net/lo/subsystem/lo/subsystem/eth0/device/net/eth0/subsystem/eth0/device/driver/virtio0/subsystem/drivers/virtio_balloon/virtio3/driver/virtio3/power HTTP/1.1" 200 2869 "-" "Mozilla/5.0 AppleWebKit/537.36 (KHTML, like Gecko; compatible; GPTBot/1.2; +https://openai.com/gptbot)"
74.7.227.82 - - [02/Nov/2025:12:47:44 +0000] "GET /?path=//sys/class/net/lo/subsystem/lo/subsystem/eth0/device/net/eth0/device/subsystem/drivers/virtio_balloon/virtio3/subsystem/devices/virtio2/virtio-ports/vport2p1/power HTTP/1.1" 200 2883 "-" "Mozilla/5.0 AppleWebKit/537.36 (KHTML, like Gecko; compatible; GPTBot/1.2; +https://openai.com/gptbot)"
74.7.227.82 - - [02/Nov/2025:12:47:47 +0000] "GET /?path=//sys/class/net/lo/subsystem/lo/subsystem/eth0/device/net/eth0/device/subsystem/drivers/virtio_balloon/virtio3/subsystem/devices/virtio2/virtio-ports/vport2p1/device HTTP/1.1" 200 3001 "-" "Mozilla/5.0 AppleWebKit/537.36 (KHTML, like Gecko; compatible; GPTBot/1.2; +https://openai.com/gptbot)"
74.7.227.82 - - [02/Nov/2025:12:47:51 +0000] "GET /?path=//sys/class/net/lo/subsystem/lo/subsystem/eth0/device/net/eth0/device/subsystem/drivers/virtio_net/virtio0/net/eth0/subsystem/lo/subsystem/eth0/queues/rx-0 HTTP/1.1" 200 2825 "-" "Mozilla/5.0 AppleWebKit/537.36 (KHTML, like Gecko; compatible; GPTBot/1.2; +https://openai.com/gptbot)"
74.7.227.82 - - [02/Nov/2025:12:47:54 +0000] "GET /?path=//sys/class/net/lo/subsystem/lo/subsystem/eth0/device/net/eth0/device/subsystem/drivers/virtio_net/virtio0/net/eth0/subsystem/lo/subsystem/eth0/queues/tx-0 HTTP/1.1" 200 2925 "-" "Mozilla/5.0 AppleWebKit/537.36 (KHTML, like Gecko; compatible; GPTBot/1.2; +https://openai.com/gptbot)"
74.7.227.82 - - [02/Nov/2025:12:47:59 +0000] "GET /?path=//sys/class/net/lo/subsystem/lo/subsystem/eth0/device/net/eth0/device/driver/virtio0/net/eth0/device/driver/virtio0/subsystem/drivers/virtio_rng HTTP/1.1" 200 2760 "-" "Mozilla/5.0 AppleWebKit/537.36 (KHTML, like Gecko; compatible; GPTBot/1.2; +https://openai.com/gptbot)"
74.7.227.82 - - [02/Nov/2025:12:48:02 +0000] "GET /?path=//sys/class/net/lo/subsystem/lo/subsystem/eth0/device/net/eth0/subsystem/lo/subsystem/lo/statistics HTTP/1.1" 200 3196 "-" "Mozilla/5.0 AppleWebKit/537.36 (KHTML, like Gecko; compatible; GPTBot/1.2; +https://openai.com/gptbot)"
74.7.227.82 - - [02/Nov/2025:12:48:08 +0000] "GET /?path=//sys/class/net/lo/subsystem/lo/subsystem/eth0/device/net/eth0/device/subsystem/devices/virtio0/subsystem/drivers/virtio_net/module/drivers/virtio:virtio_net/module HTTP/1.1" 200 3067 "-" "Mozilla/5.0 AppleWebKit/537.36 (KHTML, like Gecko; compatible; GPTBot/1.2; +https://openai.com/gptbot)"
74.7.227.82 - - [02/Nov/2025:12:48:11 +0000] "GET /?path=//sys/class/net/lo/subsystem/lo/subsystem/eth0/device/net/eth0/device/subsystem/devices/virtio3/subsystem/drivers/virtio_scsi/module/drivers/virtio:virtio_scsi/module HTTP/1.1" 200 3045 "-" "Mozilla/5.0 AppleWebKit/537.36 (KHTML, like Gecko; compatible; GPTBot/1.2; +https://openai.com/gptbot)"
74.7.227.82 - - [02/Nov/2025:12:48:15 +0000] "GET /?path=//sys/class/net/lo/subsystem/lo/subsystem/eth0/device/net/eth0/device/subsystem/devices/virtio0/subsystem/drivers/virtio_scsi/module/drivers/virtio:virtio_scsi/module HTTP/1.1" 200 3044 "-" "Mozilla/5.0 AppleWebKit/537.36 (KHTML, like Gecko; compatible; GPTBot/1.2; +https://openai.com/gptbot)"
74.7.227.82 - - [02/Nov/2025:12:48:18 +0000] "GET /?path=//sys/class/net/lo/subsystem/lo/subsystem/eth0/device/net/eth0/device/subsystem/devices/virtio2/subsystem/drivers/virtio_scsi/module/drivers/virtio:virtio_scsi/module HTTP/1.1" 200 3045 "-" "Mozilla/5.0 AppleWebKit/537.36 (KHTML, like Gecko; compatible; GPTBot/1.2; +https://openai.com/gptbot)"
74.7.227.82 - - [02/Nov/2025:12:48:21 +0000] "GET /?path=//sys/class/net/lo/subsystem/lo/subsystem/eth0/device/net/eth0/device/subsystem/devices/virtio1/subsystem/drivers/virtio_scsi/module/drivers/virtio:virtio_scsi/module HTTP/1.1" 200 3045 "-" "Mozilla/5.0 AppleWebKit/537.36 (KHTML, like Gecko; compatible; GPTBot/1.2; +https://openai.com/gptbot)"
74.7.227.82 - - [02/Nov/2025:12:48:24 +0000] "GET /?fileloc=//sys/class/net/lo/subsystem/lo/subsystem/eth0/device/net/eth0/device/subsystem/drivers/virtio_console/module/taint&path=//sys/class/net/lo/subsystem/lo/subsystem/eth0/device/net/eth0/device/subsystem/drivers/virtio_console/module HTTP/1.1" 200 2364 "-" "Mozilla/5.0 AppleWebKit/537.36 (KHTML, like Gecko; compatible; GPTBot/1.2; +https://openai.com/gptbot)"
74.7.227.82 - - [02/Nov/2025:12:48:28 +0000] "GET /?fileloc=//sys/class/net/lo/subsystem/lo/subsystem/eth0/device/net/eth0/subsystem/lo/subsystem/lo/statistics/rx_length_errors&path=//sys/class/net/lo/subsystem/lo/subsystem/eth0/device/net/eth0/subsystem/lo/subsystem/lo/statistics HTTP/1.1" 200 2356 "-" "Mozilla/5.0 AppleWebKit/537.36 (KHTML, like Gecko; compatible; GPTBot/1.2; +https://openai.com/gptbot)"
74.7.227.82 - - [02/Nov/2025:12:48:30 +0000] "GET /?fileloc=//sys/class/net/lo/subsystem/lo/subsystem/eth0/device/net/eth0/subsystem/lo/subsystem/lo/statistics/rx_dropped&path=//sys/class/net/lo/subsystem/lo/subsystem/eth0/device/net/eth0/subsystem/lo/subsystem/lo/statistics HTTP/1.1" 200 2354 "-" "Mozilla/5.0 AppleWebKit/537.36 (KHTML, like Gecko; compatible; GPTBot/1.2; +https://openai.com/gptbot)"
74.7.227.82 - - [02/Nov/2025:12:48:33 +0000] "GET /?fileloc=//sys/class/net/lo/subsystem/lo/subsystem/eth0/device/net/eth0/subsystem/lo/subsystem/lo/statistics/tx_aborted_errors&path=//sys/class/net/lo/subsystem/lo/subsystem/eth0/device/net/eth0/subsystem/lo/subsystem/lo/statistics HTTP/1.1" 200 2358 "-" "Mozilla/5.0 AppleWebKit/537.36 (KHTML, like Gecko; compatible; GPTBot/1.2; +https://openai.com/gptbot)"
57.141.2.73 - - [02/Nov/2025:12:48:36 +0000] "GET /wp-json/wp/v2/posts/27799?fileloc=/home/nakedfoamlojoweb/public_html/wp-admin/ms-users.php&path=/home/nakedfoamlojoweb/public_html/wp-admin HTTP/1.1" 200 12711 "-" "meta-externalagent/1.1 (+https://developers.facebook.com/docs/sharing/webmasters/crawler)"
74.7.227.82 - - [02/Nov/2025:12:48:37 +0000] "GET /?fileloc=//sys/class/net/lo/subsystem/lo/subsystem/eth0/device/net/eth0/subsystem/lo/subsystem/lo/statistics/tx_fifo_errors&path=//sys/class/net/lo/subsystem/lo/subsystem/eth0/device/net/eth0/subsystem/lo/subsystem/lo/statistics HTTP/1.1" 200 2356 "-" "Mozilla/5.0 AppleWebKit/537.36 (KHTML, like Gecko; compatible; GPTBot/1.2; +https://openai.com/gptbot)"
74.7.227.82 - - [02/Nov/2025:12:48:40 +0000] "GET /?fileloc=//sys/class/net/lo/subsystem/lo/subsystem/eth0/device/net/eth0/subsystem/lo/subsystem/lo/statistics/rx_frame_errors&path=//sys/class/net/lo/subsystem/lo/subsystem/eth0/device/net/eth0/subsystem/lo/subsystem/lo/statistics HTTP/1.1" 200 2356 "-" "Mozilla/5.0 AppleWebKit/537.36 (KHTML, like Gecko; compatible; GPTBot/1.2; +https://openai.com/gptbot)"
57.141.2.68 - - [02/Nov/2025:12:48:42 +0000] "GET /wp-json/wp/v2/categories/705?path=//proc/2379155 HTTP/1.1" 200 12710 "-" "meta-externalagent/1.1 (+https://developers.facebook.com/docs/sharing/webmasters/crawler)"
74.7.227.82 - - [02/Nov/2025:12:48:44 +0000] "GET /?fileloc=//sys/class/net/lo/subsystem/lo/subsystem/eth0/device/net/eth0/subsystem/lo/subsystem/lo/statistics/tx_window_errors&path=//sys/class/net/lo/subsystem/lo/subsystem/eth0/device/net/eth0/subsystem/lo/subsystem/lo/statistics HTTP/1.1" 200 2359 "-" "Mozilla/5.0 AppleWebKit/537.36 (KHTML, like Gecko; compatible; GPTBot/1.2; +https://openai.com/gptbot)"
74.7.227.82 - - [02/Nov/2025:12:48:46 +0000] "GET /?fileloc=//sys/class/net/lo/subsystem/lo/subsystem/eth0/device/net/eth0/subsystem/lo/subsystem/lo/statistics/rx_nohandler&path=//sys/class/net/lo/subsystem/lo/subsystem/eth0/device/net/eth0/subsystem/lo/subsystem/lo/statistics HTTP/1.1" 200 2354 "-" "Mozilla/5.0 AppleWebKit/537.36 (KHTML, like Gecko; compatible; GPTBot/1.2; +https://openai.com/gptbot)"
74.7.227.82 - - [02/Nov/2025:12:48:51 +0000] "GET /?fileloc=//sys/class/net/lo/subsystem/lo/subsystem/eth0/device/net/eth0/subsystem/lo/subsystem/lo/statistics/tx_carrier_errors&path=//sys/class/net/lo/subsystem/lo/subsystem/eth0/device/net/eth0/subsystem/lo/subsystem/lo/statistics HTTP/1.1" 200 2359 "-" "Mozilla/5.0 AppleWebKit/537.36 (KHTML, like Gecko; compatible; GPTBot/1.2; +https://openai.com/gptbot)"
74.7.227.82 - - [02/Nov/2025:12:48:54 +0000] "GET /?fileloc=//sys/class/net/lo/subsystem/lo/subsystem/eth0/device/net/eth0/subsystem/lo/subsystem/lo/statistics/rx_missed_errors&path=//sys/class/net/lo/subsystem/lo/subsystem/eth0/device/net/eth0/subsystem/lo/subsystem/lo/statistics HTTP/1.1" 200 2357 "-" "Mozilla/5.0 AppleWebKit/537.36 (KHTML, like Gecko; compatible; GPTBot/1.2; +https://openai.com/gptbot)"
74.7.227.82 - - [02/Nov/2025:12:48:58 +0000] "GET /?fileloc=//sys/class/net/lo/subsystem/lo/subsystem/eth0/device/net/eth0/subsystem/lo/subsystem/lo/statistics/rx_crc_errors&path=//sys/class/net/lo/subsystem/lo/subsystem/eth0/device/net/eth0/subsystem/lo/subsystem/lo/statistics HTTP/1.1" 200 2356 "-" "Mozilla/5.0 AppleWebKit/537.36 (KHTML, like Gecko; compatible; GPTBot/1.2; +https://openai.com/gptbot)"
74.7.227.82 - - [02/Nov/2025:12:49:02 +0000] "GET /?fileloc=//sys/class/net/lo/subsystem/lo/subsystem/eth0/device/net/eth0/subsystem/lo/subsystem/lo/statistics/rx_fifo_errors&path=//sys/class/net/lo/subsystem/lo/subsystem/eth0/device/net/eth0/subsystem/lo/subsystem/lo/statistics HTTP/1.1" 200 2356 "-" "Mozilla/5.0 AppleWebKit/537.36 (KHTML, like Gecko; compatible; GPTBot/1.2; +https://openai.com/gptbot)"
74.7.227.82 - - [02/Nov/2025:12:49:06 +0000] "GET /?fileloc=//sys/class/net/lo/subsystem/lo/subsystem/eth0/device/net/eth0/subsystem/lo/subsystem/lo/statistics/tx_heartbeat_errors&path=//sys/class/net/lo/subsystem/lo/subsystem/eth0/device/net/eth0/subsystem/lo/subsystem/lo/statistics HTTP/1.1" 200 2360 "-" "Mozilla/5.0 AppleWebKit/537.36 (KHTML, like Gecko; compatible; GPTBot/1.2; +https://openai.com/gptbot)"
74.7.227.82 - - [02/Nov/2025:12:49:10 +0000] "GET /?path=//sys/class/net/lo/subsystem/lo/subsystem/eth0/device/net/eth0/device/subsystem/drivers/virtio_rproc_serial/module/drivers/virtio:virtio_rproc_serial HTTP/1.1" 200 2810 "-" "Mozilla/5.0 AppleWebKit/537.36 (KHTML, like Gecko; compatible; GPTBot/1.2; +https://openai.com/gptbot)"
74.7.227.82 - - [02/Nov/2025:12:49:14 +0000] "GET /?fileloc=//sys/class/net/lo/subsystem/lo/subsystem/eth0/device/net/eth0/subsystem/lo/subsystem/lo/statistics/rx_over_errors&path=//sys/class/net/lo/subsystem/lo/subsystem/eth0/device/net/eth0/subsystem/lo/subsystem/lo/statistics HTTP/1.1" 200 2356 "-" "Mozilla/5.0 AppleWebKit/537.36 (KHTML, like Gecko; compatible; GPTBot/1.2; +https://openai.com/gptbot)"
74.7.227.82 - - [02/Nov/2025:12:49:18 +0000] "GET /?path=//sys/class/net/lo/subsystem/lo/subsystem/eth0/device/net/eth0/subsystem/lo/subsystem/lo/queues/tx-0 HTTP/1.1" 200 2848 "-" "Mozilla/5.0 AppleWebKit/537.36 (KHTML, like Gecko; compatible; GPTBot/1.2; +https://openai.com/gptbot)"
74.7.227.82 - - [02/Nov/2025:12:49:21 +0000] "GET /?path=//sys/class/net/lo/subsystem/lo/subsystem/eth0/device/net/eth0/device/driver/virtio0/driver/virtio0/net/eth0/subsystem/eth0/queues/rx-0 HTTP/1.1" 200 2809 "-" "Mozilla/5.0 AppleWebKit/537.36 (KHTML, like Gecko; compatible; GPTBot/1.2; +https://openai.com/gptbot)"
74.7.227.82 - - [02/Nov/2025:12:49:24 +0000] "GET /?path=//sys/class/net/lo/subsystem/lo/subsystem/eth0/device/net/eth0/device/driver/virtio0/driver/virtio0/net/eth0/subsystem/eth0/queues/tx-0 HTTP/1.1" 200 2907 "-" "Mozilla/5.0 AppleWebKit/537.36 (KHTML, like Gecko; compatible; GPTBot/1.2; +https://openai.com/gptbot)"
57.141.2.33 - - [02/Nov/2025:12:49:26 +0000] "GET /the-puller-should-by-no-means-grasp-down-at-a-90-levels-angle/?fileloc=//proc/50/projid_map&path=//proc/50 HTTP/1.1" 200 12324 "-" "meta-externalagent/1.1 (+https://developers.facebook.com/docs/sharing/webmasters/crawler)"
74.7.227.82 - - [02/Nov/2025:12:49:27 +0000] "GET /?path=//sys/class/net/lo/subsystem/lo/subsystem/eth0/device/net/eth0/device/driver/virtio0/subsystem/devices/virtio1/subsystem/devices/virtio0/driver/module/sections HTTP/1.1" 200 3349 "-" "Mozilla/5.0 AppleWebKit/537.36 (KHTML, like Gecko; compatible; GPTBot/1.2; +https://openai.com/gptbot)"
74.7.227.82 - - [02/Nov/2025:12:49:29 +0000] "GET /?path=//sys/class/net/lo/subsystem/lo/subsystem/eth0/device/net/eth0/device/driver/virtio0/subsystem/devices/virtio3/subsystem/devices/virtio0/driver/module/sections HTTP/1.1" 200 3349 "-" "Mozilla/5.0 AppleWebKit/537.36 (KHTML, like Gecko; compatible; GPTBot/1.2; +https://openai.com/gptbot)"
74.7.227.82 - - [02/Nov/2025:12:49:33 +0000] "GET /?path=//sys/class/net/lo/subsystem/lo/subsystem/eth0/device/net/eth0/device/driver/virtio0/subsystem/devices/virtio2/subsystem/devices/virtio0/driver/module/sections HTTP/1.1" 200 3349 "-" "Mozilla/5.0 AppleWebKit/537.36 (KHTML, like Gecko; compatible; GPTBot/1.2; +https://openai.com/gptbot)"
74.7.227.82 - - [02/Nov/2025:12:49:36 +0000] "GET /?path=//sys/class/net/lo/subsystem/lo/subsystem/eth0/device/net/eth0/subsystem/lo/subsystem/lo/queues/tx-0/byte_queue_limits HTTP/1.1" 200 2804 "-" "Mozilla/5.0 AppleWebKit/537.36 (KHTML, like Gecko; compatible; GPTBot/1.2; +https://openai.com/gptbot)"
74.7.227.82 - - [02/Nov/2025:12:49:39 +0000] "GET /?path=//sys/class/net/lo/subsystem/lo/subsystem/eth0/device/net/eth0/device/net/eth0/subsystem/lo/subsystem/lo HTTP/1.1" 200 3639 "-" "Mozilla/5.0 AppleWebKit/537.36 (KHTML, like Gecko; compatible; GPTBot/1.2; +https://openai.com/gptbot)"
74.7.227.82 - - [02/Nov/2025:12:49:41 +0000] "GET /?path=//sys/class/net/lo/subsystem/lo/subsystem/eth0/device/net/eth0/device/driver/virtio0/driver/virtio0/net/eth0/subsystem/eth0/queues/rx-0/virtio_net HTTP/1.1" 200 2727 "-" "Mozilla/5.0 AppleWebKit/537.36 (KHTML, like Gecko; compatible; GPTBot/1.2; +https://openai.com/gptbot)"
74.7.227.82 - - [02/Nov/2025:12:49:45 +0000] "GET /?path=//sys/class/net/lo/subsystem/lo/subsystem/eth0/device/net/eth0/device/driver/virtio0/driver/virtio0/net/eth0/subsystem/eth0/queues/tx-0/byte_queue_limits HTTP/1.1" 200 2848 "-" "Mozilla/5.0 AppleWebKit/537.36 (KHTML, like Gecko; compatible; GPTBot/1.2; +https://openai.com/gptbot)"
74.7.227.82 - - [02/Nov/2025:12:49:48 +0000] "GET /?path=//sys/class/net/lo/subsystem/lo/subsystem/eth0/device/net/eth0/device/driver/virtio0/subsystem/devices/virtio0/subsystem/devices/virtio3 HTTP/1.1" 200 2938 "-" "Mozilla/5.0 AppleWebKit/537.36 (KHTML, like Gecko; compatible; GPTBot/1.2; +https://openai.com/gptbot)"
57.141.2.64 - - [02/Nov/2025:12:49:49 +0000] "GET /wp-json/wp/v2/posts/29941?fileloc=/home/nakedfoamlojoweb/public_html/wp-includes/class-wp-customize-manager.php&path=/home/nakedfoamlojoweb/public_html/wp-includes HTTP/1.1" 200 222415 "-" "meta-externalagent/1.1 (+https://developers.facebook.com/docs/sharing/webmasters/crawler)"
57.141.2.11 - - [02/Nov/2025:12:49:51 +0000] "GET /wp-json/wp/v2/posts/28243?fileloc=//lib64/libcomps.so.0&path=//lib64 HTTP/1.1" 200 12261 "-" "meta-externalagent/1.1 (+https://developers.facebook.com/docs/sharing/webmasters/crawler)"
74.7.227.82 - - [02/Nov/2025:12:49:52 +0000] "GET /?path=//sys/class/net/lo/subsystem/lo/subsystem/eth0/device/net/eth0/device/driver/virtio0/subsystem/devices/virtio2/subsystem/devices/virtio2 HTTP/1.1" 200 2971 "-" "Mozilla/5.0 AppleWebKit/537.36 (KHTML, like Gecko; compatible; GPTBot/1.2; +https://openai.com/gptbot)"
74.7.227.82 - - [02/Nov/2025:12:49:55 +0000] "GET /?path=//sys/class/net/lo/subsystem/lo/subsystem/eth0/device/net/eth0/device/driver/virtio0/subsystem/devices/virtio0/subsystem/devices/virtio1 HTTP/1.1" 200 2956 "-" "Mozilla/5.0 AppleWebKit/537.36 (KHTML, like Gecko; compatible; GPTBot/1.2; +https://openai.com/gptbot)"
74.7.227.82 - - [02/Nov/2025:12:49:57 +0000] "GET /?path=//sys/class/net/lo/subsystem/lo/subsystem/eth0/device/net/eth0/device/driver/virtio0/subsystem/devices/virtio1/subsystem/devices/virtio1 HTTP/1.1" 200 2959 "-" "Mozilla/5.0 AppleWebKit/537.36 (KHTML, like Gecko; compatible; GPTBot/1.2; +https://openai.com/gptbot)"
74.7.227.82 - - [02/Nov/2025:12:50:00 +0000] "GET /?path=//sys/class/net/lo/subsystem/lo/subsystem/eth0/device/net/eth0/device/net/eth0/subsystem/lo/subsystem/lo/queues HTTP/1.1" 200 2670 "-" "Mozilla/5.0 AppleWebKit/537.36 (KHTML, like Gecko; compatible; GPTBot/1.2; +https://openai.com/gptbot)"
74.7.227.82 - - [02/Nov/2025:12:50:03 +0000] "GET /?path=//sys/class/net/lo/subsystem/lo/subsystem/eth0/device/net/eth0/device/subsystem/devices/virtio1/driver/virtio1/subsystem/devices/virtio1 HTTP/1.1" 200 2956 "-" "Mozilla/5.0 AppleWebKit/537.36 (KHTML, like Gecko; compatible; GPTBot/1.2; +https://openai.com/gptbot)"
74.7.227.82 - - [02/Nov/2025:12:50:06 +0000] "GET /?path=//sys/class/net/lo/subsystem/lo/subsystem/eth0/device/net/eth0/device/net/eth0/subsystem/lo/subsystem/lo/power HTTP/1.1" 200 2813 "-" "Mozilla/5.0 AppleWebKit/537.36 (KHTML, like Gecko; compatible; GPTBot/1.2; +https://openai.com/gptbot)"
57.141.2.23 - - [02/Nov/2025:12:50:09 +0000] "GET /2024/10/13/%d0%bb%d1%83%d1%87%d1%88%d0%b8%d0%b5-%d0%b1%d1%83%d0%ba%d0%bc%d0%b5%d0%ba%d0%b5%d1%80%d1%81%d0%ba%d0%b8%d0%b5-%d0%ba%d0%be%d0%bd%d1%82%d0%be%d1%80%d1%8b-%d1%83%d0%ba%d1%80%d0%b0%d0%b8%d0%bd%d1%8b-2/feed/?fileloc=/home/nakedfoamlojoweb/public_html/wp-includes/https-migration.php&path=/home/nakedfoamlojoweb/public_html/wp-includes HTTP/1.1" 200 17269 "-" "meta-externalagent/1.1 (+https://developers.facebook.com/docs/sharing/webmasters/crawler)"
74.7.227.82 - - [02/Nov/2025:12:50:09 +0000] "GET /?path=//sys/class/net/lo/subsystem/lo/subsystem/eth0/device/net/eth0/device/subsystem/devices/virtio3/driver/virtio3/subsystem/devices/virtio3 HTTP/1.1" 200 2938 "-" "Mozilla/5.0 AppleWebKit/537.36 (KHTML, like Gecko; compatible; GPTBot/1.2; +https://openai.com/gptbot)"
74.7.227.82 - - [02/Nov/2025:12:50:12 +0000] "GET /?path=//sys/class/net/lo/subsystem/lo/subsystem/eth0/device/net/eth0/device/driver/virtio0/subsystem/devices/virtio2/subsystem/devices/virtio2/driver HTTP/1.1" 200 2839 "-" "Mozilla/5.0 AppleWebKit/537.36 (KHTML, like Gecko; compatible; GPTBot/1.2; +https://openai.com/gptbot)"
74.7.227.82 - - [02/Nov/2025:12:50:15 +0000] "GET /?path=//sys/class/net/lo/subsystem/lo/subsystem/eth0/device/net/eth0/device/subsystem/devices/virtio0/driver/virtio0/subsystem/devices/virtio0 HTTP/1.1" 200 2961 "-" "Mozilla/5.0 AppleWebKit/537.36 (KHTML, like Gecko; compatible; GPTBot/1.2; +https://openai.com/gptbot)"
74.7.227.82 - - [02/Nov/2025:12:50:18 +0000] "GET /?path=//sys/class/net/lo/subsystem/lo/subsystem/eth0/device/net/eth0/device/driver/virtio0/subsystem/devices/virtio1/subsystem/devices/virtio1/host0 HTTP/1.1" 200 2861 "-" "Mozilla/5.0 AppleWebKit/537.36 (KHTML, like Gecko; compatible; GPTBot/1.2; +https://openai.com/gptbot)"
57.141.2.12 - - [02/Nov/2025:12:50:18 +0000] "GET /hop-on-the-birkin-bag-dupe-pattern-with-extra-stylish-options/?fileloc=/home/nakedfoamlojoweb/public_html/wp-includes/block-patterns/query-offset-posts.php&path=/home/nakedfoamlojoweb/public_html/wp-includes/block-patterns HTTP/1.1" 200 15655 "-" "meta-externalagent/1.1 (+https://developers.facebook.com/docs/sharing/webmasters/crawler)"
57.141.2.7 - - [02/Nov/2025:12:50:18 +0000] "GET /quality-is-critical-to-choosing-the-right-hermes-avalon/?fileloc=//lib64/python2.7/Demo/curses/rain.pyc&path=//lib64/python2.7/Demo/curses HTTP/1.1" 200 12431 "-" "meta-externalagent/1.1 (+https://developers.facebook.com/docs/sharing/webmasters/crawler)"
74.7.227.82 - - [02/Nov/2025:12:50:21 +0000] "GET /?path=//sys/class/net/lo/subsystem/lo/subsystem/eth0/device/net/eth0/device/driver/virtio0/subsystem/devices/virtio1/subsystem/devices/virtio1/driver HTTP/1.1" 200 2838 "-" "Mozilla/5.0 AppleWebKit/537.36 (KHTML, like Gecko; compatible; GPTBot/1.2; +https://openai.com/gptbot)"
57.141.2.70 - - [02/Nov/2025:12:50:21 +0000] "GET /wp-json/wp/v2/posts/32040?path=/home/nakedfoamlojoweb/public_html/wp-includes/pomo HTTP/1.1" 200 24029 "-" "meta-externalagent/1.1 (+https://developers.facebook.com/docs/sharing/webmasters/crawler)"
74.7.227.82 - - [02/Nov/2025:12:50:25 +0000] "GET /?path=//sys/class/net/lo/subsystem/lo/subsystem/eth0/device/net/eth0/device/subsystem/devices/virtio1/driver/virtio1/subsystem/devices/virtio1/host0 HTTP/1.1" 200 2851 "-" "Mozilla/5.0 AppleWebKit/537.36 (KHTML, like Gecko; compatible; GPTBot/1.2; +https://openai.com/gptbot)"
57.141.2.14 - - [02/Nov/2025:12:50:27 +0000] "GET /when-youre-investing-in-a-bit-like-this/?fileloc=//lib/kbd/keymaps/xkb/us-workman-intl.map.gz&path=//lib/kbd/keymaps/xkb HTTP/1.1" 200 12406 "-" "meta-externalagent/1.1 (+https://developers.facebook.com/docs/sharing/webmasters/crawler)"
