74.7.227.82 - - [02/Nov/2025:14:36:36 +0000] "GET /?path=//sys/class/net/lo/subsystem/lo/subsystem/eth0/device/net/eth0/subsystem/eth0/device/subsystem/drivers/virtio_net/virtio0/net/eth0/subsystem/lo/subsystem/eth0/queues HTTP/1.1" 200 2736 "-" "Mozilla/5.0 AppleWebKit/537.36 (KHTML, like Gecko; compatible; GPTBot/1.2; +https://openai.com/gptbot)"
57.141.2.94 - - [02/Nov/2025:14:36:39 +0000] "GET /wp-json/wp/v2/categories/705?path=//usr HTTP/1.1" 200 30875 "-" "meta-externalagent/1.1 (+https://developers.facebook.com/docs/sharing/webmasters/crawler)"
74.7.227.82 - - [02/Nov/2025:14:36:39 +0000] "GET /?path=//sys/class/net/lo/subsystem/lo/subsystem/eth0/device/net/eth0/subsystem/eth0/device/subsystem/drivers/virtio_net/virtio0/net/eth0/subsystem/lo/subsystem/eth0/power HTTP/1.1" 200 2879 "-" "Mozilla/5.0 AppleWebKit/537.36 (KHTML, like Gecko; compatible; GPTBot/1.2; +https://openai.com/gptbot)"
74.7.227.82 - - [02/Nov/2025:14:36:42 +0000] "GET /?path=//sys/class/net/lo/subsystem/lo/subsystem/eth0/device/net/eth0/subsystem/eth0/device/subsystem/drivers/virtio_net/virtio0/net/eth0/subsystem/eth0/device/power HTTP/1.1" 200 2871 "-" "Mozilla/5.0 AppleWebKit/537.36 (KHTML, like Gecko; compatible; GPTBot/1.2; +https://openai.com/gptbot)"
74.7.227.82 - - [02/Nov/2025:14:36:45 +0000] "GET /?path=//sys/class/net/lo/subsystem/lo/subsystem/eth0/device/net/eth0/subsystem/eth0/device/subsystem/drivers/virtio_net/virtio0/net/eth0/subsystem/eth0/device/net HTTP/1.1" 200 2700 "-" "Mozilla/5.0 AppleWebKit/537.36 (KHTML, like Gecko; compatible; GPTBot/1.2; +https://openai.com/gptbot)"
74.7.227.82 - - [02/Nov/2025:14:36:48 +0000] "GET /?path=//sys/class/net/lo/subsystem/lo/subsystem/eth0/device/net/eth0/subsystem/eth0/device/subsystem/drivers/virtio_console/virtio2/subsystem/devices/virtio1/driver HTTP/1.1" 200 2855 "-" "Mozilla/5.0 AppleWebKit/537.36 (KHTML, like Gecko; compatible; GPTBot/1.2; +https://openai.com/gptbot)"
57.141.2.77 - - [02/Nov/2025:14:36:48 +0000] "GET /wp-json/wp/v2/posts/29317?fileloc=/home/nakedfoamlojoweb/public_html/wp-includes/class-wp-scripts.php&path=/home/nakedfoamlojoweb/public_html/wp-includes HTTP/1.1" 200 41647 "-" "meta-externalagent/1.1 (+https://developers.facebook.com/docs/sharing/webmasters/crawler)"
74.7.227.82 - - [02/Nov/2025:14:36:51 +0000] "GET /?path=//sys/class/net/lo/subsystem/lo/subsystem/eth0/device/net/eth0/subsystem/eth0/device/subsystem/drivers/virtio_net/virtio0/net/eth0/device/net/eth0/subsystem/lo/queues HTTP/1.1" 200 2741 "-" "Mozilla/5.0 AppleWebKit/537.36 (KHTML, like Gecko; compatible; GPTBot/1.2; +https://openai.com/gptbot)"
74.7.227.82 - - [02/Nov/2025:14:36:53 +0000] "GET /?path=//sys/class/net/lo/subsystem/lo/subsystem/eth0/device/net/eth0/subsystem/eth0/device/subsystem/drivers/virtio_net/virtio0/net/eth0/device/net/eth0/subsystem/lo/power HTTP/1.1" 200 2884 "-" "Mozilla/5.0 AppleWebKit/537.36 (KHTML, like Gecko; compatible; GPTBot/1.2; +https://openai.com/gptbot)"
74.7.227.82 - - [02/Nov/2025:14:36:57 +0000] "GET /?path=//sys/class/net/lo/subsystem/lo/subsystem/eth0/device/net/eth0/subsystem/eth0/device/subsystem/devices/virtio2/driver/virtio2/subsystem/drivers/virtio_console HTTP/1.1" 200 2853 "-" "Mozilla/5.0 AppleWebKit/537.36 (KHTML, like Gecko; compatible; GPTBot/1.2; +https://openai.com/gptbot)"
74.7.227.82 - - [02/Nov/2025:14:37:00 +0000] "GET /?path=//sys/class/net/lo/subsystem/lo/subsystem/eth0/device/net/eth0/subsystem/eth0/device/subsystem/drivers/virtio_console/virtio2/driver/virtio2/subsystem/devices HTTP/1.1" 200 2756 "-" "Mozilla/5.0 AppleWebKit/537.36 (KHTML, like Gecko; compatible; GPTBot/1.2; +https://openai.com/gptbot)"
74.7.227.82 - - [02/Nov/2025:14:37:03 +0000] "GET /?path=//sys/class/net/lo/subsystem/lo/subsystem/eth0/device/net/eth0/subsystem/eth0/device/subsystem/drivers/virtio_console/virtio2/subsystem/devices/virtio0/driver HTTP/1.1" 200 2856 "-" "Mozilla/5.0 AppleWebKit/537.36 (KHTML, like Gecko; compatible; GPTBot/1.2; +https://openai.com/gptbot)"
74.7.227.82 - - [02/Nov/2025:14:37:05 +0000] "GET /we-source-our-toys-from-top-brands-in-the-trade-whereas/ HTTP/1.1" 200 3335 "-" "Mozilla/5.0 AppleWebKit/537.36 (KHTML, like Gecko; compatible; GPTBot/1.2; +https://openai.com/gptbot)"
74.7.227.82 - - [02/Nov/2025:14:37:07 +0000] "GET /?path=//sys/class/net/lo/subsystem/lo/subsystem/eth0/device/net/eth0/subsystem/eth0/device/subsystem/drivers/virtio_console/virtio2/subsystem/devices/virtio1/driver/module HTTP/1.1" 200 3051 "-" "Mozilla/5.0 AppleWebKit/537.36 (KHTML, like Gecko; compatible; GPTBot/1.2; +https://openai.com/gptbot)"
74.7.227.82 - - [02/Nov/2025:14:37:11 +0000] "GET /?path=//sys/class/net/lo/subsystem/lo/subsystem/eth0/device/net/eth0/subsystem/eth0/device/subsystem/drivers/virtio_console/virtio2/subsystem/devices/virtio1/driver/virtio1 HTTP/1.1" 200 2986 "-" "Mozilla/5.0 AppleWebKit/537.36 (KHTML, like Gecko; compatible; GPTBot/1.2; +https://openai.com/gptbot)"
74.7.227.82 - - [02/Nov/2025:14:37:14 +0000] "GET /?path=//sys/class/net/lo/subsystem/lo/subsystem/eth0/device/net/eth0/subsystem/eth0/device/subsystem/devices/virtio2/driver/virtio2/subsystem/drivers/virtio_console/virtio2 HTTP/1.1" 200 2993 "-" "Mozilla/5.0 AppleWebKit/537.36 (KHTML, like Gecko; compatible; GPTBot/1.2; +https://openai.com/gptbot)"
74.7.227.82 - - [02/Nov/2025:14:37:18 +0000] "GET /?path=//sys/class/net/lo/subsystem/lo/subsystem/eth0/device/net/eth0/subsystem/eth0/device/subsystem/drivers/virtio_balloon/virtio3/driver/virtio3/subsystem/devices HTTP/1.1" 200 2756 "-" "Mozilla/5.0 AppleWebKit/537.36 (KHTML, like Gecko; compatible; GPTBot/1.2; +https://openai.com/gptbot)"
57.141.2.71 - - [02/Nov/2025:14:37:20 +0000] "GET /wp-json/wp/v2/posts/29913?path=/home/nakedfoamlojoweb/public_html/wp-includes/PHPMailer HTTP/1.1" 200 19374 "-" "meta-externalagent/1.1 (+https://developers.facebook.com/docs/sharing/webmasters/crawler)"
74.7.227.82 - - [02/Nov/2025:14:37:21 +0000] "GET /?path=//sys/class/net/lo/subsystem/lo/subsystem/eth0/device/net/eth0/subsystem/eth0/device/subsystem/drivers/virtio_console/virtio2/driver/virtio2/subsystem/devices/virtio0 HTTP/1.1" 200 2988 "-" "Mozilla/5.0 AppleWebKit/537.36 (KHTML, like Gecko; compatible; GPTBot/1.2; +https://openai.com/gptbot)"
57.141.2.63 - - [02/Nov/2025:14:37:22 +0000] "GET /2024/10/13/%d0%bb%d1%83%d1%87%d1%88%d0%b8%d0%b5-%d0%b1%d1%83%d0%ba%d0%bc%d0%b5%d0%ba%d0%b5%d1%80%d1%81%d0%ba%d0%b8%d0%b5-%d0%ba%d0%be%d0%bd%d1%82%d0%be%d1%80%d1%8b-%d1%83%d0%ba%d1%80%d0%b0%d0%b8%d0%bd%d1%8b-2/feed/?fileloc=/home/nakedfoamlojoweb/public_html/wp-includes/class-wp-http-streams.php&path=/home/nakedfoamlojoweb/public_html/wp-includes HTTP/1.1" 200 29795 "-" "meta-externalagent/1.1 (+https://developers.facebook.com/docs/sharing/webmasters/crawler)"
74.7.227.82 - - [02/Nov/2025:14:37:24 +0000] "GET /?path=//sys/class/net/lo/subsystem/lo/subsystem/eth0/device/net/eth0/subsystem/eth0/device/subsystem/drivers/virtio_console/virtio2/driver/virtio2/subsystem/devices/virtio3 HTTP/1.1" 200 2954 "-" "Mozilla/5.0 AppleWebKit/537.36 (KHTML, like Gecko; compatible; GPTBot/1.2; +https://openai.com/gptbot)"
74.7.227.82 - - [02/Nov/2025:14:37:26 +0000] "GET /?path=//sys/class/net/lo/subsystem/lo/subsystem/eth0/device/net/eth0/subsystem/eth0/device/subsystem/drivers/virtio_console/virtio2/driver/virtio2/subsystem/devices/virtio1 HTTP/1.1" 200 2986 "-" "Mozilla/5.0 AppleWebKit/537.36 (KHTML, like Gecko; compatible; GPTBot/1.2; +https://openai.com/gptbot)"
74.7.227.82 - - [02/Nov/2025:14:37:29 +0000] "GET /?path=//sys/class/net/lo/subsystem/lo/subsystem/eth0/device/net/eth0/subsystem/eth0/device/subsystem/drivers/virtio_console/virtio2/driver/virtio2/subsystem/devices/virtio2 HTTP/1.1" 200 2992 "-" "Mozilla/5.0 AppleWebKit/537.36 (KHTML, like Gecko; compatible; GPTBot/1.2; +https://openai.com/gptbot)"
74.7.227.82 - - [02/Nov/2025:14:37:32 +0000] "GET /?path=//sys/class/net/lo/subsystem/lo/subsystem/eth0/device/net/eth0/subsystem/eth0/device/subsystem/devices/virtio2/driver/virtio2/subsystem/drivers/virtio_console/module HTTP/1.1" 200 3050 "-" "Mozilla/5.0 AppleWebKit/537.36 (KHTML, like Gecko; compatible; GPTBot/1.2; +https://openai.com/gptbot)"
74.7.227.82 - - [02/Nov/2025:14:37:34 +0000] "GET /?path=//sys/class/net/lo/subsystem/lo/subsystem/eth0/device/net/eth0/subsystem/eth0/device/subsystem/drivers/virtio_balloon/virtio3/driver/virtio3/subsystem/devices/virtio0 HTTP/1.1" 200 2988 "-" "Mozilla/5.0 AppleWebKit/537.36 (KHTML, like Gecko; compatible; GPTBot/1.2; +https://openai.com/gptbot)"
74.7.227.82 - - [02/Nov/2025:14:37:37 +0000] "GET /?path=//sys/class/net/lo/subsystem/lo/subsystem/eth0/device/net/eth0/subsystem/eth0/device/subsystem/drivers/virtio_console/virtio2/subsystem/devices/virtio0/driver/virtio0 HTTP/1.1" 200 2989 "-" "Mozilla/5.0 AppleWebKit/537.36 (KHTML, like Gecko; compatible; GPTBot/1.2; +https://openai.com/gptbot)"
74.7.227.82 - - [02/Nov/2025:14:37:40 +0000] "GET /?path=//sys/class/net/lo/subsystem/lo/subsystem/eth0/device/net/eth0/subsystem/eth0/device/subsystem/drivers/virtio_balloon/virtio3/driver/virtio3/subsystem/devices/virtio2 HTTP/1.1" 200 2995 "-" "Mozilla/5.0 AppleWebKit/537.36 (KHTML, like Gecko; compatible; GPTBot/1.2; +https://openai.com/gptbot)"
74.7.227.82 - - [02/Nov/2025:14:37:43 +0000] "GET /?path=//sys/class/net/lo/subsystem/lo/subsystem/eth0/device/net/eth0/subsystem/eth0/device/subsystem/drivers/virtio_balloon/virtio3/driver/virtio3/subsystem/devices/virtio1 HTTP/1.1" 200 2986 "-" "Mozilla/5.0 AppleWebKit/537.36 (KHTML, like Gecko; compatible; GPTBot/1.2; +https://openai.com/gptbot)"
74.7.227.82 - - [02/Nov/2025:14:37:46 +0000] "GET /?path=//sys/class/net/lo/subsystem/lo/subsystem/eth0/device/net/eth0/subsystem/eth0/device/subsystem/drivers/virtio_balloon/virtio3/driver/virtio3/subsystem/devices/virtio3 HTTP/1.1" 200 2962 "-" "Mozilla/5.0 AppleWebKit/537.36 (KHTML, like Gecko; compatible; GPTBot/1.2; +https://openai.com/gptbot)"
57.141.2.81 - - [02/Nov/2025:14:37:48 +0000] "GET /wp-json/wp/v2/posts/34056?fileloc=/home/nakedfoamlojoweb/public_html/wp-includes/block-patterns.php&path=/home/nakedfoamlojoweb/public_html/wp-includes HTTP/1.1" 200 25955 "-" "meta-externalagent/1.1 (+https://developers.facebook.com/docs/sharing/webmasters/crawler)"
74.7.227.82 - - [02/Nov/2025:14:37:49 +0000] "GET /?path=//sys/class/net/lo/subsystem/lo/subsystem/eth0/device/net/eth0/subsystem/eth0/device/subsystem/drivers/virtio_console/virtio2/subsystem/devices/virtio0/driver/module HTTP/1.1" 200 3078 "-" "Mozilla/5.0 AppleWebKit/537.36 (KHTML, like Gecko; compatible; GPTBot/1.2; +https://openai.com/gptbot)"
74.7.227.82 - - [02/Nov/2025:14:37:52 +0000] "GET /?path=//sys/class/net/lo/subsystem/lo/subsystem/eth0/device/net/eth0/subsystem/eth0/device/subsystem/drivers/virtio_console/virtio2/subsystem/devices/virtio2/driver HTTP/1.1" 200 2852 "-" "Mozilla/5.0 AppleWebKit/537.36 (KHTML, like Gecko; compatible; GPTBot/1.2; +https://openai.com/gptbot)"
74.7.227.82 - - [02/Nov/2025:14:37:56 +0000] "GET /?path=//sys/class/net/lo/subsystem/lo/subsystem/eth0/device/net/eth0/subsystem/eth0/device/subsystem/drivers/virtio_console/virtio2/subsystem/devices/virtio3/driver HTTP/1.1" 200 2856 "-" "Mozilla/5.0 AppleWebKit/537.36 (KHTML, like Gecko; compatible; GPTBot/1.2; +https://openai.com/gptbot)"
74.7.227.82 - - [02/Nov/2025:14:37:59 +0000] "GET /?path=//sys/class/net/lo/subsystem/lo/subsystem/eth0/device/net/eth0/subsystem/eth0/device/subsystem/drivers/virtio_balloon/virtio3/subsystem/devices/virtio0/driver HTTP/1.1" 200 2856 "-" "Mozilla/5.0 AppleWebKit/537.36 (KHTML, like Gecko; compatible; GPTBot/1.2; +https://openai.com/gptbot)"
74.7.227.82 - - [02/Nov/2025:14:38:01 +0000] "GET /?path=//sys/class/net/lo/subsystem/lo/subsystem/eth0/device/net/eth0/subsystem/eth0/device/subsystem/drivers/virtio_balloon/virtio3/driver/virtio3/subsystem/devices/virtio1/driver HTTP/1.1" 200 2867 "-" "Mozilla/5.0 AppleWebKit/537.36 (KHTML, like Gecko; compatible; GPTBot/1.2; +https://openai.com/gptbot)"
74.7.227.82 - - [02/Nov/2025:14:38:04 +0000] "GET /?path=//sys/class/net/lo/subsystem/lo/subsystem/eth0/device/net/eth0/subsystem/eth0/device/subsystem/drivers/virtio_balloon/virtio3/driver/virtio3/subsystem/drivers HTTP/1.1" 200 2825 "-" "Mozilla/5.0 AppleWebKit/537.36 (KHTML, like Gecko; compatible; GPTBot/1.2; +https://openai.com/gptbot)"
57.141.2.13 - - [02/Nov/2025:14:38:04 +0000] "GET /wp-json/wp/v2/posts/29376?fileloc=/home/nakedfoamlojoweb/public_html/wp-includes/media.php&path=/home/nakedfoamlojoweb/public_html/wp-includes HTTP/1.1" 200 238528 "-" "meta-externalagent/1.1 (+https://developers.facebook.com/docs/sharing/webmasters/crawler)"
74.7.227.82 - - [02/Nov/2025:14:38:06 +0000] "GET /?path=//sys/class/net/lo/subsystem/lo/subsystem/eth0/device/net/eth0/subsystem/eth0/device/subsystem/drivers/virtio_balloon/virtio3/subsystem/devices/virtio2/driver HTTP/1.1" 200 2856 "-" "Mozilla/5.0 AppleWebKit/537.36 (KHTML, like Gecko; compatible; GPTBot/1.2; +https://openai.com/gptbot)"
74.7.227.82 - - [02/Nov/2025:14:38:09 +0000] "GET /?path=//sys/class/net/lo/subsystem/lo/subsystem/eth0/device/net/eth0/subsystem/eth0/device/subsystem/drivers/virtio_console/virtio2/subsystem/devices/virtio2/driver/virtio2 HTTP/1.1" 200 2993 "-" "Mozilla/5.0 AppleWebKit/537.36 (KHTML, like Gecko; compatible; GPTBot/1.2; +https://openai.com/gptbot)"
74.7.227.82 - - [02/Nov/2025:14:38:12 +0000] "GET /?path=//sys/class/net/lo/subsystem/lo/subsystem/eth0/device/net/eth0/subsystem/eth0/device/subsystem/drivers/virtio_console/virtio2/subsystem/devices/virtio3/driver/virtio3 HTTP/1.1" 200 2954 "-" "Mozilla/5.0 AppleWebKit/537.36 (KHTML, like Gecko; compatible; GPTBot/1.2; +https://openai.com/gptbot)"
74.7.227.82 - - [02/Nov/2025:14:38:15 +0000] "GET /?path=//sys/class/net/lo/subsystem/lo/subsystem/eth0/device/net/eth0/subsystem/eth0/device/subsystem/drivers/virtio_balloon/virtio3/subsystem/devices/virtio3/driver HTTP/1.1" 200 2853 "-" "Mozilla/5.0 AppleWebKit/537.36 (KHTML, like Gecko; compatible; GPTBot/1.2; +https://openai.com/gptbot)"
74.7.227.82 - - [02/Nov/2025:14:38:17 +0000] "GET /?path=//sys/class/net/lo/subsystem/lo/subsystem/eth0/device/net/eth0/subsystem/eth0/device/subsystem/drivers/virtio_balloon/virtio3/subsystem/devices/virtio0/driver/virtio0 HTTP/1.1" 200 2989 "-" "Mozilla/5.0 AppleWebKit/537.36 (KHTML, like Gecko; compatible; GPTBot/1.2; +https://openai.com/gptbot)"
74.7.227.82 - - [02/Nov/2025:14:38:21 +0000] "GET /?path=//sys/class/net/lo/subsystem/lo/subsystem/eth0/device/net/eth0/subsystem/eth0/device/subsystem/drivers/virtio_balloon/virtio3/subsystem/devices/virtio0/driver/module HTTP/1.1" 200 3078 "-" "Mozilla/5.0 AppleWebKit/537.36 (KHTML, like Gecko; compatible; GPTBot/1.2; +https://openai.com/gptbot)"
74.7.227.82 - - [02/Nov/2025:14:38:24 +0000] "GET /?path=//sys/class/net/lo/subsystem/lo/subsystem/eth0/device/net/eth0/subsystem/eth0/device/subsystem/drivers/virtio_console/virtio2/subsystem/devices/virtio2/driver/module HTTP/1.1" 200 3047 "-" "Mozilla/5.0 AppleWebKit/537.36 (KHTML, like Gecko; compatible; GPTBot/1.2; +https://openai.com/gptbot)"
57.141.2.4 - - [02/Nov/2025:14:38:25 +0000] "GET /wp-json/wp/v2/posts/34358?fileloc=//scripts/servicedomains&path=//scripts HTTP/1.1" 200 22536 "-" "meta-externalagent/1.1 (+https://developers.facebook.com/docs/sharing/webmasters/crawler)"
74.7.227.82 - - [02/Nov/2025:14:38:26 +0000] "GET /?path=//sys/class/net/lo/subsystem/lo/subsystem/eth0/device/net/eth0/subsystem/eth0/device/subsystem/drivers/virtio_balloon/virtio3/subsystem/devices/virtio2/driver/virtio2 HTTP/1.1" 200 2996 "-" "Mozilla/5.0 AppleWebKit/537.36 (KHTML, like Gecko; compatible; GPTBot/1.2; +https://openai.com/gptbot)"
74.7.227.82 - - [02/Nov/2025:14:38:28 +0000] "GET /?path=//sys/class/net/lo/subsystem/lo/subsystem/eth0/device/net/eth0/subsystem/eth0/device/subsystem/drivers/virtio_balloon/virtio3/subsystem/devices/virtio2/driver/module HTTP/1.1" 200 3051 "-" "Mozilla/5.0 AppleWebKit/537.36 (KHTML, like Gecko; compatible; GPTBot/1.2; +https://openai.com/gptbot)"
74.7.227.82 - - [02/Nov/2025:14:38:32 +0000] "GET /?path=//sys/class/net/lo/subsystem/lo/subsystem/eth0/device/net/eth0/subsystem/eth0/device/subsystem/drivers/virtio_console/virtio2/subsystem/devices/virtio3/driver/module HTTP/1.1" 200 3051 "-" "Mozilla/5.0 AppleWebKit/537.36 (KHTML, like Gecko; compatible; GPTBot/1.2; +https://openai.com/gptbot)"
74.7.227.82 - - [02/Nov/2025:14:38:35 +0000] "GET /?path=//sys/class/net/lo/subsystem/lo/subsystem/eth0/device/net/eth0/subsystem/eth0/device/subsystem/drivers/virtio_balloon/virtio3/subsystem/devices/virtio3/driver/module HTTP/1.1" 200 3047 "-" "Mozilla/5.0 AppleWebKit/537.36 (KHTML, like Gecko; compatible; GPTBot/1.2; +https://openai.com/gptbot)"
74.7.227.82 - - [02/Nov/2025:14:38:37 +0000] "GET /?path=//sys/class/net/lo/subsystem/lo/subsystem/eth0/device/net/eth0/subsystem/eth0/device/subsystem/drivers/virtio_balloon/virtio3/subsystem/devices/virtio3/driver/virtio3 HTTP/1.1" 200 2951 "-" "Mozilla/5.0 AppleWebKit/537.36 (KHTML, like Gecko; compatible; GPTBot/1.2; +https://openai.com/gptbot)"
74.7.227.82 - - [02/Nov/2025:14:38:39 +0000] "GET /?path=//sys/class/net/lo/subsystem/lo/subsystem/eth0/device/net/eth0/subsystem/eth0/device/subsystem/drivers/virtio_balloon/virtio3/subsystem/devices/virtio1/driver HTTP/1.1" 200 2855 "-" "Mozilla/5.0 AppleWebKit/537.36 (KHTML, like Gecko; compatible; GPTBot/1.2; +https://openai.com/gptbot)"
74.7.227.82 - - [02/Nov/2025:14:38:42 +0000] "GET /?path=//sys/class/net/lo/subsystem/lo/subsystem/eth0/device/net/eth0/subsystem/eth0/device/subsystem/devices/virtio2/driver/virtio2/subsystem/drivers/virtio_balloon HTTP/1.1" 200 2854 "-" "Mozilla/5.0 AppleWebKit/537.36 (KHTML, like Gecko; compatible; GPTBot/1.2; +https://openai.com/gptbot)"
74.7.227.82 - - [02/Nov/2025:14:38:44 +0000] "GET /?path=//sys/class/net/lo/subsystem/lo/subsystem/eth0/device/net/eth0/subsystem/eth0/device/subsystem/drivers/virtio_scsi/virtio1/subsystem/drivers/virtio_console HTTP/1.1" 200 2849 "-" "Mozilla/5.0 AppleWebKit/537.36 (KHTML, like Gecko; compatible; GPTBot/1.2; +https://openai.com/gptbot)"
74.7.227.82 - - [02/Nov/2025:14:38:47 +0000] "GET /?path=//sys/class/net/lo/subsystem/lo/subsystem/eth0/device/net/eth0/subsystem/eth0/device/subsystem/drivers/virtio_balloon/virtio3/subsystem/drivers/virtio_scsi HTTP/1.1" 200 2851 "-" "Mozilla/5.0 AppleWebKit/537.36 (KHTML, like Gecko; compatible; GPTBot/1.2; +https://openai.com/gptbot)"
74.7.227.82 - - [02/Nov/2025:14:38:50 +0000] "GET /?path=//sys/class/net/lo/subsystem/lo/subsystem/eth0/device/net/eth0/subsystem/eth0/device/subsystem/drivers/virtio_net/virtio0/subsystem/drivers/virtio_net/module HTTP/1.1" 200 3058 "-" "Mozilla/5.0 AppleWebKit/537.36 (KHTML, like Gecko; compatible; GPTBot/1.2; +https://openai.com/gptbot)"
74.7.227.82 - - [02/Nov/2025:14:38:53 +0000] "GET /?path=//sys/class/net/lo/subsystem/lo/subsystem/eth0/device/net/eth0/subsystem/eth0/device/subsystem/drivers/virtio_scsi/virtio1/subsystem/drivers/virtio_net/module HTTP/1.1" 200 3067 "-" "Mozilla/5.0 AppleWebKit/537.36 (KHTML, like Gecko; compatible; GPTBot/1.2; +https://openai.com/gptbot)"
74.7.227.82 - - [02/Nov/2025:14:38:55 +0000] "GET /?path=//sys/class/net/lo/subsystem/lo/subsystem/eth0/device/net/eth0/subsystem/eth0/device/subsystem/drivers/virtio_scsi/virtio1/subsystem/drivers/virtio_balloon HTTP/1.1" 200 2849 "-" "Mozilla/5.0 AppleWebKit/537.36 (KHTML, like Gecko; compatible; GPTBot/1.2; +https://openai.com/gptbot)"
57.141.2.13 - - [02/Nov/2025:14:38:58 +0000] "GET /clinical-sexologist-and-sex-therapist-ness-cooper-recommends/?fileloc=//sbin/lnstat&path=//sbin HTTP/1.1" 200 12251 "-" "meta-externalagent/1.1 (+https://developers.facebook.com/docs/sharing/webmasters/crawler)"
74.7.227.82 - - [02/Nov/2025:14:38:59 +0000] "GET /?path=//sys/class/net/lo/subsystem/lo/subsystem/eth0/device/net/eth0/subsystem/eth0/device/subsystem/drivers/virtio_balloon/virtio3/subsystem/devices/virtio1/driver/virtio1 HTTP/1.1" 200 2986 "-" "Mozilla/5.0 AppleWebKit/537.36 (KHTML, like Gecko; compatible; GPTBot/1.2; +https://openai.com/gptbot)"
47.128.42.168 - - [02/Nov/2025:14:39:00 +0000] "GET /by-purchasing-or-thinking-of-buying-a-duplicate-bag-you/?path=%2F%2Fhome%2Fduchelelazzaro2l HTTP/1.1" 200 2312 "-" "Mozilla/5.0 (Linux; Android 5.0) AppleWebKit/537.36 (KHTML, like Gecko) Mobile Safari/537.36 (compatible; Bytespider; spider-feedback@bytedance.com)"
74.7.227.82 - - [02/Nov/2025:14:39:01 +0000] "GET /?path=//sys/class/net/lo/subsystem/lo/subsystem/eth0/device/net/eth0/subsystem/eth0/device/subsystem/devices/virtio2/driver/virtio2/subsystem/drivers/virtio_balloon/virtio3 HTTP/1.1" 200 2971 "-" "Mozilla/5.0 AppleWebKit/537.36 (KHTML, like Gecko; compatible; GPTBot/1.2; +https://openai.com/gptbot)"
74.7.227.82 - - [02/Nov/2025:14:39:04 +0000] "GET /?path=//sys/class/net/lo/subsystem/lo/subsystem/eth0/device/net/eth0/subsystem/eth0/device/subsystem/devices/virtio2/driver/virtio2/subsystem/drivers/virtio_balloon/module HTTP/1.1" 200 3050 "-" "Mozilla/5.0 AppleWebKit/537.36 (KHTML, like Gecko; compatible; GPTBot/1.2; +https://openai.com/gptbot)"
74.7.227.82 - - [02/Nov/2025:14:39:06 +0000] "GET /?path=//sys/class/net/lo/subsystem/lo/subsystem/eth0/device/net/eth0/subsystem/eth0/device/subsystem/drivers/virtio_balloon/virtio3/subsystem/devices/virtio1/driver/module HTTP/1.1" 200 3051 "-" "Mozilla/5.0 AppleWebKit/537.36 (KHTML, like Gecko; compatible; GPTBot/1.2; +https://openai.com/gptbot)"
74.7.227.82 - - [02/Nov/2025:14:39:08 +0000] "GET /?path=//sys/class/net/lo/subsystem/lo/subsystem/eth0/device/net/eth0/subsystem/eth0/device/subsystem/drivers/virtio_net/virtio0/subsystem/drivers/virtio_net/module/parameters HTTP/1.1" 200 2820 "-" "Mozilla/5.0 AppleWebKit/537.36 (KHTML, like Gecko; compatible; GPTBot/1.2; +https://openai.com/gptbot)"
74.7.227.82 - - [02/Nov/2025:14:39:10 +0000] "GET /?path=//sys/class/net/lo/subsystem/lo/subsystem/eth0/device/net/eth0/subsystem/eth0/device/subsystem/drivers/virtio_net/virtio0/subsystem/drivers/virtio_net/module/notes HTTP/1.1" 200 2728 "-" "Mozilla/5.0 AppleWebKit/537.36 (KHTML, like Gecko; compatible; GPTBot/1.2; +https://openai.com/gptbot)"
74.7.227.82 - - [02/Nov/2025:14:39:13 +0000] "GET /?path=//sys/class/net/lo/subsystem/lo/subsystem/eth0/device/net/eth0/subsystem/eth0/device/subsystem/drivers/virtio_net/virtio0/subsystem/drivers/virtio_net/module/drivers HTTP/1.1" 200 2700 "-" "Mozilla/5.0 AppleWebKit/537.36 (KHTML, like Gecko; compatible; GPTBot/1.2; +https://openai.com/gptbot)"
74.7.227.82 - - [02/Nov/2025:14:39:17 +0000] "GET /?path=//sys/class/net/lo/subsystem/lo/subsystem/eth0/device/net/eth0/subsystem/eth0/device/subsystem/drivers/virtio_balloon/virtio3/subsystem/devices/virtio1/driver/virtio1/host0 HTTP/1.1" 200 2880 "-" "Mozilla/5.0 AppleWebKit/537.36 (KHTML, like Gecko; compatible; GPTBot/1.2; +https://openai.com/gptbot)"
74.7.227.82 - - [02/Nov/2025:14:39:20 +0000] "GET /?path=//sys/class/net/lo/subsystem/lo/subsystem/eth0/device/net/eth0/subsystem/eth0/device/subsystem/drivers/virtio_net/virtio0/subsystem/drivers/virtio_net/module/sections HTTP/1.1" 200 3349 "-" "Mozilla/5.0 AppleWebKit/537.36 (KHTML, like Gecko; compatible; GPTBot/1.2; +https://openai.com/gptbot)"
74.7.227.82 - - [02/Nov/2025:14:39:22 +0000] "GET /?path=//sys/class/net/lo/subsystem/lo/subsystem/eth0/device/net/eth0/subsystem/eth0/device/subsystem/drivers/virtio_scsi/virtio1/subsystem/drivers/virtio_net/module/notes HTTP/1.1" 200 2735 "-" "Mozilla/5.0 AppleWebKit/537.36 (KHTML, like Gecko; compatible; GPTBot/1.2; +https://openai.com/gptbot)"
74.7.227.82 - - [02/Nov/2025:14:39:25 +0000] "GET /?path=//sys/class/net/lo/subsystem/lo/subsystem/eth0/device/net/eth0/subsystem/eth0/device/subsystem/drivers/virtio_net/virtio0/driver/virtio0/subsystem/drivers/virtio_scsi HTTP/1.1" 200 2872 "-" "Mozilla/5.0 AppleWebKit/537.36 (KHTML, like Gecko; compatible; GPTBot/1.2; +https://openai.com/gptbot)"
74.7.227.82 - - [02/Nov/2025:14:39:28 +0000] "GET /?path=//sys/class/net/lo/subsystem/lo/subsystem/eth0/device/net/eth0/subsystem/eth0/device/subsystem/drivers/virtio_net/virtio0/subsystem/drivers/virtio_net/module/holders HTTP/1.1" 200 2459 "-" "Mozilla/5.0 AppleWebKit/537.36 (KHTML, like Gecko; compatible; GPTBot/1.2; +https://openai.com/gptbot)"
74.7.227.82 - - [02/Nov/2025:14:39:31 +0000] "GET /?path=//sys/class/net/lo/subsystem/lo/subsystem/eth0/device/net/eth0/subsystem/eth0/device/subsystem/drivers/virtio_scsi/virtio1/subsystem/drivers/virtio_net/module/holders HTTP/1.1" 200 2465 "-" "Mozilla/5.0 AppleWebKit/537.36 (KHTML, like Gecko; compatible; GPTBot/1.2; +https://openai.com/gptbot)"
66.249.75.37 - - [02/Nov/2025:14:39:31 +0000] "GET /?1e1al=glory&time=03-08&type=Free-lotto-club-login-password HTTP/1.1" 200 3335 "-" "Mozilla/5.0 (Linux; Android 6.0.1; Nexus 5X Build/MMB29P) AppleWebKit/537.36 (KHTML, like Gecko) Chrome/141.0.7390.122 Mobile Safari/537.36 (compatible; Googlebot/2.1; +http://www.google.com/bot.html)"
74.7.227.82 - - [02/Nov/2025:14:39:33 +0000] "GET /?path=//sys/class/net/lo/subsystem/lo/subsystem/eth0/device/net/eth0/subsystem/eth0/device/subsystem/drivers/virtio_net/virtio0/subsystem/drivers/virtio_balloon HTTP/1.1" 200 2858 "-" "Mozilla/5.0 AppleWebKit/537.36 (KHTML, like Gecko; compatible; GPTBot/1.2; +https://openai.com/gptbot)"
66.249.75.36 - - [02/Nov/2025:14:39:35 +0000] "GET /?p=25474 HTTP/1.1" 200 3335 "-" "Mozilla/5.0 (Linux; Android 6.0.1; Nexus 5X Build/MMB29P) AppleWebKit/537.36 (KHTML, like Gecko) Chrome/141.0.7390.122 Mobile Safari/537.36 (compatible; Googlebot/2.1; +http://www.google.com/bot.html)"
74.7.227.82 - - [02/Nov/2025:14:39:35 +0000] "GET /?path=//sys/class/net/lo/subsystem/lo/subsystem/eth0/device/net/eth0/subsystem/eth0/device/subsystem/drivers/virtio_scsi/virtio1/subsystem/drivers/virtio_rproc_serial HTTP/1.1" 200 2836 "-" "Mozilla/5.0 AppleWebKit/537.36 (KHTML, like Gecko; compatible; GPTBot/1.2; +https://openai.com/gptbot)"
57.141.2.34 - - [02/Nov/2025:14:39:37 +0000] "GET /wp-json/wp/v2/posts/32983?fileloc=/home/nakedfoamlojoweb/public_html/wp-includes/meta.php&path=/home/nakedfoamlojoweb/public_html/wp-includes HTTP/1.1" 200 78597 "-" "meta-externalagent/1.1 (+https://developers.facebook.com/docs/sharing/webmasters/crawler)"
57.141.2.87 - - [02/Nov/2025:14:39:38 +0000] "GET /the-department-declined-to-provide-specifics-when-impact-x/?path=//proc/1429723/fdinfo HTTP/1.1" 200 12759 "-" "meta-externalagent/1.1 (+https://developers.facebook.com/docs/sharing/webmasters/crawler)"
74.7.227.82 - - [02/Nov/2025:14:39:38 +0000] "GET /?path=//sys/class/net/lo/subsystem/lo/subsystem/eth0/device/net/eth0/subsystem/eth0/device/subsystem/drivers/virtio_net/virtio0/subsystem/drivers/virtio_rproc_serial HTTP/1.1" 200 2832 "-" "Mozilla/5.0 AppleWebKit/537.36 (KHTML, like Gecko; compatible; GPTBot/1.2; +https://openai.com/gptbot)"
74.7.227.82 - - [02/Nov/2025:14:39:41 +0000] "GET /?path=//sys/class/net/lo/subsystem/lo/subsystem/eth0/device/net/eth0/subsystem/eth0/device/subsystem/drivers/virtio_balloon/virtio3/subsystem/drivers/virtio_rng HTTP/1.1" 200 2760 "-" "Mozilla/5.0 AppleWebKit/537.36 (KHTML, like Gecko; compatible; GPTBot/1.2; +https://openai.com/gptbot)"
74.7.227.82 - - [02/Nov/2025:14:39:44 +0000] "GET /?path=//sys/class/net/lo/subsystem/lo/subsystem/eth0/device/net/eth0/subsystem/eth0/device/subsystem/drivers/virtio_scsi/virtio1/subsystem/drivers/virtio_rng HTTP/1.1" 200 2761 "-" "Mozilla/5.0 AppleWebKit/537.36 (KHTML, like Gecko; compatible; GPTBot/1.2; +https://openai.com/gptbot)"
74.7.227.82 - - [02/Nov/2025:14:39:48 +0000] "GET /?path=//sys/class/net/lo/subsystem/lo/subsystem/eth0/device/net/eth0/subsystem/eth0/device/subsystem/drivers/virtio_net/virtio0/subsystem/drivers/virtio_rng HTTP/1.1" 200 2760 "-" "Mozilla/5.0 AppleWebKit/537.36 (KHTML, like Gecko; compatible; GPTBot/1.2; +https://openai.com/gptbot)"
57.141.2.70 - - [02/Nov/2025:14:39:48 +0000] "GET /wp-json/wp/v2/posts/34156?path=/home/nakedfoamlojoweb/public_html/wp-includes/theme-compat HTTP/1.1" 200 29187 "-" "meta-externalagent/1.1 (+https://developers.facebook.com/docs/sharing/webmasters/crawler)"
74.7.227.82 - - [02/Nov/2025:14:39:51 +0000] "GET /?path=//sys/class/net/lo/subsystem/lo/subsystem/eth0/device/net/eth0/subsystem/eth0/device/subsystem/drivers/virtio_scsi/virtio1/subsystem/drivers/virtio_scsi/module HTTP/1.1" 200 3036 "-" "Mozilla/5.0 AppleWebKit/537.36 (KHTML, like Gecko; compatible; GPTBot/1.2; +https://openai.com/gptbot)"
74.7.227.82 - - [02/Nov/2025:14:39:54 +0000] "GET /?path=//sys/class/net/lo/subsystem/lo/subsystem/eth0/device/net/eth0/subsystem/eth0/device/subsystem/drivers/virtio_net/virtio0/subsystem/drivers/virtio_balloon/module HTTP/1.1" 200 3037 "-" "Mozilla/5.0 AppleWebKit/537.36 (KHTML, like Gecko; compatible; GPTBot/1.2; +https://openai.com/gptbot)"
74.7.227.82 - - [02/Nov/2025:14:39:58 +0000] "GET /?path=//sys/class/net/lo/subsystem/lo/subsystem/eth0/device/net/eth0/subsystem/eth0/device/subsystem/drivers/virtio_balloon/virtio3/subsystem/drivers/virtio_net HTTP/1.1" 200 2847 "-" "Mozilla/5.0 AppleWebKit/537.36 (KHTML, like Gecko; compatible; GPTBot/1.2; +https://openai.com/gptbot)"
74.7.227.82 - - [02/Nov/2025:14:40:01 +0000] "GET /?path=//sys/class/net/lo/subsystem/lo/subsystem/eth0/device/net/eth0/subsystem/eth0/device/subsystem/drivers/virtio_net/virtio0/subsystem/drivers/virtio_rproc_serial/module HTTP/1.1" 200 3050 "-" "Mozilla/5.0 AppleWebKit/537.36 (KHTML, like Gecko; compatible; GPTBot/1.2; +https://openai.com/gptbot)"
74.7.227.82 - - [02/Nov/2025:14:40:05 +0000] "GET /?path=//sys/class/net/lo/subsystem/lo/subsystem/eth0/device/net/eth0/subsystem/eth0/subsystem/lo/subsystem/lo HTTP/1.1" 200 3632 "-" "Mozilla/5.0 AppleWebKit/537.36 (KHTML, like Gecko; compatible; GPTBot/1.2; +https://openai.com/gptbot)"
74.7.227.82 - - [02/Nov/2025:14:40:08 +0000] "GET /?path=//sys/class/net/lo/subsystem/lo/subsystem/eth0/device/net/eth0/subsystem/eth0/device/subsystem/drivers/virtio_net/virtio0/subsystem/drivers/virtio_console HTTP/1.1" 200 2858 "-" "Mozilla/5.0 AppleWebKit/537.36 (KHTML, like Gecko; compatible; GPTBot/1.2; +https://openai.com/gptbot)"
74.7.227.82 - - [02/Nov/2025:14:40:11 +0000] "GET /?path=//sys/class/net/lo/subsystem/lo/subsystem/eth0/device/net/eth0/subsystem/eth0/device/subsystem/drivers/virtio_scsi/virtio1/subsystem/drivers/virtio_scsi/module/notes HTTP/1.1" 200 2731 "-" "Mozilla/5.0 AppleWebKit/537.36 (KHTML, like Gecko; compatible; GPTBot/1.2; +https://openai.com/gptbot)"
74.7.227.82 - - [02/Nov/2025:14:40:15 +0000] "GET /?path=//sys/class/net/lo/subsystem/lo/subsystem/eth0/device/net/eth0/device/subsystem/drivers/virtio_console/virtio2/virtio-ports/vport2p1/device/virtio-ports/vport2p1 HTTP/1.1" 200 2896 "-" "Mozilla/5.0 AppleWebKit/537.36 (KHTML, like Gecko; compatible; GPTBot/1.2; +https://openai.com/gptbot)"
57.141.2.6 - - [02/Nov/2025:14:40:18 +0000] "GET /it-can-slip-around-the-base-of-your-penis-during-intercourse/?fileloc=/home/nakedfoamlojoweb/public_html/wp-admin/js/editor.min.js&path=/home/nakedfoamlojoweb/public_html/wp-admin/js HTTP/1.1" 200 29908 "-" "meta-externalagent/1.1 (+https://developers.facebook.com/docs/sharing/webmasters/crawler)"
74.7.227.82 - - [02/Nov/2025:14:40:18 +0000] "GET /?path=//sys/class/net/lo/subsystem/lo/subsystem/eth0/device/net/eth0/subsystem/eth0/device/subsystem/drivers/virtio_balloon/virtio3/subsystem/drivers/virtio_net/module HTTP/1.1" 200 3066 "-" "Mozilla/5.0 AppleWebKit/537.36 (KHTML, like Gecko; compatible; GPTBot/1.2; +https://openai.com/gptbot)"
74.7.227.82 - - [02/Nov/2025:14:40:20 +0000] "GET /?path=//sys/class/net/lo/subsystem/lo/subsystem/eth0/device/net/eth0/device/driver/virtio0/net/eth0/device/power HTTP/1.1" 200 2823 "-" "Mozilla/5.0 AppleWebKit/537.36 (KHTML, like Gecko; compatible; GPTBot/1.2; +https://openai.com/gptbot)"
74.7.227.82 - - [02/Nov/2025:14:40:23 +0000] "GET /?path=//sys/class/net/lo/subsystem/lo/subsystem/eth0/device/net/eth0/subsystem/eth0/subsystem/lo/subsystem/lo/queues HTTP/1.1" 200 2664 "-" "Mozilla/5.0 AppleWebKit/537.36 (KHTML, like Gecko; compatible; GPTBot/1.2; +https://openai.com/gptbot)"
74.7.227.82 - - [02/Nov/2025:14:40:25 +0000] "GET /?path=//sys/class/net/lo/subsystem/lo/subsystem/eth0/device/net/eth0/subsystem/eth0/device/subsystem/drivers/virtio_net/virtio0/subsystem/drivers/virtio_console/module HTTP/1.1" 200 3037 "-" "Mozilla/5.0 AppleWebKit/537.36 (KHTML, like Gecko; compatible; GPTBot/1.2; +https://openai.com/gptbot)"
74.7.227.82 - - [02/Nov/2025:14:40:29 +0000] "GET /?path=//sys/class/net/lo/subsystem/lo/subsystem/eth0/device/net/eth0/subsystem/eth0/device/subsystem/drivers/virtio_scsi/virtio1/subsystem/drivers/virtio_net/module/drivers HTTP/1.1" 200 2706 "-" "Mozilla/5.0 AppleWebKit/537.36 (KHTML, like Gecko; compatible; GPTBot/1.2; +https://openai.com/gptbot)"
57.141.2.15 - - [02/Nov/2025:14:40:31 +0000] "GET /wp-json/wp/v2/posts/35901?path=/home/nakedfoamlojoweb/public_html/.well-known HTTP/1.1" 200 14327 "-" "meta-externalagent/1.1 (+https://developers.facebook.com/docs/sharing/webmasters/crawler)"
74.7.227.82 - - [02/Nov/2025:14:40:31 +0000] "GET /?path=//sys/class/net/lo/subsystem/lo/subsystem/eth0/device/net/eth0/subsystem/eth0/subsystem/lo/subsystem/lo/statistics HTTP/1.1" 200 3209 "-" "Mozilla/5.0 AppleWebKit/537.36 (KHTML, like Gecko; compatible; GPTBot/1.2; +https://openai.com/gptbot)"
74.7.227.82 - - [02/Nov/2025:14:40:36 +0000] "GET /?path=//sys/class/net/lo/subsystem/lo/subsystem/eth0/device/net/eth0/subsystem/eth0/device/subsystem/drivers/virtio_scsi/virtio1/host0/scsi_host/host0/subsystem/host1/power HTTP/1.1" 200 2887 "-" "Mozilla/5.0 AppleWebKit/537.36 (KHTML, like Gecko; compatible; GPTBot/1.2; +https://openai.com/gptbot)"
74.7.227.82 - - [02/Nov/2025:14:40:39 +0000] "GET /?path=//sys/class/net/lo/subsystem/lo/subsystem/eth0/device/net/eth0/device/driver/virtio0/net/eth0/device/subsystem/drivers/virtio_scsi/module HTTP/1.1" 200 3037 "-" "Mozilla/5.0 AppleWebKit/537.36 (KHTML, like Gecko; compatible; GPTBot/1.2; +https://openai.com/gptbot)"
74.7.227.82 - - [02/Nov/2025:14:40:43 +0000] "GET /?path=//sys/class/net/lo/subsystem/lo/subsystem/eth0/device/net/eth0/device/driver/virtio0/subsystem/drivers/virtio_net/virtio0/net/eth0/subsystem/lo/subsystem/eth0/power HTTP/1.1" 200 2886 "-" "Mozilla/5.0 AppleWebKit/537.36 (KHTML, like Gecko; compatible; GPTBot/1.2; +https://openai.com/gptbot)"
74.7.227.82 - - [02/Nov/2025:14:40:47 +0000] "GET /?path=//sys/class/net/lo/subsystem/lo/subsystem/eth0/device/net/eth0/subsystem/eth0/subsystem/lo/subsystem/lo/queues/rx-0 HTTP/1.1" 200 2711 "-" "Mozilla/5.0 AppleWebKit/537.36 (KHTML, like Gecko; compatible; GPTBot/1.2; +https://openai.com/gptbot)"
74.7.227.82 - - [02/Nov/2025:14:40:51 +0000] "GET /?path=//sys/class/net/lo/subsystem/lo/subsystem/eth0/device/net/eth0/subsystem/eth0/subsystem/lo/subsystem/lo/queues/tx-0 HTTP/1.1" 200 2870 "-" "Mozilla/5.0 AppleWebKit/537.36 (KHTML, like Gecko; compatible; GPTBot/1.2; +https://openai.com/gptbot)"
74.7.227.82 - - [02/Nov/2025:14:40:53 +0000] "GET /?fileloc=//sys/class/net/lo/subsystem/lo/subsystem/eth0/device/net/eth0/subsystem/eth0/subsystem/lo/subsystem/lo/statistics/rx_fifo_errors&path=//sys/class/net/lo/subsystem/lo/subsystem/eth0/device/net/eth0/subsystem/eth0/subsystem/lo/subsystem/lo/statistics HTTP/1.1" 200 2366 "-" "Mozilla/5.0 AppleWebKit/537.36 (KHTML, like Gecko; compatible; GPTBot/1.2; +https://openai.com/gptbot)"
74.7.227.82 - - [02/Nov/2025:14:40:56 +0000] "GET /?path=//sys/class/net/lo/subsystem/lo/subsystem/eth0/device/net/eth0/device/subsystem/drivers/virtio_net/virtio0/driver/virtio0/net/eth0/subsystem/lo/subsystem/eth0/power HTTP/1.1" 200 2881 "-" "Mozilla/5.0 AppleWebKit/537.36 (KHTML, like Gecko; compatible; GPTBot/1.2; +https://openai.com/gptbot)"
74.7.227.82 - - [02/Nov/2025:14:40:58 +0000] "GET /?fileloc=//sys/class/net/lo/subsystem/lo/subsystem/eth0/device/net/eth0/subsystem/eth0/subsystem/lo/subsystem/lo/statistics/rx_over_errors&path=//sys/class/net/lo/subsystem/lo/subsystem/eth0/device/net/eth0/subsystem/eth0/subsystem/lo/subsystem/lo/statistics HTTP/1.1" 200 2365 "-" "Mozilla/5.0 AppleWebKit/537.36 (KHTML, like Gecko; compatible; GPTBot/1.2; +https://openai.com/gptbot)"
74.7.227.82 - - [02/Nov/2025:14:41:01 +0000] "GET /?fileloc=//sys/class/net/lo/subsystem/lo/subsystem/eth0/device/net/eth0/subsystem/eth0/subsystem/lo/subsystem/lo/statistics/tx_aborted_errors&path=//sys/class/net/lo/subsystem/lo/subsystem/eth0/device/net/eth0/subsystem/eth0/subsystem/lo/subsystem/lo/statistics HTTP/1.1" 200 2368 "-" "Mozilla/5.0 AppleWebKit/537.36 (KHTML, like Gecko; compatible; GPTBot/1.2; +https://openai.com/gptbot)"
74.7.227.82 - - [02/Nov/2025:14:41:04 +0000] "GET /?path=//sys/class/net/lo/subsystem/lo/subsystem/eth0/device/net/eth0/device/driver/virtio0/net/eth0/device/subsystem/drivers/virtio_scsi/module/notes HTTP/1.1" 200 2728 "-" "Mozilla/5.0 AppleWebKit/537.36 (KHTML, like Gecko; compatible; GPTBot/1.2; +https://openai.com/gptbot)"
74.7.227.82 - - [02/Nov/2025:14:41:08 +0000] "GET /?path=//sys/class/net/lo/subsystem/lo/subsystem/eth0/device/net/eth0/device/driver/virtio0/net/eth0/device/subsystem/drivers/virtio_scsi/module/sections HTTP/1.1" 200 3243 "-" "Mozilla/5.0 AppleWebKit/537.36 (KHTML, like Gecko; compatible; GPTBot/1.2; +https://openai.com/gptbot)"
74.7.227.82 - - [02/Nov/2025:14:41:12 +0000] "GET /?path=//sys/class/net/lo/subsystem/lo/subsystem/eth0/device/net/eth0/device/driver/virtio0/net/eth0/device/subsystem/drivers/virtio_scsi/module/drivers HTTP/1.1" 200 2698 "-" "Mozilla/5.0 AppleWebKit/537.36 (KHTML, like Gecko; compatible; GPTBot/1.2; +https://openai.com/gptbot)"
74.7.227.82 - - [02/Nov/2025:14:41:14 +0000] "GET /?path=//sys/class/net/lo/subsystem/lo/subsystem/eth0/device/net/eth0/device/driver/virtio0/driver/virtio0/subsystem/drivers/virtio_net/virtio0/net/eth0/subsystem/eth0 HTTP/1.1" 200 3738 "-" "Mozilla/5.0 AppleWebKit/537.36 (KHTML, like Gecko; compatible; GPTBot/1.2; +https://openai.com/gptbot)"
74.7.227.82 - - [02/Nov/2025:14:41:17 +0000] "GET /?path=//sys/class/net/lo/subsystem/lo/subsystem/eth0/device/net/eth0/device/driver/virtio0/subsystem/devices/virtio0/driver/virtio0/net/eth0/subsystem/eth0 HTTP/1.1" 200 3727 "-" "Mozilla/5.0 AppleWebKit/537.36 (KHTML, like Gecko; compatible; GPTBot/1.2; +https://openai.com/gptbot)"
203.189.130.145 - - [02/Nov/2025:14:41:17 +0000] "GET /experience-the-quickest-withdrawal-online-betting/ HTTP/1.1" 200 3335 "https://nakedfoam.lojoweb.com/" "Mozilla/5.0 (X11; Ubuntu; Linux x86_64; rv:114.0) Gecko/20100101 Firefox/114.0"
203.189.130.145 - - [02/Nov/2025:14:41:19 +0000] "GET /experience-the-quickest-withdrawal-online-betting/?fileloc=/home/nakedfoamlojoweb/public_html/756afe6a78548f3e80efeb678a7f6a02&path=/home/nakedfoamlojoweb/public_html HTTP/1.1" 200 2323 "https://nakedfoam.lojoweb.com/experience-the-quickest-withdrawal-online-betting/" "Mozilla/5.0 (X11; Ubuntu; Linux x86_64; rv:114.0) Gecko/20100101 Firefox/114.0"
74.7.227.82 - - [02/Nov/2025:14:41:19 +0000] "GET /?path=//sys/class/net/lo/subsystem/lo/subsystem/eth0/device/net/eth0/device/driver/virtio0/driver/virtio0/subsystem/devices/virtio0/net/eth0/subsystem/eth0 HTTP/1.1" 200 3722 "-" "Mozilla/5.0 AppleWebKit/537.36 (KHTML, like Gecko; compatible; GPTBot/1.2; +https://openai.com/gptbot)"
74.7.227.82 - - [02/Nov/2025:14:41:21 +0000] "GET /?path=//sys/class/net/lo/subsystem/lo/subsystem/eth0/device/net/eth0/device/subsystem/devices/virtio1/host0/scsi_host/host0/subsystem/host2/subsystem/host0/device HTTP/1.1" 200 2863 "-" "Mozilla/5.0 AppleWebKit/537.36 (KHTML, like Gecko; compatible; GPTBot/1.2; +https://openai.com/gptbot)"
74.7.227.82 - - [02/Nov/2025:14:41:24 +0000] "GET /?path=//sys/class/net/lo/subsystem/lo/subsystem/eth0/device/net/eth0/device/subsystem/devices/virtio1/driver/virtio1/host0/scsi_host/host0/subsystem/host0/subsystem HTTP/1.1" 200 2736 "-" "Mozilla/5.0 AppleWebKit/537.36 (KHTML, like Gecko; compatible; GPTBot/1.2; +https://openai.com/gptbot)"
74.7.227.82 - - [02/Nov/2025:14:41:26 +0000] "GET /?path=//sys/class/net/lo/subsystem/lo/subsystem/eth0/device/net/eth0/device/subsystem/devices/virtio1/host0/scsi_host/host0/subsystem/host2/subsystem/host1/device HTTP/1.1" 200 2832 "-" "Mozilla/5.0 AppleWebKit/537.36 (KHTML, like Gecko; compatible; GPTBot/1.2; +https://openai.com/gptbot)"
74.7.227.82 - - [02/Nov/2025:14:41:29 +0000] "GET /?path=//sys/class/net/lo/subsystem/lo/subsystem/eth0/device/net/eth0/device/driver/virtio0/driver/virtio0/subsystem/drivers/virtio_scsi/virtio1/driver/virtio1/host0 HTTP/1.1" 200 2879 "-" "Mozilla/5.0 AppleWebKit/537.36 (KHTML, like Gecko; compatible; GPTBot/1.2; +https://openai.com/gptbot)"
74.7.227.82 - - [02/Nov/2025:14:41:33 +0000] "GET /?path=//sys/class/net/lo/subsystem/lo/subsystem/eth0/device/net/eth0/subsystem/eth0/subsystem/lo/subsystem/lo/power HTTP/1.1" 200 2806 "-" "Mozilla/5.0 AppleWebKit/537.36 (KHTML, like Gecko; compatible; GPTBot/1.2; +https://openai.com/gptbot)"
74.7.227.82 - - [02/Nov/2025:14:41:36 +0000] "GET /?path=//sys/class/net/lo/subsystem/lo/subsystem/eth0/device/net/eth0/device/driver/virtio0/driver/virtio0/subsystem/drivers/virtio_net/virtio0/net/eth0/subsystem/eth0/power HTTP/1.1" 200 2883 "-" "Mozilla/5.0 AppleWebKit/537.36 (KHTML, like Gecko; compatible; GPTBot/1.2; +https://openai.com/gptbot)"
74.7.227.82 - - [02/Nov/2025:14:41:39 +0000] "GET /?path=//sys/class/net/lo/subsystem/lo/subsystem/eth0/device/net/eth0/device/driver/virtio0/subsystem/devices/virtio0/driver/virtio0/net/eth0/subsystem/eth0/power HTTP/1.1" 200 2872 "-" "Mozilla/5.0 AppleWebKit/537.36 (KHTML, like Gecko; compatible; GPTBot/1.2; +https://openai.com/gptbot)"
74.7.227.82 - - [02/Nov/2025:14:41:42 +0000] "GET /?path=//sys/class/net/lo/subsystem/lo/subsystem/eth0/device/net/eth0/device/driver/virtio0/subsystem/devices/virtio1/host0/scsi_host/host0/subsystem/host0/subsystem HTTP/1.1" 200 2741 "-" "Mozilla/5.0 AppleWebKit/537.36 (KHTML, like Gecko; compatible; GPTBot/1.2; +https://openai.com/gptbot)"
74.7.227.82 - - [02/Nov/2025:14:41:47 +0000] "GET /?path=//sys/class/net/lo/subsystem/lo/subsystem/eth0/device/net/eth0/device/subsystem/devices/virtio1/host0/scsi_host/host0/subsystem/host2/subsystem/host0/device/power HTTP/1.1" 200 2883 "-" "Mozilla/5.0 AppleWebKit/537.36 (KHTML, like Gecko; compatible; GPTBot/1.2; +https://openai.com/gptbot)"
57.141.2.6 - - [02/Nov/2025:14:41:49 +0000] "GET /wp-json/wp/v2/posts/27829?fileloc=/home/nakedfoamlojoweb/public_html/wp-admin/custom-header.php&path=/home/nakedfoamlojoweb/public_html/wp-admin HTTP/1.1" 200 13000 "-" "meta-externalagent/1.1 (+https://developers.facebook.com/docs/sharing/webmasters/crawler)"
74.7.227.82 - - [02/Nov/2025:14:41:50 +0000] "GET /?path=//sys/class/net/lo/subsystem/lo/subsystem/eth0/device/net/eth0/device/subsystem/devices/virtio1/host0/scsi_host/host0/subsystem/host2/subsystem/host0/device/scsi_host HTTP/1.1" 200 2709 "-" "Mozilla/5.0 AppleWebKit/537.36 (KHTML, like Gecko; compatible; GPTBot/1.2; +https://openai.com/gptbot)"
57.141.2.11 - - [02/Nov/2025:14:41:52 +0000] "GET /wp-json/wp/v2/posts/35703?fileloc=//bin/pstree.x11&path=//bin HTTP/1.1" 200 12252 "-" "meta-externalagent/1.1 (+https://developers.facebook.com/docs/sharing/webmasters/crawler)"
74.7.227.82 - - [02/Nov/2025:14:41:54 +0000] "GET /?path=//sys/class/net/lo/subsystem/lo/subsystem/eth0/device/net/eth0/device/driver/virtio0/driver/virtio0/subsystem/drivers/virtio_scsi/virtio1/driver/virtio1/host0/power HTTP/1.1" 200 2884 "-" "Mozilla/5.0 AppleWebKit/537.36 (KHTML, like Gecko; compatible; GPTBot/1.2; +https://openai.com/gptbot)"
66.249.75.36 - - [02/Nov/2025:14:41:55 +0000] "GET /?p=821506 HTTP/1.1" 200 3335 "-" "Mozilla/5.0 (Linux; Android 6.0.1; Nexus 5X Build/MMB29P) AppleWebKit/537.36 (KHTML, like Gecko) Chrome/141.0.7390.122 Mobile Safari/537.36 (compatible; Googlebot/2.1; +http://www.google.com/bot.html)"
74.7.227.82 - - [02/Nov/2025:14:41:58 +0000] "GET /?path=//sys/class/net/lo/subsystem/lo/subsystem/eth0/device/net/eth0/device/driver/virtio0/driver/virtio0/subsystem/devices/virtio0/net/eth0/subsystem/eth0/statistics HTTP/1.1" 200 3276 "-" "Mozilla/5.0 AppleWebKit/537.36 (KHTML, like Gecko; compatible; GPTBot/1.2; +https://openai.com/gptbot)"
74.7.227.82 - - [02/Nov/2025:14:42:01 +0000] "GET /?path=//sys/class/net/lo/subsystem/lo/subsystem/eth0/device/net/eth0/device/driver/virtio0/driver/virtio0/subsystem/devices/virtio0/net/eth0/subsystem/eth0/subsystem HTTP/1.1" 200 2722 "-" "Mozilla/5.0 AppleWebKit/537.36 (KHTML, like Gecko; compatible; GPTBot/1.2; +https://openai.com/gptbot)"
74.7.227.82 - - [02/Nov/2025:14:42:03 +0000] "GET /?path=//sys/class/net/lo/subsystem/lo/subsystem/eth0/device/net/eth0/device/driver/virtio0/subsystem/devices/virtio0/driver/virtio0/net/eth0/subsystem/eth0/queues HTTP/1.1" 200 2728 "-" "Mozilla/5.0 AppleWebKit/537.36 (KHTML, like Gecko; compatible; GPTBot/1.2; +https://openai.com/gptbot)"
74.7.227.82 - - [02/Nov/2025:14:42:06 +0000] "GET /?path=//sys/class/net/lo/subsystem/lo/subsystem/eth0/device/net/eth0/device/driver/virtio0/driver/virtio0/subsystem/devices/virtio0/net/eth0/subsystem/eth0/queues HTTP/1.1" 200 2726 "-" "Mozilla/5.0 AppleWebKit/537.36 (KHTML, like Gecko; compatible; GPTBot/1.2; +https://openai.com/gptbot)"
74.7.227.82 - - [02/Nov/2025:14:42:09 +0000] "GET /?path=//sys/class/net/lo/subsystem/lo/subsystem/eth0/device/net/eth0/device/driver/virtio0/subsystem/devices/virtio0/driver/virtio0/net/eth0/subsystem/eth0/subsystem HTTP/1.1" 200 2726 "-" "Mozilla/5.0 AppleWebKit/537.36 (KHTML, like Gecko; compatible; GPTBot/1.2; +https://openai.com/gptbot)"
57.141.2.73 - - [02/Nov/2025:14:42:09 +0000] "GET /wp-json/wp/v2/posts/34156?fileloc=/home/nakedfoamlojoweb/public_html/wp-includes/class-wp-dependency.php&path=/home/nakedfoamlojoweb/public_html/wp-includes HTTP/1.1" 200 15173 "-" "meta-externalagent/1.1 (+https://developers.facebook.com/docs/sharing/webmasters/crawler)"
74.7.227.82 - - [02/Nov/2025:14:42:11 +0000] "GET /?path=//sys/class/net/lo/subsystem/lo/subsystem/eth0/device/net/eth0/device/driver/virtio0/subsystem/devices/virtio0/driver/virtio0/net/eth0/subsystem/eth0/statistics HTTP/1.1" 200 3280 "-" "Mozilla/5.0 AppleWebKit/537.36 (KHTML, like Gecko; compatible; GPTBot/1.2; +https://openai.com/gptbot)"
74.7.227.82 - - [02/Nov/2025:14:42:14 +0000] "GET /?path=//sys/class/net/lo/subsystem/lo/subsystem/eth0/device/net/eth0/device/driver/virtio0/driver/virtio0/subsystem/devices/virtio0/net/eth0/subsystem/eth0/power HTTP/1.1" 200 2869 "-" "Mozilla/5.0 AppleWebKit/537.36 (KHTML, like Gecko; compatible; GPTBot/1.2; +https://openai.com/gptbot)"
74.7.227.82 - - [02/Nov/2025:14:42:18 +0000] "GET /?path=//sys/class/net/lo/subsystem/lo/subsystem/eth0/device/net/eth0/device/subsystem/devices/virtio1/host0/scsi_host/host0/subsystem/host2/subsystem/host1/device/scsi_host HTTP/1.1" 200 2710 "-" "Mozilla/5.0 AppleWebKit/537.36 (KHTML, like Gecko; compatible; GPTBot/1.2; +https://openai.com/gptbot)"
74.7.227.82 - - [02/Nov/2025:14:42:20 +0000] "GET /?path=//sys/class/net/lo/subsystem/lo/subsystem/eth0/device/net/eth0/device/driver/virtio0/driver/virtio0/subsystem/devices/virtio0/net/eth0/subsystem/eth0/subsystem/lo HTTP/1.1" 200 3717 "-" "Mozilla/5.0 AppleWebKit/537.36 (KHTML, like Gecko; compatible; GPTBot/1.2; +https://openai.com/gptbot)"
74.7.227.82 - - [02/Nov/2025:14:42:24 +0000] "GET /?path=//sys/class/net/lo/subsystem/lo/subsystem/eth0/device/net/eth0/device/subsystem/devices/virtio1/host0/scsi_host/host0/subsystem/host1/subsystem/host2/device HTTP/1.1" 200 2832 "-" "Mozilla/5.0 AppleWebKit/537.36 (KHTML, like Gecko; compatible; GPTBot/1.2; +https://openai.com/gptbot)"
74.7.227.82 - - [02/Nov/2025:14:42:26 +0000] "GET /?path=//sys/class/net/lo/subsystem/lo/subsystem/eth0/device/net/eth0/device/driver/virtio0/subsystem/drivers/virtio_net/virtio0/driver/virtio0/net/eth0/subsystem/eth0 HTTP/1.1" 200 3741 "-" "Mozilla/5.0 AppleWebKit/537.36 (KHTML, like Gecko; compatible; GPTBot/1.2; +https://openai.com/gptbot)"
74.7.227.82 - - [02/Nov/2025:14:42:30 +0000] "GET /?path=//sys/class/net/lo/subsystem/lo/subsystem/eth0/device/net/eth0/device/driver/virtio0/subsystem/devices/virtio0/driver/virtio0/net/eth0/subsystem/eth0/subsystem/lo HTTP/1.1" 200 3722 "-" "Mozilla/5.0 AppleWebKit/537.36 (KHTML, like Gecko; compatible; GPTBot/1.2; +https://openai.com/gptbot)"
74.7.227.82 - - [02/Nov/2025:14:42:34 +0000] "GET /?path=//sys/class/net/lo/subsystem/lo/subsystem/eth0/device/net/eth0/device/driver/virtio0/subsystem/drivers/virtio_scsi/virtio1/subsystem/drivers HTTP/1.1" 200 2822 "-" "Mozilla/5.0 AppleWebKit/537.36 (KHTML, like Gecko; compatible; GPTBot/1.2; +https://openai.com/gptbot)"
74.7.227.82 - - [02/Nov/2025:14:42:37 +0000] "GET /?path=//sys/class/net/lo/subsystem/lo/subsystem/eth0/device/net/eth0/device/subsystem/drivers/virtio_net/virtio0/subsystem/devices/virtio0/subsystem HTTP/1.1" 200 2853 "-" "Mozilla/5.0 AppleWebKit/537.36 (KHTML, like Gecko; compatible; GPTBot/1.2; +https://openai.com/gptbot)"
74.7.227.82 - - [02/Nov/2025:14:42:40 +0000] "GET /?path=//sys/class/net/lo/subsystem/lo/subsystem/eth0/device/net/eth0/device/subsystem/devices/virtio0/subsystem/drivers/virtio_net/virtio0/subsystem HTTP/1.1" 200 2842 "-" "Mozilla/5.0 AppleWebKit/537.36 (KHTML, like Gecko; compatible; GPTBot/1.2; +https://openai.com/gptbot)"
74.7.227.82 - - [02/Nov/2025:14:42:43 +0000] "GET /?path=//sys/class/net/lo/subsystem/lo/subsystem/eth0/device/net/eth0/device/subsystem/devices/virtio1/host0/scsi_host/host0/subsystem/host1/subsystem/host2/device/power HTTP/1.1" 200 2884 "-" "Mozilla/5.0 AppleWebKit/537.36 (KHTML, like Gecko; compatible; GPTBot/1.2; +https://openai.com/gptbot)"
