74.7.227.82 - - [02/Nov/2025:15:13:35 +0000] "GET /?path=//sys/class/net/lo/subsystem/lo/subsystem/eth0/device/net/eth0/device/subsystem/devices/virtio3/subsystem/drivers/virtio_net/virtio0/net/eth0/device/subsystem/devices HTTP/1.1" 200 2776 "-" "Mozilla/5.0 AppleWebKit/537.36 (KHTML, like Gecko; compatible; GPTBot/1.2; +https://openai.com/gptbot)"
74.7.227.82 - - [02/Nov/2025:15:13:38 +0000] "GET /?path=//sys/class/net/lo/subsystem/lo/subsystem/eth0/device/net/eth0/device/subsystem/devices/virtio3/subsystem/drivers/virtio_net/virtio0/net/eth0/device/subsystem/drivers HTTP/1.1" 200 2850 "-" "Mozilla/5.0 AppleWebKit/537.36 (KHTML, like Gecko; compatible; GPTBot/1.2; +https://openai.com/gptbot)"
74.7.227.82 - - [02/Nov/2025:15:13:41 +0000] "GET /?path=//sys/class/net/lo/subsystem/lo/subsystem/eth0/device/net/eth0/device/driver/virtio0/driver/virtio0/net/eth0/subsystem/lo/subsystem/lo/subsystem/eth0/statistics HTTP/1.1" 200 3266 "-" "Mozilla/5.0 AppleWebKit/537.36 (KHTML, like Gecko; compatible; GPTBot/1.2; +https://openai.com/gptbot)"
57.141.2.33 - - [02/Nov/2025:15:13:42 +0000] "GET /wp-json/wp/v2/posts/31061?path=//home2/rvcrmlojoweb HTTP/1.1" 200 12723 "-" "meta-externalagent/1.1 (+https://developers.facebook.com/docs/sharing/webmasters/crawler)"
74.7.227.82 - - [02/Nov/2025:15:13:43 +0000] "GET /?path=//sys/class/net/lo/subsystem/lo/subsystem/eth0/device/net/eth0/device/driver/virtio0/subsystem/devices/virtio0/driver/virtio0/driver/virtio0/driver/module HTTP/1.1" 200 3059 "-" "Mozilla/5.0 AppleWebKit/537.36 (KHTML, like Gecko; compatible; GPTBot/1.2; +https://openai.com/gptbot)"
57.141.2.29 - - [02/Nov/2025:15:13:45 +0000] "GET /wp-json/wp/v2/posts/28214?fileloc=/home/nakedfoamlojoweb/public_html/wp-admin/admin-footer.php&path=/home/nakedfoamlojoweb/public_html/wp-admin HTTP/1.1" 200 15734 "-" "meta-externalagent/1.1 (+https://developers.facebook.com/docs/sharing/webmasters/crawler)"
74.7.227.82 - - [02/Nov/2025:15:13:47 +0000] "GET /?path=//sys/class/net/lo/subsystem/lo/subsystem/eth0/device/net/eth0/device/subsystem/drivers/virtio_net/virtio0/net/eth0/device/subsystem/devices/virtio2/driver/module HTTP/1.1" 200 3056 "-" "Mozilla/5.0 AppleWebKit/537.36 (KHTML, like Gecko; compatible; GPTBot/1.2; +https://openai.com/gptbot)"
74.7.227.82 - - [02/Nov/2025:15:13:50 +0000] "GET /?fileloc=//sys/class/net/lo/subsystem/lo/subsystem/eth0/device/net/eth0/subsystem/eth0/device/subsystem/drivers/virtio_net/virtio0/driver/virtio0/driver/virtio0/driver/module/initstate&path=//sys/class/net/lo/subsystem/lo/subsystem/eth0/device/net/eth0/subsystem/eth0/device/subsystem/drivers/virtio_net/virtio0/driver/virtio0/driver/virtio0/driver/module HTTP/1.1" 200 2409 "-" "Mozilla/5.0 AppleWebKit/537.36 (KHTML, like Gecko; compatible; GPTBot/1.2; +https://openai.com/gptbot)"
57.141.2.31 - - [02/Nov/2025:15:13:51 +0000] "GET /the-department-declined-to-provide-specifics-when-impact-x/?path=//proc/3 HTTP/1.1" 200 81635 "-" "meta-externalagent/1.1 (+https://developers.facebook.com/docs/sharing/webmasters/crawler)"
57.141.2.94 - - [02/Nov/2025:15:13:51 +0000] "GET /wp-json/wp/v2/posts/31532?fileloc=/home/nakedfoamlojoweb/public_html/wp-includes/class-wp-network-query.php&path=/home/nakedfoamlojoweb/public_html/wp-includes HTTP/1.1" 200 33142 "-" "meta-externalagent/1.1 (+https://developers.facebook.com/docs/sharing/webmasters/crawler)"
74.7.227.82 - - [02/Nov/2025:15:13:53 +0000] "GET /?path=//sys/class/net/lo/subsystem/lo/subsystem/eth0/device/net/eth0/device/subsystem/devices/virtio2/subsystem/drivers/virtio_net/virtio0/net/eth0/device/subsystem/drivers HTTP/1.1" 200 2850 "-" "Mozilla/5.0 AppleWebKit/537.36 (KHTML, like Gecko; compatible; GPTBot/1.2; +https://openai.com/gptbot)"
57.141.2.70 - - [02/Nov/2025:15:13:54 +0000] "GET /wp-json/wp/v2/posts/35510?fileloc=/home/nakedfoamlojoweb/public_html/wp-load.php&path=/home/nakedfoamlojoweb/public_html HTTP/1.1" 200 16520 "-" "meta-externalagent/1.1 (+https://developers.facebook.com/docs/sharing/webmasters/crawler)"
74.7.227.82 - - [02/Nov/2025:15:13:55 +0000] "GET /?path=//sys/class/net/lo/subsystem/lo/subsystem/eth0/device/net/eth0/device/subsystem/devices/virtio2/subsystem/drivers/virtio_net/virtio0/net/eth0/device/subsystem/devices HTTP/1.1" 200 2775 "-" "Mozilla/5.0 AppleWebKit/537.36 (KHTML, like Gecko; compatible; GPTBot/1.2; +https://openai.com/gptbot)"
57.141.2.69 - - [02/Nov/2025:15:13:56 +0000] "GET /wp-json/wp/v2/posts/30907?fileloc=/home/nakedfoamlojoweb/public_html/wp-includes/class-wp-session-tokens.php&path=/home/nakedfoamlojoweb/public_html/wp-includes HTTP/1.1" 200 19893 "-" "meta-externalagent/1.1 (+https://developers.facebook.com/docs/sharing/webmasters/crawler)"
74.7.227.82 - - [02/Nov/2025:15:13:58 +0000] "GET /?path=//sys/class/net/lo/subsystem/lo/subsystem/eth0/device/net/eth0/device/subsystem/drivers/virtio_net/virtio0/net/eth0/device/subsystem/devices/virtio2/driver/virtio2 HTTP/1.1" 200 3001 "-" "Mozilla/5.0 AppleWebKit/537.36 (KHTML, like Gecko; compatible; GPTBot/1.2; +https://openai.com/gptbot)"
74.7.227.82 - - [02/Nov/2025:15:14:01 +0000] "GET /?path=//sys/class/net/lo/subsystem/lo/subsystem/eth0/device/net/eth0/device/driver/virtio0/net/eth0/subsystem/eth0/device/driver/virtio0/subsystem/drivers HTTP/1.1" 200 2829 "-" "Mozilla/5.0 AppleWebKit/537.36 (KHTML, like Gecko; compatible; GPTBot/1.2; +https://openai.com/gptbot)"
45.3.53.234 - - [02/Nov/2025:15:14:02 +0000] "GET /wp-login.php HTTP/1.1" 200 3335 "-" "Mozilla/5.0 (Windows NT 10.0; Win64; x64) AppleWebKit/537.36 (KHTML, like Gecko) Chrome/124.0.6367.207 Safari/537.36"
74.7.227.82 - - [02/Nov/2025:15:14:05 +0000] "GET /?path=//sys/class/net/lo/subsystem/lo/subsystem/eth0/device/net/eth0/device/subsystem/devices/virtio1/driver/virtio1/subsystem/devices/virtio1/driver HTTP/1.1" 200 2837 "-" "Mozilla/5.0 AppleWebKit/537.36 (KHTML, like Gecko; compatible; GPTBot/1.2; +https://openai.com/gptbot)"
74.7.227.82 - - [02/Nov/2025:15:14:08 +0000] "GET /?fileloc=//sys/class/net/lo/subsystem/lo/subsystem/eth0/device/net/eth0/device/driver/virtio0/subsystem/devices/virtio0/driver/virtio0/driver/virtio0/driver/module/uevent&path=//sys/class/net/lo/subsystem/lo/subsystem/eth0/device/net/eth0/device/driver/virtio0/subsystem/devices/virtio0/driver/virtio0/driver/virtio0/driver/module HTTP/1.1" 200 2397 "-" "Mozilla/5.0 AppleWebKit/537.36 (KHTML, like Gecko; compatible; GPTBot/1.2; +https://openai.com/gptbot)"
74.7.227.82 - - [02/Nov/2025:15:14:10 +0000] "GET /?path=//sys/class/net/lo/subsystem/lo/subsystem/eth0/device/net/eth0/subsystem/eth0/device/driver/virtio0/net/eth0/device/driver/virtio0/subsystem/devices HTTP/1.1" 200 2754 "-" "Mozilla/5.0 AppleWebKit/537.36 (KHTML, like Gecko; compatible; GPTBot/1.2; +https://openai.com/gptbot)"
57.141.2.25 - - [02/Nov/2025:15:14:12 +0000] "GET /wp-json/wp/v2/posts/33884?fileloc=/home/nakedfoamlojoweb/public_html/wp-admin/network.php&path=/home/nakedfoamlojoweb/public_html/wp-admin HTTP/1.1" 200 18488 "-" "meta-externalagent/1.1 (+https://developers.facebook.com/docs/sharing/webmasters/crawler)"
74.7.227.82 - - [02/Nov/2025:15:14:13 +0000] "GET /?path=//sys/class/net/lo/subsystem/lo/subsystem/eth0/device/net/eth0/device/driver/virtio0/subsystem/drivers/virtio_net/virtio0/net/eth0/device/driver/virtio0/driver HTTP/1.1" 200 2876 "-" "Mozilla/5.0 AppleWebKit/537.36 (KHTML, like Gecko; compatible; GPTBot/1.2; +https://openai.com/gptbot)"
74.7.227.82 - - [02/Nov/2025:15:14:16 +0000] "GET /?path=//sys/class/net/lo/subsystem/lo/subsystem/eth0/device/net/eth0/device/driver/virtio0/net/eth0/device/driver/virtio0/subsystem/drivers/virtio_scsi/module/holders HTTP/1.1" 200 2471 "-" "Mozilla/5.0 AppleWebKit/537.36 (KHTML, like Gecko; compatible; GPTBot/1.2; +https://openai.com/gptbot)"
66.249.75.36 - - [02/Nov/2025:15:14:17 +0000] "GET /?p=767113 HTTP/1.1" 200 3335 "-" "Mozilla/5.0 (Linux; Android 6.0.1; Nexus 5X Build/MMB29P) AppleWebKit/537.36 (KHTML, like Gecko) Chrome/141.0.7390.122 Mobile Safari/537.36 (compatible; Googlebot/2.1; +http://www.google.com/bot.html)"
45.3.53.234 - - [02/Nov/2025:15:14:17 +0000] "GET /wp-login.php?wp_lang=en_US HTTP/1.1" 200 3335 "-" "Mozilla/5.0 (Windows NT 10.0; Win64; x64) AppleWebKit/537.36 (KHTML, like Gecko) Chrome/124.0.6367.207 Safari/537.36"
74.7.227.82 - - [02/Nov/2025:15:14:18 +0000] "GET /?path=//sys/class/net/lo/subsystem/lo/subsystem/eth0/device/net/eth0/subsystem/eth0/device/driver/virtio0/subsystem/drivers/virtio_net/virtio0/subsystem/drivers HTTP/1.1" 200 2829 "-" "Mozilla/5.0 AppleWebKit/537.36 (KHTML, like Gecko; compatible; GPTBot/1.2; +https://openai.com/gptbot)"
74.7.227.82 - - [02/Nov/2025:15:14:20 +0000] "GET /?path=//sys/class/net/lo/subsystem/lo/subsystem/eth0/device/net/eth0/device/driver/virtio0/net/eth0/subsystem/eth0/device/driver/virtio0/subsystem/drivers/virtio_console HTTP/1.1" 200 2873 "-" "Mozilla/5.0 AppleWebKit/537.36 (KHTML, like Gecko; compatible; GPTBot/1.2; +https://openai.com/gptbot)"
74.7.227.82 - - [02/Nov/2025:15:14:23 +0000] "GET /?path=//sys/class/net/lo/subsystem/lo/subsystem/eth0/device/net/eth0/device/driver/virtio0/net/eth0/subsystem/eth0/device/driver/virtio0/subsystem/drivers/virtio_balloon HTTP/1.1" 200 2873 "-" "Mozilla/5.0 AppleWebKit/537.36 (KHTML, like Gecko; compatible; GPTBot/1.2; +https://openai.com/gptbot)"
74.7.227.82 - - [02/Nov/2025:15:14:26 +0000] "GET /?path=//sys/class/net/lo/subsystem/lo/subsystem/eth0/device/net/eth0/device/driver/virtio0/net/eth0/subsystem/eth0/device/driver/virtio0/subsystem/drivers/virtio_scsi HTTP/1.1" 200 2866 "-" "Mozilla/5.0 AppleWebKit/537.36 (KHTML, like Gecko; compatible; GPTBot/1.2; +https://openai.com/gptbot)"
74.7.227.82 - - [02/Nov/2025:15:14:28 +0000] "GET /?path=//sys/class/net/lo/subsystem/lo/subsystem/eth0/device/net/eth0/device/driver/virtio0/subsystem/devices/virtio0/net/eth0/subsystem/lo/subsystem/eth0 HTTP/1.1" 200 3726 "-" "Mozilla/5.0 AppleWebKit/537.36 (KHTML, like Gecko; compatible; GPTBot/1.2; +https://openai.com/gptbot)"
74.7.227.82 - - [02/Nov/2025:15:14:31 +0000] "GET /?path=//sys/class/net/lo/subsystem/lo/subsystem/eth0/device/net/eth0/device/driver/virtio0/subsystem/drivers/virtio_net/virtio0/net/eth0/device/driver/virtio0/driver/module HTTP/1.1" 200 3087 "-" "Mozilla/5.0 AppleWebKit/537.36 (KHTML, like Gecko; compatible; GPTBot/1.2; +https://openai.com/gptbot)"
209.50.169.222 - - [02/Nov/2025:15:14:34 +0000] "GET /wp-login.php?wp_lang=en_US HTTP/1.1" 200 3335 "-" "Mozilla/5.0 (Windows NT 10.0; Win64; x64) AppleWebKit/537.36 (KHTML, like Gecko) Chrome/124.0.6367.207 Safari/537.36"
74.7.227.82 - - [02/Nov/2025:15:14:35 +0000] "GET /?path=//sys/class/net/lo/subsystem/lo/subsystem/eth0/device/net/eth0/device/driver/virtio0/driver/virtio0/net/eth0/subsystem/lo/subsystem/eth0/subsystem/lo/subsystem HTTP/1.1" 200 2722 "-" "Mozilla/5.0 AppleWebKit/537.36 (KHTML, like Gecko; compatible; GPTBot/1.2; +https://openai.com/gptbot)"
74.7.227.82 - - [02/Nov/2025:15:14:37 +0000] "GET /?path=//sys/class/net/lo/subsystem/lo/subsystem/eth0/device/net/eth0/subsystem/eth0/subsystem/eth0/device/subsystem/drivers/virtio_balloon/virtio3/subsystem/devices/virtio2 HTTP/1.1" 200 2991 "-" "Mozilla/5.0 AppleWebKit/537.36 (KHTML, like Gecko; compatible; GPTBot/1.2; +https://openai.com/gptbot)"
74.7.227.82 - - [02/Nov/2025:15:14:40 +0000] "GET /?path=//sys/class/net/lo/subsystem/lo/subsystem/eth0/device/net/eth0/subsystem/eth0/device/driver/virtio0/subsystem/drivers/virtio_net/virtio0/subsystem/drivers/virtio_scsi HTTP/1.1" 200 2863 "-" "Mozilla/5.0 AppleWebKit/537.36 (KHTML, like Gecko; compatible; GPTBot/1.2; +https://openai.com/gptbot)"
209.50.174.99 - - [02/Nov/2025:15:14:41 +0000] "GET /wp-login.php?wp_lang=en_US HTTP/1.1" 200 3335 "-" "Mozilla/5.0 (Windows NT 10.0; Win64; x64) AppleWebKit/537.36 (KHTML, like Gecko) Chrome/124.0.6367.207 Safari/537.36"
74.7.227.82 - - [02/Nov/2025:15:14:42 +0000] "GET /?path=//sys/class/net/lo/subsystem/lo/subsystem/eth0/device/net/eth0/subsystem/eth0/device/driver/virtio0/subsystem/drivers/virtio_net/virtio0/subsystem/drivers/virtio_net HTTP/1.1" 200 2853 "-" "Mozilla/5.0 AppleWebKit/537.36 (KHTML, like Gecko; compatible; GPTBot/1.2; +https://openai.com/gptbot)"
74.7.227.82 - - [02/Nov/2025:15:14:45 +0000] "GET /?path=//sys/class/net/lo/subsystem/lo/subsystem/eth0/device/net/eth0/device/driver/virtio0/net/eth0/device/driver/virtio0/subsystem/drivers/virtio_scsi/virtio1 HTTP/1.1" 200 2985 "-" "Mozilla/5.0 AppleWebKit/537.36 (KHTML, like Gecko; compatible; GPTBot/1.2; +https://openai.com/gptbot)"
74.7.227.82 - - [02/Nov/2025:15:14:48 +0000] "GET /?path=//sys/class/net/lo/subsystem/lo/subsystem/eth0/device/net/eth0/subsystem/eth0/device/driver/virtio0/subsystem/drivers/virtio_net/virtio0/subsystem/drivers/virtio_rng HTTP/1.1" 200 2771 "-" "Mozilla/5.0 AppleWebKit/537.36 (KHTML, like Gecko; compatible; GPTBot/1.2; +https://openai.com/gptbot)"
74.7.227.82 - - [02/Nov/2025:15:14:51 +0000] "GET /?path=//sys/class/net/lo/subsystem/lo/subsystem/eth0/device/net/eth0/device/subsystem/devices/virtio0/driver/virtio0/net/eth0/subsystem/lo/subsystem/lo/subsystem HTTP/1.1" 200 2723 "-" "Mozilla/5.0 AppleWebKit/537.36 (KHTML, like Gecko; compatible; GPTBot/1.2; +https://openai.com/gptbot)"
74.7.227.82 - - [02/Nov/2025:15:14:53 +0000] "GET /?path=//sys/class/net/lo/subsystem/lo/subsystem/eth0/device/net/eth0/device/driver/virtio0/driver/virtio0/net/eth0/subsystem/lo/subsystem/eth0/subsystem/lo/subsystem/lo HTTP/1.1" 200 3715 "-" "Mozilla/5.0 AppleWebKit/537.36 (KHTML, like Gecko; compatible; GPTBot/1.2; +https://openai.com/gptbot)"
209.50.188.11 - - [02/Nov/2025:15:14:53 +0000] "GET /wp-login.php?wp_lang=en_US HTTP/1.1" 200 3335 "-" "Mozilla/5.0 (Windows NT 10.0; Win64; x64) AppleWebKit/537.36 (KHTML, like Gecko) Chrome/124.0.6367.207 Safari/537.36"
74.7.227.82 - - [02/Nov/2025:15:14:57 +0000] "GET /?fileloc=//sys/class/net/lo/subsystem/lo/subsystem/eth0/device/net/eth0/device/driver/virtio0/subsystem/devices/virtio0/net/eth0/subsystem/lo/subsystem/eth0/phys_port_id&path=//sys/class/net/lo/subsystem/lo/subsystem/eth0/device/net/eth0/device/driver/virtio0/subsystem/devices/virtio0/net/eth0/subsystem/lo/subsystem/eth0 HTTP/1.1" 200 2407 "-" "Mozilla/5.0 AppleWebKit/537.36 (KHTML, like Gecko; compatible; GPTBot/1.2; +https://openai.com/gptbot)"
74.7.227.82 - - [02/Nov/2025:15:15:00 +0000] "GET /?path=//sys/class/net/lo/subsystem/lo/subsystem/eth0/device/net/eth0/device/subsystem/drivers/virtio_net/virtio0/driver/virtio0/subsystem/drivers/virtio_net/virtio0 HTTP/1.1" 200 2984 "-" "Mozilla/5.0 AppleWebKit/537.36 (KHTML, like Gecko; compatible; GPTBot/1.2; +https://openai.com/gptbot)"
74.7.227.82 - - [02/Nov/2025:15:15:02 +0000] "GET /?path=//sys/class/net/lo/subsystem/lo/subsystem/eth0/device/net/eth0/subsystem/eth0/device/driver/virtio0/net/eth0/device/driver/virtio0/driver/module/sections HTTP/1.1" 200 3339 "-" "Mozilla/5.0 AppleWebKit/537.36 (KHTML, like Gecko; compatible; GPTBot/1.2; +https://openai.com/gptbot)"
74.7.227.82 - - [02/Nov/2025:15:15:05 +0000] "GET /?path=//sys/class/net/lo/subsystem/lo/subsystem/eth0/device/net/eth0/device/driver/virtio0/net/eth0/device/driver/virtio0/subsystem/drivers/virtio_scsi/virtio1/subsystem HTTP/1.1" 200 2870 "-" "Mozilla/5.0 AppleWebKit/537.36 (KHTML, like Gecko; compatible; GPTBot/1.2; +https://openai.com/gptbot)"
216.26.242.25 - - [02/Nov/2025:15:15:07 +0000] "GET /wp-login.php?wp_lang=en_US HTTP/1.1" 200 3335 "-" "Mozilla/5.0 (Windows NT 10.0; Win64; x64) AppleWebKit/537.36 (KHTML, like Gecko) Chrome/124.0.6367.207 Safari/537.36"
74.7.227.82 - - [02/Nov/2025:15:15:09 +0000] "GET /?path=//sys/class/net/lo/subsystem/lo/subsystem/eth0/device/net/eth0/device/driver/virtio0/subsystem/devices/virtio1/driver/virtio1/driver/virtio1/driver HTTP/1.1" 200 2840 "-" "Mozilla/5.0 AppleWebKit/537.36 (KHTML, like Gecko; compatible; GPTBot/1.2; +https://openai.com/gptbot)"
74.7.227.82 - - [02/Nov/2025:15:15:13 +0000] "GET /?fileloc=//sys/class/net/lo/subsystem/lo/subsystem/eth0/device/net/eth0/device/driver/virtio0/driver/virtio0/net/eth0/subsystem/lo/subsystem/eth0/subsystem/lo/subsystem/lo/carrier_up_count&path=//sys/class/net/lo/subsystem/lo/subsystem/eth0/device/net/eth0/device/driver/virtio0/driver/virtio0/net/eth0/subsystem/lo/subsystem/eth0/subsystem/lo/subsystem/lo HTTP/1.1" 200 2413 "-" "Mozilla/5.0 AppleWebKit/537.36 (KHTML, like Gecko; compatible; GPTBot/1.2; +https://openai.com/gptbot)"
74.7.227.82 - - [02/Nov/2025:15:15:15 +0000] "GET /?fileloc=//sys/class/net/lo/subsystem/lo/subsystem/eth0/device/net/eth0/device/driver/virtio0/driver/virtio0/net/eth0/subsystem/lo/subsystem/eth0/subsystem/lo/subsystem/lo/type&path=//sys/class/net/lo/subsystem/lo/subsystem/eth0/device/net/eth0/device/driver/virtio0/driver/virtio0/net/eth0/subsystem/lo/subsystem/eth0/subsystem/lo/subsystem/lo HTTP/1.1" 200 2407 "-" "Mozilla/5.0 AppleWebKit/537.36 (KHTML, like Gecko; compatible; GPTBot/1.2; +https://openai.com/gptbot)"
74.7.227.82 - - [02/Nov/2025:15:15:17 +0000] "GET /?path=//sys/class/net/lo/subsystem/lo/subsystem/eth0/device/net/eth0/device/subsystem/devices/virtio0/driver/virtio0/net/eth0/subsystem/lo/subsystem/lo/subsystem/lo HTTP/1.1" 200 3710 "-" "Mozilla/5.0 AppleWebKit/537.36 (KHTML, like Gecko; compatible; GPTBot/1.2; +https://openai.com/gptbot)"
66.249.75.37 - - [02/Nov/2025:15:15:20 +0000] "GET /?p=654546 HTTP/1.1" 200 3335 "-" "Mozilla/5.0 (Linux; Android 6.0.1; Nexus 5X Build/MMB29P) AppleWebKit/537.36 (KHTML, like Gecko) Chrome/141.0.7390.122 Mobile Safari/537.36 (compatible; Googlebot/2.1; +http://www.google.com/bot.html)"
74.7.227.82 - - [02/Nov/2025:15:15:20 +0000] "GET /?path=//sys/class/net/lo/subsystem/lo/subsystem/eth0/device/net/eth0/device/subsystem/drivers/virtio_net/virtio0/driver/virtio0/subsystem/drivers/virtio_net/virtio0/net HTTP/1.1" 200 2693 "-" "Mozilla/5.0 AppleWebKit/537.36 (KHTML, like Gecko; compatible; GPTBot/1.2; +https://openai.com/gptbot)"
74.7.227.82 - - [02/Nov/2025:15:15:23 +0000] "GET /?path=//sys/class/net/lo/subsystem/lo/subsystem/eth0/device/net/eth0/device/driver/virtio0/subsystem/drivers/virtio_scsi/virtio1/driver/virtio1/driver/virtio1/driver HTTP/1.1" 200 2863 "-" "Mozilla/5.0 AppleWebKit/537.36 (KHTML, like Gecko; compatible; GPTBot/1.2; +https://openai.com/gptbot)"
74.7.227.82 - - [02/Nov/2025:15:15:28 +0000] "GET /?path=//sys/class/net/lo/subsystem/lo/subsystem/eth0/device/net/eth0/device/driver/virtio0/net/eth0/device/driver/virtio0/subsystem/devices/virtio2/subsystem HTTP/1.1" 200 2865 "-" "Mozilla/5.0 AppleWebKit/537.36 (KHTML, like Gecko; compatible; GPTBot/1.2; +https://openai.com/gptbot)"
57.141.2.57 - - [02/Nov/2025:15:15:29 +0000] "GET /indias-freedom-and-acceptability-are-certainly-spreading/?fileloc=/home/nakedfoamlojoweb/public_html/wp-content/plugins/elementor/elementor.php&path=/home/nakedfoamlojoweb/public_html/wp-content/plugins/elementor HTTP/1.1" 200 16649 "-" "meta-externalagent/1.1 (+https://developers.facebook.com/docs/sharing/webmasters/crawler)"
74.7.227.82 - - [02/Nov/2025:15:15:31 +0000] "GET /?path=//sys/class/net/lo/subsystem/lo/subsystem/eth0/device/net/eth0/device/subsystem/drivers/virtio_net/virtio0/driver/virtio0/subsystem/drivers/virtio_net/virtio0/power HTTP/1.1" 200 2871 "-" "Mozilla/5.0 AppleWebKit/537.36 (KHTML, like Gecko; compatible; GPTBot/1.2; +https://openai.com/gptbot)"
74.7.227.82 - - [02/Nov/2025:15:15:34 +0000] "GET /?path=//sys/class/net/lo/subsystem/lo/subsystem/eth0/device/net/eth0/device/subsystem/devices/virtio0/driver/virtio0/driver/virtio0/driver/virtio0 HTTP/1.1" 200 2955 "-" "Mozilla/5.0 AppleWebKit/537.36 (KHTML, like Gecko; compatible; GPTBot/1.2; +https://openai.com/gptbot)"
57.141.2.2 - - [02/Nov/2025:15:15:36 +0000] "GET /the-department-declined-to-provide-specifics-when-impact-x/?fileloc=//proc/thread-self/root/lib64/libboost-plesk-1.74/libboost_regex-plesk.so.1.74.0&path=//proc/thread-self/root/lib64/libboost-plesk-1.74 HTTP/1.1" 200 12564 "-" "meta-externalagent/1.1 (+https://developers.facebook.com/docs/sharing/webmasters/crawler)"
57.141.2.95 - - [02/Nov/2025:15:15:37 +0000] "GET /wp-json/wp/v2/posts/34697?fileloc=/home/nakedfoamlojoweb/public_html/wp-activate.php&path=/home/nakedfoamlojoweb/public_html HTTP/1.1" 200 20788 "-" "meta-externalagent/1.1 (+https://developers.facebook.com/docs/sharing/webmasters/crawler)"
74.7.227.82 - - [02/Nov/2025:15:15:38 +0000] "GET /?path=//sys/class/net/lo/subsystem/lo/subsystem/eth0/device/net/eth0/device/driver/virtio0/net/eth0/subsystem/eth0/device/driver/virtio0/driver/module/sections HTTP/1.1" 200 3343 "-" "Mozilla/5.0 AppleWebKit/537.36 (KHTML, like Gecko; compatible; GPTBot/1.2; +https://openai.com/gptbot)"
57.141.2.33 - - [02/Nov/2025:15:15:39 +0000] "GET /wp-json/wp/v2/posts/29789?path=/home/whitewalletlojow HTTP/1.1" 200 12726 "-" "meta-externalagent/1.1 (+https://developers.facebook.com/docs/sharing/webmasters/crawler)"
74.7.227.82 - - [02/Nov/2025:15:15:40 +0000] "GET /?fileloc=//sys/class/net/lo/subsystem/lo/subsystem/eth0/device/net/eth0/device/subsystem/devices/virtio0/driver/virtio0/net/eth0/subsystem/lo/subsystem/lo/subsystem/lo/iflink&path=//sys/class/net/lo/subsystem/lo/subsystem/eth0/device/net/eth0/device/subsystem/devices/virtio0/driver/virtio0/net/eth0/subsystem/lo/subsystem/lo/subsystem/lo HTTP/1.1" 200 2408 "-" "Mozilla/5.0 AppleWebKit/537.36 (KHTML, like Gecko; compatible; GPTBot/1.2; +https://openai.com/gptbot)"
66.249.75.36 - - [02/Nov/2025:15:15:41 +0000] "GET /?p=512671 HTTP/1.1" 200 3335 "-" "Mozilla/5.0 (Linux; Android 6.0.1; Nexus 5X Build/MMB29P) AppleWebKit/537.36 (KHTML, like Gecko) Chrome/141.0.7390.122 Mobile Safari/537.36 (compatible; Googlebot/2.1; +http://www.google.com/bot.html)"
74.7.227.82 - - [02/Nov/2025:15:15:43 +0000] "GET /?path=//sys/class/net/lo/subsystem/lo/subsystem/eth0/device/net/eth0/device/subsystem/devices/virtio0/driver/virtio0/net/eth0/subsystem/lo/subsystem/lo/subsystem/lo/queues HTTP/1.1" 200 2733 "-" "Mozilla/5.0 AppleWebKit/537.36 (KHTML, like Gecko; compatible; GPTBot/1.2; +https://openai.com/gptbot)"
74.7.227.82 - - [02/Nov/2025:15:15:45 +0000] "GET /?path=//sys/class/net/lo/subsystem/lo/subsystem/eth0/device/net/eth0/device/driver/virtio0/subsystem/drivers/virtio_scsi/virtio1/driver/virtio1/driver/virtio1/driver/module HTTP/1.1" 200 3051 "-" "Mozilla/5.0 AppleWebKit/537.36 (KHTML, like Gecko; compatible; GPTBot/1.2; +https://openai.com/gptbot)"
74.7.227.82 - - [02/Nov/2025:15:15:48 +0000] "GET /?path=//sys/class/net/lo/subsystem/lo/subsystem/eth0/device/net/eth0/device/driver/virtio0/net/eth0/device/driver/virtio0/subsystem/drivers/virtio_net/module/drivers HTTP/1.1" 200 2707 "-" "Mozilla/5.0 AppleWebKit/537.36 (KHTML, like Gecko; compatible; GPTBot/1.2; +https://openai.com/gptbot)"
74.7.227.82 - - [02/Nov/2025:15:15:50 +0000] "GET /?path=//sys/class/net/lo/subsystem/lo/subsystem/eth0/device/net/eth0/device/subsystem/devices/virtio0/driver/virtio0/net/eth0/subsystem/lo/subsystem/lo/subsystem/lo/power HTTP/1.1" 200 2878 "-" "Mozilla/5.0 AppleWebKit/537.36 (KHTML, like Gecko; compatible; GPTBot/1.2; +https://openai.com/gptbot)"
74.7.227.82 - - [02/Nov/2025:15:15:54 +0000] "GET /?path=//sys/class/net/lo/subsystem/lo/subsystem/eth0/device/net/eth0/device/driver/virtio0/driver/virtio0/driver/virtio0/subsystem/devices/virtio2/virtio-ports HTTP/1.1" 200 2695 "-" "Mozilla/5.0 AppleWebKit/537.36 (KHTML, like Gecko; compatible; GPTBot/1.2; +https://openai.com/gptbot)"
57.141.2.13 - - [02/Nov/2025:15:15:56 +0000] "GET /wp-json/wp/v2/posts/35703?fileloc=//bin/infotocap&path=//bin HTTP/1.1" 200 12251 "-" "meta-externalagent/1.1 (+https://developers.facebook.com/docs/sharing/webmasters/crawler)"
74.7.227.82 - - [02/Nov/2025:15:15:57 +0000] "GET /?fileloc=//sys/class/net/lo/subsystem/lo/subsystem/eth0/device/net/eth0/device/driver/virtio0/net/eth0/subsystem/eth0/device/driver/virtio0/driver/module/sections/.smp_locks&path=//sys/class/net/lo/subsystem/lo/subsystem/eth0/device/net/eth0/device/driver/virtio0/net/eth0/subsystem/eth0/device/driver/virtio0/driver/module/sections HTTP/1.1" 200 2413 "-" "Mozilla/5.0 AppleWebKit/537.36 (KHTML, like Gecko; compatible; GPTBot/1.2; +https://openai.com/gptbot)"
74.7.227.82 - - [02/Nov/2025:15:16:00 +0000] "GET /?path=//sys/class/net/lo/subsystem/lo/subsystem/eth0/device/net/eth0/device/driver/virtio0/driver/virtio0/driver/virtio0/driver/module/drivers/virtio:virtio_net HTTP/1.1" 200 2853 "-" "Mozilla/5.0 AppleWebKit/537.36 (KHTML, like Gecko; compatible; GPTBot/1.2; +https://openai.com/gptbot)"
74.7.227.82 - - [02/Nov/2025:15:16:03 +0000] "GET /?path=//sys/class/net/lo/subsystem/lo/subsystem/eth0/device/net/eth0/device/subsystem/devices/virtio0/driver/virtio0/net/eth0/device/subsystem/devices HTTP/1.1" 200 2751 "-" "Mozilla/5.0 AppleWebKit/537.36 (KHTML, like Gecko; compatible; GPTBot/1.2; +https://openai.com/gptbot)"
74.7.227.82 - - [02/Nov/2025:15:16:06 +0000] "GET /?path=//sys/class/net/lo/subsystem/lo/subsystem/eth0/device/net/eth0/device/subsystem/drivers/virtio_net/virtio0/net/eth0/device/subsystem/devices/virtio2/subsystem HTTP/1.1" 200 2863 "-" "Mozilla/5.0 AppleWebKit/537.36 (KHTML, like Gecko; compatible; GPTBot/1.2; +https://openai.com/gptbot)"
57.141.2.17 - - [02/Nov/2025:15:16:06 +0000] "GET /clinical-sexologist-and-sex-therapist-ness-cooper-recommends/?fileloc=//sbin/ss&path=//sbin HTTP/1.1" 200 12247 "-" "meta-externalagent/1.1 (+https://developers.facebook.com/docs/sharing/webmasters/crawler)"
74.7.227.82 - - [02/Nov/2025:15:16:10 +0000] "GET /?path=//sys/class/net/lo/subsystem/lo/subsystem/eth0/device/net/eth0/device/driver/virtio0/net/eth0/subsystem/eth0/device/driver/virtio0/subsystem/drivers/virtio_net HTTP/1.1" 200 2861 "-" "Mozilla/5.0 AppleWebKit/537.36 (KHTML, like Gecko; compatible; GPTBot/1.2; +https://openai.com/gptbot)"
74.7.227.82 - - [02/Nov/2025:15:16:13 +0000] "GET /?path=//sys/class/net/lo/subsystem/lo/subsystem/eth0/device/net/eth0/device/subsystem/devices/virtio0/driver/virtio0/driver/virtio0/net/eth0/device/subsystem HTTP/1.1" 200 2852 "-" "Mozilla/5.0 AppleWebKit/537.36 (KHTML, like Gecko; compatible; GPTBot/1.2; +https://openai.com/gptbot)"
74.7.227.82 - - [02/Nov/2025:15:16:17 +0000] "GET /?fileloc=//sys/class/net/lo/subsystem/lo/subsystem/eth0/device/net/eth0/device/subsystem/devices/virtio0/driver/virtio0/net/eth0/subsystem/lo/subsystem/lo/subsystem/lo/power/autosuspend_delay_ms&path=//sys/class/net/lo/subsystem/lo/subsystem/eth0/device/net/eth0/device/subsystem/devices/virtio0/driver/virtio0/net/eth0/subsystem/lo/subsystem/lo/subsystem/lo/power HTTP/1.1" 200 2427 "-" "Mozilla/5.0 AppleWebKit/537.36 (KHTML, like Gecko; compatible; GPTBot/1.2; +https://openai.com/gptbot)"
57.141.2.8 - - [02/Nov/2025:15:16:18 +0000] "GET /wp-json/wp/v2/posts/35703?fileloc=//bin/pngfix&path=//bin HTTP/1.1" 200 12248 "-" "meta-externalagent/1.1 (+https://developers.facebook.com/docs/sharing/webmasters/crawler)"
74.7.227.82 - - [02/Nov/2025:15:16:21 +0000] "GET /?path=//sys/class/net/lo/subsystem/lo/subsystem/eth0/device/net/eth0/device/subsystem/drivers/virtio_net/virtio0/net/eth0/subsystem/lo/subsystem/eth0/device/subsystem HTTP/1.1" 200 2874 "-" "Mozilla/5.0 AppleWebKit/537.36 (KHTML, like Gecko; compatible; GPTBot/1.2; +https://openai.com/gptbot)"
74.7.227.82 - - [02/Nov/2025:15:16:25 +0000] "GET /?path=//sys/class/net/lo/subsystem/lo/subsystem/eth0/device/net/eth0/device/driver/virtio0/driver/virtio0/driver/virtio0/driver/module/drivers/virtio:virtio_net/virtio0 HTTP/1.1" 200 2980 "-" "Mozilla/5.0 AppleWebKit/537.36 (KHTML, like Gecko; compatible; GPTBot/1.2; +https://openai.com/gptbot)"
74.7.227.82 - - [02/Nov/2025:15:16:27 +0000] "GET /?path=//sys/class/net/lo/subsystem/lo/subsystem/eth0/device/net/eth0/device/subsystem/drivers/virtio_net/virtio0/net/eth0/device/subsystem/devices/virtio2/subsystem/devices HTTP/1.1" 200 2768 "-" "Mozilla/5.0 AppleWebKit/537.36 (KHTML, like Gecko; compatible; GPTBot/1.2; +https://openai.com/gptbot)"
74.7.227.82 - - [02/Nov/2025:15:16:29 +0000] "GET /?path=//sys/class/net/lo/subsystem/lo/subsystem/eth0/device/net/eth0/device/driver/virtio0/driver/virtio0/driver/virtio0/driver/module/drivers/virtio:virtio_net/module HTTP/1.1" 200 3057 "-" "Mozilla/5.0 AppleWebKit/537.36 (KHTML, like Gecko; compatible; GPTBot/1.2; +https://openai.com/gptbot)"
74.7.227.82 - - [02/Nov/2025:15:16:31 +0000] "GET /?path=//sys/class/net/lo/subsystem/lo/subsystem/eth0/device/net/eth0/device/driver/virtio0/net/eth0/subsystem/eth0/device/driver/virtio0/subsystem/drivers/virtio_net/module HTTP/1.1" 200 3082 "-" "Mozilla/5.0 AppleWebKit/537.36 (KHTML, like Gecko; compatible; GPTBot/1.2; +https://openai.com/gptbot)"
66.249.75.37 - - [02/Nov/2025:15:16:33 +0000] "GET /?p=402086 HTTP/1.1" 200 3335 "-" "Mozilla/5.0 (Linux; Android 6.0.1; Nexus 5X Build/MMB29P) AppleWebKit/537.36 (KHTML, like Gecko) Chrome/141.0.7390.122 Mobile Safari/537.36 (compatible; Googlebot/2.1; +http://www.google.com/bot.html)"
74.7.227.82 - - [02/Nov/2025:15:16:35 +0000] "GET /?path=//sys/class/net/lo/subsystem/lo/subsystem/eth0/device/net/eth0/device/driver/virtio0/net/eth0/device/driver/virtio0/subsystem/devices/virtio3/driver HTTP/1.1" 200 2848 "-" "Mozilla/5.0 AppleWebKit/537.36 (KHTML, like Gecko; compatible; GPTBot/1.2; +https://openai.com/gptbot)"
74.7.227.82 - - [02/Nov/2025:15:16:38 +0000] "GET /?path=//sys/class/net/lo/subsystem/lo/subsystem/eth0/device/net/eth0/device/driver/virtio0/net/eth0/device/driver/virtio0/driver/virtio0/subsystem/devices HTTP/1.1" 200 2748 "-" "Mozilla/5.0 AppleWebKit/537.36 (KHTML, like Gecko; compatible; GPTBot/1.2; +https://openai.com/gptbot)"
57.141.2.89 - - [02/Nov/2025:15:16:39 +0000] "GET /hop-on-the-birkin-bag-dupe-pattern-with-extra-stylish-options/?fileloc=/home/nakedfoamlojoweb/public_html/wp-includes/compat.php&path=/home/nakedfoamlojoweb/public_html/wp-includes HTTP/1.1" 200 28977 "-" "meta-externalagent/1.1 (+https://developers.facebook.com/docs/sharing/webmasters/crawler)"
74.7.227.82 - - [02/Nov/2025:15:16:40 +0000] "GET /?path=//sys/class/net/lo/subsystem/lo/subsystem/eth0/device/net/eth0/device/subsystem/drivers/virtio_net/virtio0/net/eth0/device/subsystem/devices/virtio2/subsystem/drivers HTTP/1.1" 200 2844 "-" "Mozilla/5.0 AppleWebKit/537.36 (KHTML, like Gecko; compatible; GPTBot/1.2; +https://openai.com/gptbot)"
74.7.227.82 - - [02/Nov/2025:15:16:43 +0000] "GET /?path=//sys/class/net/lo/subsystem/lo/subsystem/eth0/device/net/eth0/device/driver/virtio0/driver/virtio0/driver/virtio0/driver/module/drivers/virtio:virtio_net/virtio0/power HTTP/1.1" 200 2872 "-" "Mozilla/5.0 AppleWebKit/537.36 (KHTML, like Gecko; compatible; GPTBot/1.2; +https://openai.com/gptbot)"
74.7.227.82 - - [02/Nov/2025:15:16:45 +0000] "GET /?path=//sys/class/net/lo/subsystem/lo/subsystem/eth0/device/net/eth0/device/driver/virtio0/driver/virtio0/driver/virtio0/driver/module/drivers/virtio:virtio_net/virtio0/driver HTTP/1.1" 200 2866 "-" "Mozilla/5.0 AppleWebKit/537.36 (KHTML, like Gecko; compatible; GPTBot/1.2; +https://openai.com/gptbot)"
74.7.227.82 - - [02/Nov/2025:15:16:49 +0000] "GET /?path=//sys/class/net/lo/subsystem/lo/subsystem/eth0/device/net/eth0/device/driver/virtio0/driver/virtio0/driver/virtio0/driver/module/drivers/virtio:virtio_net/virtio0/net HTTP/1.1" 200 2701 "-" "Mozilla/5.0 AppleWebKit/537.36 (KHTML, like Gecko; compatible; GPTBot/1.2; +https://openai.com/gptbot)"
74.7.227.82 - - [02/Nov/2025:15:16:53 +0000] "GET /?path=//sys/class/net/lo/subsystem/lo/subsystem/eth0/device/net/eth0/device/subsystem/devices/virtio0/driver/virtio0/driver/virtio0/driver/module/drivers HTTP/1.1" 200 2692 "-" "Mozilla/5.0 AppleWebKit/537.36 (KHTML, like Gecko; compatible; GPTBot/1.2; +https://openai.com/gptbot)"
74.7.227.82 - - [02/Nov/2025:15:16:56 +0000] "GET /?path=//sys/class/net/lo/subsystem/lo/subsystem/eth0/device/net/eth0/device/driver/virtio0/net/eth0/subsystem/eth0/device/driver/virtio0/subsystem/devices HTTP/1.1" 200 2757 "-" "Mozilla/5.0 AppleWebKit/537.36 (KHTML, like Gecko; compatible; GPTBot/1.2; +https://openai.com/gptbot)"
74.7.227.82 - - [02/Nov/2025:15:16:59 +0000] "GET /?path=//sys/class/net/lo/subsystem/lo/subsystem/eth0/device/net/eth0/device/subsystem/devices/virtio0/subsystem/drivers/virtio_net/virtio0/net/eth0/device/subsystem HTTP/1.1" 200 2877 "-" "Mozilla/5.0 AppleWebKit/537.36 (KHTML, like Gecko; compatible; GPTBot/1.2; +https://openai.com/gptbot)"
74.7.227.82 - - [02/Nov/2025:15:17:02 +0000] "GET /?path=//sys/class/net/lo/subsystem/lo/subsystem/eth0/device/net/eth0/device/driver/virtio0/driver/virtio0/driver/virtio0/subsystem/devices/virtio0/net HTTP/1.1" 200 2680 "-" "Mozilla/5.0 AppleWebKit/537.36 (KHTML, like Gecko; compatible; GPTBot/1.2; +https://openai.com/gptbot)"
74.7.227.82 - - [02/Nov/2025:15:17:05 +0000] "GET /?path=//sys/class/net/lo/subsystem/lo/subsystem/eth0/device/net/eth0/device/subsystem/drivers/virtio_net/virtio0/subsystem/devices/virtio0/net/eth0/device/subsystem HTTP/1.1" 200 2874 "-" "Mozilla/5.0 AppleWebKit/537.36 (KHTML, like Gecko; compatible; GPTBot/1.2; +https://openai.com/gptbot)"
74.7.227.82 - - [02/Nov/2025:15:17:08 +0000] "GET /?path=//sys/class/net/lo/subsystem/lo/subsystem/eth0/device/net/eth0/device/subsystem/drivers/virtio_net/virtio0/driver/virtio0/driver/virtio0/driver/virtio0 HTTP/1.1" 200 2968 "-" "Mozilla/5.0 AppleWebKit/537.36 (KHTML, like Gecko; compatible; GPTBot/1.2; +https://openai.com/gptbot)"
74.7.227.82 - - [02/Nov/2025:15:17:12 +0000] "GET /?path=//sys/class/net/lo/subsystem/lo/subsystem/eth0/device/net/eth0/device/subsystem/devices/virtio0/driver/virtio0/driver/virtio0/driver/module/drivers/virtio:virtio_net HTTP/1.1" 200 2865 "-" "Mozilla/5.0 AppleWebKit/537.36 (KHTML, like Gecko; compatible; GPTBot/1.2; +https://openai.com/gptbot)"
57.141.2.4 - - [02/Nov/2025:15:17:13 +0000] "GET /wp-json/wp/v2/posts/29449?path=/home/solarcpplojoweb HTTP/1.1" 200 12724 "-" "meta-externalagent/1.1 (+https://developers.facebook.com/docs/sharing/webmasters/crawler)"
74.7.227.82 - - [02/Nov/2025:15:17:15 +0000] "GET /?path=//sys/class/net/lo/subsystem/lo/subsystem/eth0/device/net/eth0/device/driver/virtio0/net/eth0/subsystem/eth0/device/driver/virtio0/driver/module/parameters HTTP/1.1" 200 2810 "-" "Mozilla/5.0 AppleWebKit/537.36 (KHTML, like Gecko; compatible; GPTBot/1.2; +https://openai.com/gptbot)"
74.7.227.82 - - [02/Nov/2025:15:17:18 +0000] "GET /?path=//sys/class/net/lo/subsystem/lo/subsystem/eth0/device/net/eth0/device/subsystem/devices/virtio0/subsystem/drivers/virtio_net/virtio0/net/eth0/device/subsystem/devices HTTP/1.1" 200 2772 "-" "Mozilla/5.0 AppleWebKit/537.36 (KHTML, like Gecko; compatible; GPTBot/1.2; +https://openai.com/gptbot)"
74.7.227.82 - - [02/Nov/2025:15:17:21 +0000] "GET /?path=//sys/class/net/lo/subsystem/lo/subsystem/eth0/device/net/eth0/device/driver/virtio0/subsystem/devices/virtio0/subsystem/devices/virtio3/driver HTTP/1.1" 200 2837 "-" "Mozilla/5.0 AppleWebKit/537.36 (KHTML, like Gecko; compatible; GPTBot/1.2; +https://openai.com/gptbot)"
74.7.227.82 - - [02/Nov/2025:15:17:25 +0000] "GET /?path=//sys/class/net/lo/subsystem/lo/subsystem/eth0/device/net/eth0/device/subsystem/devices/virtio0/subsystem/drivers/virtio_net/virtio0/net/eth0/device/subsystem/drivers HTTP/1.1" 200 2847 "-" "Mozilla/5.0 AppleWebKit/537.36 (KHTML, like Gecko; compatible; GPTBot/1.2; +https://openai.com/gptbot)"
74.7.227.82 - - [02/Nov/2025:15:17:30 +0000] "GET /?path=//sys/class/net/lo/subsystem/lo/subsystem/eth0/device/net/eth0/device/subsystem/drivers/virtio_net/virtio0/subsystem/devices/virtio0/net/eth0/device/subsystem/drivers HTTP/1.1" 200 2861 "-" "Mozilla/5.0 AppleWebKit/537.36 (KHTML, like Gecko; compatible; GPTBot/1.2; +https://openai.com/gptbot)"
57.141.2.36 - - [02/Nov/2025:15:17:31 +0000] "GET /looking-past-the-perfection-in-the-simplicity-of-the/?fileloc=//scripts/custom_backup_destination.pl.skeleton&path=//scripts HTTP/1.1" 200 15282 "-" "meta-externalagent/1.1 (+https://developers.facebook.com/docs/sharing/webmasters/crawler)"
74.7.227.82 - - [02/Nov/2025:15:17:34 +0000] "GET /?path=//sys/class/net/lo/subsystem/lo/subsystem/eth0/device/net/eth0/device/subsystem/drivers/virtio_net/virtio0/subsystem/devices/virtio0/net/eth0/device/subsystem/devices HTTP/1.1" 200 2771 "-" "Mozilla/5.0 AppleWebKit/537.36 (KHTML, like Gecko; compatible; GPTBot/1.2; +https://openai.com/gptbot)"
74.7.227.82 - - [02/Nov/2025:15:17:39 +0000] "GET /?path=//sys/class/net/lo/subsystem/lo/subsystem/eth0/device/net/eth0/device/subsystem/drivers/virtio_net/virtio0/net/eth0/device/subsystem/devices/virtio1/driver HTTP/1.1" 200 2859 "-" "Mozilla/5.0 AppleWebKit/537.36 (KHTML, like Gecko; compatible; GPTBot/1.2; +https://openai.com/gptbot)"
74.7.227.82 - - [02/Nov/2025:15:17:42 +0000] "GET /?path=//sys/class/net/lo/subsystem/lo/subsystem/eth0/device/net/eth0/device/driver/virtio0/driver/virtio0/driver/virtio0/subsystem/devices/virtio1/driver HTTP/1.1" 200 2840 "-" "Mozilla/5.0 AppleWebKit/537.36 (KHTML, like Gecko; compatible; GPTBot/1.2; +https://openai.com/gptbot)"
74.7.227.82 - - [02/Nov/2025:15:17:45 +0000] "GET /?path=//sys/class/net/lo/subsystem/lo/subsystem/eth0/device/net/eth0/device/subsystem/devices/virtio0/driver/virtio0/driver/virtio0/net/eth0/device/subsystem/drivers HTTP/1.1" 200 2841 "-" "Mozilla/5.0 AppleWebKit/537.36 (KHTML, like Gecko; compatible; GPTBot/1.2; +https://openai.com/gptbot)"
74.7.227.82 - - [02/Nov/2025:15:17:47 +0000] "GET /?path=//sys/class/net/lo/subsystem/lo/subsystem/eth0/device/net/eth0/device/driver/virtio0/subsystem/devices/virtio0/net/eth0/subsystem/lo/subsystem/eth0/queues HTTP/1.1" 200 2729 "-" "Mozilla/5.0 AppleWebKit/537.36 (KHTML, like Gecko; compatible; GPTBot/1.2; +https://openai.com/gptbot)"
57.141.2.57 - - [02/Nov/2025:15:17:49 +0000] "GET /wp-json/wp/v2/posts/30509?fileloc=//bin/w&path=//bin HTTP/1.1" 200 12243 "-" "meta-externalagent/1.1 (+https://developers.facebook.com/docs/sharing/webmasters/crawler)"
74.7.227.82 - - [02/Nov/2025:15:17:50 +0000] "GET /?path=//sys/class/net/lo/subsystem/lo/subsystem/eth0/device/net/eth0/device/subsystem/devices/virtio0/driver/virtio0/net/eth0/subsystem/lo/subsystem/eth0 HTTP/1.1" 200 3726 "-" "Mozilla/5.0 AppleWebKit/537.36 (KHTML, like Gecko; compatible; GPTBot/1.2; +https://openai.com/gptbot)"
74.7.227.82 - - [02/Nov/2025:15:17:53 +0000] "GET /?path=//sys/class/net/lo/subsystem/lo/subsystem/eth0/device/net/eth0/device/subsystem/devices/virtio0/driver/virtio0/subsystem/devices/virtio0/net/eth0 HTTP/1.1" 200 3722 "-" "Mozilla/5.0 AppleWebKit/537.36 (KHTML, like Gecko; compatible; GPTBot/1.2; +https://openai.com/gptbot)"
74.7.227.82 - - [02/Nov/2025:15:17:55 +0000] "GET /?path=//sys/class/net/lo/subsystem/lo/subsystem/eth0/device/net/eth0/device/subsystem/drivers/virtio_net/virtio0/net/eth0/device/subsystem/devices/virtio1/driver/module HTTP/1.1" 200 3055 "-" "Mozilla/5.0 AppleWebKit/537.36 (KHTML, like Gecko; compatible; GPTBot/1.2; +https://openai.com/gptbot)"
74.7.227.82 - - [02/Nov/2025:15:17:58 +0000] "GET /?path=//sys/class/net/lo/subsystem/lo/subsystem/eth0/device/net/eth0/subsystem/eth0/device/subsystem/drivers/virtio_net/virtio0/net/eth0/subsystem/eth0/device/driver HTTP/1.1" 200 2868 "-" "Mozilla/5.0 AppleWebKit/537.36 (KHTML, like Gecko; compatible; GPTBot/1.2; +https://openai.com/gptbot)"
74.7.227.82 - - [02/Nov/2025:15:18:00 +0000] "GET /?path=//sys/class/net/lo/subsystem/lo/subsystem/eth0/device/net/eth0/device/subsystem/drivers/virtio_net/virtio0/net/eth0/device/subsystem/devices/virtio1/driver/virtio1 HTTP/1.1" 200 2992 "-" "Mozilla/5.0 AppleWebKit/537.36 (KHTML, like Gecko; compatible; GPTBot/1.2; +https://openai.com/gptbot)"
74.7.227.82 - - [02/Nov/2025:15:18:03 +0000] "GET /?path=//sys/class/net/lo/subsystem/lo/subsystem/eth0/device/net/eth0/device/driver/virtio0/subsystem/devices/virtio3/driver/virtio3/driver/virtio3/driver HTTP/1.1" 200 2840 "-" "Mozilla/5.0 AppleWebKit/537.36 (KHTML, like Gecko; compatible; GPTBot/1.2; +https://openai.com/gptbot)"
57.141.2.71 - - [02/Nov/2025:15:18:03 +0000] "GET /wp-json/wp/v2/posts/32180?fileloc=/home/nakedfoamlojoweb/public_html/wp-includes/default-constants.php&path=/home/nakedfoamlojoweb/public_html/wp-includes HTTP/1.1" 200 23904 "-" "meta-externalagent/1.1 (+https://developers.facebook.com/docs/sharing/webmasters/crawler)"
74.7.227.82 - - [02/Nov/2025:15:18:06 +0000] "GET /?path=//sys/class/net/lo/subsystem/lo/subsystem/eth0/device/net/eth0/device/subsystem/drivers/virtio_net/virtio0/net/eth0/device/subsystem/devices/virtio0 HTTP/1.1" 200 2980 "-" "Mozilla/5.0 AppleWebKit/537.36 (KHTML, like Gecko; compatible; GPTBot/1.2; +https://openai.com/gptbot)"
74.7.227.82 - - [02/Nov/2025:15:18:09 +0000] "GET /?fileloc=//sys/class/net/lo/subsystem/lo/subsystem/eth0/device/net/eth0/device/subsystem/devices/virtio0/driver/virtio0/net/eth0/subsystem/lo/subsystem/eth0/mtu&path=//sys/class/net/lo/subsystem/lo/subsystem/eth0/device/net/eth0/device/subsystem/devices/virtio0/driver/virtio0/net/eth0/subsystem/lo/subsystem/eth0 HTTP/1.1" 200 2404 "-" "Mozilla/5.0 AppleWebKit/537.36 (KHTML, like Gecko; compatible; GPTBot/1.2; +https://openai.com/gptbot)"
74.7.227.82 - - [02/Nov/2025:15:18:12 +0000] "GET /?path=//sys/class/net/lo/subsystem/lo/subsystem/eth0/device/net/eth0/device/subsystem/devices/virtio0/driver/virtio0/net/eth0/subsystem/lo/subsystem/eth0/queues HTTP/1.1" 200 2729 "-" "Mozilla/5.0 AppleWebKit/537.36 (KHTML, like Gecko; compatible; GPTBot/1.2; +https://openai.com/gptbot)"
74.7.227.82 - - [02/Nov/2025:15:18:15 +0000] "GET /?path=//sys/class/net/lo/subsystem/lo/subsystem/eth0/device/net/eth0/device/driver/virtio0/driver/virtio0/driver/virtio0/net/eth0/device/subsystem/drivers HTTP/1.1" 200 2829 "-" "Mozilla/5.0 AppleWebKit/537.36 (KHTML, like Gecko; compatible; GPTBot/1.2; +https://openai.com/gptbot)"
66.249.75.37 - - [02/Nov/2025:15:18:15 +0000] "GET /?p=745736 HTTP/1.1" 200 3335 "-" "Mozilla/5.0 (Linux; Android 6.0.1; Nexus 5X Build/MMB29P) AppleWebKit/537.36 (KHTML, like Gecko) Chrome/141.0.7390.122 Mobile Safari/537.36 (compatible; Googlebot/2.1; +http://www.google.com/bot.html)"
74.7.227.82 - - [02/Nov/2025:15:18:18 +0000] "GET /?path=//sys/class/net/lo/subsystem/lo/subsystem/eth0/device/net/eth0/subsystem/eth0/device/subsystem/drivers/virtio_net/virtio0/net/eth0/subsystem/eth0/device/driver/module HTTP/1.1" 200 3079 "-" "Mozilla/5.0 AppleWebKit/537.36 (KHTML, like Gecko; compatible; GPTBot/1.2; +https://openai.com/gptbot)"
74.7.227.82 - - [02/Nov/2025:15:18:22 +0000] "GET /?path=//sys/class/net/lo/subsystem/lo/subsystem/eth0/device/net/eth0/device/driver/virtio0/net/eth0/device/driver/virtio0/subsystem/devices/virtio2/subsystem/drivers HTTP/1.1" 200 2841 "-" "Mozilla/5.0 AppleWebKit/537.36 (KHTML, like Gecko; compatible; GPTBot/1.2; +https://openai.com/gptbot)"
74.7.227.82 - - [02/Nov/2025:15:18:25 +0000] "GET /?path=//sys/class/net/lo/subsystem/lo/subsystem/eth0/device/net/eth0/device/subsystem/drivers/virtio_net/virtio0/net/eth0/device/subsystem/devices/virtio0/net HTTP/1.1" 200 2699 "-" "Mozilla/5.0 AppleWebKit/537.36 (KHTML, like Gecko; compatible; GPTBot/1.2; +https://openai.com/gptbot)"
74.7.227.82 - - [02/Nov/2025:15:18:28 +0000] "GET /?path=//sys/class/net/lo/subsystem/lo/subsystem/eth0/device/net/eth0/device/driver/virtio0/subsystem/devices/virtio3/driver/virtio3/driver/virtio3/driver/module HTTP/1.1" 200 3039 "-" "Mozilla/5.0 AppleWebKit/537.36 (KHTML, like Gecko; compatible; GPTBot/1.2; +https://openai.com/gptbot)"
74.7.227.82 - - [02/Nov/2025:15:18:31 +0000] "GET /?path=//sys/class/net/lo/subsystem/lo/subsystem/eth0/device/net/eth0/device/driver/virtio0/subsystem/drivers/virtio_net/virtio0/driver/virtio0/subsystem/devices HTTP/1.1" 200 2757 "-" "Mozilla/5.0 AppleWebKit/537.36 (KHTML, like Gecko; compatible; GPTBot/1.2; +https://openai.com/gptbot)"
74.7.227.82 - - [02/Nov/2025:15:18:34 +0000] "GET /?path=//sys/class/net/lo/subsystem/lo/subsystem/eth0/device/net/eth0/device/driver/virtio0/driver/virtio0/driver/virtio0/net/eth0/device/subsystem/drivers/virtio_console HTTP/1.1" 200 2872 "-" "Mozilla/5.0 AppleWebKit/537.36 (KHTML, like Gecko; compatible; GPTBot/1.2; +https://openai.com/gptbot)"
74.7.227.82 - - [02/Nov/2025:15:18:36 +0000] "GET /?path=//sys/class/net/lo/subsystem/lo/subsystem/eth0/device/net/eth0/device/driver/virtio0/driver/virtio0/net/eth0/subsystem/lo/subsystem/eth0/subsystem/lo/statistics HTTP/1.1" 200 3275 "-" "Mozilla/5.0 AppleWebKit/537.36 (KHTML, like Gecko; compatible; GPTBot/1.2; +https://openai.com/gptbot)"
74.7.227.82 - - [02/Nov/2025:15:18:40 +0000] "GET /?path=//sys/class/net/lo/subsystem/lo/subsystem/eth0/device/net/eth0/device/driver/virtio0/net/eth0/device/driver/virtio0/subsystem/devices/virtio2/driver HTTP/1.1" 200 2848 "-" "Mozilla/5.0 AppleWebKit/537.36 (KHTML, like Gecko; compatible; GPTBot/1.2; +https://openai.com/gptbot)"
74.7.227.82 - - [02/Nov/2025:15:18:42 +0000] "GET /?path=//sys/class/net/lo/subsystem/lo/subsystem/eth0/device/net/eth0/device/subsystem/drivers/virtio_net/virtio0/net/eth0/device/subsystem/devices/virtio0/net/eth0 HTTP/1.1" 200 3738 "-" "Mozilla/5.0 AppleWebKit/537.36 (KHTML, like Gecko; compatible; GPTBot/1.2; +https://openai.com/gptbot)"
57.141.2.25 - - [02/Nov/2025:15:18:43 +0000] "GET /wp-json/wp/v2/posts/31226?fileloc=/home/nakedfoamlojoweb/public_html/license.txt&path=/home/nakedfoamlojoweb/public_html HTTP/1.1" 200 32417 "-" "meta-externalagent/1.1 (+https://developers.facebook.com/docs/sharing/webmasters/crawler)"
74.7.227.82 - - [02/Nov/2025:15:18:45 +0000] "GET /?path=//sys/class/net/lo/subsystem/lo/subsystem/eth0/device/net/eth0/device/driver/virtio0/driver/virtio0/driver/virtio0/net/eth0/device/subsystem/drivers/virtio_balloon HTTP/1.1" 200 2872 "-" "Mozilla/5.0 AppleWebKit/537.36 (KHTML, like Gecko; compatible; GPTBot/1.2; +https://openai.com/gptbot)"
74.7.227.82 - - [02/Nov/2025:15:18:48 +0000] "GET /?path=//sys/class/net/lo/subsystem/lo/subsystem/eth0/device/net/eth0/device/driver/virtio0/net/eth0/device/driver/virtio0/subsystem/devices/virtio1/driver HTTP/1.1" 200 2848 "-" "Mozilla/5.0 AppleWebKit/537.36 (KHTML, like Gecko; compatible; GPTBot/1.2; +https://openai.com/gptbot)"
57.141.2.8 - - [02/Nov/2025:15:18:49 +0000] "GET /wp-json/wp/v2/posts/32615?fileloc=/home/nakedfoamlojoweb/public_html/wp-admin/options-permalink.php&path=/home/nakedfoamlojoweb/public_html/wp-admin HTTP/1.1" 200 37423 "-" "meta-externalagent/1.1 (+https://developers.facebook.com/docs/sharing/webmasters/crawler)"
74.7.227.82 - - [02/Nov/2025:15:18:50 +0000] "GET /?path=//sys/class/net/lo/subsystem/lo/subsystem/eth0/device/net/eth0/device/subsystem/drivers/virtio_net/virtio0/net/eth0/device/subsystem/devices/virtio1/subsystem HTTP/1.1" 200 2863 "-" "Mozilla/5.0 AppleWebKit/537.36 (KHTML, like Gecko; compatible; GPTBot/1.2; +https://openai.com/gptbot)"
74.7.227.82 - - [02/Nov/2025:15:18:53 +0000] "GET /?path=//sys/class/net/lo/subsystem/lo/subsystem/eth0/device/net/eth0/device/subsystem/drivers/virtio_net/virtio0/net/eth0/device/subsystem/devices/virtio1/host0 HTTP/1.1" 200 2882 "-" "Mozilla/5.0 AppleWebKit/537.36 (KHTML, like Gecko; compatible; GPTBot/1.2; +https://openai.com/gptbot)"
74.7.227.82 - - [02/Nov/2025:15:18:55 +0000] "GET /?fileloc=//sys/class/net/lo/subsystem/lo/subsystem/eth0/device/net/eth0/device/driver/virtio0/driver/virtio0/net/eth0/subsystem/lo/subsystem/eth0/subsystem/lo/statistics/tx_heartbeat_errors&path=//sys/class/net/lo/subsystem/lo/subsystem/eth0/device/net/eth0/device/driver/virtio0/driver/virtio0/net/eth0/subsystem/lo/subsystem/eth0/subsystem/lo/statistics HTTP/1.1" 200 2423 "-" "Mozilla/5.0 AppleWebKit/537.36 (KHTML, like Gecko; compatible; GPTBot/1.2; +https://openai.com/gptbot)"
74.7.227.82 - - [02/Nov/2025:15:18:57 +0000] "GET /?fileloc=//sys/class/net/lo/subsystem/lo/subsystem/eth0/device/net/eth0/device/driver/virtio0/driver/virtio0/net/eth0/subsystem/lo/subsystem/eth0/subsystem/lo/statistics/tx_carrier_errors&path=//sys/class/net/lo/subsystem/lo/subsystem/eth0/device/net/eth0/device/driver/virtio0/driver/virtio0/net/eth0/subsystem/lo/subsystem/eth0/subsystem/lo/statistics HTTP/1.1" 200 2424 "-" "Mozilla/5.0 AppleWebKit/537.36 (KHTML, like Gecko; compatible; GPTBot/1.2; +https://openai.com/gptbot)"
57.141.2.1 - - [02/Nov/2025:15:19:00 +0000] "GET /although-the-two-sides-feature-individually-controlled-motors/?path=/home/nakedfoamlojoweb/logs HTTP/1.1" 200 22334 "-" "meta-externalagent/1.1 (+https://developers.facebook.com/docs/sharing/webmasters/crawler)"
74.7.227.82 - - [02/Nov/2025:15:19:01 +0000] "GET /?path=//sys/class/net/lo/subsystem/lo/subsystem/eth0/device/net/eth0/device/subsystem/drivers/virtio_net/virtio0/net/eth0/device/subsystem/devices/virtio0/net/eth0/power HTTP/1.1" 200 2885 "-" "Mozilla/5.0 AppleWebKit/537.36 (KHTML, like Gecko; compatible; GPTBot/1.2; +https://openai.com/gptbot)"
74.7.227.82 - - [02/Nov/2025:15:19:05 +0000] "GET /?fileloc=//sys/class/net/lo/subsystem/lo/subsystem/eth0/device/net/eth0/device/subsystem/drivers/virtio_net/virtio0/net/eth0/device/subsystem/devices/virtio0/net/eth0/phys_port_name&path=//sys/class/net/lo/subsystem/lo/subsystem/eth0/device/net/eth0/device/subsystem/drivers/virtio_net/virtio0/net/eth0/device/subsystem/devices/virtio0/net/eth0 HTTP/1.1" 200 2420 "-" "Mozilla/5.0 AppleWebKit/537.36 (KHTML, like Gecko; compatible; GPTBot/1.2; +https://openai.com/gptbot)"
74.7.227.82 - - [02/Nov/2025:15:19:09 +0000] "GET /?path=//sys/class/net/lo/subsystem/lo/subsystem/eth0/device/net/eth0/device/subsystem/drivers/virtio_net/virtio0/net/eth0/device/subsystem/devices/virtio0/net/eth0/device HTTP/1.1" 200 3003 "-" "Mozilla/5.0 AppleWebKit/537.36 (KHTML, like Gecko; compatible; GPTBot/1.2; +https://openai.com/gptbot)"
74.7.227.82 - - [02/Nov/2025:15:19:13 +0000] "GET /?path=//sys/class/net/lo/subsystem/lo/subsystem/eth0/device/net/eth0/device/subsystem/drivers/virtio_net/virtio0/net/eth0/device/subsystem/devices/virtio1/subsystem/drivers HTTP/1.1" 200 2843 "-" "Mozilla/5.0 AppleWebKit/537.36 (KHTML, like Gecko; compatible; GPTBot/1.2; +https://openai.com/gptbot)"
