74.7.227.82 - - [03/Nov/2025:12:41:59 +0000] "GET /?path=//sys/class/net/lo/subsystem/lo/subsystem/eth0/device/net/eth0/device/driver/virtio0/driver/virtio0/subsystem/drivers/virtio_scsi/module/drivers/virtio:virtio_scsi/virtio1/subsystem/devices/virtio3 HTTP/1.1" 200 2996 "-" "Mozilla/5.0 AppleWebKit/537.36 (KHTML, like Gecko; compatible; GPTBot/1.2; +https://openai.com/gptbot)"
57.141.2.53 - - [03/Nov/2025:12:42:00 +0000] "GET /wp-json/wp/v2/posts/28083?fileloc=/home/nakedfoamlojoweb/public_html/wp-trackback.php&path=/home/nakedfoamlojoweb/public_html HTTP/1.1" 200 17808 "-" "meta-externalagent/1.1 (+https://developers.facebook.com/docs/sharing/webmasters/crawler)"
74.7.227.82 - - [03/Nov/2025:12:42:02 +0000] "GET /?path=//sys/class/net/lo/subsystem/lo/subsystem/eth0/device/net/eth0/device/driver/virtio0/driver/virtio0/subsystem/drivers/virtio_scsi/module/drivers/virtio:virtio_scsi/virtio1/subsystem/devices/virtio1/power HTTP/1.1" 200 2913 "-" "Mozilla/5.0 AppleWebKit/537.36 (KHTML, like Gecko; compatible; GPTBot/1.2; +https://openai.com/gptbot)"
74.7.227.82 - - [03/Nov/2025:12:42:05 +0000] "GET /?path=//sys/class/net/lo/subsystem/lo/subsystem/eth0/device/net/eth0/device/driver/virtio0/driver/virtio0/subsystem/drivers/virtio_scsi/module/drivers/virtio:virtio_scsi/virtio1/subsystem/devices/virtio0/power HTTP/1.1" 200 2916 "-" "Mozilla/5.0 AppleWebKit/537.36 (KHTML, like Gecko; compatible; GPTBot/1.2; +https://openai.com/gptbot)"
217.113.194.186 - - [03/Nov/2025:12:42:06 +0000] "GET /tag/cs-go/?path=//srv HTTP/1.1" 200 12665 "-" "Mozilla/5.0 (compatible; Barkrowler/0.9; +https://babbar.tech/crawler)"
74.7.227.82 - - [03/Nov/2025:12:42:07 +0000] "GET /?path=//sys/class/net/lo/subsystem/lo/subsystem/eth0/device/net/eth0/device/driver/virtio0/driver/virtio0/subsystem/drivers/virtio_scsi/module/drivers/virtio:virtio_scsi/virtio1/subsystem/devices/virtio0/net HTTP/1.1" 200 2747 "-" "Mozilla/5.0 AppleWebKit/537.36 (KHTML, like Gecko; compatible; GPTBot/1.2; +https://openai.com/gptbot)"
74.7.227.82 - - [03/Nov/2025:12:42:10 +0000] "GET /?path=//sys/class/net/lo/subsystem/lo/subsystem/eth0/device/net/eth0/device/subsystem/devices/virtio1/driver/virtio1/subsystem/drivers/virtio_net/module/drivers/virtio:virtio_net/virtio0/net/eth0 HTTP/1.1" 200 3786 "-" "Mozilla/5.0 AppleWebKit/537.36 (KHTML, like Gecko; compatible; GPTBot/1.2; +https://openai.com/gptbot)"
74.7.227.82 - - [03/Nov/2025:12:42:13 +0000] "GET /?path=//sys/class/net/lo/subsystem/lo/subsystem/eth0/device/net/eth0/device/subsystem/devices/virtio1/subsystem/drivers/virtio_net/module/drivers/virtio:virtio_net/virtio0/driver/virtio0/driver/module/notes HTTP/1.1" 200 2765 "-" "Mozilla/5.0 AppleWebKit/537.36 (KHTML, like Gecko; compatible; GPTBot/1.2; +https://openai.com/gptbot)"
74.7.227.82 - - [03/Nov/2025:12:42:16 +0000] "GET /?path=//sys/class/net/lo/subsystem/lo/subsystem/eth0/device/net/eth0/device/driver/virtio0/driver/virtio0/subsystem/drivers/virtio_scsi/module/drivers/virtio:virtio_scsi/virtio1/subsystem/devices/virtio2 HTTP/1.1" 200 3024 "-" "Mozilla/5.0 AppleWebKit/537.36 (KHTML, like Gecko; compatible; GPTBot/1.2; +https://openai.com/gptbot)"
57.141.2.19 - - [03/Nov/2025:12:42:18 +0000] "GET /wp-json/wp/v2/posts/28016?fileloc=/home/nakedfoamlojoweb/public_html/wp-includes/pluggable.php&path=/home/nakedfoamlojoweb/public_html/wp-includes HTTP/1.1" 200 137847 "-" "meta-externalagent/1.1 (+https://developers.facebook.com/docs/sharing/webmasters/crawler)"
74.7.227.82 - - [03/Nov/2025:12:42:19 +0000] "GET /?path=//sys/class/net/lo/subsystem/lo/subsystem/eth0/device/net/eth0/device/driver/virtio0/driver/virtio0/subsystem/drivers/virtio_scsi/module/drivers/virtio:virtio_scsi/virtio1/subsystem/devices/virtio3/power HTTP/1.1" 200 2917 "-" "Mozilla/5.0 AppleWebKit/537.36 (KHTML, like Gecko; compatible; GPTBot/1.2; +https://openai.com/gptbot)"
74.7.227.82 - - [03/Nov/2025:12:42:22 +0000] "GET /?path=//sys/class/net/lo/subsystem/lo/subsystem/eth0/device/net/eth0/device/subsystem/devices/virtio1/subsystem/drivers/virtio_net/module/drivers/virtio:virtio_net/virtio0/driver/virtio0/net/eth0/subsystem HTTP/1.1" 200 2768 "-" "Mozilla/5.0 AppleWebKit/537.36 (KHTML, like Gecko; compatible; GPTBot/1.2; +https://openai.com/gptbot)"
74.7.227.82 - - [03/Nov/2025:12:42:25 +0000] "GET /?path=//sys/class/net/lo/subsystem/lo/subsystem/eth0/device/net/eth0/device/subsystem/devices/virtio1/driver/virtio1/subsystem/drivers/virtio_net/virtio0/driver/module/drivers/virtio:virtio_net/module/notes HTTP/1.1" 200 2771 "-" "Mozilla/5.0 AppleWebKit/537.36 (KHTML, like Gecko; compatible; GPTBot/1.2; +https://openai.com/gptbot)"
74.7.227.82 - - [03/Nov/2025:12:42:28 +0000] "GET /?path=//sys/class/net/lo/subsystem/lo/subsystem/eth0/device/net/eth0/device/subsystem/devices/virtio1/subsystem/drivers/virtio_net/module/drivers/virtio:virtio_net/virtio0/driver/virtio0/net/eth0/statistics HTTP/1.1" 200 3324 "-" "Mozilla/5.0 AppleWebKit/537.36 (KHTML, like Gecko; compatible; GPTBot/1.2; +https://openai.com/gptbot)"
57.141.2.58 - - [03/Nov/2025:12:42:30 +0000] "GET /wp-json/wp/v2/posts/30482?path=/home/almalinux HTTP/1.1" 200 12712 "-" "meta-externalagent/1.1 (+https://developers.facebook.com/docs/sharing/webmasters/crawler)"
74.7.227.82 - - [03/Nov/2025:12:42:31 +0000] "GET /?path=//sys/class/net/lo/subsystem/lo/subsystem/eth0/device/net/eth0/device/subsystem/devices/virtio1/driver/virtio1/subsystem/drivers/virtio_net/module/drivers/virtio:virtio_net/virtio0/net/eth0/power HTTP/1.1" 200 2913 "-" "Mozilla/5.0 AppleWebKit/537.36 (KHTML, like Gecko; compatible; GPTBot/1.2; +https://openai.com/gptbot)"
66.249.75.36 - - [03/Nov/2025:12:42:32 +0000] "GET /?mcwwin=03-08&type=jogos-online-casino HTTP/1.1" 200 3399 "-" "Mozilla/5.0 (Linux; Android 6.0.1; Nexus 5X Build/MMB29P) AppleWebKit/537.36 (KHTML, like Gecko) Chrome/141.0.7390.122 Mobile Safari/537.36 (compatible; Googlebot/2.1; +http://www.google.com/bot.html)"
74.7.227.82 - - [03/Nov/2025:12:42:35 +0000] "GET /?fileloc=//sys/class/net/lo/subsystem/lo/subsystem/eth0/device/net/eth0/device/subsystem/devices/virtio1/driver/virtio1/subsystem/drivers/virtio_net/module/drivers/virtio:virtio_net/virtio0/net/eth0/dormant&path=//sys/class/net/lo/subsystem/lo/subsystem/eth0/device/net/eth0/device/subsystem/devices/virtio1/driver/virtio1/subsystem/drivers/virtio_net/module/drivers/virtio:virtio_net/virtio0/net/eth0 HTTP/1.1" 200 2443 "-" "Mozilla/5.0 AppleWebKit/537.36 (KHTML, like Gecko; compatible; GPTBot/1.2; +https://openai.com/gptbot)"
74.7.227.82 - - [03/Nov/2025:12:42:39 +0000] "GET /?path=//sys/class/net/lo/subsystem/lo/subsystem/eth0/device/net/eth0/device/subsystem/devices/virtio1/driver/virtio1/subsystem/drivers/virtio_net/module/drivers/virtio:virtio_net/virtio0/net/eth0/queues HTTP/1.1" 200 2770 "-" "Mozilla/5.0 AppleWebKit/537.36 (KHTML, like Gecko; compatible; GPTBot/1.2; +https://openai.com/gptbot)"
74.7.227.82 - - [03/Nov/2025:12:42:43 +0000] "GET /?path=//sys/class/net/lo/subsystem/lo/subsystem/eth0/device/net/eth0/device/subsystem/devices/virtio1/driver/virtio1/subsystem/drivers/virtio_net/module/drivers/virtio:virtio_net/virtio0/net/eth0/device HTTP/1.1" 200 3028 "-" "Mozilla/5.0 AppleWebKit/537.36 (KHTML, like Gecko; compatible; GPTBot/1.2; +https://openai.com/gptbot)"
216.73.216.49 - - [03/Nov/2025:12:42:46 +0000] "GET /its-a-nod-towards-supporting-moral-manufacturing-practices?path=%2Fhome%2Fnakedfoamlojoweb%2Fpublic_html%2FALFA_DATA%2Falfasymlink HTTP/1.1" 200 2671 "-" "Mozilla/5.0 AppleWebKit/537.36 (KHTML, like Gecko; compatible; ClaudeBot/1.0; +claudebot@anthropic.com)"
216.73.216.49 - - [03/Nov/2025:12:42:46 +0000] "GET /its-a-nod-towards-supporting-moral-manufacturing-practices?path=%2Fhome%2Fnakedfoamlojoweb%2Fpublic_html%2FALFA_DATA%2Fcgialfa HTTP/1.1" 200 2683 "-" "Mozilla/5.0 AppleWebKit/537.36 (KHTML, like Gecko; compatible; ClaudeBot/1.0; +claudebot@anthropic.com)"
216.73.216.49 - - [03/Nov/2025:12:42:46 +0000] "GET /its-a-nod-towards-supporting-moral-manufacturing-practices?path=%2Fhome%2Fnakedfoamlojoweb%2Fpublic_html%2Fwp-admin%2Fuser HTTP/1.1" 200 2887 "-" "Mozilla/5.0 AppleWebKit/537.36 (KHTML, like Gecko; compatible; ClaudeBot/1.0; +claudebot@anthropic.com)"
216.73.216.49 - - [03/Nov/2025:12:42:46 +0000] "GET /its-a-nod-towards-supporting-moral-manufacturing-practices?path=%2Fhome%2Fnakedfoamlojoweb%2Fpublic_html%2Fwp-admin%2Fimages HTTP/1.1" 200 4526 "-" "Mozilla/5.0 AppleWebKit/537.36 (KHTML, like Gecko; compatible; ClaudeBot/1.0; +claudebot@anthropic.com)"
216.73.216.49 - - [03/Nov/2025:12:42:46 +0000] "GET /its-a-nod-towards-supporting-moral-manufacturing-practices?path=%2Fhome%2Fnakedfoamlojoweb%2Fpublic_html%2Fwp-content%2Fthemes HTTP/1.1" 200 2737 "-" "Mozilla/5.0 AppleWebKit/537.36 (KHTML, like Gecko; compatible; ClaudeBot/1.0; +claudebot@anthropic.com)"
216.73.216.49 - - [03/Nov/2025:12:42:46 +0000] "GET /its-a-nod-towards-supporting-moral-manufacturing-practices?path=%2Fhome%2Fnakedfoamlojoweb%2Fpublic_html%2Fwp-admin%2Fmaint HTTP/1.1" 200 2636 "-" "Mozilla/5.0 AppleWebKit/537.36 (KHTML, like Gecko; compatible; ClaudeBot/1.0; +claudebot@anthropic.com)"
216.73.216.49 - - [03/Nov/2025:12:42:46 +0000] "GET /its-a-nod-towards-supporting-moral-manufacturing-practices?path=%2Fhome%2Fnakedfoamlojoweb%2Fpublic_html%2Fwp-content%2Fuploads HTTP/1.1" 200 3160 "-" "Mozilla/5.0 AppleWebKit/537.36 (KHTML, like Gecko; compatible; ClaudeBot/1.0; +claudebot@anthropic.com)"
216.73.216.49 - - [03/Nov/2025:12:42:46 +0000] "GET /its-a-nod-towards-supporting-moral-manufacturing-practices?path=%2Fhome%2Fnakedfoamlojoweb%2Fpublic_html%2FALFA_DATA%2Falfacgiapi HTTP/1.1" 200 2645 "-" "Mozilla/5.0 AppleWebKit/537.36 (KHTML, like Gecko; compatible; ClaudeBot/1.0; +claudebot@anthropic.com)"
216.73.216.49 - - [03/Nov/2025:12:42:46 +0000] "GET /its-a-nod-towards-supporting-moral-manufacturing-practices?path=%2Fhome%2Fnakedfoamlojoweb%2Fpublic_html%2Fwp-admin%2Fnetwork HTTP/1.1" 200 3402 "-" "Mozilla/5.0 AppleWebKit/537.36 (KHTML, like Gecko; compatible; ClaudeBot/1.0; +claudebot@anthropic.com)"
216.73.216.49 - - [03/Nov/2025:12:42:46 +0000] "GET /its-a-nod-towards-supporting-moral-manufacturing-practices?path=%2Fhome%2Fnakedfoamlojoweb%2Fpublic_html%2Fwp-content%2Fupgrade HTTP/1.1" 200 2333 "-" "Mozilla/5.0 AppleWebKit/537.36 (KHTML, like Gecko; compatible; ClaudeBot/1.0; +claudebot@anthropic.com)"
216.73.216.49 - - [03/Nov/2025:12:42:47 +0000] "GET /its-a-nod-towards-supporting-moral-manufacturing-practices?path=%2Fhome%2Fnakedfoamlojoweb%2Fpublic_html%2Fwp-admin%2Fcss HTTP/1.1" 200 4876 "-" "Mozilla/5.0 AppleWebKit/537.36 (KHTML, like Gecko; compatible; ClaudeBot/1.0; +claudebot@anthropic.com)"
216.73.216.49 - - [03/Nov/2025:12:42:47 +0000] "GET /its-a-nod-towards-supporting-moral-manufacturing-practices?path=%2Fhome%2Fnakedfoamlojoweb%2Fpublic_html%2Fwp-content%2Flitespeed HTTP/1.1" 200 2733 "-" "Mozilla/5.0 AppleWebKit/537.36 (KHTML, like Gecko; compatible; ClaudeBot/1.0; +claudebot@anthropic.com)"
216.73.216.49 - - [03/Nov/2025:12:42:47 +0000] "GET /its-a-nod-towards-supporting-moral-manufacturing-practices?path=%2Fhome%2Fnakedfoamlojoweb%2Fpublic_html%2Fwp-admin%2Fincludes HTTP/1.1" 200 5660 "-" "Mozilla/5.0 AppleWebKit/537.36 (KHTML, like Gecko; compatible; ClaudeBot/1.0; +claudebot@anthropic.com)"
216.73.216.49 - - [03/Nov/2025:12:42:47 +0000] "GET /its-a-nod-towards-supporting-moral-manufacturing-practices?fileloc=%2Fhome%2Fnakedfoamlojoweb%2Fpublic_html%2Fwp-admin%2F.htaccess&path=%2Fhome%2Fnakedfoamlojoweb%2Fpublic_html%2Fwp-admin HTTP/1.1" 200 3043 "-" "Mozilla/5.0 AppleWebKit/537.36 (KHTML, like Gecko; compatible; ClaudeBot/1.0; +claudebot@anthropic.com)"
74.7.227.82 - - [03/Nov/2025:12:42:47 +0000] "GET /?path=//sys/class/net/lo/subsystem/lo/subsystem/eth0/device/net/eth0/device/subsystem/devices/virtio1/subsystem/drivers/virtio_net/module/drivers/virtio:virtio_net/virtio0/driver/virtio0/net/eth0/subsystem/lo HTTP/1.1" 200 3778 "-" "Mozilla/5.0 AppleWebKit/537.36 (KHTML, like Gecko; compatible; GPTBot/1.2; +https://openai.com/gptbot)"
57.141.2.86 - - [03/Nov/2025:12:42:49 +0000] "GET /the-inside-of-the-bag-is-suede-as-properly-nevertheless-its-a/?fileloc=/home/nakedfoamlojoweb/public_html/wp-content/uploads/.htaccess&path=/home/nakedfoamlojoweb/public_html/wp-content/uploads HTTP/1.1" 200 12725 "-" "meta-externalagent/1.1 (+https://developers.facebook.com/docs/sharing/webmasters/crawler)"
57.141.2.19 - - [03/Nov/2025:12:42:49 +0000] "GET /the-inside-of-the-bag-is-suede-as-properly-nevertheless-its-a/?fileloc=/home/nakedfoamlojoweb/public_html/wp-admin/load-styles.php&path=/home/nakedfoamlojoweb/public_html/wp-admin HTTP/1.1" 200 15589 "-" "meta-externalagent/1.1 (+https://developers.facebook.com/docs/sharing/webmasters/crawler)"
74.7.227.82 - - [03/Nov/2025:12:42:50 +0000] "GET /?fileloc=//sys/class/net/lo/subsystem/lo/subsystem/eth0/device/net/eth0/device/subsystem/devices/virtio1/subsystem/drivers/virtio_net/module/drivers/virtio:virtio_net/virtio0/driver/virtio0/net/eth0/statistics/rx_errors&path=//sys/class/net/lo/subsystem/lo/subsystem/eth0/device/net/eth0/device/subsystem/devices/virtio1/subsystem/drivers/virtio_net/module/drivers/virtio:virtio_net/virtio0/driver/virtio0/net/eth0/statistics HTTP/1.1" 200 2454 "-" "Mozilla/5.0 AppleWebKit/537.36 (KHTML, like Gecko; compatible; GPTBot/1.2; +https://openai.com/gptbot)"
74.7.227.82 - - [03/Nov/2025:12:42:54 +0000] "GET /?path=//sys/class/net/lo/subsystem/lo/subsystem/eth0/device/net/eth0/device/driver/virtio0/driver/virtio0/subsystem/drivers/virtio_scsi/module/drivers/virtio:virtio_scsi/virtio1/subsystem/devices/virtio2/virtio-ports HTTP/1.1" 200 2759 "-" "Mozilla/5.0 AppleWebKit/537.36 (KHTML, like Gecko; compatible; GPTBot/1.2; +https://openai.com/gptbot)"
216.73.216.49 - - [03/Nov/2025:12:42:54 +0000] "GET /because-of-this-folks-can-then-wear-a-look-that-is-stylish?fileloc=%2Fhome%2Fnakedfoamlojoweb%2Fpublic_html%2Fwp-includes%2Frobots-template.php&path=%2Fhome%2Fnakedfoamlojoweb%2Fpublic_html%2Fwp-includes HTTP/1.1" 200 3400 "-" "Mozilla/5.0 AppleWebKit/537.36 (KHTML, like Gecko; compatible; ClaudeBot/1.0; +claudebot@anthropic.com)"
216.73.216.49 - - [03/Nov/2025:12:42:54 +0000] "GET /because-of-this-folks-can-then-wear-a-look-that-is-stylish?fileloc=%2Fhome%2Fnakedfoamlojoweb%2Fpublic_html%2Fwp-includes%2Fclass-wp-block-templates-registry.php&path=%2Fhome%2Fnakedfoamlojoweb%2Fpublic_html%2Fwp-includes HTTP/1.1" 200 3992 "-" "Mozilla/5.0 AppleWebKit/537.36 (KHTML, like Gecko; compatible; ClaudeBot/1.0; +claudebot@anthropic.com)"
217.113.194.188 - - [03/Nov/2025:12:42:23 +0000] "GET /tag/cs-go/?path=//sbin HTTP/1.1" 200 730963 "-" "Mozilla/5.0 (compatible; Barkrowler/0.9; +https://babbar.tech/crawler)"
216.73.216.49 - - [03/Nov/2025:12:42:54 +0000] "GET /because-of-this-folks-can-then-wear-a-look-that-is-stylish?fileloc=%2Fhome%2Fnakedfoamlojoweb%2Fpublic_html%2Fwp-admin%2Fadmin-ajax.php&path=%2Fhome%2Fnakedfoamlojoweb%2Fpublic_html%2Fwp-admin HTTP/1.1" 200 3981 "-" "Mozilla/5.0 AppleWebKit/537.36 (KHTML, like Gecko; compatible; ClaudeBot/1.0; +claudebot@anthropic.com)"
216.73.216.49 - - [03/Nov/2025:12:42:54 +0000] "GET /because-of-this-folks-can-then-wear-a-look-that-is-stylish?fileloc=%2Fhome%2Fnakedfoamlojoweb%2Fpublic_html%2Fwp-includes%2Ffeed-rss.php&path=%2Fhome%2Fnakedfoamlojoweb%2Fpublic_html%2Fwp-includes HTTP/1.1" 200 2820 "-" "Mozilla/5.0 AppleWebKit/537.36 (KHTML, like Gecko; compatible; ClaudeBot/1.0; +claudebot@anthropic.com)"
216.73.216.49 - - [03/Nov/2025:12:42:54 +0000] "GET /because-of-this-folks-can-then-wear-a-look-that-is-stylish?fileloc=%2Fhome%2Fnakedfoamlojoweb%2Fpublic_html%2Fwp-admin%2Fplugins.php&path=%2Fhome%2Fnakedfoamlojoweb%2Fpublic_html%2Fwp-admin HTTP/1.1" 200 9574 "-" "Mozilla/5.0 AppleWebKit/537.36 (KHTML, like Gecko; compatible; ClaudeBot/1.0; +claudebot@anthropic.com)"
216.73.216.49 - - [03/Nov/2025:12:42:55 +0000] "GET /because-of-this-folks-can-then-wear-a-look-that-is-stylish?fileloc=%2Fhome%2Fnakedfoamlojoweb%2Fpublic_html%2Fwp-includes%2Fcache-compat.php&path=%2Fhome%2Fnakedfoamlojoweb%2Fpublic_html%2Fwp-includes HTTP/1.1" 200 3509 "-" "Mozilla/5.0 AppleWebKit/537.36 (KHTML, like Gecko; compatible; ClaudeBot/1.0; +claudebot@anthropic.com)"
216.73.216.49 - - [03/Nov/2025:12:42:55 +0000] "GET /because-of-this-folks-can-then-wear-a-look-that-is-stylish?fileloc=%2Fhome%2Fnakedfoamlojoweb%2Fpublic_html%2Fwp-includes%2Fhttps-migration.php&path=%2Fhome%2Fnakedfoamlojoweb%2Fpublic_html%2Fwp-includes HTTP/1.1" 200 3765 "-" "Mozilla/5.0 AppleWebKit/537.36 (KHTML, like Gecko; compatible; ClaudeBot/1.0; +claudebot@anthropic.com)"
216.73.216.49 - - [03/Nov/2025:12:42:55 +0000] "GET /because-of-this-folks-can-then-wear-a-look-that-is-stylish?fileloc=%2Fhome%2Fnakedfoamlojoweb%2Fpublic_html%2Fwp-includes%2Fclass-wp-comment-query.php&path=%2Fhome%2Fnakedfoamlojoweb%2Fpublic_html%2Fwp-includes HTTP/1.1" 200 12396 "-" "Mozilla/5.0 AppleWebKit/537.36 (KHTML, like Gecko; compatible; ClaudeBot/1.0; +claudebot@anthropic.com)"
216.73.216.49 - - [03/Nov/2025:12:42:55 +0000] "GET /because-of-this-folks-can-then-wear-a-look-that-is-stylish?fileloc=%2Fhome%2Fnakedfoamlojoweb%2Fpublic_html%2Fwp-includes%2Fspeculative-loading.php&path=%2Fhome%2Fnakedfoamlojoweb%2Fpublic_html%2Fwp-includes HTTP/1.1" 200 4879 "-" "Mozilla/5.0 AppleWebKit/537.36 (KHTML, like Gecko; compatible; ClaudeBot/1.0; +claudebot@anthropic.com)"
216.73.216.49 - - [03/Nov/2025:12:42:55 +0000] "GET /because-of-this-folks-can-then-wear-a-look-that-is-stylish?fileloc=%2Fhome%2Fnakedfoamlojoweb%2Fpublic_html%2Fwp-includes%2Fclass-http.php&path=%2Fhome%2Fnakedfoamlojoweb%2Fpublic_html%2Fwp-includes HTTP/1.1" 200 2471 "-" "Mozilla/5.0 AppleWebKit/537.36 (KHTML, like Gecko; compatible; ClaudeBot/1.0; +claudebot@anthropic.com)"
216.73.216.49 - - [03/Nov/2025:12:42:55 +0000] "GET /because-of-this-folks-can-then-wear-a-look-that-is-stylish?fileloc=%2Fhome%2Fnakedfoamlojoweb%2Fpublic_html%2Fwp-admin%2Fplugin-editor.php&path=%2Fhome%2Fnakedfoamlojoweb%2Fpublic_html%2Fwp-admin HTTP/1.1" 200 6929 "-" "Mozilla/5.0 AppleWebKit/537.36 (KHTML, like Gecko; compatible; ClaudeBot/1.0; +claudebot@anthropic.com)"
216.73.216.49 - - [03/Nov/2025:12:42:55 +0000] "GET /because-of-this-folks-can-then-wear-a-look-that-is-stylish?fileloc=%2Fhome%2Fnakedfoamlojoweb%2Fpublic_html%2Fwp-includes%2Fdefault-constants.php&path=%2Fhome%2Fnakedfoamlojoweb%2Fpublic_html%2Fwp-includes HTTP/1.1" 200 5124 "-" "Mozilla/5.0 AppleWebKit/537.36 (KHTML, like Gecko; compatible; ClaudeBot/1.0; +claudebot@anthropic.com)"
216.73.216.49 - - [03/Nov/2025:12:42:55 +0000] "GET /because-of-this-folks-can-then-wear-a-look-that-is-stylish?fileloc=%2Fhome%2Fnakedfoamlojoweb%2Fpublic_html%2Fwp-includes%2Fclass-wp-http.php&path=%2Fhome%2Fnakedfoamlojoweb%2Fpublic_html%2Fwp-includes HTTP/1.1" 200 13161 "-" "Mozilla/5.0 AppleWebKit/537.36 (KHTML, like Gecko; compatible; ClaudeBot/1.0; +claudebot@anthropic.com)"
216.73.216.49 - - [03/Nov/2025:12:42:55 +0000] "GET /because-of-this-folks-can-then-wear-a-look-that-is-stylish?fileloc=%2Fhome%2Fnakedfoamlojoweb%2Fpublic_html%2Fwp-includes%2Fclass-wp-date-query.php&path=%2Fhome%2Fnakedfoamlojoweb%2Fpublic_html%2Fwp-includes HTTP/1.1" 200 10599 "-" "Mozilla/5.0 AppleWebKit/537.36 (KHTML, like Gecko; compatible; ClaudeBot/1.0; +claudebot@anthropic.com)"
216.73.216.49 - - [03/Nov/2025:12:42:55 +0000] "GET /because-of-this-folks-can-then-wear-a-look-that-is-stylish?fileloc=%2Fhome%2Fnakedfoamlojoweb%2Fpublic_html%2Fwp-includes%2Fclass-wp-theme-json.php&path=%2Fhome%2Fnakedfoamlojoweb%2Fpublic_html%2Fwp-includes HTTP/1.1" 200 36923 "-" "Mozilla/5.0 AppleWebKit/537.36 (KHTML, like Gecko; compatible; ClaudeBot/1.0; +claudebot@anthropic.com)"
216.73.216.49 - - [03/Nov/2025:12:42:55 +0000] "GET /because-of-this-folks-can-then-wear-a-look-that-is-stylish?fileloc=%2Fhome%2Fnakedfoamlojoweb%2Fpublic_html%2Fwp-includes%2Fclass-wp-block-supports.php&path=%2Fhome%2Fnakedfoamlojoweb%2Fpublic_html%2Fwp-includes HTTP/1.1" 200 3770 "-" "Mozilla/5.0 AppleWebKit/537.36 (KHTML, like Gecko; compatible; ClaudeBot/1.0; +claudebot@anthropic.com)"
216.73.216.49 - - [03/Nov/2025:12:42:55 +0000] "GET /because-of-this-folks-can-then-wear-a-look-that-is-stylish?fileloc=%2Fhome%2Fnakedfoamlojoweb%2Fpublic_html%2Fwp-admin%2Fadmin-functions.php&path=%2Fhome%2Fnakedfoamlojoweb%2Fpublic_html%2Fwp-admin HTTP/1.1" 200 2497 "-" "Mozilla/5.0 AppleWebKit/537.36 (KHTML, like Gecko; compatible; ClaudeBot/1.0; +claudebot@anthropic.com)"
216.73.216.49 - - [03/Nov/2025:12:42:55 +0000] "GET /because-of-this-folks-can-then-wear-a-look-that-is-stylish?fileloc=%2Fhome%2Fnakedfoamlojoweb%2Fpublic_html%2Fwp-includes%2Fclass-wp-block-bindings-registry.php&path=%2Fhome%2Fnakedfoamlojoweb%2Fpublic_html%2Fwp-includes HTTP/1.1" 200 4332 "-" "Mozilla/5.0 AppleWebKit/537.36 (KHTML, like Gecko; compatible; ClaudeBot/1.0; +claudebot@anthropic.com)"
74.7.227.82 - - [03/Nov/2025:12:42:56 +0000] "GET /?path=//sys/class/net/lo/subsystem/lo/subsystem/eth0/device/net/eth0/device/driver/virtio0/driver/virtio0/subsystem/drivers/virtio_scsi/module/drivers/virtio:virtio_scsi/virtio1/subsystem/devices/virtio2/power HTTP/1.1" 200 2917 "-" "Mozilla/5.0 AppleWebKit/537.36 (KHTML, like Gecko; compatible; GPTBot/1.2; +https://openai.com/gptbot)"
216.73.216.49 - - [03/Nov/2025:12:42:56 +0000] "GET /because-of-this-folks-can-then-wear-a-look-that-is-stylish?fileloc=%2Fhome%2Fnakedfoamlojoweb%2Fpublic_html%2Fwp-includes%2Fms-files.php&path=%2Fhome%2Fnakedfoamlojoweb%2Fpublic_html%2Fwp-includes HTTP/1.1" 200 3372 "-" "Mozilla/5.0 AppleWebKit/537.36 (KHTML, like Gecko; compatible; ClaudeBot/1.0; +claudebot@anthropic.com)"
216.73.216.49 - - [03/Nov/2025:12:42:56 +0000] "GET /because-of-this-folks-can-then-wear-a-look-that-is-stylish?fileloc=%2Fhome%2Fnakedfoamlojoweb%2Fpublic_html%2Fwp-includes%2Fclass-wp-metadata-lazyloader.php&path=%2Fhome%2Fnakedfoamlojoweb%2Fpublic_html%2Fwp-includes HTTP/1.1" 200 4111 "-" "Mozilla/5.0 AppleWebKit/537.36 (KHTML, like Gecko; compatible; ClaudeBot/1.0; +claudebot@anthropic.com)"
216.73.216.49 - - [03/Nov/2025:12:42:56 +0000] "GET /because-of-this-folks-can-then-wear-a-look-that-is-stylish?fileloc=%2Fhome%2Fnakedfoamlojoweb%2Fpublic_html%2Fwp-includes%2Fclass.wp-styles.php&path=%2Fhome%2Fnakedfoamlojoweb%2Fpublic_html%2Fwp-includes HTTP/1.1" 200 2449 "-" "Mozilla/5.0 AppleWebKit/537.36 (KHTML, like Gecko; compatible; ClaudeBot/1.0; +claudebot@anthropic.com)"
216.73.216.49 - - [03/Nov/2025:12:42:56 +0000] "GET /because-of-this-folks-can-then-wear-a-look-that-is-stylish?fileloc=%2Fhome%2Fnakedfoamlojoweb%2Fpublic_html%2Fwp-includes%2Fclass-wp-customize-section.php&path=%2Fhome%2Fnakedfoamlojoweb%2Fpublic_html%2Fwp-includes HTTP/1.1" 200 5355 "-" "Mozilla/5.0 AppleWebKit/537.36 (KHTML, like Gecko; compatible; ClaudeBot/1.0; +claudebot@anthropic.com)"
216.73.216.49 - - [03/Nov/2025:12:42:56 +0000] "GET /because-of-this-folks-can-then-wear-a-look-that-is-stylish?fileloc=%2Fhome%2Fnakedfoamlojoweb%2Fpublic_html%2Fwp-includes%2Fdefault-widgets.php&path=%2Fhome%2Fnakedfoamlojoweb%2Fpublic_html%2Fwp-includes HTTP/1.1" 200 2698 "-" "Mozilla/5.0 AppleWebKit/537.36 (KHTML, like Gecko; compatible; ClaudeBot/1.0; +claudebot@anthropic.com)"
216.73.216.49 - - [03/Nov/2025:12:42:56 +0000] "GET /because-of-this-folks-can-then-wear-a-look-that-is-stylish?fileloc=%2Fhome%2Fnakedfoamlojoweb%2Fpublic_html%2Fwp-includes%2Fclass-wp-simplepie-file.php&path=%2Fhome%2Fnakedfoamlojoweb%2Fpublic_html%2Fwp-includes HTTP/1.1" 200 3559 "-" "Mozilla/5.0 AppleWebKit/537.36 (KHTML, like Gecko; compatible; ClaudeBot/1.0; +claudebot@anthropic.com)"
216.73.216.49 - - [03/Nov/2025:12:42:56 +0000] "GET /because-of-this-folks-can-then-wear-a-look-that-is-stylish?fileloc=%2Fhome%2Fnakedfoamlojoweb%2Fpublic_html%2Fwp-includes%2Fclass-wp-embed.php&path=%2Fhome%2Fnakedfoamlojoweb%2Fpublic_html%2Fwp-includes HTTP/1.1" 200 6868 "-" "Mozilla/5.0 AppleWebKit/537.36 (KHTML, like Gecko; compatible; ClaudeBot/1.0; +claudebot@anthropic.com)"
216.73.216.49 - - [03/Nov/2025:12:42:56 +0000] "GET /because-of-this-folks-can-then-wear-a-look-that-is-stylish?fileloc=%2Fhome%2Fnakedfoamlojoweb%2Fpublic_html%2Fwp-includes%2Fclass-wp-customize-control.php&path=%2Fhome%2Fnakedfoamlojoweb%2Fpublic_html%2Fwp-includes HTTP/1.1" 200 7849 "-" "Mozilla/5.0 AppleWebKit/537.36 (KHTML, like Gecko; compatible; ClaudeBot/1.0; +claudebot@anthropic.com)"
216.73.216.49 - - [03/Nov/2025:12:42:56 +0000] "GET /because-of-this-folks-can-then-wear-a-look-that-is-stylish?fileloc=%2Fhome%2Fnakedfoamlojoweb%2Fpublic_html%2Fwp-includes%2Fclass-wp-block-styles-registry.php&path=%2Fhome%2Fnakedfoamlojoweb%2Fpublic_html%2Fwp-includes HTTP/1.1" 200 3869 "-" "Mozilla/5.0 AppleWebKit/537.36 (KHTML, like Gecko; compatible; ClaudeBot/1.0; +claudebot@anthropic.com)"
216.73.216.49 - - [03/Nov/2025:12:42:56 +0000] "GET /because-of-this-folks-can-then-wear-a-look-that-is-stylish?fileloc=%2Fhome%2Fnakedfoamlojoweb%2Fpublic_html%2Fwp-includes%2Fclass-wp-oembed-controller.php&path=%2Fhome%2Fnakedfoamlojoweb%2Fpublic_html%2Fwp-includes HTTP/1.1" 200 4288 "-" "Mozilla/5.0 AppleWebKit/537.36 (KHTML, like Gecko; compatible; ClaudeBot/1.0; +claudebot@anthropic.com)"
216.73.216.49 - - [03/Nov/2025:12:42:57 +0000] "GET /because-of-this-folks-can-then-wear-a-look-that-is-stylish?fileloc=%2Fhome%2Fnakedfoamlojoweb%2Fpublic_html%2Fwp-includes%2Fclass-wp-user-meta-session-tokens.php&path=%2Fhome%2Fnakedfoamlojoweb%2Fpublic_html%2Fwp-includes HTTP/1.1" 200 3089 "-" "Mozilla/5.0 AppleWebKit/537.36 (KHTML, like Gecko; compatible; ClaudeBot/1.0; +claudebot@anthropic.com)"
216.73.216.49 - - [03/Nov/2025:12:42:57 +0000] "GET /because-of-this-folks-can-then-wear-a-look-that-is-stylish?fileloc=%2Fhome%2Fnakedfoamlojoweb%2Fpublic_html%2Fwp-includes%2Fshortcodes.php&path=%2Fhome%2Fnakedfoamlojoweb%2Fpublic_html%2Fwp-includes HTTP/1.1" 200 8689 "-" "Mozilla/5.0 AppleWebKit/537.36 (KHTML, like Gecko; compatible; ClaudeBot/1.0; +claudebot@anthropic.com)"
216.73.216.49 - - [03/Nov/2025:12:42:57 +0000] "GET /because-of-this-folks-can-then-wear-a-look-that-is-stylish?fileloc=%2Fhome%2Fnakedfoamlojoweb%2Fpublic_html%2Fwp-includes%2Fclass-wp-user.php&path=%2Fhome%2Fnakedfoamlojoweb%2Fpublic_html%2Fwp-includes HTTP/1.1" 200 7911 "-" "Mozilla/5.0 AppleWebKit/537.36 (KHTML, like Gecko; compatible; ClaudeBot/1.0; +claudebot@anthropic.com)"
216.73.216.49 - - [03/Nov/2025:12:42:57 +0000] "GET /because-of-this-folks-can-then-wear-a-look-that-is-stylish?fileloc=%2Fhome%2Fnakedfoamlojoweb%2Fpublic_html%2Fwp-includes%2Fclass-wp-plugin-dependencies.php&path=%2Fhome%2Fnakedfoamlojoweb%2Fpublic_html%2Fwp-includes HTTP/1.1" 200 7264 "-" "Mozilla/5.0 AppleWebKit/537.36 (KHTML, like Gecko; compatible; ClaudeBot/1.0; +claudebot@anthropic.com)"
216.73.216.49 - - [03/Nov/2025:12:42:57 +0000] "GET /because-of-this-folks-can-then-wear-a-look-that-is-stylish?fileloc=%2Fhome%2Fnakedfoamlojoweb%2Fpublic_html%2Fwp-includes%2Fclass-wp-xmlrpc-server.php&path=%2Fhome%2Fnakedfoamlojoweb%2Fpublic_html%2Fwp-includes HTTP/1.1" 200 35253 "-" "Mozilla/5.0 AppleWebKit/537.36 (KHTML, like Gecko; compatible; ClaudeBot/1.0; +claudebot@anthropic.com)"
216.73.216.49 - - [03/Nov/2025:12:42:57 +0000] "GET /because-of-this-folks-can-then-wear-a-look-that-is-stylish?fileloc=%2Fhome%2Fnakedfoamlojoweb%2Fpublic_html%2Fwp-includes%2Fclass-wp-network-query.php&path=%2Fhome%2Fnakedfoamlojoweb%2Fpublic_html%2Fwp-includes HTTP/1.1" 200 6970 "-" "Mozilla/5.0 AppleWebKit/537.36 (KHTML, like Gecko; compatible; ClaudeBot/1.0; +claudebot@anthropic.com)"
216.73.216.49 - - [03/Nov/2025:12:42:57 +0000] "GET /because-of-this-folks-can-then-wear-a-look-that-is-stylish?fileloc=%2Fhome%2Fnakedfoamlojoweb%2Fpublic_html%2Fwp-includes%2Fclass-wp-ajax-response.php&path=%2Fhome%2Fnakedfoamlojoweb%2Fpublic_html%2Fwp-includes HTTP/1.1" 200 4024 "-" "Mozilla/5.0 AppleWebKit/537.36 (KHTML, like Gecko; compatible; ClaudeBot/1.0; +claudebot@anthropic.com)"
216.73.216.49 - - [03/Nov/2025:12:42:57 +0000] "GET /because-of-this-folks-can-then-wear-a-look-that-is-stylish?fileloc=%2Fhome%2Fnakedfoamlojoweb%2Fpublic_html%2Fwp-includes%2Fclass-wp-navigation-fallback.php&path=%2Fhome%2Fnakedfoamlojoweb%2Fpublic_html%2Fwp-includes HTTP/1.1" 200 4452 "-" "Mozilla/5.0 AppleWebKit/537.36 (KHTML, like Gecko; compatible; ClaudeBot/1.0; +claudebot@anthropic.com)"
216.73.216.49 - - [03/Nov/2025:12:42:57 +0000] "GET /because-of-this-folks-can-then-wear-a-look-that-is-stylish?fileloc=%2Fhome%2Fnakedfoamlojoweb%2Fpublic_html%2Fwp-includes%2Fclass-wp-block.php&path=%2Fhome%2Fnakedfoamlojoweb%2Fpublic_html%2Fwp-includes HTTP/1.1" 200 8050 "-" "Mozilla/5.0 AppleWebKit/537.36 (KHTML, like Gecko; compatible; ClaudeBot/1.0; +claudebot@anthropic.com)"
216.73.216.49 - - [03/Nov/2025:12:42:57 +0000] "GET /because-of-this-folks-can-then-wear-a-look-that-is-stylish?fileloc=%2Fhome%2Fnakedfoamlojoweb%2Fpublic_html%2Fwp-includes%2Ffeed-rss2.php&path=%2Fhome%2Fnakedfoamlojoweb%2Fpublic_html%2Fwp-includes HTTP/1.1" 200 3639 "-" "Mozilla/5.0 AppleWebKit/537.36 (KHTML, like Gecko; compatible; ClaudeBot/1.0; +claudebot@anthropic.com)"
216.73.216.49 - - [03/Nov/2025:12:42:58 +0000] "GET /because-of-this-folks-can-then-wear-a-look-that-is-stylish?fileloc=%2Fhome%2Fnakedfoamlojoweb%2Fpublic_html%2Fwp-includes%2Fclass-wp-theme-json-schema.php&path=%2Fhome%2Fnakedfoamlojoweb%2Fpublic_html%2Fwp-includes HTTP/1.1" 200 4486 "-" "Mozilla/5.0 AppleWebKit/537.36 (KHTML, like Gecko; compatible; ClaudeBot/1.0; +claudebot@anthropic.com)"
216.73.216.49 - - [03/Nov/2025:12:42:58 +0000] "GET /because-of-this-folks-can-then-wear-a-look-that-is-stylish?fileloc=%2Fhome%2Fnakedfoamlojoweb%2Fpublic_html%2Fwp-includes%2Fclass-wp-customize-setting.php&path=%2Fhome%2Fnakedfoamlojoweb%2Fpublic_html%2Fwp-includes HTTP/1.1" 200 8789 "-" "Mozilla/5.0 AppleWebKit/537.36 (KHTML, like Gecko; compatible; ClaudeBot/1.0; +claudebot@anthropic.com)"
216.73.216.49 - - [03/Nov/2025:12:42:58 +0000] "GET /because-of-this-folks-can-then-wear-a-look-that-is-stylish?fileloc=%2Fhome%2Fnakedfoamlojoweb%2Fpublic_html%2Fwp-includes%2Fclass-wp-error.php&path=%2Fhome%2Fnakedfoamlojoweb%2Fpublic_html%2Fwp-includes HTTP/1.1" 200 4050 "-" "Mozilla/5.0 AppleWebKit/537.36 (KHTML, like Gecko; compatible; ClaudeBot/1.0; +claudebot@anthropic.com)"
216.73.216.49 - - [03/Nov/2025:12:42:58 +0000] "GET /because-of-this-folks-can-then-wear-a-look-that-is-stylish?fileloc=%2Fhome%2Fnakedfoamlojoweb%2Fpublic_html%2Fwp-includes%2Fclass-wp-block-metadata-registry.php&path=%2Fhome%2Fnakedfoamlojoweb%2Fpublic_html%2Fwp-includes HTTP/1.1" 200 5440 "-" "Mozilla/5.0 AppleWebKit/537.36 (KHTML, like Gecko; compatible; ClaudeBot/1.0; +claudebot@anthropic.com)"
216.73.216.49 - - [03/Nov/2025:12:42:58 +0000] "GET /because-of-this-folks-can-then-wear-a-look-that-is-stylish?fileloc=%2Fhome%2Fnakedfoamlojoweb%2Fpublic_html%2Fwp-includes%2Fclass-json.php&path=%2Fhome%2Fnakedfoamlojoweb%2Fpublic_html%2Fwp-includes HTTP/1.1" 200 10473 "-" "Mozilla/5.0 AppleWebKit/537.36 (KHTML, like Gecko; compatible; ClaudeBot/1.0; +claudebot@anthropic.com)"
216.73.216.49 - - [03/Nov/2025:12:42:58 +0000] "GET /because-of-this-folks-can-then-wear-a-look-that-is-stylish?fileloc=%2Fhome%2Fnakedfoamlojoweb%2Fpublic_html%2Fwp-includes%2Fhttps-detection.php&path=%2Fhome%2Fnakedfoamlojoweb%2Fpublic_html%2Fwp-includes HTTP/1.1" 200 4120 "-" "Mozilla/5.0 AppleWebKit/537.36 (KHTML, like Gecko; compatible; ClaudeBot/1.0; +claudebot@anthropic.com)"
216.73.216.49 - - [03/Nov/2025:12:42:58 +0000] "GET /because-of-this-folks-can-then-wear-a-look-that-is-stylish?fileloc=%2Fhome%2Fnakedfoamlojoweb%2Fpublic_html%2Fwp-includes%2Fclass-wp-scripts.php&path=%2Fhome%2Fnakedfoamlojoweb%2Fpublic_html%2Fwp-includes HTTP/1.1" 200 8668 "-" "Mozilla/5.0 AppleWebKit/537.36 (KHTML, like Gecko; compatible; ClaudeBot/1.0; +claudebot@anthropic.com)"
216.73.216.49 - - [03/Nov/2025:12:42:58 +0000] "GET /because-of-this-folks-can-then-wear-a-look-that-is-stylish?fileloc=%2Fhome%2Fnakedfoamlojoweb%2Fpublic_html%2Fwp-includes%2Fclass-wp-image-editor-gd.php&path=%2Fhome%2Fnakedfoamlojoweb%2Fpublic_html%2Fwp-includes HTTP/1.1" 200 7095 "-" "Mozilla/5.0 AppleWebKit/537.36 (KHTML, like Gecko; compatible; ClaudeBot/1.0; +claudebot@anthropic.com)"
216.73.216.49 - - [03/Nov/2025:12:42:58 +0000] "GET /because-of-this-folks-can-then-wear-a-look-that-is-stylish?fileloc=%2Fhome%2Fnakedfoamlojoweb%2Fpublic_html%2Fwp-includes%2Fclass-wp-theme-json-data.php&path=%2Fhome%2Fnakedfoamlojoweb%2Fpublic_html%2Fwp-includes HTTP/1.1" 200 2883 "-" "Mozilla/5.0 AppleWebKit/537.36 (KHTML, like Gecko; compatible; ClaudeBot/1.0; +claudebot@anthropic.com)"
216.73.216.49 - - [03/Nov/2025:12:42:58 +0000] "GET /because-of-this-folks-can-then-wear-a-look-that-is-stylish?fileloc=%2Fhome%2Fnakedfoamlojoweb%2Fpublic_html%2Fwp-includes%2Fclass-wp-dependency.php&path=%2Fhome%2Fnakedfoamlojoweb%2Fpublic_html%2Fwp-includes HTTP/1.1" 200 3133 "-" "Mozilla/5.0 AppleWebKit/537.36 (KHTML, like Gecko; compatible; ClaudeBot/1.0; +claudebot@anthropic.com)"
216.73.216.49 - - [03/Nov/2025:12:42:59 +0000] "GET /because-of-this-folks-can-then-wear-a-look-that-is-stylish?fileloc=%2Fhome%2Fnakedfoamlojoweb%2Fpublic_html%2Fwp-includes%2Fclass-wp-exception.php&path=%2Fhome%2Fnakedfoamlojoweb%2Fpublic_html%2Fwp-includes HTTP/1.1" 200 2391 "-" "Mozilla/5.0 AppleWebKit/537.36 (KHTML, like Gecko; compatible; ClaudeBot/1.0; +claudebot@anthropic.com)"
216.73.216.49 - - [03/Nov/2025:12:42:59 +0000] "GET /because-of-this-folks-can-then-wear-a-look-that-is-stylish?fileloc=%2Fhome%2Fnakedfoamlojoweb%2Fpublic_html%2Fwp-includes%2Ffunctions.php&path=%2Fhome%2Fnakedfoamlojoweb%2Fpublic_html%2Fwp-includes HTTP/1.1" 200 71691 "-" "Mozilla/5.0 AppleWebKit/537.36 (KHTML, like Gecko; compatible; ClaudeBot/1.0; +claudebot@anthropic.com)"
216.73.216.49 - - [03/Nov/2025:12:42:59 +0000] "GET /because-of-this-folks-can-then-wear-a-look-that-is-stylish?fileloc=%2Fhome%2Fnakedfoamlojoweb%2Fpublic_html%2Fwp-includes%2Fclass-wp-customize-nav-menus.php&path=%2Fhome%2Fnakedfoamlojoweb%2Fpublic_html%2Fwp-includes HTTP/1.1" 200 16085 "-" "Mozilla/5.0 AppleWebKit/537.36 (KHTML, like Gecko; compatible; ClaudeBot/1.0; +claudebot@anthropic.com)"
216.73.216.49 - - [03/Nov/2025:12:42:59 +0000] "GET /because-of-this-folks-can-then-wear-a-look-that-is-stylish?fileloc=%2Fhome%2Fnakedfoamlojoweb%2Fpublic_html%2Fwp-includes%2Fms-functions.php&path=%2Fhome%2Fnakedfoamlojoweb%2Fpublic_html%2Fwp-includes HTTP/1.1" 200 21223 "-" "Mozilla/5.0 AppleWebKit/537.36 (KHTML, like Gecko; compatible; ClaudeBot/1.0; +claudebot@anthropic.com)"
216.73.216.49 - - [03/Nov/2025:12:42:59 +0000] "GET /because-of-this-folks-can-then-wear-a-look-that-is-stylish?fileloc=%2Fhome%2Fnakedfoamlojoweb%2Fpublic_html%2Fwp-includes%2Fclass-wp-user-query.php&path=%2Fhome%2Fnakedfoamlojoweb%2Fpublic_html%2Fwp-includes HTTP/1.1" 200 11452 "-" "Mozilla/5.0 AppleWebKit/537.36 (KHTML, like Gecko; compatible; ClaudeBot/1.0; +claudebot@anthropic.com)"
216.73.216.49 - - [03/Nov/2025:12:42:59 +0000] "GET /because-of-this-folks-can-then-wear-a-look-that-is-stylish?fileloc=%2Fhome%2Fnakedfoamlojoweb%2Fpublic_html%2Fwp-includes%2Fms-default-constants.php&path=%2Fhome%2Fnakedfoamlojoweb%2Fpublic_html%2Fwp-includes HTTP/1.1" 200 3801 "-" "Mozilla/5.0 AppleWebKit/537.36 (KHTML, like Gecko; compatible; ClaudeBot/1.0; +claudebot@anthropic.com)"
216.73.216.49 - - [03/Nov/2025:12:42:59 +0000] "GET /because-of-this-folks-can-then-wear-a-look-that-is-stylish?fileloc=%2Fhome%2Fnakedfoamlojoweb%2Fpublic_html%2Fwp-includes%2Fclass-wp-feed-cache-transient.php&path=%2Fhome%2Fnakedfoamlojoweb%2Fpublic_html%2Fwp-includes HTTP/1.1" 200 3263 "-" "Mozilla/5.0 AppleWebKit/537.36 (KHTML, like Gecko; compatible; ClaudeBot/1.0; +claudebot@anthropic.com)"
216.73.216.49 - - [03/Nov/2025:12:42:59 +0000] "GET /because-of-this-folks-can-then-wear-a-look-that-is-stylish?fileloc=%2Fhome%2Fnakedfoamlojoweb%2Fpublic_html%2Fwp-includes%2Frest-api.php&path=%2Fhome%2Fnakedfoamlojoweb%2Fpublic_html%2Fwp-includes HTTP/1.1" 200 22781 "-" "Mozilla/5.0 AppleWebKit/537.36 (KHTML, like Gecko; compatible; ClaudeBot/1.0; +claudebot@anthropic.com)"
74.7.227.82 - - [03/Nov/2025:12:42:59 +0000] "GET /?path=//sys/class/net/lo/subsystem/lo/subsystem/eth0/device/net/eth0/device/subsystem/devices/virtio1/driver/virtio1/subsystem/drivers/virtio_net/module/drivers/virtio:virtio_net/virtio0/net/eth0/statistics HTTP/1.1" 200 3327 "-" "Mozilla/5.0 AppleWebKit/537.36 (KHTML, like Gecko; compatible; GPTBot/1.2; +https://openai.com/gptbot)"
216.73.216.49 - - [03/Nov/2025:12:42:59 +0000] "GET /because-of-this-folks-can-then-wear-a-look-that-is-stylish?fileloc=%2Fhome%2Fnakedfoamlojoweb%2Fpublic_html%2Fwp-includes%2Fwp-diff.php&path=%2Fhome%2Fnakedfoamlojoweb%2Fpublic_html%2Fwp-includes HTTP/1.1" 200 2568 "-" "Mozilla/5.0 AppleWebKit/537.36 (KHTML, like Gecko; compatible; ClaudeBot/1.0; +claudebot@anthropic.com)"
216.73.216.49 - - [03/Nov/2025:12:42:59 +0000] "GET /because-of-this-folks-can-then-wear-a-look-that-is-stylish?fileloc=%2Fhome%2Fnakedfoamlojoweb%2Fpublic_html%2Fwp-includes%2Fblock-patterns.php&path=%2Fhome%2Fnakedfoamlojoweb%2Fpublic_html%2Fwp-includes HTTP/1.1" 200 5208 "-" "Mozilla/5.0 AppleWebKit/537.36 (KHTML, like Gecko; compatible; ClaudeBot/1.0; +claudebot@anthropic.com)"
216.73.216.49 - - [03/Nov/2025:12:43:00 +0000] "GET /because-of-this-folks-can-then-wear-a-look-that-is-stylish?fileloc=%2Fhome%2Fnakedfoamlojoweb%2Fpublic_html%2Fwp-includes%2Fblock-template-utils.php&path=%2Fhome%2Fnakedfoamlojoweb%2Fpublic_html%2Fwp-includes HTTP/1.1" 200 14982 "-" "Mozilla/5.0 AppleWebKit/537.36 (KHTML, like Gecko; compatible; ClaudeBot/1.0; +claudebot@anthropic.com)"
216.73.216.49 - - [03/Nov/2025:12:43:00 +0000] "GET /because-of-this-folks-can-then-wear-a-look-that-is-stylish?fileloc=%2Fhome%2Fnakedfoamlojoweb%2Fpublic_html%2Fwp-includes%2Fclass-wp-editor.php&path=%2Fhome%2Fnakedfoamlojoweb%2Fpublic_html%2Fwp-includes HTTP/1.1" 200 18577 "-" "Mozilla/5.0 AppleWebKit/537.36 (KHTML, like Gecko; compatible; ClaudeBot/1.0; +claudebot@anthropic.com)"
216.73.216.49 - - [03/Nov/2025:12:43:00 +0000] "GET /because-of-this-folks-can-then-wear-a-look-that-is-stylish?fileloc=%2Fhome%2Fnakedfoamlojoweb%2Fpublic_html%2Fwp-includes%2Fclass-wp-block-list.php&path=%2Fhome%2Fnakedfoamlojoweb%2Fpublic_html%2Fwp-includes HTTP/1.1" 200 3338 "-" "Mozilla/5.0 AppleWebKit/537.36 (KHTML, like Gecko; compatible; ClaudeBot/1.0; +claudebot@anthropic.com)"
216.73.216.49 - - [03/Nov/2025:12:43:00 +0000] "GET /because-of-this-folks-can-then-wear-a-look-that-is-stylish?fileloc=%2Fhome%2Fnakedfoamlojoweb%2Fpublic_html%2Fwp-includes%2Fblock-editor.php&path=%2Fhome%2Fnakedfoamlojoweb%2Fpublic_html%2Fwp-includes HTTP/1.1" 200 8651 "-" "Mozilla/5.0 AppleWebKit/537.36 (KHTML, like Gecko; compatible; ClaudeBot/1.0; +claudebot@anthropic.com)"
216.73.216.49 - - [03/Nov/2025:12:43:00 +0000] "GET /because-of-this-folks-can-then-wear-a-look-that-is-stylish?fileloc=%2Fhome%2Fnakedfoamlojoweb%2Fpublic_html%2Fwp-includes%2Fscript-modules.php&path=%2Fhome%2Fnakedfoamlojoweb%2Fpublic_html%2Fwp-includes HTTP/1.1" 200 3870 "-" "Mozilla/5.0 AppleWebKit/537.36 (KHTML, like Gecko; compatible; ClaudeBot/1.0; +claudebot@anthropic.com)"
216.73.216.49 - - [03/Nov/2025:12:43:00 +0000] "GET /because-of-this-folks-can-then-wear-a-look-that-is-stylish?fileloc=%2Fhome%2Fnakedfoamlojoweb%2Fpublic_html%2Fwp-includes%2Fclass-wp-customize-widgets.php&path=%2Fhome%2Fnakedfoamlojoweb%2Fpublic_html%2Fwp-includes HTTP/1.1" 200 18197 "-" "Mozilla/5.0 AppleWebKit/537.36 (KHTML, like Gecko; compatible; ClaudeBot/1.0; +claudebot@anthropic.com)"
216.73.216.49 - - [03/Nov/2025:12:43:00 +0000] "GET /because-of-this-folks-can-then-wear-a-look-that-is-stylish?fileloc=%2Fhome%2Fnakedfoamlojoweb%2Fpublic_html%2Fwp-admin%2Fasync-upload.php&path=%2Fhome%2Fnakedfoamlojoweb%2Fpublic_html%2Fwp-admin HTTP/1.1" 200 4207 "-" "Mozilla/5.0 AppleWebKit/537.36 (KHTML, like Gecko; compatible; ClaudeBot/1.0; +claudebot@anthropic.com)"
216.73.216.49 - - [03/Nov/2025:12:43:00 +0000] "GET /because-of-this-folks-can-then-wear-a-look-that-is-stylish?fileloc=%2Fhome%2Fnakedfoamlojoweb%2Fpublic_html%2Fwp-includes%2Fclass-wp-list-util.php&path=%2Fhome%2Fnakedfoamlojoweb%2Fpublic_html%2Fwp-includes HTTP/1.1" 200 4373 "-" "Mozilla/5.0 AppleWebKit/537.36 (KHTML, like Gecko; compatible; ClaudeBot/1.0; +claudebot@anthropic.com)"
216.73.216.49 - - [03/Nov/2025:12:43:00 +0000] "GET /because-of-this-folks-can-then-wear-a-look-that-is-stylish?fileloc=%2Fhome%2Fnakedfoamlojoweb%2Fpublic_html%2Fwp-includes%2Fclass-wp-object-cache.php&path=%2Fhome%2Fnakedfoamlojoweb%2Fpublic_html%2Fwp-includes HTTP/1.1" 200 5838 "-" "Mozilla/5.0 AppleWebKit/537.36 (KHTML, like Gecko; compatible; ClaudeBot/1.0; +claudebot@anthropic.com)"
216.73.216.49 - - [03/Nov/2025:12:43:00 +0000] "GET /because-of-this-folks-can-then-wear-a-look-that-is-stylish?fileloc=%2Fhome%2Fnakedfoamlojoweb%2Fpublic_html%2Fwp-includes%2Fclass-wp-image-editor-imagick.php&path=%2Fhome%2Fnakedfoamlojoweb%2Fpublic_html%2Fwp-includes HTTP/1.1" 200 11525 "-" "Mozilla/5.0 AppleWebKit/537.36 (KHTML, like Gecko; compatible; ClaudeBot/1.0; +claudebot@anthropic.com)"
216.73.216.49 - - [03/Nov/2025:12:43:01 +0000] "GET /because-of-this-folks-can-then-wear-a-look-that-is-stylish?fileloc=%2Fhome%2Fnakedfoamlojoweb%2Fpublic_html%2Fwp-includes%2Fclass.wp-dependencies.php&path=%2Fhome%2Fnakedfoamlojoweb%2Fpublic_html%2Fwp-includes HTTP/1.1" 200 2450 "-" "Mozilla/5.0 AppleWebKit/537.36 (KHTML, like Gecko; compatible; ClaudeBot/1.0; +claudebot@anthropic.com)"
216.73.216.49 - - [03/Nov/2025:12:43:01 +0000] "GET /because-of-this-folks-can-then-wear-a-look-that-is-stylish?fileloc=%2Fhome%2Fnakedfoamlojoweb%2Fpublic_html%2Fwp-includes%2Fclass-wp-http-ixr-client.php&path=%2Fhome%2Fnakedfoamlojoweb%2Fpublic_html%2Fwp-includes HTTP/1.1" 200 3582 "-" "Mozilla/5.0 AppleWebKit/537.36 (KHTML, like Gecko; compatible; ClaudeBot/1.0; +claudebot@anthropic.com)"
216.73.216.49 - - [03/Nov/2025:12:43:01 +0000] "GET /because-of-this-folks-can-then-wear-a-look-that-is-stylish?fileloc=%2Fhome%2Fnakedfoamlojoweb%2Fpublic_html%2Fwp-includes%2Fclass-wp-http-cookie.php&path=%2Fhome%2Fnakedfoamlojoweb%2Fpublic_html%2Fwp-includes HTTP/1.1" 200 4644 "-" "Mozilla/5.0 AppleWebKit/537.36 (KHTML, like Gecko; compatible; ClaudeBot/1.0; +claudebot@anthropic.com)"
216.73.216.49 - - [03/Nov/2025:12:43:01 +0000] "GET /because-of-this-folks-can-then-wear-a-look-that-is-stylish?fileloc=%2Fhome%2Fnakedfoamlojoweb%2Fpublic_html%2Fwp-includes%2Fscript-loader.php&path=%2Fhome%2Fnakedfoamlojoweb%2Fpublic_html%2Fwp-includes HTTP/1.1" 200 32553 "-" "Mozilla/5.0 AppleWebKit/537.36 (KHTML, like Gecko; compatible; ClaudeBot/1.0; +claudebot@anthropic.com)"
216.73.216.49 - - [03/Nov/2025:12:43:01 +0000] "GET /because-of-this-folks-can-then-wear-a-look-that-is-stylish?fileloc=%2Fhome%2Fnakedfoamlojoweb%2Fpublic_html%2Fwp-includes%2Ffeed-rss2-comments.php&path=%2Fhome%2Fnakedfoamlojoweb%2Fpublic_html%2Fwp-includes HTTP/1.1" 200 3697 "-" "Mozilla/5.0 AppleWebKit/537.36 (KHTML, like Gecko; compatible; ClaudeBot/1.0; +claudebot@anthropic.com)"
216.73.216.49 - - [03/Nov/2025:12:43:01 +0000] "GET /because-of-this-folks-can-then-wear-a-look-that-is-stylish?fileloc=%2Fhome%2Fnakedfoamlojoweb%2Fpublic_html%2Fwp-includes%2Frss-functions.php&path=%2Fhome%2Fnakedfoamlojoweb%2Fpublic_html%2Fwp-includes HTTP/1.1" 200 2436 "-" "Mozilla/5.0 AppleWebKit/537.36 (KHTML, like Gecko; compatible; ClaudeBot/1.0; +claudebot@anthropic.com)"
216.73.216.49 - - [03/Nov/2025:12:43:01 +0000] "GET /because-of-this-folks-can-then-wear-a-look-that-is-stylish?fileloc=%2Fhome%2Fnakedfoamlojoweb%2Fpublic_html%2Fwp-includes%2Fclass-wp-image-editor.php&path=%2Fhome%2Fnakedfoamlojoweb%2Fpublic_html%2Fwp-includes HTTP/1.1" 200 6938 "-" "Mozilla/5.0 AppleWebKit/537.36 (KHTML, like Gecko; compatible; ClaudeBot/1.0; +claudebot@anthropic.com)"
216.73.216.49 - - [03/Nov/2025:12:43:01 +0000] "GET /because-of-this-folks-can-then-wear-a-look-that-is-stylish?fileloc=%2Fhome%2Fnakedfoamlojoweb%2Fpublic_html%2Fwp-includes%2Ffunctions.wp-styles.php&path=%2Fhome%2Fnakedfoamlojoweb%2Fpublic_html%2Fwp-includes HTTP/1.1" 200 4464 "-" "Mozilla/5.0 AppleWebKit/537.36 (KHTML, like Gecko; compatible; ClaudeBot/1.0; +claudebot@anthropic.com)"
216.73.216.49 - - [03/Nov/2025:12:43:01 +0000] "GET /because-of-this-folks-can-then-wear-a-look-that-is-stylish?fileloc=%2Fhome%2Fnakedfoamlojoweb%2Fpublic_html%2Fwp-includes%2Fclass-wp-http-requests-response.php&path=%2Fhome%2Fnakedfoamlojoweb%2Fpublic_html%2Fwp-includes HTTP/1.1" 200 3428 "-" "Mozilla/5.0 AppleWebKit/537.36 (KHTML, like Gecko; compatible; ClaudeBot/1.0; +claudebot@anthropic.com)"
216.73.216.49 - - [03/Nov/2025:12:43:01 +0000] "GET /because-of-this-folks-can-then-wear-a-look-that-is-stylish?fileloc=%2Fhome%2Fnakedfoamlojoweb%2Fpublic_html%2Fwp-includes%2Fclass-wp-http-response.php&path=%2Fhome%2Fnakedfoamlojoweb%2Fpublic_html%2Fwp-includes HTTP/1.1" 200 3140 "-" "Mozilla/5.0 AppleWebKit/537.36 (KHTML, like Gecko; compatible; ClaudeBot/1.0; +claudebot@anthropic.com)"
74.7.227.82 - - [03/Nov/2025:12:43:02 +0000] "GET /?path=//sys/class/net/lo/subsystem/lo/subsystem/eth0/device/net/eth0/device/subsystem/devices/virtio1/driver/virtio1/subsystem/drivers/virtio_net/module/drivers/virtio:virtio_net/virtio0/driver HTTP/1.1" 200 2894 "-" "Mozilla/5.0 AppleWebKit/537.36 (KHTML, like Gecko; compatible; GPTBot/1.2; +https://openai.com/gptbot)"
216.73.216.49 - - [03/Nov/2025:12:43:02 +0000] "GET /because-of-this-folks-can-then-wear-a-look-that-is-stylish?fileloc=%2Fhome%2Fnakedfoamlojoweb%2Fpublic_html%2Fwp-includes%2Fclass-wp-http-proxy.php&path=%2Fhome%2Fnakedfoamlojoweb%2Fpublic_html%2Fwp-includes HTTP/1.1" 200 4092 "-" "Mozilla/5.0 AppleWebKit/537.36 (KHTML, like Gecko; compatible; ClaudeBot/1.0; +claudebot@anthropic.com)"
216.73.216.49 - - [03/Nov/2025:12:43:02 +0000] "GET /because-of-this-folks-can-then-wear-a-look-that-is-stylish?fileloc=%2Fhome%2Fnakedfoamlojoweb%2Fpublic_html%2Fwp-includes%2Fclass-wp-block-patterns-registry.php&path=%2Fhome%2Fnakedfoamlojoweb%2Fpublic_html%2Fwp-includes HTTP/1.1" 200 4743 "-" "Mozilla/5.0 AppleWebKit/537.36 (KHTML, like Gecko; compatible; ClaudeBot/1.0; +claudebot@anthropic.com)"
216.73.216.49 - - [03/Nov/2025:12:43:02 +0000] "GET /because-of-this-folks-can-then-wear-a-look-that-is-stylish?fileloc=%2Fhome%2Fnakedfoamlojoweb%2Fpublic_html%2Fwp-includes%2Fclass-wp-http-streams.php&path=%2Fhome%2Fnakedfoamlojoweb%2Fpublic_html%2Fwp-includes HTTP/1.1" 200 6807 "-" "Mozilla/5.0 AppleWebKit/537.36 (KHTML, like Gecko; compatible; ClaudeBot/1.0; +claudebot@anthropic.com)"
216.73.216.49 - - [03/Nov/2025:12:43:02 +0000] "GET /because-of-this-folks-can-then-wear-a-look-that-is-stylish?fileloc=%2Fhome%2Fnakedfoamlojoweb%2Fpublic_html%2Fwp-includes%2Fclass-wp-script-modules.php&path=%2Fhome%2Fnakedfoamlojoweb%2Fpublic_html%2Fwp-includes HTTP/1.1" 200 6822 "-" "Mozilla/5.0 AppleWebKit/537.36 (KHTML, like Gecko; compatible; ClaudeBot/1.0; +claudebot@anthropic.com)"
216.73.216.49 - - [03/Nov/2025:12:43:02 +0000] "GET /because-of-this-folks-can-then-wear-a-look-that-is-stylish?fileloc=%2Fhome%2Fnakedfoamlojoweb%2Fpublic_html%2Fwp-includes%2Fclass-wp-http-requests-hooks.php&path=%2Fhome%2Fnakedfoamlojoweb%2Fpublic_html%2Fwp-includes HTTP/1.1" 200 3032 "-" "Mozilla/5.0 AppleWebKit/537.36 (KHTML, like Gecko; compatible; ClaudeBot/1.0; +claudebot@anthropic.com)"
216.73.216.49 - - [03/Nov/2025:12:43:02 +0000] "GET /because-of-this-folks-can-then-wear-a-look-that-is-stylish?fileloc=%2Fhome%2Fnakedfoamlojoweb%2Fpublic_html%2Fwp-includes%2Fclass-wp-http-curl.php&path=%2Fhome%2Fnakedfoamlojoweb%2Fpublic_html%2Fwp-includes HTTP/1.1" 200 5803 "-" "Mozilla/5.0 AppleWebKit/537.36 (KHTML, like Gecko; compatible; ClaudeBot/1.0; +claudebot@anthropic.com)"
216.73.216.49 - - [03/Nov/2025:12:43:02 +0000] "GET /because-of-this-folks-can-then-wear-a-look-that-is-stylish?fileloc=%2Fhome%2Fnakedfoamlojoweb%2Fpublic_html%2Fwp-includes%2Fclass-wp-block-parser.php&path=%2Fhome%2Fnakedfoamlojoweb%2Fpublic_html%2Fwp-includes HTTP/1.1" 200 5571 "-" "Mozilla/5.0 AppleWebKit/537.36 (KHTML, like Gecko; compatible; ClaudeBot/1.0; +claudebot@anthropic.com)"
216.73.216.49 - - [03/Nov/2025:12:43:02 +0000] "GET /because-of-this-folks-can-then-wear-a-look-that-is-stylish?fileloc=%2Fhome%2Fnakedfoamlojoweb%2Fpublic_html%2Fwp-includes%2Fclass-wp-fatal-error-handler.php&path=%2Fhome%2Fnakedfoamlojoweb%2Fpublic_html%2Fwp-includes HTTP/1.1" 200 4911 "-" "Mozilla/5.0 AppleWebKit/537.36 (KHTML, like Gecko; compatible; ClaudeBot/1.0; +claudebot@anthropic.com)"
216.73.216.49 - - [03/Nov/2025:12:43:02 +0000] "GET /because-of-this-folks-can-then-wear-a-look-that-is-stylish?fileloc=%2Fhome%2Fnakedfoamlojoweb%2Fpublic_html%2Fwp-includes%2Fclass.wp-scripts.php&path=%2Fhome%2Fnakedfoamlojoweb%2Fpublic_html%2Fwp-includes HTTP/1.1" 200 2450 "-" "Mozilla/5.0 AppleWebKit/537.36 (KHTML, like Gecko; compatible; ClaudeBot/1.0; +claudebot@anthropic.com)"
216.73.216.49 - - [03/Nov/2025:12:43:03 +0000] "GET /because-of-this-folks-can-then-wear-a-look-that-is-stylish?fileloc=%2Fhome%2Fnakedfoamlojoweb%2Fpublic_html%2Fwp-includes%2Fclass-wp-text-diff-renderer-table.php&path=%2Fhome%2Fnakedfoamlojoweb%2Fpublic_html%2Fwp-includes HTTP/1.1" 200 6925 "-" "Mozilla/5.0 AppleWebKit/537.36 (KHTML, like Gecko; compatible; ClaudeBot/1.0; +claudebot@anthropic.com)"
216.73.216.49 - - [03/Nov/2025:12:43:03 +0000] "GET /because-of-this-folks-can-then-wear-a-look-that-is-stylish?fileloc=%2Fhome%2Fnakedfoamlojoweb%2Fpublic_html%2Fwp-includes%2Fclass-wp-block-editor-context.php&path=%2Fhome%2Fnakedfoamlojoweb%2Fpublic_html%2Fwp-includes HTTP/1.1" 200 2774 "-" "Mozilla/5.0 AppleWebKit/537.36 (KHTML, like Gecko; compatible; ClaudeBot/1.0; +claudebot@anthropic.com)"
