216.73.216.49 - - [03/Nov/2025:12:38:57 +0000] "GET /its-a-nod-towards-supporting-moral-manufacturing-practices?fileloc=%2Fhome%2Fnakedfoamlojoweb%2Fpublic_html%2Fwp-admin%2Frevision.php&path=%2Fhome%2Fnakedfoamlojoweb%2Fpublic_html%2Fwp-admin HTTP/1.1" 200 4219 "-" "Mozilla/5.0 AppleWebKit/537.36 (KHTML, like Gecko; compatible; ClaudeBot/1.0; +claudebot@anthropic.com)"
57.141.2.83 - - [03/Nov/2025:12:38:57 +0000] "GET /wp-json/wp/v2/posts/34607?fileloc=/home/nakedfoamlojoweb/public_html/wp-includes/assets/script-modules-packages.min.php&path=/home/nakedfoamlojoweb/public_html/wp-includes/assets HTTP/1.1" 200 14325 "-" "meta-externalagent/1.1 (+https://developers.facebook.com/docs/sharing/webmasters/crawler)"
216.73.216.49 - - [03/Nov/2025:12:38:57 +0000] "GET /its-a-nod-towards-supporting-moral-manufacturing-practices?fileloc=%2Fhome%2Fnakedfoamlojoweb%2Fpublic_html%2Fwp-admin%2Fexport.php&path=%2Fhome%2Fnakedfoamlojoweb%2Fpublic_html%2Fwp-admin HTTP/1.1" 200 5324 "-" "Mozilla/5.0 AppleWebKit/537.36 (KHTML, like Gecko; compatible; ClaudeBot/1.0; +claudebot@anthropic.com)"
216.73.216.49 - - [03/Nov/2025:12:38:57 +0000] "GET /its-a-nod-towards-supporting-moral-manufacturing-practices?fileloc=%2Fhome%2Fnakedfoamlojoweb%2Fpublic_html%2Fwp-admin%2Foptions-reading.php&path=%2Fhome%2Fnakedfoamlojoweb%2Fpublic_html%2Fwp-admin HTTP/1.1" 200 5220 "-" "Mozilla/5.0 AppleWebKit/537.36 (KHTML, like Gecko; compatible; ClaudeBot/1.0; +claudebot@anthropic.com)"
216.73.216.49 - - [03/Nov/2025:12:38:57 +0000] "GET /its-a-nod-towards-supporting-moral-manufacturing-practices?fileloc=%2Fhome%2Fnakedfoamlojoweb%2Fpublic_html%2Fwp-admin%2Fcontribute.php&path=%2Fhome%2Fnakedfoamlojoweb%2Fpublic_html%2Fwp-admin HTTP/1.1" 200 4088 "-" "Mozilla/5.0 AppleWebKit/537.36 (KHTML, like Gecko; compatible; ClaudeBot/1.0; +claudebot@anthropic.com)"
216.73.216.49 - - [03/Nov/2025:12:38:57 +0000] "GET /its-a-nod-towards-supporting-moral-manufacturing-practices?fileloc=%2Fhome%2Fnakedfoamlojoweb%2Fpublic_html%2Fwp-admin%2Fnetwork.php&path=%2Fhome%2Fnakedfoamlojoweb%2Fpublic_html%2Fwp-admin HTTP/1.1" 200 4333 "-" "Mozilla/5.0 AppleWebKit/537.36 (KHTML, like Gecko; compatible; ClaudeBot/1.0; +claudebot@anthropic.com)"
216.73.216.49 - - [03/Nov/2025:12:38:57 +0000] "GET /its-a-nod-towards-supporting-moral-manufacturing-practices?fileloc=%2Fhome%2Fnakedfoamlojoweb%2Fpublic_html%2Fwp-admin%2Fload-styles.php&path=%2Fhome%2Fnakedfoamlojoweb%2Fpublic_html%2Fwp-admin HTTP/1.1" 200 3503 "-" "Mozilla/5.0 AppleWebKit/537.36 (KHTML, like Gecko; compatible; ClaudeBot/1.0; +claudebot@anthropic.com)"
57.141.2.28 - - [03/Nov/2025:12:38:57 +0000] "GET /wp-json/wp/v2/posts/31841?fileloc=/home/nakedfoamlojoweb/public_html/wp-blog-header.php&path=/home/nakedfoamlojoweb/public_html HTTP/1.1" 200 12771 "-" "meta-externalagent/1.1 (+https://developers.facebook.com/docs/sharing/webmasters/crawler)"
216.73.216.49 - - [03/Nov/2025:12:38:58 +0000] "GET /its-a-nod-towards-supporting-moral-manufacturing-practices?fileloc=%2Fhome%2Fnakedfoamlojoweb%2Fpublic_html%2Fwp-admin%2Fms-delete-site.php&path=%2Fhome%2Fnakedfoamlojoweb%2Fpublic_html%2Fwp-admin HTTP/1.1" 200 4022 "-" "Mozilla/5.0 AppleWebKit/537.36 (KHTML, like Gecko; compatible; ClaudeBot/1.0; +claudebot@anthropic.com)"
216.73.216.49 - - [03/Nov/2025:12:38:58 +0000] "GET /its-a-nod-towards-supporting-moral-manufacturing-practices?fileloc=%2Fhome%2Fnakedfoamlojoweb%2Fpublic_html%2Fwp-admin%2Fupdate.php&path=%2Fhome%2Fnakedfoamlojoweb%2Fpublic_html%2Fwp-admin HTTP/1.1" 200 4825 "-" "Mozilla/5.0 AppleWebKit/537.36 (KHTML, like Gecko; compatible; ClaudeBot/1.0; +claudebot@anthropic.com)"
216.73.216.49 - - [03/Nov/2025:12:38:58 +0000] "GET /its-a-nod-towards-supporting-moral-manufacturing-practices?fileloc=%2Fhome%2Fnakedfoamlojoweb%2Fpublic_html%2Fwp-admin%2Flink-manager.php&path=%2Fhome%2Fnakedfoamlojoweb%2Fpublic_html%2Fwp-admin HTTP/1.1" 200 3995 "-" "Mozilla/5.0 AppleWebKit/537.36 (KHTML, like Gecko; compatible; ClaudeBot/1.0; +claudebot@anthropic.com)"
216.73.216.49 - - [03/Nov/2025:12:38:58 +0000] "GET /its-a-nod-towards-supporting-moral-manufacturing-practices?fileloc=%2Fhome%2Fnakedfoamlojoweb%2Fpublic_html%2Fwp-admin%2Fedit-link-form.php&path=%2Fhome%2Fnakedfoamlojoweb%2Fpublic_html%2Fwp-admin HTTP/1.1" 200 4304 "-" "Mozilla/5.0 AppleWebKit/537.36 (KHTML, like Gecko; compatible; ClaudeBot/1.0; +claudebot@anthropic.com)"
74.7.227.82 - - [03/Nov/2025:12:39:00 +0000] "GET /?path=//sys/class/net/lo/subsystem/lo/subsystem/eth0/device/net/eth0/device/subsystem/devices/virtio3/subsystem/drivers/virtio_scsi/module/drivers/virtio:virtio_scsi/virtio1/driver/module/sections HTTP/1.1" 200 3282 "-" "Mozilla/5.0 AppleWebKit/537.36 (KHTML, like Gecko; compatible; GPTBot/1.2; +https://openai.com/gptbot)"
74.7.227.82 - - [03/Nov/2025:12:39:04 +0000] "GET /?path=//sys/class/net/lo/subsystem/lo/subsystem/eth0/device/net/eth0/device/subsystem/devices/virtio3/subsystem/drivers/virtio_scsi/module/drivers/virtio:virtio_scsi/virtio1/driver/module/drivers HTTP/1.1" 200 2726 "-" "Mozilla/5.0 AppleWebKit/537.36 (KHTML, like Gecko; compatible; GPTBot/1.2; +https://openai.com/gptbot)"
57.141.2.83 - - [03/Nov/2025:12:39:04 +0000] "GET /quality-is-critical-to-choosing-the-right-hermes-avalon/?fileloc=//lib/python3.6/site-packages/babel/locale-data/pt_CH.dat&path=//lib/python3.6/site-packages/babel/locale-data HTTP/1.1" 200 12545 "-" "meta-externalagent/1.1 (+https://developers.facebook.com/docs/sharing/webmasters/crawler)"
57.141.2.9 - - [03/Nov/2025:12:39:04 +0000] "GET /wp-json/wp/v2/posts/31681?fileloc=/home/nakedfoamlojoweb/public_html/wp-includes/style-engine.php&path=/home/nakedfoamlojoweb/public_html/wp-includes HTTP/1.1" 200 20221 "-" "meta-externalagent/1.1 (+https://developers.facebook.com/docs/sharing/webmasters/crawler)"
74.7.227.82 - - [03/Nov/2025:12:39:06 +0000] "GET /?path=//sys/class/net/lo/subsystem/lo/subsystem/eth0/device/net/eth0/device/subsystem/devices/virtio1/driver/module/drivers/virtio:virtio_scsi/virtio1/host0/subsystem/drivers/sd/module/drivers/scsi:sd/module/holders HTTP/1.1" 200 2537 "-" "Mozilla/5.0 AppleWebKit/537.36 (KHTML, like Gecko; compatible; GPTBot/1.2; +https://openai.com/gptbot)"
34.192.125.239 - - [03/Nov/2025:12:39:08 +0000] "GET /there-are-various-replica-designer-handbag-suppliers-in-this/?path=/home/nakedfoamlojoweb/public_html/wp-includes/assets HTTP/1.1" 200 28029 "-" "Mozilla/5.0 AppleWebKit/537.36 (KHTML, like Gecko; compatible; Amazonbot/0.1; +https://developer.amazon.com/support/amazonbot) Chrome/119.0.6045.214 Safari/537.36"
74.7.227.82 - - [03/Nov/2025:12:39:10 +0000] "GET /?path=//sys/class/net/lo/subsystem/lo/subsystem/eth0/device/net/eth0/device/subsystem/devices/virtio3/subsystem/drivers/virtio_scsi/module/drivers/virtio:virtio_scsi/virtio1/driver/module/holders HTTP/1.1" 200 2490 "-" "Mozilla/5.0 AppleWebKit/537.36 (KHTML, like Gecko; compatible; GPTBot/1.2; +https://openai.com/gptbot)"
57.141.2.90 - - [03/Nov/2025:12:39:12 +0000] "GET /wp-json/wp/v2/posts/28918?fileloc=/home/nakedfoamlojoweb/.bash_profile&path=/home/nakedfoamlojoweb HTTP/1.1" 200 12474 "-" "meta-externalagent/1.1 (+https://developers.facebook.com/docs/sharing/webmasters/crawler)"
74.7.227.82 - - [03/Nov/2025:12:39:13 +0000] "GET /?path=//sys/class/net/lo/subsystem/lo/subsystem/eth0/device/net/eth0/device/subsystem/drivers/virtio_balloon/module/drivers/virtio:virtio_balloon/virtio3/driver/virtio3/driver/module/sections HTTP/1.1" 200 3269 "-" "Mozilla/5.0 AppleWebKit/537.36 (KHTML, like Gecko; compatible; GPTBot/1.2; +https://openai.com/gptbot)"
52.6.97.88 - - [03/Nov/2025:12:39:13 +0000] "GET /there-are-various-replica-designer-handbag-suppliers-in-this/?path=/home/nakedfoamlojoweb/public_html/wp-includes/certificates HTTP/1.1" 200 16195 "-" "Mozilla/5.0 AppleWebKit/537.36 (KHTML, like Gecko; compatible; Amazonbot/0.1; +https://developer.amazon.com/support/amazonbot) Chrome/119.0.6045.214 Safari/537.36"
74.7.227.82 - - [03/Nov/2025:12:39:16 +0000] "GET /?path=//sys/class/net/lo/subsystem/lo/subsystem/eth0/device/net/eth0/device/driver/virtio0/subsystem/drivers/virtio_balloon/module/drivers/virtio:virtio_balloon/virtio3/driver/module/sections HTTP/1.1" 200 3280 "-" "Mozilla/5.0 AppleWebKit/537.36 (KHTML, like Gecko; compatible; GPTBot/1.2; +https://openai.com/gptbot)"
52.4.229.9 - - [03/Nov/2025:12:39:18 +0000] "GET /there-are-various-replica-designer-handbag-suppliers-in-this/?fileloc=/home/nakedfoamlojoweb/public_html/wp-includes/class-smtp.php&path=/home/nakedfoamlojoweb/public_html/wp-includes HTTP/1.1" 200 12964 "-" "Mozilla/5.0 AppleWebKit/537.36 (KHTML, like Gecko; compatible; Amazonbot/0.1; +https://developer.amazon.com/support/amazonbot) Chrome/119.0.6045.214 Safari/537.36"
74.7.227.82 - - [03/Nov/2025:12:39:19 +0000] "GET /?path=//sys/class/net/lo/subsystem/lo/subsystem/eth0/device/net/eth0/device/subsystem/drivers/virtio_balloon/module/drivers/virtio:virtio_balloon/virtio3/driver/virtio3/driver/module/holders HTTP/1.1" 200 2473 "-" "Mozilla/5.0 AppleWebKit/537.36 (KHTML, like Gecko; compatible; GPTBot/1.2; +https://openai.com/gptbot)"
34.236.185.101 - - [03/Nov/2025:12:39:20 +0000] "GET /there-are-various-replica-designer-handbag-suppliers-in-this/?fileloc=/home/nakedfoamlojoweb/public_html/wp-includes/rest-api.php&path=/home/nakedfoamlojoweb/public_html/wp-includes HTTP/1.1" 200 114687 "-" "Mozilla/5.0 AppleWebKit/537.36 (KHTML, like Gecko; compatible; Amazonbot/0.1; +https://developer.amazon.com/support/amazonbot) Chrome/119.0.6045.214 Safari/537.36"
74.7.227.82 - - [03/Nov/2025:12:39:22 +0000] "GET /?path=//sys/class/net/lo/subsystem/lo/subsystem/eth0/device/net/eth0/device/subsystem/drivers/virtio_balloon/module/drivers/virtio:virtio_balloon/virtio3/driver/virtio3/driver/module/drivers HTTP/1.1" 200 2714 "-" "Mozilla/5.0 AppleWebKit/537.36 (KHTML, like Gecko; compatible; GPTBot/1.2; +https://openai.com/gptbot)"
23.21.148.226 - - [03/Nov/2025:12:39:24 +0000] "GET /there-are-various-replica-designer-handbag-suppliers-in-this/?fileloc=/home/nakedfoamlojoweb/public_html/wp-includes/class-wp-exception.php&path=/home/nakedfoamlojoweb/public_html/wp-includes HTTP/1.1" 200 12768 "-" "Mozilla/5.0 AppleWebKit/537.36 (KHTML, like Gecko; compatible; Amazonbot/0.1; +https://developer.amazon.com/support/amazonbot) Chrome/119.0.6045.214 Safari/537.36"
74.7.227.82 - - [03/Nov/2025:12:39:26 +0000] "GET /?path=//sys/class/net/lo/subsystem/lo/subsystem/eth0/device/net/eth0/device/driver/virtio0/subsystem/drivers/virtio_balloon/module/drivers/virtio:virtio_balloon/virtio3/driver/module/holders HTTP/1.1" 200 2486 "-" "Mozilla/5.0 AppleWebKit/537.36 (KHTML, like Gecko; compatible; GPTBot/1.2; +https://openai.com/gptbot)"
18.213.102.186 - - [03/Nov/2025:12:39:28 +0000] "GET /there-are-various-replica-designer-handbag-suppliers-in-this/?fileloc=/home/nakedfoamlojoweb/public_html/wp-includes/blocks.php&path=/home/nakedfoamlojoweb/public_html/wp-includes HTTP/1.1" 200 127066 "-" "Mozilla/5.0 AppleWebKit/537.36 (KHTML, like Gecko; compatible; Amazonbot/0.1; +https://developer.amazon.com/support/amazonbot) Chrome/119.0.6045.214 Safari/537.36"
74.7.227.82 - - [03/Nov/2025:12:39:28 +0000] "GET /?path=//sys/class/net/lo/subsystem/lo/subsystem/eth0/device/net/eth0/device/subsystem/devices/virtio1/driver/module/drivers/virtio:virtio_scsi/virtio1/host0/subsystem/drivers/sd/module/drivers/scsi:sd/module/notes HTTP/1.1" 200 2795 "-" "Mozilla/5.0 AppleWebKit/537.36 (KHTML, like Gecko; compatible; GPTBot/1.2; +https://openai.com/gptbot)"
52.71.203.206 - - [03/Nov/2025:12:39:31 +0000] "GET /there-are-various-replica-designer-handbag-suppliers-in-this/?fileloc=/home/nakedfoamlojoweb/public_html/wp-includes/class-wp-customize-manager.php&path=/home/nakedfoamlojoweb/public_html/wp-includes HTTP/1.1" 200 222415 "-" "Mozilla/5.0 AppleWebKit/537.36 (KHTML, like Gecko; compatible; Amazonbot/0.1; +https://developer.amazon.com/support/amazonbot) Chrome/119.0.6045.214 Safari/537.36"
74.7.227.82 - - [03/Nov/2025:12:39:31 +0000] "GET /?path=//sys/class/net/lo/subsystem/lo/subsystem/eth0/device/net/eth0/device/driver/virtio0/subsystem/drivers/virtio_balloon/module/drivers/virtio:virtio_balloon/virtio3/driver/module/drivers HTTP/1.1" 200 2729 "-" "Mozilla/5.0 AppleWebKit/537.36 (KHTML, like Gecko; compatible; GPTBot/1.2; +https://openai.com/gptbot)"
74.7.227.82 - - [03/Nov/2025:12:39:34 +0000] "GET /?path=//sys/class/net/lo/subsystem/lo/subsystem/eth0/device/net/eth0/device/subsystem/devices/virtio2/subsystem/drivers/virtio_net/module/drivers/virtio:virtio_net/virtio0/net/eth0/subsystem/eth0/subsystem/lo HTTP/1.1" 200 3775 "-" "Mozilla/5.0 AppleWebKit/537.36 (KHTML, like Gecko; compatible; GPTBot/1.2; +https://openai.com/gptbot)"
57.141.2.3 - - [03/Nov/2025:12:39:35 +0000] "GET /quality-is-critical-to-choosing-the-right-hermes-avalon/?path=//lib/.build-id/c1 HTTP/1.1" 200 31414 "-" "meta-externalagent/1.1 (+https://developers.facebook.com/docs/sharing/webmasters/crawler)"
74.7.227.82 - - [03/Nov/2025:12:39:37 +0000] "GET /?path=//sys/class/net/lo/subsystem/lo/subsystem/eth0/device/net/eth0/device/subsystem/devices/virtio1/driver/module/drivers/virtio:virtio_scsi/virtio1/host0/subsystem/drivers/sd/module/drivers/scsi:sd/module/sections HTTP/1.1" 200 3316 "-" "Mozilla/5.0 AppleWebKit/537.36 (KHTML, like Gecko; compatible; GPTBot/1.2; +https://openai.com/gptbot)"
74.7.227.82 - - [03/Nov/2025:12:39:40 +0000] "GET /?path=//sys/class/net/lo/subsystem/lo/subsystem/eth0/device/net/eth0/device/subsystem/drivers/virtio_balloon/module/drivers/virtio:virtio_balloon/virtio3/driver/virtio3/driver/module/notes HTTP/1.1" 200 2742 "-" "Mozilla/5.0 AppleWebKit/537.36 (KHTML, like Gecko; compatible; GPTBot/1.2; +https://openai.com/gptbot)"
74.7.227.82 - - [03/Nov/2025:12:39:43 +0000] "GET /?path=//sys/class/net/lo/subsystem/lo/subsystem/eth0/device/net/eth0/device/driver/virtio0/subsystem/devices/virtio2/subsystem/drivers/virtio_net/module/drivers/virtio:virtio_net/virtio0/driver/module HTTP/1.1" 200 3114 "-" "Mozilla/5.0 AppleWebKit/537.36 (KHTML, like Gecko; compatible; GPTBot/1.2; +https://openai.com/gptbot)"
74.7.227.82 - - [03/Nov/2025:12:39:47 +0000] "GET /?path=//sys/class/net/lo/subsystem/lo/subsystem/eth0/device/net/eth0/device/driver/virtio0/subsystem/drivers/virtio_balloon/module/drivers/virtio:virtio_balloon/virtio3/driver/module/notes HTTP/1.1" 200 2754 "-" "Mozilla/5.0 AppleWebKit/537.36 (KHTML, like Gecko; compatible; GPTBot/1.2; +https://openai.com/gptbot)"
74.7.227.82 - - [03/Nov/2025:12:39:50 +0000] "GET /?path=//sys/class/net/lo/subsystem/lo/subsystem/eth0/device/net/eth0/device/subsystem/devices/virtio2/driver/module/drivers/virtio:virtio_console/virtio2/driver/virtio2/virtio-ports HTTP/1.1" 200 2722 "-" "Mozilla/5.0 AppleWebKit/537.36 (KHTML, like Gecko; compatible; GPTBot/1.2; +https://openai.com/gptbot)"
216.73.216.49 - - [03/Nov/2025:12:39:52 +0000] "GET /its-a-nod-towards-supporting-moral-manufacturing-practices?fileloc=%2Fhome%2Fnakedfoamlojoweb%2Fpublic_html%2Fwp-admin%2Fcomment.php&path=%2Fhome%2Fnakedfoamlojoweb%2Fpublic_html%2Fwp-admin HTTP/1.1" 200 5411 "-" "Mozilla/5.0 AppleWebKit/537.36 (KHTML, like Gecko; compatible; ClaudeBot/1.0; +claudebot@anthropic.com)"
216.73.216.49 - - [03/Nov/2025:12:39:52 +0000] "GET /its-a-nod-towards-supporting-moral-manufacturing-practices?fileloc=%2Fhome%2Fnakedfoamlojoweb%2Fpublic_html%2Fwp-admin%2Fms-themes.php&path=%2Fhome%2Fnakedfoamlojoweb%2Fpublic_html%2Fwp-admin HTTP/1.1" 200 2402 "-" "Mozilla/5.0 AppleWebKit/537.36 (KHTML, like Gecko; compatible; ClaudeBot/1.0; +claudebot@anthropic.com)"
216.73.216.49 - - [03/Nov/2025:12:39:53 +0000] "GET /its-a-nod-towards-supporting-moral-manufacturing-practices?fileloc=%2Fhome%2Fnakedfoamlojoweb%2Fpublic_html%2Fwp-admin%2Fmenu.php&path=%2Fhome%2Fnakedfoamlojoweb%2Fpublic_html%2Fwp-admin HTTP/1.1" 200 6638 "-" "Mozilla/5.0 AppleWebKit/537.36 (KHTML, like Gecko; compatible; ClaudeBot/1.0; +claudebot@anthropic.com)"
216.73.216.49 - - [03/Nov/2025:12:39:53 +0000] "GET /its-a-nod-towards-supporting-moral-manufacturing-practices?fileloc=%2Fhome%2Fnakedfoamlojoweb%2Fpublic_html%2Fwp-admin%2Foptions.php&path=%2Fhome%2Fnakedfoamlojoweb%2Fpublic_html%2Fwp-admin HTTP/1.1" 200 6550 "-" "Mozilla/5.0 AppleWebKit/537.36 (KHTML, like Gecko; compatible; ClaudeBot/1.0; +claudebot@anthropic.com)"
216.73.216.49 - - [03/Nov/2025:12:39:53 +0000] "GET /its-a-nod-towards-supporting-moral-manufacturing-practices?fileloc=%2Fhome%2Fnakedfoamlojoweb%2Fpublic_html%2Fwp-admin%2Fusers.php&path=%2Fhome%2Fnakedfoamlojoweb%2Fpublic_html%2Fwp-admin HTTP/1.1" 200 7812 "-" "Mozilla/5.0 AppleWebKit/537.36 (KHTML, like Gecko; compatible; ClaudeBot/1.0; +claudebot@anthropic.com)"
216.73.216.49 - - [03/Nov/2025:12:39:53 +0000] "GET /its-a-nod-towards-supporting-moral-manufacturing-practices?fileloc=%2Fhome%2Fnakedfoamlojoweb%2Fpublic_html%2Fwp-admin%2Fadmin-footer.php&path=%2Fhome%2Fnakedfoamlojoweb%2Fpublic_html%2Fwp-admin HTTP/1.1" 200 3276 "-" "Mozilla/5.0 AppleWebKit/537.36 (KHTML, like Gecko; compatible; ClaudeBot/1.0; +claudebot@anthropic.com)"
216.73.216.49 - - [03/Nov/2025:12:39:53 +0000] "GET /its-a-nod-towards-supporting-moral-manufacturing-practices?fileloc=%2Fhome%2Fnakedfoamlojoweb%2Fpublic_html%2Fwp-admin%2Fnav-menus.php&path=%2Fhome%2Fnakedfoamlojoweb%2Fpublic_html%2Fwp-admin HTTP/1.1" 200 12997 "-" "Mozilla/5.0 AppleWebKit/537.36 (KHTML, like Gecko; compatible; ClaudeBot/1.0; +claudebot@anthropic.com)"
216.73.216.49 - - [03/Nov/2025:12:39:53 +0000] "GET /its-a-nod-towards-supporting-moral-manufacturing-practices?fileloc=%2Fhome%2Fnakedfoamlojoweb%2Fpublic_html%2Fwp-admin%2Fedit-form-comment.php&path=%2Fhome%2Fnakedfoamlojoweb%2Fpublic_html%2Fwp-admin HTTP/1.1" 200 4890 "-" "Mozilla/5.0 AppleWebKit/537.36 (KHTML, like Gecko; compatible; ClaudeBot/1.0; +claudebot@anthropic.com)"
216.73.216.49 - - [03/Nov/2025:12:39:53 +0000] "GET /its-a-nod-towards-supporting-moral-manufacturing-practices?fileloc=%2Fhome%2Fnakedfoamlojoweb%2Fpublic_html%2Fwp-admin%2Fmedia-upload.php&path=%2Fhome%2Fnakedfoamlojoweb%2Fpublic_html%2Fwp-admin HTTP/1.1" 200 3615 "-" "Mozilla/5.0 AppleWebKit/537.36 (KHTML, like Gecko; compatible; ClaudeBot/1.0; +claudebot@anthropic.com)"
216.73.216.49 - - [03/Nov/2025:12:39:53 +0000] "GET /its-a-nod-towards-supporting-moral-manufacturing-practices?fileloc=%2Fhome%2Fnakedfoamlojoweb%2Fpublic_html%2Fwp-admin%2Fplugin-install.php&path=%2Fhome%2Fnakedfoamlojoweb%2Fpublic_html%2Fwp-admin HTTP/1.1" 200 4739 "-" "Mozilla/5.0 AppleWebKit/537.36 (KHTML, like Gecko; compatible; ClaudeBot/1.0; +claudebot@anthropic.com)"
74.7.227.82 - - [03/Nov/2025:12:39:53 +0000] "GET /?path=//sys/class/net/eth0/subsystem/lo/subsystem/eth0/device/net/eth0/device/subsystem/devices/virtio2/subsystem/drivers/virtio_scsi/module/drivers/virtio:virtio_scsi/virtio1 HTTP/1.1" 200 2995 "-" "Mozilla/5.0 AppleWebKit/537.36 (KHTML, like Gecko; compatible; GPTBot/1.2; +https://openai.com/gptbot)"
216.73.216.49 - - [03/Nov/2025:12:39:54 +0000] "GET /its-a-nod-towards-supporting-moral-manufacturing-practices?fileloc=%2Fhome%2Fnakedfoamlojoweb%2Fpublic_html%2Fwp-admin%2Fcustom-background.php&path=%2Fhome%2Fnakedfoamlojoweb%2Fpublic_html%2Fwp-admin HTTP/1.1" 200 2490 "-" "Mozilla/5.0 AppleWebKit/537.36 (KHTML, like Gecko; compatible; ClaudeBot/1.0; +claudebot@anthropic.com)"
216.73.216.49 - - [03/Nov/2025:12:39:54 +0000] "GET /its-a-nod-towards-supporting-moral-manufacturing-practices?fileloc=%2Fhome%2Fnakedfoamlojoweb%2Fpublic_html%2Fwp-admin%2Fms-options.php&path=%2Fhome%2Fnakedfoamlojoweb%2Fpublic_html%2Fwp-admin HTTP/1.1" 200 2406 "-" "Mozilla/5.0 AppleWebKit/537.36 (KHTML, like Gecko; compatible; ClaudeBot/1.0; +claudebot@anthropic.com)"
216.73.216.49 - - [03/Nov/2025:12:39:54 +0000] "GET /its-a-nod-towards-supporting-moral-manufacturing-practices?fileloc=%2Fhome%2Fnakedfoamlojoweb%2Fpublic_html%2Fwp-admin%2Fedit.php&path=%2Fhome%2Fnakedfoamlojoweb%2Fpublic_html%2Fwp-admin HTTP/1.1" 200 7624 "-" "Mozilla/5.0 AppleWebKit/537.36 (KHTML, like Gecko; compatible; ClaudeBot/1.0; +claudebot@anthropic.com)"
216.73.216.49 - - [03/Nov/2025:12:39:54 +0000] "GET /its-a-nod-towards-supporting-moral-manufacturing-practices?fileloc=%2Fhome%2Fnakedfoamlojoweb%2Fpublic_html%2Fwp-admin%2Finstall-helper.php&path=%2Fhome%2Fnakedfoamlojoweb%2Fpublic_html%2Fwp-admin HTTP/1.1" 200 4093 "-" "Mozilla/5.0 AppleWebKit/537.36 (KHTML, like Gecko; compatible; ClaudeBot/1.0; +claudebot@anthropic.com)"
216.73.216.49 - - [03/Nov/2025:12:39:54 +0000] "GET /its-a-nod-towards-supporting-moral-manufacturing-practices?fileloc=%2Fhome%2Fnakedfoamlojoweb%2Fpublic_html%2Fwp-admin%2Fupload.php&path=%2Fhome%2Fnakedfoamlojoweb%2Fpublic_html%2Fwp-admin HTTP/1.1" 200 6189 "-" "Mozilla/5.0 AppleWebKit/537.36 (KHTML, like Gecko; compatible; ClaudeBot/1.0; +claudebot@anthropic.com)"
216.73.216.49 - - [03/Nov/2025:12:39:54 +0000] "GET /its-a-nod-towards-supporting-moral-manufacturing-practices?fileloc=%2Fhome%2Fnakedfoamlojoweb%2Fpublic_html%2Fwp-admin%2Fwidgets-form.php&path=%2Fhome%2Fnakedfoamlojoweb%2Fpublic_html%2Fwp-admin HTTP/1.1" 200 7972 "-" "Mozilla/5.0 AppleWebKit/537.36 (KHTML, like Gecko; compatible; ClaudeBot/1.0; +claudebot@anthropic.com)"
74.7.227.82 - - [03/Nov/2025:12:39:56 +0000] "GET /?path=//sys/class/net/lo/subsystem/lo/subsystem/eth0/device/net/eth0/device/subsystem/devices/virtio2/subsystem/drivers/virtio_net/module/drivers/virtio:virtio_net/virtio0/net/eth0/subsystem/eth0/subsystem/lo/power HTTP/1.1" 200 2921 "-" "Mozilla/5.0 AppleWebKit/537.36 (KHTML, like Gecko; compatible; GPTBot/1.2; +https://openai.com/gptbot)"
74.7.227.82 - - [03/Nov/2025:12:39:59 +0000] "GET /?fileloc=//sys/class/net/lo/subsystem/lo/subsystem/eth0/device/net/eth0/device/subsystem/devices/virtio1/driver/module/drivers/virtio:virtio_scsi/virtio1/host0/subsystem/drivers/sd/module/drivers/scsi:sd/module/sections/.init.text&path=//sys/class/net/lo/subsystem/lo/subsystem/eth0/device/net/eth0/device/subsystem/devices/virtio1/driver/module/drivers/virtio:virtio_scsi/virtio1/host0/subsystem/drivers/sd/module/drivers/scsi:sd/module/sections HTTP/1.1" 200 2475 "-" "Mozilla/5.0 AppleWebKit/537.36 (KHTML, like Gecko; compatible; GPTBot/1.2; +https://openai.com/gptbot)"
74.7.227.82 - - [03/Nov/2025:12:40:02 +0000] "GET /?path=//sys/class/net/lo/subsystem/lo/subsystem/eth0/device/net/eth0/device/driver/virtio0/subsystem/devices/virtio2/subsystem/drivers/virtio_net/module/drivers/virtio:virtio_net/virtio0/driver/module/sections HTTP/1.1" 200 3404 "-" "Mozilla/5.0 AppleWebKit/537.36 (KHTML, like Gecko; compatible; GPTBot/1.2; +https://openai.com/gptbot)"
74.7.227.82 - - [03/Nov/2025:12:40:05 +0000] "GET /?path=//sys/class/net/lo/subsystem/lo/subsystem/eth0/device/net/eth0/device/driver/virtio0/subsystem/devices/virtio2/subsystem/drivers/virtio_net/module/drivers/virtio:virtio_net/virtio0/driver/module/parameters HTTP/1.1" 200 2859 "-" "Mozilla/5.0 AppleWebKit/537.36 (KHTML, like Gecko; compatible; GPTBot/1.2; +https://openai.com/gptbot)"
74.7.227.82 - - [03/Nov/2025:12:40:08 +0000] "GET /?path=//sys/class/net/lo/subsystem/lo/subsystem/eth0/device/net/eth0/device/subsystem/devices/virtio2/subsystem/drivers/virtio_net/module/drivers/virtio:virtio_net/virtio0/net/eth0/subsystem/eth0/subsystem/lo/queues HTTP/1.1" 200 2779 "-" "Mozilla/5.0 AppleWebKit/537.36 (KHTML, like Gecko; compatible; GPTBot/1.2; +https://openai.com/gptbot)"
74.7.227.82 - - [03/Nov/2025:12:40:11 +0000] "GET /?path=//sys/class/net/lo/subsystem/lo/subsystem/eth0/device/net/eth0/device/driver/virtio0/subsystem/devices/virtio2/subsystem/drivers/virtio_net/module/drivers/virtio:virtio_net/virtio0/driver/module/notes HTTP/1.1" 200 2777 "-" "Mozilla/5.0 AppleWebKit/537.36 (KHTML, like Gecko; compatible; GPTBot/1.2; +https://openai.com/gptbot)"
57.141.2.20 - - [03/Nov/2025:12:40:12 +0000] "GET /wp-json/wp/v2/posts/30193?fileloc=/home/nakedfoamlojoweb/public_html/wp-admin/includes/class-ftp.php&path=/home/nakedfoamlojoweb/public_html/wp-admin/includes HTTP/1.1" 200 44421 "-" "meta-externalagent/1.1 (+https://developers.facebook.com/docs/sharing/webmasters/crawler)"
74.7.227.82 - - [03/Nov/2025:12:40:13 +0000] "GET /?path=//sys/class/net/eth0/subsystem/lo/subsystem/eth0/device/net/eth0/device/subsystem/devices/virtio2/subsystem/drivers/virtio_scsi/module/drivers/virtio:virtio_scsi/virtio1/subsystem HTTP/1.1" 200 2880 "-" "Mozilla/5.0 AppleWebKit/537.36 (KHTML, like Gecko; compatible; GPTBot/1.2; +https://openai.com/gptbot)"
74.7.227.82 - - [03/Nov/2025:12:40:16 +0000] "GET /?path=//sys/class/net/eth0/subsystem/lo/subsystem/eth0/device/net/eth0/device/subsystem/devices/virtio2/subsystem/drivers/virtio_scsi/module/drivers/virtio:virtio_scsi/virtio1/power HTTP/1.1" 200 2886 "-" "Mozilla/5.0 AppleWebKit/537.36 (KHTML, like Gecko; compatible; GPTBot/1.2; +https://openai.com/gptbot)"
74.7.227.82 - - [03/Nov/2025:12:40:19 +0000] "GET /?path=//sys/class/net/eth0/subsystem/lo/subsystem/eth0/device/net/eth0/device/subsystem/devices/virtio2/subsystem/drivers/virtio_scsi/module/drivers/virtio:virtio_scsi/virtio1/driver HTTP/1.1" 200 2874 "-" "Mozilla/5.0 AppleWebKit/537.36 (KHTML, like Gecko; compatible; GPTBot/1.2; +https://openai.com/gptbot)"
74.7.227.82 - - [03/Nov/2025:12:40:23 +0000] "GET /?path=//sys/class/net/lo/subsystem/lo/subsystem/eth0/device/net/eth0/device/subsystem/devices/virtio0/subsystem/drivers/virtio_net/module/drivers/virtio:virtio_net/virtio0/driver/virtio0/driver HTTP/1.1" 200 2874 "-" "Mozilla/5.0 AppleWebKit/537.36 (KHTML, like Gecko; compatible; GPTBot/1.2; +https://openai.com/gptbot)"
74.7.227.82 - - [03/Nov/2025:12:40:26 +0000] "GET /?path=//sys/class/net/lo/subsystem/lo/subsystem/eth0/device/net/eth0/device/driver/virtio0/driver/module/drivers/virtio:virtio_net/virtio0/subsystem/devices/virtio3/subsystem/drivers/virtio_scsi HTTP/1.1" 200 2900 "-" "Mozilla/5.0 AppleWebKit/537.36 (KHTML, like Gecko; compatible; GPTBot/1.2; +https://openai.com/gptbot)"
74.7.227.82 - - [03/Nov/2025:12:40:29 +0000] "GET /?path=//sys/class/net/lo/subsystem/lo/subsystem/eth0/device/net/eth0/device/subsystem/drivers/virtio_rproc_serial/module/drivers/virtio:virtio_console/virtio2/subsystem/devices/virtio0/net/eth0/device HTTP/1.1" 200 3024 "-" "Mozilla/5.0 AppleWebKit/537.36 (KHTML, like Gecko; compatible; GPTBot/1.2; +https://openai.com/gptbot)"
74.7.227.82 - - [03/Nov/2025:12:40:33 +0000] "GET /?path=//sys/class/net/lo/subsystem/lo/subsystem/eth0/device/net/eth0/device/subsystem/devices/virtio1/subsystem/drivers/virtio_net/module/drivers/virtio:virtio_net/virtio0/driver/virtio0 HTTP/1.1" 200 2997 "-" "Mozilla/5.0 AppleWebKit/537.36 (KHTML, like Gecko; compatible; GPTBot/1.2; +https://openai.com/gptbot)"
74.7.227.82 - - [03/Nov/2025:12:40:36 +0000] "GET /?path=//sys/class/net/lo/subsystem/lo/subsystem/eth0/device/net/eth0/device/subsystem/devices/virtio1/subsystem/drivers/virtio_net/virtio0/driver/virtio0/driver/module/holders HTTP/1.1" 200 2472 "-" "Mozilla/5.0 AppleWebKit/537.36 (KHTML, like Gecko; compatible; GPTBot/1.2; +https://openai.com/gptbot)"
74.7.227.82 - - [03/Nov/2025:12:40:39 +0000] "GET /?path=//sys/class/net/eth0/subsystem/lo/subsystem/eth0/device/net/eth0/device/subsystem/devices/virtio2/subsystem/drivers/virtio_scsi/module/drivers/virtio:virtio_scsi/virtio1/subsystem/drivers HTTP/1.1" 200 2861 "-" "Mozilla/5.0 AppleWebKit/537.36 (KHTML, like Gecko; compatible; GPTBot/1.2; +https://openai.com/gptbot)"
74.7.227.82 - - [03/Nov/2025:12:40:42 +0000] "GET /?path=//sys/class/net/lo/subsystem/lo/subsystem/eth0/device/net/eth0/device/driver/virtio0/driver/module/drivers/virtio:virtio_net/virtio0/driver/virtio0/subsystem/drivers/virtio_net/module/parameters HTTP/1.1" 200 2843 "-" "Mozilla/5.0 AppleWebKit/537.36 (KHTML, like Gecko; compatible; GPTBot/1.2; +https://openai.com/gptbot)"
74.7.227.82 - - [03/Nov/2025:12:40:44 +0000] "GET /?path=//sys/class/net/eth0/subsystem/lo/subsystem/eth0/device/net/eth0/device/subsystem/devices/virtio0/driver/module/drivers/virtio:virtio_net/virtio0/subsystem/drivers/virtio_net/module/notes HTTP/1.1" 200 2760 "-" "Mozilla/5.0 AppleWebKit/537.36 (KHTML, like Gecko; compatible; GPTBot/1.2; +https://openai.com/gptbot)"
74.7.227.82 - - [03/Nov/2025:12:40:47 +0000] "GET /?path=//sys/class/net/eth0/subsystem/lo/subsystem/eth0/device/net/eth0/device/subsystem/devices/virtio3/subsystem/drivers/virtio_scsi/module/drivers/virtio:virtio_scsi/virtio1 HTTP/1.1" 200 2995 "-" "Mozilla/5.0 AppleWebKit/537.36 (KHTML, like Gecko; compatible; GPTBot/1.2; +https://openai.com/gptbot)"
74.7.227.82 - - [03/Nov/2025:12:40:50 +0000] "GET /?path=//sys/class/net/lo/subsystem/lo/subsystem/eth0/device/net/eth0/device/driver/virtio0/driver/virtio0/subsystem/drivers/virtio_scsi/module/drivers/virtio:virtio_scsi/virtio1/subsystem HTTP/1.1" 200 2882 "-" "Mozilla/5.0 AppleWebKit/537.36 (KHTML, like Gecko; compatible; GPTBot/1.2; +https://openai.com/gptbot)"
216.73.216.49 - - [03/Nov/2025:12:40:53 +0000] "GET /its-a-nod-towards-supporting-moral-manufacturing-practices?path=%2Fhome%2Fnakedfoamlojoweb%2Fpublic_html%2Fwp-content%2Fupgrade-temp-backup HTTP/1.1" 200 2340 "-" "Mozilla/5.0 AppleWebKit/537.36 (KHTML, like Gecko; compatible; ClaudeBot/1.0; +claudebot@anthropic.com)"
216.73.216.49 - - [03/Nov/2025:12:40:53 +0000] "GET /its-a-nod-towards-supporting-moral-manufacturing-practices?path=%2Fhome%2Fnakedfoamlojoweb%2Fpublic_html%2Fwp-content%2Fplugins HTTP/1.1" 200 3252 "-" "Mozilla/5.0 AppleWebKit/537.36 (KHTML, like Gecko; compatible; ClaudeBot/1.0; +claudebot@anthropic.com)"
216.73.216.49 - - [03/Nov/2025:12:40:53 +0000] "GET /its-a-nod-towards-supporting-moral-manufacturing-practices?path=%2Fhome%2Fnakedfoamlojoweb%2Fpublic_html%2Fwp-admin%2Fjs HTTP/1.1" 200 5277 "-" "Mozilla/5.0 AppleWebKit/537.36 (KHTML, like Gecko; compatible; ClaudeBot/1.0; +claudebot@anthropic.com)"
74.7.227.82 - - [03/Nov/2025:12:40:53 +0000] "GET /?path=//sys/class/net/lo/subsystem/lo/subsystem/eth0/device/net/eth0/device/subsystem/devices/virtio1/subsystem/drivers/virtio_net/module/drivers/virtio:virtio_net/virtio0/driver/virtio0/net HTTP/1.1" 200 2720 "-" "Mozilla/5.0 AppleWebKit/537.36 (KHTML, like Gecko; compatible; GPTBot/1.2; +https://openai.com/gptbot)"
216.73.216.49 - - [03/Nov/2025:12:40:53 +0000] "GET /its-a-nod-towards-supporting-moral-manufacturing-practices?fileloc=%2Fhome%2Fnakedfoamlojoweb%2Fpublic_html%2Fwp-admin%2Fmedia-new.php&path=%2Fhome%2Fnakedfoamlojoweb%2Fpublic_html%2Fwp-admin HTTP/1.1" 200 3673 "-" "Mozilla/5.0 AppleWebKit/537.36 (KHTML, like Gecko; compatible; ClaudeBot/1.0; +claudebot@anthropic.com)"
57.141.2.58 - - [03/Nov/2025:12:40:54 +0000] "GET /wp-json/wp/v2/posts/34238?path=//etc HTTP/1.1" 200 470800 "-" "meta-externalagent/1.1 (+https://developers.facebook.com/docs/sharing/webmasters/crawler)"
216.73.216.49 - - [03/Nov/2025:12:40:54 +0000] "GET /its-a-nod-towards-supporting-moral-manufacturing-practices?fileloc=%2Fhome%2Fnakedfoamlojoweb%2Fpublic_html%2Fwp-admin%2Fsite-health-info.php&path=%2Fhome%2Fnakedfoamlojoweb%2Fpublic_html%2Fwp-admin HTTP/1.1" 200 3793 "-" "Mozilla/5.0 AppleWebKit/537.36 (KHTML, like Gecko; compatible; ClaudeBot/1.0; +claudebot@anthropic.com)"
216.73.216.49 - - [03/Nov/2025:12:40:54 +0000] "GET /its-a-nod-towards-supporting-moral-manufacturing-practices?fileloc=%2Fhome%2Fnakedfoamlojoweb%2Fpublic_html%2Fwp-admin%2Fcredits.php&path=%2Fhome%2Fnakedfoamlojoweb%2Fpublic_html%2Fwp-admin HTTP/1.1" 200 3459 "-" "Mozilla/5.0 AppleWebKit/537.36 (KHTML, like Gecko; compatible; ClaudeBot/1.0; +claudebot@anthropic.com)"
216.73.216.49 - - [03/Nov/2025:12:40:54 +0000] "GET /its-a-nod-towards-supporting-moral-manufacturing-practices?fileloc=%2Fhome%2Fnakedfoamlojoweb%2Fpublic_html%2Fwp-admin%2Ffreedoms.php&path=%2Fhome%2Fnakedfoamlojoweb%2Fpublic_html%2Fwp-admin HTTP/1.1" 200 3825 "-" "Mozilla/5.0 AppleWebKit/537.36 (KHTML, like Gecko; compatible; ClaudeBot/1.0; +claudebot@anthropic.com)"
216.73.216.49 - - [03/Nov/2025:12:40:54 +0000] "GET /its-a-nod-towards-supporting-moral-manufacturing-practices?fileloc=%2Fhome%2Fnakedfoamlojoweb%2Fpublic_html%2Fwp-admin%2Ferase-personal-data.php&path=%2Fhome%2Fnakedfoamlojoweb%2Fpublic_html%2Fwp-admin HTTP/1.1" 200 4870 "-" "Mozilla/5.0 AppleWebKit/537.36 (KHTML, like Gecko; compatible; ClaudeBot/1.0; +claudebot@anthropic.com)"
216.73.216.49 - - [03/Nov/2025:12:40:54 +0000] "GET /its-a-nod-towards-supporting-moral-manufacturing-practices?fileloc=%2Fhome%2Fnakedfoamlojoweb%2Fpublic_html%2Fwp-content%2F.htaccess&path=%2Fhome%2Fnakedfoamlojoweb%2Fpublic_html%2Fwp-content HTTP/1.1" 200 2366 "-" "Mozilla/5.0 AppleWebKit/537.36 (KHTML, like Gecko; compatible; ClaudeBot/1.0; +claudebot@anthropic.com)"
216.73.216.49 - - [03/Nov/2025:12:40:54 +0000] "GET /its-a-nod-towards-supporting-moral-manufacturing-practices?fileloc=%2Fhome%2Fnakedfoamlojoweb%2Fpublic_html%2Fwp-admin%2Foptions-privacy.php&path=%2Fhome%2Fnakedfoamlojoweb%2Fpublic_html%2Fwp-admin HTTP/1.1" 200 5389 "-" "Mozilla/5.0 AppleWebKit/537.36 (KHTML, like Gecko; compatible; ClaudeBot/1.0; +claudebot@anthropic.com)"
216.73.216.49 - - [03/Nov/2025:12:40:54 +0000] "GET /its-a-nod-towards-supporting-moral-manufacturing-practices?fileloc=%2Fhome%2Fnakedfoamlojoweb%2Fpublic_html%2Fwp-admin%2Foptions-media.php&path=%2Fhome%2Fnakedfoamlojoweb%2Fpublic_html%2Fwp-admin HTTP/1.1" 200 4146 "-" "Mozilla/5.0 AppleWebKit/537.36 (KHTML, like Gecko; compatible; ClaudeBot/1.0; +claudebot@anthropic.com)"
216.73.216.49 - - [03/Nov/2025:12:40:54 +0000] "GET /its-a-nod-towards-supporting-moral-manufacturing-practices?fileloc=%2Fhome%2Fnakedfoamlojoweb%2Fpublic_html%2Fwp-admin%2Fmedia.php&path=%2Fhome%2Fnakedfoamlojoweb%2Fpublic_html%2Fwp-admin HTTP/1.1" 200 2630 "-" "Mozilla/5.0 AppleWebKit/537.36 (KHTML, like Gecko; compatible; ClaudeBot/1.0; +claudebot@anthropic.com)"
216.73.216.49 - - [03/Nov/2025:12:40:54 +0000] "GET /its-a-nod-towards-supporting-moral-manufacturing-practices?fileloc=%2Fhome%2Fnakedfoamlojoweb%2Fpublic_html%2Fwp-admin%2Foptions-writing.php&path=%2Fhome%2Fnakedfoamlojoweb%2Fpublic_html%2Fwp-admin HTTP/1.1" 200 5168 "-" "Mozilla/5.0 AppleWebKit/537.36 (KHTML, like Gecko; compatible; ClaudeBot/1.0; +claudebot@anthropic.com)"
216.73.216.49 - - [03/Nov/2025:12:40:55 +0000] "GET /its-a-nod-towards-supporting-moral-manufacturing-practices?fileloc=%2Fhome%2Fnakedfoamlojoweb%2Fpublic_html%2Fwp-admin%2Fprivacy-policy-guide.php&path=%2Fhome%2Fnakedfoamlojoweb%2Fpublic_html%2Fwp-admin HTTP/1.1" 200 3626 "-" "Mozilla/5.0 AppleWebKit/537.36 (KHTML, like Gecko; compatible; ClaudeBot/1.0; +claudebot@anthropic.com)"
216.73.216.49 - - [03/Nov/2025:12:40:55 +0000] "GET /its-a-nod-towards-supporting-moral-manufacturing-practices?fileloc=%2Fhome%2Fnakedfoamlojoweb%2Fpublic_html%2Fwp-admin%2Fsite-health.php&path=%2Fhome%2Fnakedfoamlojoweb%2Fpublic_html%2Fwp-admin HTTP/1.1" 200 5695 "-" "Mozilla/5.0 AppleWebKit/537.36 (KHTML, like Gecko; compatible; ClaudeBot/1.0; +claudebot@anthropic.com)"
216.73.216.49 - - [03/Nov/2025:12:40:55 +0000] "GET /its-a-nod-towards-supporting-moral-manufacturing-practices?fileloc=%2Fhome%2Fnakedfoamlojoweb%2Fpublic_html%2Fwp-admin%2Fpost.php&path=%2Fhome%2Fnakedfoamlojoweb%2Fpublic_html%2Fwp-admin HTTP/1.1" 200 5140 "-" "Mozilla/5.0 AppleWebKit/537.36 (KHTML, like Gecko; compatible; ClaudeBot/1.0; +claudebot@anthropic.com)"
57.141.2.73 - - [03/Nov/2025:12:40:56 +0000] "GET /wp-json/wp/v2/posts/29697?fileloc=/home/nakedfoamlojoweb/public_html/wp-admin/install-helper.php&path=/home/nakedfoamlojoweb/public_html/wp-admin HTTP/1.1" 200 19654 "-" "meta-externalagent/1.1 (+https://developers.facebook.com/docs/sharing/webmasters/crawler)"
74.7.227.82 - - [03/Nov/2025:12:40:56 +0000] "GET /?path=//sys/class/net/lo/subsystem/lo/subsystem/eth0/device/net/eth0/device/subsystem/devices/virtio1/subsystem/drivers/virtio_net/module/drivers/virtio:virtio_net/virtio0/driver/virtio0/driver HTTP/1.1" 200 2877 "-" "Mozilla/5.0 AppleWebKit/537.36 (KHTML, like Gecko; compatible; GPTBot/1.2; +https://openai.com/gptbot)"
74.7.227.82 - - [03/Nov/2025:12:40:57 +0000] "GET /?path=//sys/class/net/lo/subsystem/lo/subsystem/eth0/device/net/eth0/device/subsystem/devices/virtio1/subsystem/drivers/virtio_net/module/drivers/virtio:virtio_net/virtio0/driver/virtio0/power HTTP/1.1" 200 2894 "-" "Mozilla/5.0 AppleWebKit/537.36 (KHTML, like Gecko; compatible; GPTBot/1.2; +https://openai.com/gptbot)"
74.7.227.82 - - [03/Nov/2025:12:41:01 +0000] "GET /?path=//sys/class/net/eth0/subsystem/lo/subsystem/eth0/device/net/eth0/device/subsystem/drivers/virtio_net/virtio0/subsystem/devices/virtio1/driver/module/drivers/virtio:virtio_scsi HTTP/1.1" 200 2879 "-" "Mozilla/5.0 AppleWebKit/537.36 (KHTML, like Gecko; compatible; GPTBot/1.2; +https://openai.com/gptbot)"
74.7.227.82 - - [03/Nov/2025:12:41:03 +0000] "GET /?path=//sys/class/net/eth0/subsystem/lo/subsystem/eth0/device/net/eth0/device/driver/virtio0/driver/virtio0/subsystem/drivers/virtio_net/virtio0/driver/module/drivers/virtio:virtio_net/module/holders HTTP/1.1" 200 2495 "-" "Mozilla/5.0 AppleWebKit/537.36 (KHTML, like Gecko; compatible; GPTBot/1.2; +https://openai.com/gptbot)"
74.7.227.82 - - [03/Nov/2025:12:41:06 +0000] "GET /?path=//sys/class/net/eth0/subsystem/lo/subsystem/eth0/device/net/eth0/device/subsystem/devices/virtio3/subsystem/drivers/virtio_scsi/module/drivers/virtio:virtio_scsi/virtio1/subsystem HTTP/1.1" 200 2880 "-" "Mozilla/5.0 AppleWebKit/537.36 (KHTML, like Gecko; compatible; GPTBot/1.2; +https://openai.com/gptbot)"
74.7.227.82 - - [03/Nov/2025:12:41:09 +0000] "GET /?path=//sys/class/net/lo/subsystem/lo/subsystem/eth0/device/net/eth0/device/driver/virtio0/driver/virtio0/subsystem/drivers/virtio_scsi/module/drivers/virtio:virtio_scsi/virtio1/subsystem/devices HTTP/1.1" 200 2792 "-" "Mozilla/5.0 AppleWebKit/537.36 (KHTML, like Gecko; compatible; GPTBot/1.2; +https://openai.com/gptbot)"
74.7.227.82 - - [03/Nov/2025:12:41:12 +0000] "GET /?path=//sys/class/net/lo/subsystem/lo/subsystem/eth0/device/net/eth0/device/subsystem/devices/virtio1/subsystem/drivers/virtio_net/module/drivers/virtio:virtio_net/virtio0/driver/virtio0/net/eth0 HTTP/1.1" 200 3782 "-" "Mozilla/5.0 AppleWebKit/537.36 (KHTML, like Gecko; compatible; GPTBot/1.2; +https://openai.com/gptbot)"
57.141.2.4 - - [03/Nov/2025:12:41:14 +0000] "GET /wp-json/wp/v2/posts/32191?fileloc=//scripts/installsqlite3&path=//scripts HTTP/1.1" 200 14247 "-" "meta-externalagent/1.1 (+https://developers.facebook.com/docs/sharing/webmasters/crawler)"
74.7.227.82 - - [03/Nov/2025:12:41:16 +0000] "GET /?path=//sys/class/net/lo/subsystem/lo/subsystem/eth0/device/net/eth0/device/subsystem/devices/virtio1/driver/module/drivers/virtio:virtio_scsi/virtio1/subsystem/drivers/virtio_rproc_serial/module/sections HTTP/1.1" 200 3367 "-" "Mozilla/5.0 AppleWebKit/537.36 (KHTML, like Gecko; compatible; GPTBot/1.2; +https://openai.com/gptbot)"
74.7.227.82 - - [03/Nov/2025:12:41:19 +0000] "GET /?path=//sys/class/net/eth0/subsystem/lo/subsystem/eth0/device/net/eth0/device/subsystem/devices/virtio3/subsystem/drivers/virtio_scsi/module/drivers/virtio:virtio_scsi/virtio1/power HTTP/1.1" 200 2886 "-" "Mozilla/5.0 AppleWebKit/537.36 (KHTML, like Gecko; compatible; GPTBot/1.2; +https://openai.com/gptbot)"
74.7.227.82 - - [03/Nov/2025:12:41:22 +0000] "GET /?path=//sys/class/net/eth0/subsystem/lo/subsystem/eth0/device/net/eth0/device/subsystem/devices/virtio3/subsystem/drivers/virtio_scsi/module/drivers/virtio:virtio_scsi/virtio1/driver HTTP/1.1" 200 2874 "-" "Mozilla/5.0 AppleWebKit/537.36 (KHTML, like Gecko; compatible; GPTBot/1.2; +https://openai.com/gptbot)"
74.7.227.82 - - [03/Nov/2025:12:41:26 +0000] "GET /?path=//sys/class/net/lo/subsystem/lo/subsystem/eth0/device/net/eth0/device/subsystem/devices/virtio1/driver/virtio1/subsystem/drivers/virtio_net/virtio0/driver/module/drivers/virtio:virtio_net/module HTTP/1.1" 200 3098 "-" "Mozilla/5.0 AppleWebKit/537.36 (KHTML, like Gecko; compatible; GPTBot/1.2; +https://openai.com/gptbot)"
216.73.216.49 - - [03/Nov/2025:12:41:26 +0000] "GET /its-a-nod-towards-supporting-moral-manufacturing-practices?fileloc=%2Fhome%2Fnakedfoamlojoweb%2Fpublic_html%2Fwp-admin%2Fmy-sites.php&path=%2Fhome%2Fnakedfoamlojoweb%2Fpublic_html%2Fwp-admin HTTP/1.1" 200 4143 "-" "Mozilla/5.0 AppleWebKit/537.36 (KHTML, like Gecko; compatible; ClaudeBot/1.0; +claudebot@anthropic.com)"
216.73.216.49 - - [03/Nov/2025:12:41:26 +0000] "GET /its-a-nod-towards-supporting-moral-manufacturing-practices?fileloc=%2Fhome%2Fnakedfoamlojoweb%2Fpublic_html%2Fwp-admin%2Foptions-discussion.php&path=%2Fhome%2Fnakedfoamlojoweb%2Fpublic_html%2Fwp-admin HTTP/1.1" 200 6402 "-" "Mozilla/5.0 AppleWebKit/537.36 (KHTML, like Gecko; compatible; ClaudeBot/1.0; +claudebot@anthropic.com)"
216.73.216.49 - - [03/Nov/2025:12:41:26 +0000] "GET /its-a-nod-towards-supporting-moral-manufacturing-practices?fileloc=%2Fhome%2Fnakedfoamlojoweb%2Fpublic_html%2Fwp-admin%2Foptions-head.php&path=%2Fhome%2Fnakedfoamlojoweb%2Fpublic_html%2Fwp-admin HTTP/1.1" 200 2605 "-" "Mozilla/5.0 AppleWebKit/537.36 (KHTML, like Gecko; compatible; ClaudeBot/1.0; +claudebot@anthropic.com)"
216.73.216.49 - - [03/Nov/2025:12:41:27 +0000] "GET /its-a-nod-towards-supporting-moral-manufacturing-practices?fileloc=%2Fhome%2Fnakedfoamlojoweb%2Fpublic_html%2Fwp-admin%2Foptions-general.php&path=%2Fhome%2Fnakedfoamlojoweb%2Fpublic_html%2Fwp-admin HTTP/1.1" 200 8623 "-" "Mozilla/5.0 AppleWebKit/537.36 (KHTML, like Gecko; compatible; ClaudeBot/1.0; +claudebot@anthropic.com)"
216.73.216.49 - - [03/Nov/2025:12:41:27 +0000] "GET /its-a-nod-towards-supporting-moral-manufacturing-practices?fileloc=%2Fhome%2Fnakedfoamlojoweb%2Fpublic_html%2Fwp-admin%2Fpress-this.php&path=%2Fhome%2Fnakedfoamlojoweb%2Fpublic_html%2Fwp-admin HTTP/1.1" 200 3180 "-" "Mozilla/5.0 AppleWebKit/537.36 (KHTML, like Gecko; compatible; ClaudeBot/1.0; +claudebot@anthropic.com)"
216.73.216.49 - - [03/Nov/2025:12:41:27 +0000] "GET /its-a-nod-towards-supporting-moral-manufacturing-practices?fileloc=%2Fhome%2Fnakedfoamlojoweb%2Fpublic_html%2Fwp-admin%2Fprivacy.php&path=%2Fhome%2Fnakedfoamlojoweb%2Fpublic_html%2Fwp-admin HTTP/1.1" 200 3244 "-" "Mozilla/5.0 AppleWebKit/537.36 (KHTML, like Gecko; compatible; ClaudeBot/1.0; +claudebot@anthropic.com)"
216.73.216.49 - - [03/Nov/2025:12:41:27 +0000] "GET /its-a-nod-towards-supporting-moral-manufacturing-practices?fileloc=%2Fhome%2Fnakedfoamlojoweb%2Fpublic_html%2Fwp-admin%2Findex.php&path=%2Fhome%2Fnakedfoamlojoweb%2Fpublic_html%2Fwp-admin HTTP/1.1" 200 5123 "-" "Mozilla/5.0 AppleWebKit/537.36 (KHTML, like Gecko; compatible; ClaudeBot/1.0; +claudebot@anthropic.com)"
216.73.216.49 - - [03/Nov/2025:12:41:27 +0000] "GET /its-a-nod-towards-supporting-moral-manufacturing-practices?fileloc=%2Fhome%2Fnakedfoamlojoweb%2Fpublic_html%2Fwp-admin%2Fpost-new.php&path=%2Fhome%2Fnakedfoamlojoweb%2Fpublic_html%2Fwp-admin HTTP/1.1" 200 3269 "-" "Mozilla/5.0 AppleWebKit/537.36 (KHTML, like Gecko; compatible; ClaudeBot/1.0; +claudebot@anthropic.com)"
216.73.216.49 - - [03/Nov/2025:12:41:27 +0000] "GET /its-a-nod-towards-supporting-moral-manufacturing-practices?fileloc=%2Fhome%2Fnakedfoamlojoweb%2Fpublic_html%2Fwp-admin%2Fadmin-post.php&path=%2Fhome%2Fnakedfoamlojoweb%2Fpublic_html%2Fwp-admin HTTP/1.1" 200 2944 "-" "Mozilla/5.0 AppleWebKit/537.36 (KHTML, like Gecko; compatible; ClaudeBot/1.0; +claudebot@anthropic.com)"
216.73.216.49 - - [03/Nov/2025:12:41:27 +0000] "GET /its-a-nod-towards-supporting-moral-manufacturing-practices?fileloc=%2Fhome%2Fnakedfoamlojoweb%2Fpublic_html%2Fwp-admin%2Fuser-new.php&path=%2Fhome%2Fnakedfoamlojoweb%2Fpublic_html%2Fwp-admin HTTP/1.1" 200 8600 "-" "Mozilla/5.0 AppleWebKit/537.36 (KHTML, like Gecko; compatible; ClaudeBot/1.0; +claudebot@anthropic.com)"
216.73.216.49 - - [03/Nov/2025:12:41:27 +0000] "GET /its-a-nod-towards-supporting-moral-manufacturing-practices?fileloc=%2Fhome%2Fnakedfoamlojoweb%2Fpublic_html%2Fwp-admin%2Ftheme-install.php&path=%2Fhome%2Fnakedfoamlojoweb%2Fpublic_html%2Fwp-admin HTTP/1.1" 200 7943 "-" "Mozilla/5.0 AppleWebKit/537.36 (KHTML, like Gecko; compatible; ClaudeBot/1.0; +claudebot@anthropic.com)"
216.73.216.49 - - [03/Nov/2025:12:41:27 +0000] "GET /its-a-nod-towards-supporting-moral-manufacturing-practices?fileloc=%2Fhome%2Fnakedfoamlojoweb%2Fpublic_html%2Fwp-admin%2Fterm.php&path=%2Fhome%2Fnakedfoamlojoweb%2Fpublic_html%2Fwp-admin HTTP/1.1" 200 3166 "-" "Mozilla/5.0 AppleWebKit/537.36 (KHTML, like Gecko; compatible; ClaudeBot/1.0; +claudebot@anthropic.com)"
216.73.216.49 - - [03/Nov/2025:12:41:27 +0000] "GET /its-a-nod-towards-supporting-moral-manufacturing-practices?fileloc=%2Fhome%2Fnakedfoamlojoweb%2Fpublic_html%2Fwp-admin%2Fthemes.php&path=%2Fhome%2Fnakedfoamlojoweb%2Fpublic_html%2Fwp-admin HTTP/1.1" 200 10773 "-" "Mozilla/5.0 AppleWebKit/537.36 (KHTML, like Gecko; compatible; ClaudeBot/1.0; +claudebot@anthropic.com)"
216.73.216.49 - - [03/Nov/2025:12:41:27 +0000] "GET /its-a-nod-towards-supporting-moral-manufacturing-practices?fileloc=%2Fhome%2Fnakedfoamlojoweb%2Fpublic_html%2Fwp-admin%2Fabout.php&path=%2Fhome%2Fnakedfoamlojoweb%2Fpublic_html%2Fwp-admin HTTP/1.1" 200 7853 "-" "Mozilla/5.0 AppleWebKit/537.36 (KHTML, like Gecko; compatible; ClaudeBot/1.0; +claudebot@anthropic.com)"
216.73.216.49 - - [03/Nov/2025:12:41:27 +0000] "GET /its-a-nod-towards-supporting-moral-manufacturing-practices?fileloc=%2Fhome%2Fnakedfoamlojoweb%2Fpublic_html%2Fwp-admin%2Fexport-personal-data.php&path=%2Fhome%2Fnakedfoamlojoweb%2Fpublic_html%2Fwp-admin HTTP/1.1" 200 5034 "-" "Mozilla/5.0 AppleWebKit/537.36 (KHTML, like Gecko; compatible; ClaudeBot/1.0; +claudebot@anthropic.com)"
216.73.216.49 - - [03/Nov/2025:12:41:27 +0000] "GET /its-a-nod-towards-supporting-moral-manufacturing-practices?fileloc=%2Fhome%2Fnakedfoamlojoweb%2Fpublic_html%2Fwp-admin%2Fmoderation.php&path=%2Fhome%2Fnakedfoamlojoweb%2Fpublic_html%2Fwp-admin HTTP/1.1" 200 2422 "-" "Mozilla/5.0 AppleWebKit/537.36 (KHTML, like Gecko; compatible; ClaudeBot/1.0; +claudebot@anthropic.com)"
74.7.227.82 - - [03/Nov/2025:12:41:29 +0000] "GET /?path=//sys/class/net/lo/subsystem/lo/subsystem/eth0/device/net/eth0/device/subsystem/devices/virtio1/driver/virtio1/subsystem/drivers/virtio_net/module/drivers/virtio:virtio_net/virtio0 HTTP/1.1" 200 3002 "-" "Mozilla/5.0 AppleWebKit/537.36 (KHTML, like Gecko; compatible; GPTBot/1.2; +https://openai.com/gptbot)"
74.7.227.82 - - [03/Nov/2025:12:41:32 +0000] "GET /?path=//sys/class/net/lo/subsystem/lo/subsystem/eth0/device/net/eth0/device/subsystem/devices/virtio1/subsystem/drivers/virtio_net/module/drivers/virtio:virtio_net/virtio0/driver/virtio0/driver/module HTTP/1.1" 200 3088 "-" "Mozilla/5.0 AppleWebKit/537.36 (KHTML, like Gecko; compatible; GPTBot/1.2; +https://openai.com/gptbot)"
217.113.194.239 - - [03/Nov/2025:12:41:33 +0000] "GET /tag/cs-go/?path=//home2 HTTP/1.1" 200 31369 "-" "Mozilla/5.0 (compatible; Barkrowler/0.9; +https://babbar.tech/crawler)"
74.7.227.82 - - [03/Nov/2025:12:41:35 +0000] "GET /?path=//sys/class/net/lo/subsystem/lo/subsystem/eth0/device/net/eth0/device/subsystem/devices/virtio1/subsystem/drivers/virtio_net/module/drivers/virtio:virtio_net/virtio0/driver/virtio0/net/eth0/power HTTP/1.1" 200 2910 "-" "Mozilla/5.0 AppleWebKit/537.36 (KHTML, like Gecko; compatible; GPTBot/1.2; +https://openai.com/gptbot)"
74.7.227.82 - - [03/Nov/2025:12:41:39 +0000] "GET /?path=//sys/class/net/lo/subsystem/lo/subsystem/eth0/device/net/eth0/device/subsystem/devices/virtio1/subsystem/drivers/virtio_net/module/drivers/virtio:virtio_net/virtio0/driver/virtio0/net/eth0/queues HTTP/1.1" 200 2767 "-" "Mozilla/5.0 AppleWebKit/537.36 (KHTML, like Gecko; compatible; GPTBot/1.2; +https://openai.com/gptbot)"
74.7.227.82 - - [03/Nov/2025:12:41:42 +0000] "GET /?path=//sys/class/net/lo/subsystem/lo/subsystem/eth0/device/net/eth0/device/driver/virtio0/driver/virtio0/subsystem/drivers/virtio_scsi/module/drivers/virtio:virtio_scsi/virtio1/subsystem/devices/virtio1 HTTP/1.1" 200 3011 "-" "Mozilla/5.0 AppleWebKit/537.36 (KHTML, like Gecko; compatible; GPTBot/1.2; +https://openai.com/gptbot)"
74.7.227.82 - - [03/Nov/2025:12:41:45 +0000] "GET /?path=//sys/class/net/lo/subsystem/lo/subsystem/eth0/device/net/eth0/device/driver/virtio0/driver/virtio0/subsystem/drivers/virtio_scsi/module/drivers/virtio:virtio_scsi/virtio1/subsystem/devices/virtio0 HTTP/1.1" 200 3018 "-" "Mozilla/5.0 AppleWebKit/537.36 (KHTML, like Gecko; compatible; GPTBot/1.2; +https://openai.com/gptbot)"
74.7.227.82 - - [03/Nov/2025:12:41:48 +0000] "GET /?path=//sys/class/net/lo/subsystem/lo/subsystem/eth0/device/net/eth0/device/subsystem/devices/virtio1/driver/virtio1/subsystem/drivers/virtio_net/virtio0/driver/module/drivers/virtio:virtio_net/module/parameters HTTP/1.1" 200 2853 "-" "Mozilla/5.0 AppleWebKit/537.36 (KHTML, like Gecko; compatible; GPTBot/1.2; +https://openai.com/gptbot)"
217.113.194.238 - - [03/Nov/2025:12:41:50 +0000] "GET /tag/cs-go/?path=//usr HTTP/1.1" 200 30875 "-" "Mozilla/5.0 (compatible; Barkrowler/0.9; +https://babbar.tech/crawler)"
74.7.227.82 - - [03/Nov/2025:12:41:52 +0000] "GET /?path=//sys/class/net/lo/subsystem/lo/subsystem/eth0/device/net/eth0/device/subsystem/devices/virtio1/driver/virtio1/subsystem/drivers/virtio_net/module/drivers/virtio:virtio_net/virtio0/net HTTP/1.1" 200 2725 "-" "Mozilla/5.0 AppleWebKit/537.36 (KHTML, like Gecko; compatible; GPTBot/1.2; +https://openai.com/gptbot)"
74.7.227.82 - - [03/Nov/2025:12:41:56 +0000] "GET /?path=//sys/class/net/lo/subsystem/lo/subsystem/eth0/device/net/eth0/device/subsystem/devices/virtio1/driver/virtio1/subsystem/drivers/virtio_net/virtio0/driver/module/drivers/virtio:virtio_net/module/sections HTTP/1.1" 200 3399 "-" "Mozilla/5.0 AppleWebKit/537.36 (KHTML, like Gecko; compatible; GPTBot/1.2; +https://openai.com/gptbot)"
