20.171.207.234 - - [01/Oct/2025:13:00:32 +0000] "GET /?path=//sys/bus/node/devices/node0/cpu4/node0/memory83/subsystem/devices/memory130/node0/memory50 HTTP/1.1" 200 2945 "-" "Mozilla/5.0 AppleWebKit/537.36 (KHTML, like Gecko; compatible; GPTBot/1.2; +https://openai.com/gptbot)"
20.171.207.234 - - [01/Oct/2025:13:00:33 +0000] "GET /?path=//sys/bus/node/devices/node0/cpu4/node0/memory37/subsystem/devices/memory132/node0/memory12 HTTP/1.1" 200 2943 "-" "Mozilla/5.0 AppleWebKit/537.36 (KHTML, like Gecko; compatible; GPTBot/1.2; +https://openai.com/gptbot)"
20.171.207.234 - - [01/Oct/2025:13:00:34 +0000] "GET /?path=//sys/bus/node/devices/node0/cpu4/node0/memory83/subsystem/devices/memory130/node0/memory21 HTTP/1.1" 200 2947 "-" "Mozilla/5.0 AppleWebKit/537.36 (KHTML, like Gecko; compatible; GPTBot/1.2; +https://openai.com/gptbot)"
20.171.207.234 - - [01/Oct/2025:13:00:36 +0000] "GET /?path=//sys/bus/node/devices/node0/cpu1/node0/memory122/subsystem/devices/memory54/node0/memory58 HTTP/1.1" 200 2947 "-" "Mozilla/5.0 AppleWebKit/537.36 (KHTML, like Gecko; compatible; GPTBot/1.2; +https://openai.com/gptbot)"
20.171.207.234 - - [01/Oct/2025:13:00:38 +0000] "GET /?path=//sys/bus/node/devices/node0/cpu2/node0/memory121/subsystem/devices/memory94/node0/memory65 HTTP/1.1" 200 2948 "-" "Mozilla/5.0 AppleWebKit/537.36 (KHTML, like Gecko; compatible; GPTBot/1.2; +https://openai.com/gptbot)"
20.171.207.234 - - [01/Oct/2025:13:00:39 +0000] "GET /?path=//sys/bus/node/devices/node0/cpu4/node0/memory37/subsystem/devices/memory115/node0/memory109 HTTP/1.1" 200 2946 "-" "Mozilla/5.0 AppleWebKit/537.36 (KHTML, like Gecko; compatible; GPTBot/1.2; +https://openai.com/gptbot)"
20.171.207.234 - - [01/Oct/2025:13:00:40 +0000] "GET /?path=//sys/bus/node/devices/node0/cpu4/node0/memory37/subsystem/devices/memory132/node0/memory113 HTTP/1.1" 200 2947 "-" "Mozilla/5.0 AppleWebKit/537.36 (KHTML, like Gecko; compatible; GPTBot/1.2; +https://openai.com/gptbot)"
20.171.207.234 - - [01/Oct/2025:13:00:42 +0000] "GET /?path=//sys/bus/node/devices/node0/cpu4/node0/memory37/subsystem/devices/memory115/node0/memory21 HTTP/1.1" 200 2947 "-" "Mozilla/5.0 AppleWebKit/537.36 (KHTML, like Gecko; compatible; GPTBot/1.2; +https://openai.com/gptbot)"
20.171.207.234 - - [01/Oct/2025:13:00:43 +0000] "GET /?path=//sys/bus/node/devices/node0/cpu4/node0/memory37/subsystem/devices/memory115/node0/memory95 HTTP/1.1" 200 2946 "-" "Mozilla/5.0 AppleWebKit/537.36 (KHTML, like Gecko; compatible; GPTBot/1.2; +https://openai.com/gptbot)"
20.171.207.234 - - [01/Oct/2025:13:00:44 +0000] "GET /?fileloc=//sys/bus/node/devices/node0/cpu4/node0/memory83/subsystem/devices/memory130/node0/memory20/valid_zones&path=//sys/bus/node/devices/node0/cpu4/node0/memory83/subsystem/devices/memory130/node0/memory20 HTTP/1.1" 200 2360 "-" "Mozilla/5.0 AppleWebKit/537.36 (KHTML, like Gecko; compatible; GPTBot/1.2; +https://openai.com/gptbot)"
20.171.207.234 - - [01/Oct/2025:13:00:45 +0000] "GET /?path=//sys/bus/node/devices/node0/cpu1/node0/memory122/subsystem/devices/memory19/node0/memory37 HTTP/1.1" 200 2945 "-" "Mozilla/5.0 AppleWebKit/537.36 (KHTML, like Gecko; compatible; GPTBot/1.2; +https://openai.com/gptbot)"
20.171.207.234 - - [01/Oct/2025:13:00:47 +0000] "GET /?path=//sys/bus/node/devices/node0/cpu1/node0/memory122/subsystem/devices/memory54/node0/memory37 HTTP/1.1" 200 2949 "-" "Mozilla/5.0 AppleWebKit/537.36 (KHTML, like Gecko; compatible; GPTBot/1.2; +https://openai.com/gptbot)"
20.171.207.234 - - [01/Oct/2025:13:00:49 +0000] "GET /?path=//sys/bus/node/devices/node0/cpu1/node0/memory122/subsystem/devices/memory54/node0/memory79 HTTP/1.1" 200 2949 "-" "Mozilla/5.0 AppleWebKit/537.36 (KHTML, like Gecko; compatible; GPTBot/1.2; +https://openai.com/gptbot)"
20.171.207.234 - - [01/Oct/2025:13:00:51 +0000] "GET /?path=//sys/bus/node/devices/node0/cpu2/node0/memory121/subsystem/devices/memory89/node0/memory40 HTTP/1.1" 200 2945 "-" "Mozilla/5.0 AppleWebKit/537.36 (KHTML, like Gecko; compatible; GPTBot/1.2; +https://openai.com/gptbot)"
20.171.207.234 - - [01/Oct/2025:13:00:52 +0000] "GET /?path=//sys/bus/node/devices/node0/cpu4/node0/memory83/subsystem/devices/memory130/node0/memory106 HTTP/1.1" 200 2946 "-" "Mozilla/5.0 AppleWebKit/537.36 (KHTML, like Gecko; compatible; GPTBot/1.2; +https://openai.com/gptbot)"
20.171.207.234 - - [01/Oct/2025:13:00:53 +0000] "GET /?path=//sys/bus/node/devices/node0/cpu2/node0/memory121/subsystem/devices/memory89/node0/memory92 HTTP/1.1" 200 2946 "-" "Mozilla/5.0 AppleWebKit/537.36 (KHTML, like Gecko; compatible; GPTBot/1.2; +https://openai.com/gptbot)"
20.171.207.234 - - [01/Oct/2025:13:00:54 +0000] "GET /?path=//sys/bus/node/devices/node0/cpu4/node0/memory37/subsystem/devices/memory132/node0/memory116 HTTP/1.1" 200 2946 "-" "Mozilla/5.0 AppleWebKit/537.36 (KHTML, like Gecko; compatible; GPTBot/1.2; +https://openai.com/gptbot)"
20.171.207.234 - - [01/Oct/2025:13:00:56 +0000] "GET /?path=//sys/bus/node/devices/node0/cpu1/node0/memory122/subsystem/devices/memory54/node0/memory82 HTTP/1.1" 200 2948 "-" "Mozilla/5.0 AppleWebKit/537.36 (KHTML, like Gecko; compatible; GPTBot/1.2; +https://openai.com/gptbot)"
20.171.207.234 - - [01/Oct/2025:13:00:57 +0000] "GET /?path=//sys/bus/node/devices/node0/cpu4/node0/memory83/subsystem/devices/memory130/node0/memory10 HTTP/1.1" 200 2943 "-" "Mozilla/5.0 AppleWebKit/537.36 (KHTML, like Gecko; compatible; GPTBot/1.2; +https://openai.com/gptbot)"
20.171.207.234 - - [01/Oct/2025:13:00:59 +0000] "GET /?path=//sys/bus/node/devices/node0/cpu1/node0/memory122/subsystem/devices/memory19/node0/memory68 HTTP/1.1" 200 2944 "-" "Mozilla/5.0 AppleWebKit/537.36 (KHTML, like Gecko; compatible; GPTBot/1.2; +https://openai.com/gptbot)"
20.171.207.234 - - [01/Oct/2025:13:01:00 +0000] "GET /?path=//sys/bus/node/devices/node0/cpu4/node0/memory37/subsystem/devices/memory132/node0/memory57 HTTP/1.1" 200 2946 "-" "Mozilla/5.0 AppleWebKit/537.36 (KHTML, like Gecko; compatible; GPTBot/1.2; +https://openai.com/gptbot)"
66.249.64.35 - - [01/Oct/2025:13:01:01 +0000] "GET /?p=334484 HTTP/1.1" 200 3335 "-" "Mozilla/5.0 (Linux; Android 6.0.1; Nexus 5X Build/MMB29P) AppleWebKit/537.36 (KHTML, like Gecko) Chrome/140.0.7339.207 Mobile Safari/537.36 (compatible; Googlebot/2.1; +http://www.google.com/bot.html)"
20.171.207.234 - - [01/Oct/2025:13:01:03 +0000] "GET /?path=//sys/bus/node/devices/node0/cpu4/node0/memory83/subsystem/devices/memory130/node0/memory46 HTTP/1.1" 200 2947 "-" "Mozilla/5.0 AppleWebKit/537.36 (KHTML, like Gecko; compatible; GPTBot/1.2; +https://openai.com/gptbot)"
20.171.207.234 - - [01/Oct/2025:13:01:04 +0000] "GET /?path=//sys/bus/node/devices/node0/cpu4/node0/memory37/subsystem/devices/memory115/node0/memory109/power HTTP/1.1" 200 2814 "-" "Mozilla/5.0 AppleWebKit/537.36 (KHTML, like Gecko; compatible; GPTBot/1.2; +https://openai.com/gptbot)"
20.171.207.234 - - [01/Oct/2025:13:01:05 +0000] "GET /?path=//sys/bus/node/devices/node0/cpu4/node0/memory83/subsystem/devices/memory130/node0/memory51 HTTP/1.1" 200 2947 "-" "Mozilla/5.0 AppleWebKit/537.36 (KHTML, like Gecko; compatible; GPTBot/1.2; +https://openai.com/gptbot)"
20.171.207.234 - - [01/Oct/2025:13:01:06 +0000] "GET /?path=//sys/bus/node/devices/node0/cpu4/node0/memory37/subsystem/devices/memory132/node0/memory107 HTTP/1.1" 200 2948 "-" "Mozilla/5.0 AppleWebKit/537.36 (KHTML, like Gecko; compatible; GPTBot/1.2; +https://openai.com/gptbot)"
20.171.207.234 - - [01/Oct/2025:13:01:07 +0000] "GET /?path=//sys/bus/node/devices/node0/cpu4/node0/memory83/subsystem/devices/memory130/node0/memory61 HTTP/1.1" 200 2947 "-" "Mozilla/5.0 AppleWebKit/537.36 (KHTML, like Gecko; compatible; GPTBot/1.2; +https://openai.com/gptbot)"
20.171.207.234 - - [01/Oct/2025:13:01:08 +0000] "GET /?path=//sys/bus/node/devices/node0/cpu1/node0/memory122/subsystem/devices/memory19/node0/memory67 HTTP/1.1" 200 2945 "-" "Mozilla/5.0 AppleWebKit/537.36 (KHTML, like Gecko; compatible; GPTBot/1.2; +https://openai.com/gptbot)"
20.171.207.234 - - [01/Oct/2025:13:01:10 +0000] "GET /?path=//sys/bus/node/devices/node0/cpu2/node0/memory121/subsystem/devices/memory94/node0/memory84 HTTP/1.1" 200 2946 "-" "Mozilla/5.0 AppleWebKit/537.36 (KHTML, like Gecko; compatible; GPTBot/1.2; +https://openai.com/gptbot)"
20.171.207.234 - - [01/Oct/2025:13:01:11 +0000] "GET /?path=//sys/bus/node/devices/node0/cpu4/node0/memory83/subsystem/devices/memory130/node0/memory132 HTTP/1.1" 200 2944 "-" "Mozilla/5.0 AppleWebKit/537.36 (KHTML, like Gecko; compatible; GPTBot/1.2; +https://openai.com/gptbot)"
20.171.207.234 - - [01/Oct/2025:13:01:12 +0000] "GET /?path=//sys/bus/node/devices/node0/cpu4/node0/memory83/subsystem/devices/memory130/node0/memory101 HTTP/1.1" 200 2945 "-" "Mozilla/5.0 AppleWebKit/537.36 (KHTML, like Gecko; compatible; GPTBot/1.2; +https://openai.com/gptbot)"
20.171.207.234 - - [01/Oct/2025:13:01:13 +0000] "GET /?path=//sys/bus/node/devices/node0/cpu4/node0/memory37/subsystem/devices/memory115/node0/memory100 HTTP/1.1" 200 2945 "-" "Mozilla/5.0 AppleWebKit/537.36 (KHTML, like Gecko; compatible; GPTBot/1.2; +https://openai.com/gptbot)"
20.171.207.234 - - [01/Oct/2025:13:01:14 +0000] "GET /?path=//sys/bus/node/devices/node0/cpu4/node0/memory83/subsystem/devices/memory130/node0/memory113 HTTP/1.1" 200 2947 "-" "Mozilla/5.0 AppleWebKit/537.36 (KHTML, like Gecko; compatible; GPTBot/1.2; +https://openai.com/gptbot)"
20.171.207.234 - - [01/Oct/2025:13:01:15 +0000] "GET /?path=//sys/bus/node/devices/node0/cpu1/node0/memory122/subsystem/devices/memory54/node0/memory75 HTTP/1.1" 200 2949 "-" "Mozilla/5.0 AppleWebKit/537.36 (KHTML, like Gecko; compatible; GPTBot/1.2; +https://openai.com/gptbot)"
20.171.207.234 - - [01/Oct/2025:13:01:17 +0000] "GET /?path=//sys/bus/node/devices/node0/cpu4/node0/memory37/subsystem/devices/memory115/node0/memory53 HTTP/1.1" 200 2948 "-" "Mozilla/5.0 AppleWebKit/537.36 (KHTML, like Gecko; compatible; GPTBot/1.2; +https://openai.com/gptbot)"
20.171.207.234 - - [01/Oct/2025:13:01:19 +0000] "GET /?path=//sys/bus/node/devices/node0/cpu2/node0/memory121/subsystem/devices/memory89/node0/memory38 HTTP/1.1" 200 2947 "-" "Mozilla/5.0 AppleWebKit/537.36 (KHTML, like Gecko; compatible; GPTBot/1.2; +https://openai.com/gptbot)"
20.171.207.234 - - [01/Oct/2025:13:01:20 +0000] "GET /?path=//sys/bus/node/devices/node0/cpu4/node0/memory37/subsystem/devices/memory132/node0/memory73 HTTP/1.1" 200 2949 "-" "Mozilla/5.0 AppleWebKit/537.36 (KHTML, like Gecko; compatible; GPTBot/1.2; +https://openai.com/gptbot)"
20.171.207.234 - - [01/Oct/2025:13:01:22 +0000] "GET /?path=//sys/bus/node/devices/node0/cpu4/node0/memory37/subsystem/devices/memory115/node0/memory80 HTTP/1.1" 200 2945 "-" "Mozilla/5.0 AppleWebKit/537.36 (KHTML, like Gecko; compatible; GPTBot/1.2; +https://openai.com/gptbot)"
20.171.207.234 - - [01/Oct/2025:13:01:24 +0000] "GET /?path=//sys/bus/node/devices/node0/cpu2/node0/memory121/subsystem/devices/memory89/node0/memory73 HTTP/1.1" 200 2948 "-" "Mozilla/5.0 AppleWebKit/537.36 (KHTML, like Gecko; compatible; GPTBot/1.2; +https://openai.com/gptbot)"
20.171.207.234 - - [01/Oct/2025:13:01:25 +0000] "GET /?path=//sys/bus/node/devices/node0/cpu4/node0/memory37/subsystem/devices/memory115/node0/memory22 HTTP/1.1" 200 2948 "-" "Mozilla/5.0 AppleWebKit/537.36 (KHTML, like Gecko; compatible; GPTBot/1.2; +https://openai.com/gptbot)"
66.249.64.34 - - [01/Oct/2025:13:01:26 +0000] "GET /?p=799075 HTTP/1.1" 200 3335 "-" "Mozilla/5.0 (Linux; Android 6.0.1; Nexus 5X Build/MMB29P) AppleWebKit/537.36 (KHTML, like Gecko) Chrome/140.0.7339.207 Mobile Safari/537.36 (compatible; Googlebot/2.1; +http://www.google.com/bot.html)"
20.171.207.234 - - [01/Oct/2025:13:01:26 +0000] "GET /?path=//sys/bus/node/devices/node0/cpu4/node0/memory37/subsystem/devices/memory115/node0/memory110 HTTP/1.1" 200 2944 "-" "Mozilla/5.0 AppleWebKit/537.36 (KHTML, like Gecko; compatible; GPTBot/1.2; +https://openai.com/gptbot)"
20.171.207.234 - - [01/Oct/2025:13:01:29 +0000] "GET /?path=//sys/bus/node/devices/node0/cpu4/node0/memory83/subsystem/devices/memory130/node0/memory32 HTTP/1.1" 200 2948 "-" "Mozilla/5.0 AppleWebKit/537.36 (KHTML, like Gecko; compatible; GPTBot/1.2; +https://openai.com/gptbot)"
20.171.207.234 - - [01/Oct/2025:13:01:31 +0000] "GET /?path=//sys/bus/node/devices/node0/cpu4/node0/memory37/subsystem/devices/memory115/node0/memory40 HTTP/1.1" 200 2946 "-" "Mozilla/5.0 AppleWebKit/537.36 (KHTML, like Gecko; compatible; GPTBot/1.2; +https://openai.com/gptbot)"
20.171.207.234 - - [01/Oct/2025:13:01:32 +0000] "GET /?path=//sys/bus/node/devices/node0/cpu2/node0/memory121/subsystem/devices/memory94/node0/memory72 HTTP/1.1" 200 2947 "-" "Mozilla/5.0 AppleWebKit/537.36 (KHTML, like Gecko; compatible; GPTBot/1.2; +https://openai.com/gptbot)"
20.171.207.234 - - [01/Oct/2025:13:01:34 +0000] "GET /?path=//sys/bus/node/devices/node0/cpu1/node0/memory122/subsystem/devices/memory54/node0/memory47 HTTP/1.1" 200 2950 "-" "Mozilla/5.0 AppleWebKit/537.36 (KHTML, like Gecko; compatible; GPTBot/1.2; +https://openai.com/gptbot)"
20.171.207.234 - - [01/Oct/2025:13:01:35 +0000] "GET /?path=//sys/bus/node/devices/node0/cpu4/node0/memory83/subsystem/devices/memory130/node0/memory17 HTTP/1.1" 200 2946 "-" "Mozilla/5.0 AppleWebKit/537.36 (KHTML, like Gecko; compatible; GPTBot/1.2; +https://openai.com/gptbot)"
20.171.207.234 - - [01/Oct/2025:13:01:36 +0000] "GET /?path=//sys/bus/node/devices/node0/cpu4/node0/memory37/subsystem/devices/memory132/node0/memory23 HTTP/1.1" 200 2948 "-" "Mozilla/5.0 AppleWebKit/537.36 (KHTML, like Gecko; compatible; GPTBot/1.2; +https://openai.com/gptbot)"
20.171.207.234 - - [01/Oct/2025:13:01:38 +0000] "GET /?path=//sys/bus/node/devices/node0/cpu2/node0/memory121/subsystem/devices/memory89/node0/memory23 HTTP/1.1" 200 2948 "-" "Mozilla/5.0 AppleWebKit/537.36 (KHTML, like Gecko; compatible; GPTBot/1.2; +https://openai.com/gptbot)"
20.171.207.234 - - [01/Oct/2025:13:01:39 +0000] "GET /?path=//sys/bus/node/devices/node0/cpu2/node0/memory121/subsystem/devices/memory94/node0/memory43 HTTP/1.1" 200 2948 "-" "Mozilla/5.0 AppleWebKit/537.36 (KHTML, like Gecko; compatible; GPTBot/1.2; +https://openai.com/gptbot)"
66.249.64.34 - - [01/Oct/2025:13:01:40 +0000] "GET /?p=996027 HTTP/1.1" 200 3335 "-" "Mozilla/5.0 (Linux; Android 6.0.1; Nexus 5X Build/MMB29P) AppleWebKit/537.36 (KHTML, like Gecko) Chrome/140.0.7339.207 Mobile Safari/537.36 (compatible; Googlebot/2.1; +http://www.google.com/bot.html)"
20.171.207.234 - - [01/Oct/2025:13:01:40 +0000] "GET /?path=//sys/bus/node/devices/node0/cpu4/node0/memory83/subsystem/devices/memory130/node0/memory130 HTTP/1.1" 200 2939 "-" "Mozilla/5.0 AppleWebKit/537.36 (KHTML, like Gecko; compatible; GPTBot/1.2; +https://openai.com/gptbot)"
20.171.207.234 - - [01/Oct/2025:13:01:41 +0000] "GET /?path=//sys/bus/node/devices/node0/cpu4/node0/memory37/subsystem/devices/memory132/node0/memory99 HTTP/1.1" 200 2948 "-" "Mozilla/5.0 AppleWebKit/537.36 (KHTML, like Gecko; compatible; GPTBot/1.2; +https://openai.com/gptbot)"
20.171.207.234 - - [01/Oct/2025:13:01:43 +0000] "GET /?path=//sys/bus/node/devices/node0/cpu4/node0/memory37/subsystem/devices/memory115/node0/memory65 HTTP/1.1" 200 2946 "-" "Mozilla/5.0 AppleWebKit/537.36 (KHTML, like Gecko; compatible; GPTBot/1.2; +https://openai.com/gptbot)"
20.171.207.234 - - [01/Oct/2025:13:01:44 +0000] "GET /?path=//sys/bus/node/devices/node0/cpu4/node0/memory37/subsystem/devices/memory132/node0/memory51 HTTP/1.1" 200 2948 "-" "Mozilla/5.0 AppleWebKit/537.36 (KHTML, like Gecko; compatible; GPTBot/1.2; +https://openai.com/gptbot)"
20.171.207.234 - - [01/Oct/2025:13:01:45 +0000] "GET /?path=//sys/bus/node/devices/node0/cpu2/node0/memory121/subsystem/devices/memory89/node0/memory79 HTTP/1.1" 200 2946 "-" "Mozilla/5.0 AppleWebKit/537.36 (KHTML, like Gecko; compatible; GPTBot/1.2; +https://openai.com/gptbot)"
20.171.207.234 - - [01/Oct/2025:13:01:46 +0000] "GET /?path=//sys/bus/node/devices/node0/cpu4/node0/memory37/subsystem/devices/memory115/node0/memory112 HTTP/1.1" 200 2944 "-" "Mozilla/5.0 AppleWebKit/537.36 (KHTML, like Gecko; compatible; GPTBot/1.2; +https://openai.com/gptbot)"
20.171.207.234 - - [01/Oct/2025:13:01:47 +0000] "GET /?path=//sys/bus/node/devices/node0/cpu2/node0/memory121/subsystem/devices/memory89/node0/memory86 HTTP/1.1" 200 2946 "-" "Mozilla/5.0 AppleWebKit/537.36 (KHTML, like Gecko; compatible; GPTBot/1.2; +https://openai.com/gptbot)"
20.171.207.234 - - [01/Oct/2025:13:01:48 +0000] "GET /?path=//sys/bus/node/devices/node0/cpu4/node0/memory37/subsystem/devices/memory132/node0/memory15 HTTP/1.1" 200 2947 "-" "Mozilla/5.0 AppleWebKit/537.36 (KHTML, like Gecko; compatible; GPTBot/1.2; +https://openai.com/gptbot)"
20.171.207.234 - - [01/Oct/2025:13:01:50 +0000] "GET /?path=//sys/bus/node/devices/node0/cpu4/node0/memory83/subsystem/devices/memory130/node0/memory99 HTTP/1.1" 200 2947 "-" "Mozilla/5.0 AppleWebKit/537.36 (KHTML, like Gecko; compatible; GPTBot/1.2; +https://openai.com/gptbot)"
20.171.207.234 - - [01/Oct/2025:13:01:51 +0000] "GET /?path=//sys/bus/node/devices/node0/cpu2/node0/memory121/subsystem/devices/memory89/node0/memory99 HTTP/1.1" 200 2945 "-" "Mozilla/5.0 AppleWebKit/537.36 (KHTML, like Gecko; compatible; GPTBot/1.2; +https://openai.com/gptbot)"
20.171.207.234 - - [01/Oct/2025:13:01:52 +0000] "GET /?path=//sys/bus/node/devices/node0/cpu4/node0/memory83/subsystem/devices/memory130/node0/memory77 HTTP/1.1" 200 2948 "-" "Mozilla/5.0 AppleWebKit/537.36 (KHTML, like Gecko; compatible; GPTBot/1.2; +https://openai.com/gptbot)"
20.171.207.234 - - [01/Oct/2025:13:01:54 +0000] "GET /?path=//sys/bus/node/devices/node0/cpu2/node0/memory121/subsystem/devices/memory89/node0/memory54 HTTP/1.1" 200 2948 "-" "Mozilla/5.0 AppleWebKit/537.36 (KHTML, like Gecko; compatible; GPTBot/1.2; +https://openai.com/gptbot)"
20.171.207.234 - - [01/Oct/2025:13:01:55 +0000] "GET /?path=//sys/bus/node/devices/node0/cpu1/node0/memory122/subsystem/devices/memory54/node0/memory59 HTTP/1.1" 200 2948 "-" "Mozilla/5.0 AppleWebKit/537.36 (KHTML, like Gecko; compatible; GPTBot/1.2; +https://openai.com/gptbot)"
20.171.207.234 - - [01/Oct/2025:13:01:55 +0000] "GET /?path=//sys/bus/node/devices/node0/cpu4/node0/memory37/subsystem/devices/memory132/node0/memory112 HTTP/1.1" 200 2944 "-" "Mozilla/5.0 AppleWebKit/537.36 (KHTML, like Gecko; compatible; GPTBot/1.2; +https://openai.com/gptbot)"
20.171.207.234 - - [01/Oct/2025:13:01:57 +0000] "GET /?path=//sys/bus/node/devices/node0/cpu2/node0/memory121/subsystem/devices/memory89/node0/memory37 HTTP/1.1" 200 2948 "-" "Mozilla/5.0 AppleWebKit/537.36 (KHTML, like Gecko; compatible; GPTBot/1.2; +https://openai.com/gptbot)"
20.171.207.234 - - [01/Oct/2025:13:01:59 +0000] "GET /?path=//sys/bus/node/devices/node0/cpu4/node0/memory83/subsystem/devices/memory130/node0/memory60 HTTP/1.1" 200 2945 "-" "Mozilla/5.0 AppleWebKit/537.36 (KHTML, like Gecko; compatible; GPTBot/1.2; +https://openai.com/gptbot)"
20.171.207.234 - - [01/Oct/2025:13:02:00 +0000] "GET /?path=//sys/bus/node/devices/node0/cpu4/node0/memory37/subsystem/devices/memory115/node0/memory114 HTTP/1.1" 200 2945 "-" "Mozilla/5.0 AppleWebKit/537.36 (KHTML, like Gecko; compatible; GPTBot/1.2; +https://openai.com/gptbot)"
20.171.207.234 - - [01/Oct/2025:13:02:02 +0000] "GET /?path=//sys/bus/node/devices/node0/cpu4/node0/memory37/subsystem/devices/memory132/node0/memory61 HTTP/1.1" 200 2948 "-" "Mozilla/5.0 AppleWebKit/537.36 (KHTML, like Gecko; compatible; GPTBot/1.2; +https://openai.com/gptbot)"
20.171.207.234 - - [01/Oct/2025:13:02:04 +0000] "GET /?path=//sys/bus/node/devices/node0/cpu4/node0/memory83/subsystem/devices/memory130/node0/memory59 HTTP/1.1" 200 2948 "-" "Mozilla/5.0 AppleWebKit/537.36 (KHTML, like Gecko; compatible; GPTBot/1.2; +https://openai.com/gptbot)"
20.171.207.234 - - [01/Oct/2025:13:02:06 +0000] "GET /?path=//sys/bus/node/devices/node0/cpu1/node0/memory122/subsystem/devices/memory19/node0/memory45 HTTP/1.1" 200 2945 "-" "Mozilla/5.0 AppleWebKit/537.36 (KHTML, like Gecko; compatible; GPTBot/1.2; +https://openai.com/gptbot)"
20.171.207.234 - - [01/Oct/2025:13:02:07 +0000] "GET /?path=//sys/bus/node/devices/node0/cpu2/node0/memory121/subsystem/devices/memory94/node0/memory92 HTTP/1.1" 200 2946 "-" "Mozilla/5.0 AppleWebKit/537.36 (KHTML, like Gecko; compatible; GPTBot/1.2; +https://openai.com/gptbot)"
20.171.207.234 - - [01/Oct/2025:13:02:08 +0000] "GET /?path=//sys/bus/node/devices/node0/cpu4/node0/memory37/subsystem/devices/memory132/node0/memory131 HTTP/1.1" 200 2944 "-" "Mozilla/5.0 AppleWebKit/537.36 (KHTML, like Gecko; compatible; GPTBot/1.2; +https://openai.com/gptbot)"
20.171.207.234 - - [01/Oct/2025:13:02:09 +0000] "GET /?path=//sys/bus/node/devices/node0/cpu4/node0/memory83/subsystem/devices/memory130/node0/memory119 HTTP/1.1" 200 2946 "-" "Mozilla/5.0 AppleWebKit/537.36 (KHTML, like Gecko; compatible; GPTBot/1.2; +https://openai.com/gptbot)"
20.171.207.234 - - [01/Oct/2025:13:02:10 +0000] "GET /?path=//sys/bus/node/devices/node0/cpu4/node0/memory37/subsystem/devices/memory132/node0/memory43 HTTP/1.1" 200 2948 "-" "Mozilla/5.0 AppleWebKit/537.36 (KHTML, like Gecko; compatible; GPTBot/1.2; +https://openai.com/gptbot)"
20.171.207.234 - - [01/Oct/2025:13:02:11 +0000] "GET /?path=//sys/bus/node/devices/node0/cpu4/node0/memory37/subsystem/devices/memory132/node0/memory48 HTTP/1.1" 200 2948 "-" "Mozilla/5.0 AppleWebKit/537.36 (KHTML, like Gecko; compatible; GPTBot/1.2; +https://openai.com/gptbot)"
20.171.207.234 - - [01/Oct/2025:13:02:12 +0000] "GET /?path=//sys/bus/node/devices/node0/cpu4/node0/memory83/subsystem/devices/memory130/node0/memory54 HTTP/1.1" 200 2946 "-" "Mozilla/5.0 AppleWebKit/537.36 (KHTML, like Gecko; compatible; GPTBot/1.2; +https://openai.com/gptbot)"
20.171.207.234 - - [01/Oct/2025:13:02:13 +0000] "GET /?path=//sys/bus/node/devices/node0/cpu4/node0/memory37/subsystem/devices/memory115/node0/memory131 HTTP/1.1" 200 2946 "-" "Mozilla/5.0 AppleWebKit/537.36 (KHTML, like Gecko; compatible; GPTBot/1.2; +https://openai.com/gptbot)"
20.171.207.234 - - [01/Oct/2025:13:02:15 +0000] "GET /?path=//sys/bus/node/devices/node0/cpu4/node0/memory37/subsystem/devices/memory115/node0/memory87 HTTP/1.1" 200 2946 "-" "Mozilla/5.0 AppleWebKit/537.36 (KHTML, like Gecko; compatible; GPTBot/1.2; +https://openai.com/gptbot)"
20.171.207.234 - - [01/Oct/2025:13:02:16 +0000] "GET /?path=//sys/bus/node/devices/node0/cpu2/node0/memory121/subsystem/devices/memory94/node0/memory74 HTTP/1.1" 200 2946 "-" "Mozilla/5.0 AppleWebKit/537.36 (KHTML, like Gecko; compatible; GPTBot/1.2; +https://openai.com/gptbot)"
20.171.207.234 - - [01/Oct/2025:13:02:17 +0000] "GET /?path=//sys/bus/node/devices/node0/cpu4/node0/memory37/subsystem/devices/memory115/node0/memory124 HTTP/1.1" 200 2947 "-" "Mozilla/5.0 AppleWebKit/537.36 (KHTML, like Gecko; compatible; GPTBot/1.2; +https://openai.com/gptbot)"
20.171.207.234 - - [01/Oct/2025:13:02:18 +0000] "GET /?path=//sys/bus/node/devices/node0/cpu1/node0/memory122/subsystem/devices/memory54/node0/memory88 HTTP/1.1" 200 2948 "-" "Mozilla/5.0 AppleWebKit/537.36 (KHTML, like Gecko; compatible; GPTBot/1.2; +https://openai.com/gptbot)"
20.171.207.234 - - [01/Oct/2025:13:02:19 +0000] "GET /?path=//sys/bus/node/devices/node0/cpu4/node0/memory37/subsystem/devices/memory115/node0/memory65/power HTTP/1.1" 200 2814 "-" "Mozilla/5.0 AppleWebKit/537.36 (KHTML, like Gecko; compatible; GPTBot/1.2; +https://openai.com/gptbot)"
20.171.207.234 - - [01/Oct/2025:13:02:21 +0000] "GET /?path=//sys/bus/node/devices/node0/cpu4/node0/memory83/subsystem/devices/memory130/node0/memory22 HTTP/1.1" 200 2947 "-" "Mozilla/5.0 AppleWebKit/537.36 (KHTML, like Gecko; compatible; GPTBot/1.2; +https://openai.com/gptbot)"
20.171.207.234 - - [01/Oct/2025:13:02:23 +0000] "GET /?path=//sys/bus/node/devices/node0/cpu4/node0/memory37/subsystem/devices/memory115/node0/memory97 HTTP/1.1" 200 2946 "-" "Mozilla/5.0 AppleWebKit/537.36 (KHTML, like Gecko; compatible; GPTBot/1.2; +https://openai.com/gptbot)"
20.171.207.234 - - [01/Oct/2025:13:02:24 +0000] "GET /?path=//sys/bus/node/devices/node0/cpu1/node0/memory122/subsystem/devices/memory54/node0/memory92 HTTP/1.1" 200 2949 "-" "Mozilla/5.0 AppleWebKit/537.36 (KHTML, like Gecko; compatible; GPTBot/1.2; +https://openai.com/gptbot)"
51.75.119.173 - - [01/Oct/2025:13:02:25 +0000] "GET /robots.txt HTTP/1.1" 200 49024 "-" "Mozilla/5.0 (compatible; MJ12bot/v1.4.8; http://mj12bot.com/)"
20.171.207.234 - - [01/Oct/2025:13:02:25 +0000] "GET /?path=//sys/bus/node/devices/node0/cpu1/node0/memory122/subsystem/devices/memory54/node0/memory91 HTTP/1.1" 200 2947 "-" "Mozilla/5.0 AppleWebKit/537.36 (KHTML, like Gecko; compatible; GPTBot/1.2; +https://openai.com/gptbot)"
20.171.207.234 - - [01/Oct/2025:13:02:26 +0000] "GET /?path=//sys/bus/node/devices/node0/cpu2/node0/memory121/subsystem/devices/memory89/node0/memory47 HTTP/1.1" 200 2948 "-" "Mozilla/5.0 AppleWebKit/537.36 (KHTML, like Gecko; compatible; GPTBot/1.2; +https://openai.com/gptbot)"
20.171.207.234 - - [01/Oct/2025:13:02:27 +0000] "GET /?path=//sys/bus/node/devices/node0/cpu1/node0/memory122/subsystem/devices/memory54/node0/memory48 HTTP/1.1" 200 2949 "-" "Mozilla/5.0 AppleWebKit/537.36 (KHTML, like Gecko; compatible; GPTBot/1.2; +https://openai.com/gptbot)"
51.75.119.173 - - [01/Oct/2025:13:02:27 +0000] "GET /?fileloc=//etc/ssh/ssh_host_rsa_key.pub&path=//etc/ssh HTTP/1.1" 200 2762 "-" "Mozilla/5.0 (compatible; MJ12bot/v1.4.8; http://mj12bot.com/)"
20.171.207.234 - - [01/Oct/2025:13:02:29 +0000] "GET /?path=//sys/bus/node/devices/node0/cpu4/node0/memory37/subsystem/devices/memory132/node0/memory92 HTTP/1.1" 200 2946 "-" "Mozilla/5.0 AppleWebKit/537.36 (KHTML, like Gecko; compatible; GPTBot/1.2; +https://openai.com/gptbot)"
51.75.119.173 - - [01/Oct/2025:13:02:29 +0000] "GET /?fileloc=//var/log/spooler-20250824&path=//var/log HTTP/1.1" 200 2259 "-" "Mozilla/5.0 (compatible; MJ12bot/v1.4.8; http://mj12bot.com/)"
20.171.207.234 - - [01/Oct/2025:13:02:31 +0000] "GET /?path=//sys/bus/node/devices/node0/cpu2/node0/memory121/subsystem/devices/memory89/node0/memory53 HTTP/1.1" 200 2948 "-" "Mozilla/5.0 AppleWebKit/537.36 (KHTML, like Gecko; compatible; GPTBot/1.2; +https://openai.com/gptbot)"
51.75.119.173 - - [01/Oct/2025:13:02:31 +0000] "GET /?fileloc=//var/named/capitoldirectlending.lojoweb.com.db&path=//var/named HTTP/1.1" 200 2266 "-" "Mozilla/5.0 (compatible; MJ12bot/v1.4.8; http://mj12bot.com/)"
20.171.207.234 - - [01/Oct/2025:13:02:32 +0000] "GET /?path=//sys/bus/node/devices/node0/cpu4/node0/memory83/subsystem/devices/memory130/node0/memory91 HTTP/1.1" 200 2947 "-" "Mozilla/5.0 AppleWebKit/537.36 (KHTML, like Gecko; compatible; GPTBot/1.2; +https://openai.com/gptbot)"
51.75.119.173 - - [01/Oct/2025:13:02:33 +0000] "GET /?fileloc=//var/named/duchelelazzaro2.lojoweb.com.db&path=//var/named HTTP/1.1" 200 2267 "-" "Mozilla/5.0 (compatible; MJ12bot/v1.4.8; http://mj12bot.com/)"
20.171.207.234 - - [01/Oct/2025:13:02:34 +0000] "GET /?path=//sys/bus/node/devices/node0/cpu4/node0/memory83/subsystem/devices/memory130/node0/memory41 HTTP/1.1" 200 2947 "-" "Mozilla/5.0 AppleWebKit/537.36 (KHTML, like Gecko; compatible; GPTBot/1.2; +https://openai.com/gptbot)"
51.75.119.173 - - [01/Oct/2025:13:02:35 +0000] "GET /?fileloc=//var/named/hcutt.lojoweb.com.db&path=//var/named HTTP/1.1" 200 2259 "-" "Mozilla/5.0 (compatible; MJ12bot/v1.4.8; http://mj12bot.com/)"
20.171.207.234 - - [01/Oct/2025:13:02:36 +0000] "GET /?path=//sys/bus/node/devices/node0/cpu4/node0/memory37/subsystem/devices/memory132/node0/memory52 HTTP/1.1" 200 2946 "-" "Mozilla/5.0 AppleWebKit/537.36 (KHTML, like Gecko; compatible; GPTBot/1.2; +https://openai.com/gptbot)"
51.75.119.173 - - [01/Oct/2025:13:02:37 +0000] "GET /?fileloc=//var/named/heritageoakglen.lojoweb.com.db&path=//var/named HTTP/1.1" 200 2268 "-" "Mozilla/5.0 (compatible; MJ12bot/v1.4.8; http://mj12bot.com/)"
20.171.207.234 - - [01/Oct/2025:13:02:37 +0000] "GET /?path=//sys/bus/node/devices/node0/cpu4/node0/memory83/subsystem/devices/memory130/node0/memory76 HTTP/1.1" 200 2948 "-" "Mozilla/5.0 AppleWebKit/537.36 (KHTML, like Gecko; compatible; GPTBot/1.2; +https://openai.com/gptbot)"
51.75.119.173 - - [01/Oct/2025:13:02:38 +0000] "GET /?fileloc=//var/named/hobbycondos2.lojoweb.com.db&path=//var/named HTTP/1.1" 200 2268 "-" "Mozilla/5.0 (compatible; MJ12bot/v1.4.8; http://mj12bot.com/)"
20.171.207.234 - - [01/Oct/2025:13:02:39 +0000] "GET /?path=//sys/bus/node/devices/node0/cpu4/node0/memory37/subsystem/devices/memory115/node0/memory10 HTTP/1.1" 200 2945 "-" "Mozilla/5.0 AppleWebKit/537.36 (KHTML, like Gecko; compatible; GPTBot/1.2; +https://openai.com/gptbot)"
51.75.119.173 - - [01/Oct/2025:13:02:40 +0000] "GET /?fileloc=//var/named/istairs.lojoweb.com.db&path=//var/named HTTP/1.1" 200 2261 "-" "Mozilla/5.0 (compatible; MJ12bot/v1.4.8; http://mj12bot.com/)"
20.171.207.234 - - [01/Oct/2025:13:02:41 +0000] "GET /?path=//sys/bus/node/devices/node0/cpu4/node0/memory37/subsystem/devices/memory132/node0/memory67 HTTP/1.1" 200 2947 "-" "Mozilla/5.0 AppleWebKit/537.36 (KHTML, like Gecko; compatible; GPTBot/1.2; +https://openai.com/gptbot)"
20.171.207.234 - - [01/Oct/2025:13:02:42 +0000] "GET /?path=//sys/bus/node/devices/node0/cpu4/node0/memory83/subsystem/devices/memory130/node0/memory66 HTTP/1.1" 200 2947 "-" "Mozilla/5.0 AppleWebKit/537.36 (KHTML, like Gecko; compatible; GPTBot/1.2; +https://openai.com/gptbot)"
51.75.119.173 - - [01/Oct/2025:13:02:42 +0000] "GET /?fileloc=//var/named/jeffwheeler.lojoweb.com.db&path=//var/named HTTP/1.1" 200 2263 "-" "Mozilla/5.0 (compatible; MJ12bot/v1.4.8; http://mj12bot.com/)"
20.171.207.234 - - [01/Oct/2025:13:02:43 +0000] "GET /?path=//sys/bus/node/devices/node0/cpu2/node0/memory121/subsystem/devices/memory94/node0/memory70 HTTP/1.1" 200 2945 "-" "Mozilla/5.0 AppleWebKit/537.36 (KHTML, like Gecko; compatible; GPTBot/1.2; +https://openai.com/gptbot)"
51.75.119.173 - - [01/Oct/2025:13:02:44 +0000] "GET /?fileloc=//var/named/jeffwheelerdev.lojoweb.com.db&path=//var/named HTTP/1.1" 200 2267 "-" "Mozilla/5.0 (compatible; MJ12bot/v1.4.8; http://mj12bot.com/)"
20.171.207.234 - - [01/Oct/2025:13:02:45 +0000] "GET /?path=//sys/bus/node/devices/node0/cpu4/node0/memory83/subsystem/devices/memory130/node0/memory79 HTTP/1.1" 200 2948 "-" "Mozilla/5.0 AppleWebKit/537.36 (KHTML, like Gecko; compatible; GPTBot/1.2; +https://openai.com/gptbot)"
20.171.207.234 - - [01/Oct/2025:13:02:46 +0000] "GET /?path=//sys/bus/node/devices/node0/cpu4/node0/memory37/subsystem/devices/memory132/node0/memory106 HTTP/1.1" 200 2946 "-" "Mozilla/5.0 AppleWebKit/537.36 (KHTML, like Gecko; compatible; GPTBot/1.2; +https://openai.com/gptbot)"
51.75.119.173 - - [01/Oct/2025:13:02:46 +0000] "GET /?fileloc=//var/named/knisleyexhaust.lojoweb.com.db&path=//var/named HTTP/1.1" 200 2267 "-" "Mozilla/5.0 (compatible; MJ12bot/v1.4.8; http://mj12bot.com/)"
20.171.207.234 - - [01/Oct/2025:13:02:46 +0000] "GET /?path=//sys/bus/node/devices/node0/cpu4/node0/memory37/subsystem/devices/memory132/node0/memory104 HTTP/1.1" 200 2947 "-" "Mozilla/5.0 AppleWebKit/537.36 (KHTML, like Gecko; compatible; GPTBot/1.2; +https://openai.com/gptbot)"
20.171.207.234 - - [01/Oct/2025:13:02:48 +0000] "GET /?path=//sys/bus/node/devices/node0/cpu4/node0/memory37/subsystem/devices/memory132/node0/memory124 HTTP/1.1" 200 2947 "-" "Mozilla/5.0 AppleWebKit/537.36 (KHTML, like Gecko; compatible; GPTBot/1.2; +https://openai.com/gptbot)"
51.75.119.173 - - [01/Oct/2025:13:02:48 +0000] "GET /?fileloc=//var/named/localhost.zone&path=//var/named HTTP/1.1" 200 2382 "-" "Mozilla/5.0 (compatible; MJ12bot/v1.4.8; http://mj12bot.com/)"
20.171.207.234 - - [01/Oct/2025:13:02:49 +0000] "GET /?path=//sys/bus/node/devices/node0/cpu4/node0/memory37/subsystem/devices/memory132/node0/memory18 HTTP/1.1" 200 2946 "-" "Mozilla/5.0 AppleWebKit/537.36 (KHTML, like Gecko; compatible; GPTBot/1.2; +https://openai.com/gptbot)"
51.75.119.173 - - [01/Oct/2025:13:02:50 +0000] "GET /?fileloc=//var/named/lojoweb.com.db&path=//var/named HTTP/1.1" 200 2256 "-" "Mozilla/5.0 (compatible; MJ12bot/v1.4.8; http://mj12bot.com/)"
20.171.207.234 - - [01/Oct/2025:13:02:50 +0000] "GET /?path=//sys/bus/node/devices/node0/cpu4/node0/memory83/subsystem/devices/memory130/node0/memory62 HTTP/1.1" 200 2947 "-" "Mozilla/5.0 AppleWebKit/537.36 (KHTML, like Gecko; compatible; GPTBot/1.2; +https://openai.com/gptbot)"
51.75.119.173 - - [01/Oct/2025:13:02:52 +0000] "GET /?fileloc=//var/run/restartsrv_polkit&path=//var/run HTTP/1.1" 200 2261 "-" "Mozilla/5.0 (compatible; MJ12bot/v1.4.8; http://mj12bot.com/)"
20.171.207.234 - - [01/Oct/2025:13:02:52 +0000] "GET /?path=//sys/bus/node/devices/node0/cpu4/node0/memory37/subsystem/devices/memory132/node0/memory46 HTTP/1.1" 200 2948 "-" "Mozilla/5.0 AppleWebKit/537.36 (KHTML, like Gecko; compatible; GPTBot/1.2; +https://openai.com/gptbot)"
51.75.119.173 - - [01/Oct/2025:13:02:54 +0000] "GET /?fileloc=/home/nakedfoamlojoweb/public_html/wp-content/uploads/wc-logs/.htaccess&path=/home/nakedfoamlojoweb/public_html/wp-content/uploads/wc-logs HTTP/1.1" 200 2388 "-" "Mozilla/5.0 (compatible; MJ12bot/v1.4.8; http://mj12bot.com/)"
20.171.207.234 - - [01/Oct/2025:13:02:54 +0000] "GET /?path=//sys/bus/node/devices/node0/cpu4/node0/memory37/subsystem/devices/memory132/node0/memory87 HTTP/1.1" 200 2946 "-" "Mozilla/5.0 AppleWebKit/537.36 (KHTML, like Gecko; compatible; GPTBot/1.2; +https://openai.com/gptbot)"
20.171.207.234 - - [01/Oct/2025:13:02:55 +0000] "GET /?path=//sys/bus/node/devices/node0/cpu2/node0/memory121/subsystem/devices/memory94/node0/memory41 HTTP/1.1" 200 2947 "-" "Mozilla/5.0 AppleWebKit/537.36 (KHTML, like Gecko; compatible; GPTBot/1.2; +https://openai.com/gptbot)"
51.75.119.173 - - [01/Oct/2025:13:02:56 +0000] "GET /?fileloc=/home/nakedfoamlojoweb/public_html/wp-content/uploads/wc-logs/fatal-errors-2025-08-13-e2d2b747087631940b562de12d31951c.log&path=/home/nakedfoamlojoweb/public_html/wp-content/uploads/wc-logs HTTP/1.1" 200 2652 "-" "Mozilla/5.0 (compatible; MJ12bot/v1.4.8; http://mj12bot.com/)"
20.171.207.234 - - [01/Oct/2025:13:02:56 +0000] "GET /?path=//sys/bus/node/devices/node0/cpu2/node0/memory121/subsystem/devices/memory94/node0/memory44 HTTP/1.1" 200 2947 "-" "Mozilla/5.0 AppleWebKit/537.36 (KHTML, like Gecko; compatible; GPTBot/1.2; +https://openai.com/gptbot)"
20.171.207.234 - - [01/Oct/2025:13:02:57 +0000] "GET /?path=//sys/bus/node/devices/node0/cpu4/node0/memory37/subsystem/devices/memory115/node0/memory64 HTTP/1.1" 200 2947 "-" "Mozilla/5.0 AppleWebKit/537.36 (KHTML, like Gecko; compatible; GPTBot/1.2; +https://openai.com/gptbot)"
51.75.119.173 - - [01/Oct/2025:13:02:57 +0000] "GET /?fileloc=/home/nakedfoamlojoweb/public_html/wp-content/uploads/wc-logs/fatal-errors-2025-08-14-c79ff29c122bac3d162d6aed2e0c4bde.log&path=/home/nakedfoamlojoweb/public_html/wp-content/uploads/wc-logs HTTP/1.1" 200 2607 "-" "Mozilla/5.0 (compatible; MJ12bot/v1.4.8; http://mj12bot.com/)"
20.171.207.234 - - [01/Oct/2025:13:02:58 +0000] "GET /?path=//sys/bus/node/devices/node0/cpu2/node0/memory121/subsystem/devices/memory94/node0/memory97 HTTP/1.1" 200 2946 "-" "Mozilla/5.0 AppleWebKit/537.36 (KHTML, like Gecko; compatible; GPTBot/1.2; +https://openai.com/gptbot)"
51.75.119.173 - - [01/Oct/2025:13:02:59 +0000] "GET /?fileloc=/home/nakedfoamlojoweb/public_html/wp-content/uploads/wc-logs/fatal-errors-2025-08-15-ab988e089e8a4e71f3c4207d45c1eea5.log&path=/home/nakedfoamlojoweb/public_html/wp-content/uploads/wc-logs HTTP/1.1" 200 2730 "-" "Mozilla/5.0 (compatible; MJ12bot/v1.4.8; http://mj12bot.com/)"
20.171.207.234 - - [01/Oct/2025:13:03:00 +0000] "GET /?path=//sys/bus/node/devices/node0/cpu1/node0/memory122/subsystem/devices/memory54/node0/memory99 HTTP/1.1" 200 2949 "-" "Mozilla/5.0 AppleWebKit/537.36 (KHTML, like Gecko; compatible; GPTBot/1.2; +https://openai.com/gptbot)"
51.75.119.173 - - [01/Oct/2025:13:03:01 +0000] "GET /?fileloc=/home/nakedfoamlojoweb/public_html/wp-content/uploads/wc-logs/fatal-errors-2025-08-16-6f77ed89c165120ec259462114d934aa.log&path=/home/nakedfoamlojoweb/public_html/wp-content/uploads/wc-logs HTTP/1.1" 200 2691 "-" "Mozilla/5.0 (compatible; MJ12bot/v1.4.8; http://mj12bot.com/)"
20.171.207.234 - - [01/Oct/2025:13:03:01 +0000] "GET /?path=//sys/bus/node/devices/node0/cpu1/node0/memory122/subsystem/devices/memory54/node0/memory71 HTTP/1.1" 200 2947 "-" "Mozilla/5.0 AppleWebKit/537.36 (KHTML, like Gecko; compatible; GPTBot/1.2; +https://openai.com/gptbot)"
20.171.207.234 - - [01/Oct/2025:13:03:03 +0000] "GET /?path=//sys/bus/node/devices/node0/cpu2/node0/memory121/subsystem/devices/memory94/node0/memory50 HTTP/1.1" 200 2945 "-" "Mozilla/5.0 AppleWebKit/537.36 (KHTML, like Gecko; compatible; GPTBot/1.2; +https://openai.com/gptbot)"
51.75.119.173 - - [01/Oct/2025:13:03:03 +0000] "GET /?fileloc=/home/nakedfoamlojoweb/public_html/wp-content/uploads/wc-logs/fatal-errors-2025-08-17-0e353149f660c01d8eb1c27370e98928.log&path=/home/nakedfoamlojoweb/public_html/wp-content/uploads/wc-logs HTTP/1.1" 200 2651 "-" "Mozilla/5.0 (compatible; MJ12bot/v1.4.8; http://mj12bot.com/)"
20.171.207.234 - - [01/Oct/2025:13:03:04 +0000] "GET /?path=//sys/bus/node/devices/node0/cpu2/node0/memory121/subsystem/devices/memory94/node0/memory45 HTTP/1.1" 200 2948 "-" "Mozilla/5.0 AppleWebKit/537.36 (KHTML, like Gecko; compatible; GPTBot/1.2; +https://openai.com/gptbot)"
51.75.119.173 - - [01/Oct/2025:13:03:05 +0000] "GET /?fileloc=/home/nakedfoamlojoweb/public_html/wp-content/uploads/wc-logs/fatal-errors-2025-08-18-dc598c4da04de9dac0a846c939db4c5c.log&path=/home/nakedfoamlojoweb/public_html/wp-content/uploads/wc-logs HTTP/1.1" 200 2720 "-" "Mozilla/5.0 (compatible; MJ12bot/v1.4.8; http://mj12bot.com/)"
20.171.207.234 - - [01/Oct/2025:13:03:06 +0000] "GET /?path=//sys/bus/node/devices/node0/cpu1/node0/memory122/subsystem/devices/memory54/node0/memory94 HTTP/1.1" 200 2947 "-" "Mozilla/5.0 AppleWebKit/537.36 (KHTML, like Gecko; compatible; GPTBot/1.2; +https://openai.com/gptbot)"
51.75.119.173 - - [01/Oct/2025:13:03:07 +0000] "GET /?fileloc=/home/nakedfoamlojoweb/public_html/wp-content/uploads/wc-logs/fatal-errors-2025-08-19-a51fdb87a3586d0637bc60d425dd89f7.log&path=/home/nakedfoamlojoweb/public_html/wp-content/uploads/wc-logs HTTP/1.1" 200 2737 "-" "Mozilla/5.0 (compatible; MJ12bot/v1.4.8; http://mj12bot.com/)"
20.171.207.234 - - [01/Oct/2025:13:03:08 +0000] "GET /?path=//sys/bus/node/devices/node0/cpu4/node0/memory83/subsystem/devices/memory130/node0/memory107 HTTP/1.1" 200 2946 "-" "Mozilla/5.0 AppleWebKit/537.36 (KHTML, like Gecko; compatible; GPTBot/1.2; +https://openai.com/gptbot)"
51.75.119.173 - - [01/Oct/2025:13:03:09 +0000] "GET /?fileloc=/home/nakedfoamlojoweb/public_html/wp-content/uploads/wc-logs/fatal-errors-2025-08-20-bf39f47684f0eca6da2c1e6e00d6f34c.log&path=/home/nakedfoamlojoweb/public_html/wp-content/uploads/wc-logs HTTP/1.1" 200 2648 "-" "Mozilla/5.0 (compatible; MJ12bot/v1.4.8; http://mj12bot.com/)"
20.171.207.234 - - [01/Oct/2025:13:03:10 +0000] "GET /?path=//sys/bus/node/devices/node0/cpu4/node0/memory83/subsystem/devices/memory130/node0/memory53 HTTP/1.1" 200 2946 "-" "Mozilla/5.0 AppleWebKit/537.36 (KHTML, like Gecko; compatible; GPTBot/1.2; +https://openai.com/gptbot)"
51.75.119.173 - - [01/Oct/2025:13:03:11 +0000] "GET /?fileloc=/home/nakedfoamlojoweb/public_html/wp-content/uploads/wc-logs/fatal-errors-2025-08-21-79d07edcde5170a36641abda6937dea2.log&path=/home/nakedfoamlojoweb/public_html/wp-content/uploads/wc-logs HTTP/1.1" 200 2670 "-" "Mozilla/5.0 (compatible; MJ12bot/v1.4.8; http://mj12bot.com/)"
20.171.207.234 - - [01/Oct/2025:13:03:11 +0000] "GET /?path=//sys/bus/node/devices/node0/cpu2/node0/memory121/subsystem/devices/memory89/node0/memory91 HTTP/1.1" 200 2945 "-" "Mozilla/5.0 AppleWebKit/537.36 (KHTML, like Gecko; compatible; GPTBot/1.2; +https://openai.com/gptbot)"
20.171.207.234 - - [01/Oct/2025:13:03:13 +0000] "GET /?path=//sys/bus/node/devices/node0/cpu2/node0/memory121/subsystem/devices/memory94/node0/memory89 HTTP/1.1" 200 2947 "-" "Mozilla/5.0 AppleWebKit/537.36 (KHTML, like Gecko; compatible; GPTBot/1.2; +https://openai.com/gptbot)"
51.75.119.173 - - [01/Oct/2025:13:03:13 +0000] "GET /?fileloc=/home/nakedfoamlojoweb/public_html/wp-content/uploads/wc-logs/fatal-errors-2025-08-23-06db5a7c41f001ebb03b345f813c6984.log&path=/home/nakedfoamlojoweb/public_html/wp-content/uploads/wc-logs HTTP/1.1" 200 2667 "-" "Mozilla/5.0 (compatible; MJ12bot/v1.4.8; http://mj12bot.com/)"
20.171.207.234 - - [01/Oct/2025:13:03:14 +0000] "GET /?path=//sys/bus/node/devices/node0/cpu4/node0/memory37/subsystem/devices/memory132/node0/memory83 HTTP/1.1" 200 2948 "-" "Mozilla/5.0 AppleWebKit/537.36 (KHTML, like Gecko; compatible; GPTBot/1.2; +https://openai.com/gptbot)"
51.75.119.173 - - [01/Oct/2025:13:03:15 +0000] "GET /?fileloc=/home/nakedfoamlojoweb/public_html/wp-content/uploads/wc-logs/fatal-errors-2025-08-24-650313179a21c895feff03cf3e9de307.log&path=/home/nakedfoamlojoweb/public_html/wp-content/uploads/wc-logs HTTP/1.1" 200 2607 "-" "Mozilla/5.0 (compatible; MJ12bot/v1.4.8; http://mj12bot.com/)"
20.171.207.234 - - [01/Oct/2025:13:03:15 +0000] "GET /?path=//sys/bus/node/devices/node0/cpu4/node0/memory37/subsystem/devices/memory132/node0/memory84 HTTP/1.1" 200 2947 "-" "Mozilla/5.0 AppleWebKit/537.36 (KHTML, like Gecko; compatible; GPTBot/1.2; +https://openai.com/gptbot)"
20.171.207.234 - - [01/Oct/2025:13:03:16 +0000] "GET /?path=//sys/bus/node/devices/node0/cpu4/node0/memory37/subsystem/devices/memory115/node0/memory23 HTTP/1.1" 200 2948 "-" "Mozilla/5.0 AppleWebKit/537.36 (KHTML, like Gecko; compatible; GPTBot/1.2; +https://openai.com/gptbot)"
51.75.119.173 - - [01/Oct/2025:13:03:16 +0000] "GET /?fileloc=/home/nakedfoamlojoweb/public_html/wp-content/uploads/wc-logs/fatal-errors-2025-08-25-c1e4a39836f3e0e06ac6f9d85bfe5542.log&path=/home/nakedfoamlojoweb/public_html/wp-content/uploads/wc-logs HTTP/1.1" 200 2675 "-" "Mozilla/5.0 (compatible; MJ12bot/v1.4.8; http://mj12bot.com/)"
20.171.207.234 - - [01/Oct/2025:13:03:17 +0000] "GET /?path=//sys/bus/node/devices/node0/cpu4/node0/memory37/subsystem/devices/memory115/node0/memory85 HTTP/1.1" 200 2946 "-" "Mozilla/5.0 AppleWebKit/537.36 (KHTML, like Gecko; compatible; GPTBot/1.2; +https://openai.com/gptbot)"
51.75.119.173 - - [01/Oct/2025:13:03:18 +0000] "GET /?fileloc=/home/nakedfoamlojoweb/public_html/wp-content/uploads/wc-logs/fatal-errors-2025-08-26-4cc3dc7f713bd73ca071062272837db1.log&path=/home/nakedfoamlojoweb/public_html/wp-content/uploads/wc-logs HTTP/1.1" 200 2649 "-" "Mozilla/5.0 (compatible; MJ12bot/v1.4.8; http://mj12bot.com/)"
20.171.207.234 - - [01/Oct/2025:13:03:19 +0000] "GET /?path=//sys/bus/node/devices/node0/cpu2/node0/memory121/subsystem/devices/memory89/node0/memory72 HTTP/1.1" 200 2946 "-" "Mozilla/5.0 AppleWebKit/537.36 (KHTML, like Gecko; compatible; GPTBot/1.2; +https://openai.com/gptbot)"
20.171.207.234 - - [01/Oct/2025:13:03:20 +0000] "GET /?path=//sys/bus/node/devices/node0/cpu4/node0/memory83/subsystem/devices/memory130/node0/memory122 HTTP/1.1" 200 2946 "-" "Mozilla/5.0 AppleWebKit/537.36 (KHTML, like Gecko; compatible; GPTBot/1.2; +https://openai.com/gptbot)"
51.75.119.173 - - [01/Oct/2025:13:03:20 +0000] "GET /?fileloc=/home/nakedfoamlojoweb/public_html/wp-content/uploads/wc-logs/fatal-errors-2025-08-28-a21a49ec49aa67752a37c1b583a3bb13.log&path=/home/nakedfoamlojoweb/public_html/wp-content/uploads/wc-logs HTTP/1.1" 200 2702 "-" "Mozilla/5.0 (compatible; MJ12bot/v1.4.8; http://mj12bot.com/)"
20.171.207.234 - - [01/Oct/2025:13:03:21 +0000] "GET /?path=//sys/bus/node/devices/node0/cpu2/node0/memory121/subsystem/devices/memory89/node0/memory41 HTTP/1.1" 200 2946 "-" "Mozilla/5.0 AppleWebKit/537.36 (KHTML, like Gecko; compatible; GPTBot/1.2; +https://openai.com/gptbot)"
51.75.119.173 - - [01/Oct/2025:13:03:22 +0000] "GET /?fileloc=/home/nakedfoamlojoweb/public_html/wp-content/uploads/wc-logs/fatal-errors-2025-08-29-66ef8f6fe0bdb9ce59a7595424561d2f.log&path=/home/nakedfoamlojoweb/public_html/wp-content/uploads/wc-logs HTTP/1.1" 200 2753 "-" "Mozilla/5.0 (compatible; MJ12bot/v1.4.8; http://mj12bot.com/)"
20.171.207.234 - - [01/Oct/2025:13:03:22 +0000] "GET /?path=//sys/bus/node/devices/node0/cpu2/node0/memory121/subsystem/devices/memory94/node0/memory77 HTTP/1.1" 200 2948 "-" "Mozilla/5.0 AppleWebKit/537.36 (KHTML, like Gecko; compatible; GPTBot/1.2; +https://openai.com/gptbot)"
51.75.119.173 - - [01/Oct/2025:13:03:24 +0000] "GET /?fileloc=/home/nakedfoamlojoweb/public_html/wp-content/uploads/wc-logs/fatal-errors-2025-08-31-bffb7a6739a955e062bad8c440bf8b9e.log&path=/home/nakedfoamlojoweb/public_html/wp-content/uploads/wc-logs HTTP/1.1" 200 2672 "-" "Mozilla/5.0 (compatible; MJ12bot/v1.4.8; http://mj12bot.com/)"
20.171.207.234 - - [01/Oct/2025:13:03:25 +0000] "GET /?path=//sys/bus/node/devices/node0/cpu2/node0/memory121/subsystem/devices/memory94/node0/memory49 HTTP/1.1" 200 2948 "-" "Mozilla/5.0 AppleWebKit/537.36 (KHTML, like Gecko; compatible; GPTBot/1.2; +https://openai.com/gptbot)"
51.75.119.173 - - [01/Oct/2025:13:03:26 +0000] "GET /?fileloc=/home/nakedfoamlojoweb/public_html/wp-content/uploads/wc-logs/fatal-errors-2025-09-01-6e16730e99a3258048e2b0ccf2326891.log&path=/home/nakedfoamlojoweb/public_html/wp-content/uploads/wc-logs HTTP/1.1" 200 2610 "-" "Mozilla/5.0 (compatible; MJ12bot/v1.4.8; http://mj12bot.com/)"
20.171.207.234 - - [01/Oct/2025:13:03:27 +0000] "GET /?path=//sys/bus/node/devices/node0/cpu4/node0/memory83/subsystem/devices/memory130/node0/memory49 HTTP/1.1" 200 2948 "-" "Mozilla/5.0 AppleWebKit/537.36 (KHTML, like Gecko; compatible; GPTBot/1.2; +https://openai.com/gptbot)"
51.75.119.173 - - [01/Oct/2025:13:03:28 +0000] "GET /?fileloc=/home/nakedfoamlojoweb/public_html/wp-content/uploads/wc-logs/fatal-errors-2025-09-02-48e6d140ed549ac7104eb1199ebda4fc.log&path=/home/nakedfoamlojoweb/public_html/wp-content/uploads/wc-logs HTTP/1.1" 200 2722 "-" "Mozilla/5.0 (compatible; MJ12bot/v1.4.8; http://mj12bot.com/)"
20.171.207.234 - - [01/Oct/2025:13:03:28 +0000] "GET /?path=//sys/bus/node/devices/node0/cpu2/node0/memory121/subsystem/devices/memory89/node0/memory93 HTTP/1.1" 200 2947 "-" "Mozilla/5.0 AppleWebKit/537.36 (KHTML, like Gecko; compatible; GPTBot/1.2; +https://openai.com/gptbot)"
20.171.207.234 - - [01/Oct/2025:13:03:29 +0000] "GET /?path=//sys/bus/node/devices/node0/cpu1/node0/memory122/subsystem/devices/memory54/node0/memory68 HTTP/1.1" 200 2948 "-" "Mozilla/5.0 AppleWebKit/537.36 (KHTML, like Gecko; compatible; GPTBot/1.2; +https://openai.com/gptbot)"
51.75.119.173 - - [01/Oct/2025:13:03:30 +0000] "GET /?fileloc=/home/nakedfoamlojoweb/public_html/wp-content/uploads/wc-logs/fatal-errors-2025-09-03-942d0b486fc4a4f544f9b6bc3e8f8c78.log&path=/home/nakedfoamlojoweb/public_html/wp-content/uploads/wc-logs HTTP/1.1" 200 2881 "-" "Mozilla/5.0 (compatible; MJ12bot/v1.4.8; http://mj12bot.com/)"
57.141.2.30 - - [01/Oct/2025:13:03:30 +0000] "GET /wp-json/wp/v2/posts/34056?fileloc=/home/nakedfoamlojoweb/public_html/wp-includes/class.wp-styles.php&path=/home/nakedfoamlojoweb/public_html/wp-includes HTTP/1.1" 200 12850 "-" "meta-externalagent/1.1 (+https://developers.facebook.com/docs/sharing/webmasters/crawler)"
66.249.64.35 - - [01/Oct/2025:13:03:30 +0000] "GET /?krikya=03-07&type=Free-international-lottery-online HTTP/1.1" 200 3335 "-" "Mozilla/5.0 (Linux; Android 6.0.1; Nexus 5X Build/MMB29P) AppleWebKit/537.36 (KHTML, like Gecko) Chrome/140.0.7339.207 Mobile Safari/537.36 (compatible; Googlebot/2.1; +http://www.google.com/bot.html)"
20.171.207.234 - - [01/Oct/2025:13:03:31 +0000] "GET /?path=//sys/bus/node/devices/node0/cpu4/node0/memory37/subsystem/devices/memory132/node0/memory109 HTTP/1.1" 200 2946 "-" "Mozilla/5.0 AppleWebKit/537.36 (KHTML, like Gecko; compatible; GPTBot/1.2; +https://openai.com/gptbot)"
51.75.119.173 - - [01/Oct/2025:13:03:32 +0000] "GET /?fileloc=/home/nakedfoamlojoweb/public_html/wp-includes/blocks/button.php&path=/home/nakedfoamlojoweb/public_html/wp-includes/blocks HTTP/1.1" 200 3059 "-" "Mozilla/5.0 (compatible; MJ12bot/v1.4.8; http://mj12bot.com/)"
20.171.207.234 - - [01/Oct/2025:13:03:33 +0000] "GET /?path=//sys/bus/node/devices/node0/cpu4/node0/memory37/subsystem/devices/memory132/node0/memory82 HTTP/1.1" 200 2946 "-" "Mozilla/5.0 AppleWebKit/537.36 (KHTML, like Gecko; compatible; GPTBot/1.2; +https://openai.com/gptbot)"
51.75.119.173 - - [01/Oct/2025:13:03:34 +0000] "GET /?fileloc=/home/nakedfoamlojoweb/public_html/wp-includes/blocks/calendar.php&path=/home/nakedfoamlojoweb/public_html/wp-includes/blocks HTTP/1.1" 200 4124 "-" "Mozilla/5.0 (compatible; MJ12bot/v1.4.8; http://mj12bot.com/)"
20.171.207.234 - - [01/Oct/2025:13:03:35 +0000] "GET /?path=//sys/bus/node/devices/node0/cpu4/node0/memory83/subsystem/devices/memory130/node0/memory55 HTTP/1.1" 200 2947 "-" "Mozilla/5.0 AppleWebKit/537.36 (KHTML, like Gecko; compatible; GPTBot/1.2; +https://openai.com/gptbot)"
51.75.119.173 - - [01/Oct/2025:13:03:35 +0000] "GET /?fileloc=/home/nakedfoamlojoweb/public_html/wp-includes/blocks/categories.php&path=/home/nakedfoamlojoweb/public_html/wp-includes/blocks HTTP/1.1" 200 3753 "-" "Mozilla/5.0 (compatible; MJ12bot/v1.4.8; http://mj12bot.com/)"
20.171.207.234 - - [01/Oct/2025:13:03:36 +0000] "GET /?path=//sys/bus/node/devices/node0/cpu4/node0/memory83/subsystem/devices/memory130/node0/memory105 HTTP/1.1" 200 2946 "-" "Mozilla/5.0 AppleWebKit/537.36 (KHTML, like Gecko; compatible; GPTBot/1.2; +https://openai.com/gptbot)"
51.75.119.173 - - [01/Oct/2025:13:03:37 +0000] "GET /?fileloc=/home/nakedfoamlojoweb/public_html/wp-includes/blocks/comment-author-name.php&path=/home/nakedfoamlojoweb/public_html/wp-includes/blocks HTTP/1.1" 200 3014 "-" "Mozilla/5.0 (compatible; MJ12bot/v1.4.8; http://mj12bot.com/)"
