20.171.207.234 - - [01/Oct/2025:14:24:34 +0000] "GET /?path=//sys/bus/node/devices/node0/cpu2/node0/memory121/subsystem/devices/memory22/node0/cpu7 HTTP/1.1" 200 2999 "-" "Mozilla/5.0 AppleWebKit/537.36 (KHTML, like Gecko; compatible; GPTBot/1.2; +https://openai.com/gptbot)"
20.171.207.234 - - [01/Oct/2025:14:24:35 +0000] "GET /?path=//sys/bus/node/devices/node0/cpu1/node0/memory122/subsystem/devices/memory85/node0/cpu4 HTTP/1.1" 200 2999 "-" "Mozilla/5.0 AppleWebKit/537.36 (KHTML, like Gecko; compatible; GPTBot/1.2; +https://openai.com/gptbot)"
20.171.207.234 - - [01/Oct/2025:14:24:37 +0000] "GET /?path=//sys/bus/node/devices/node0/cpu4/node0/memory83/subsystem/devices/memory108/node0 HTTP/1.1" 200 4320 "-" "Mozilla/5.0 AppleWebKit/537.36 (KHTML, like Gecko; compatible; GPTBot/1.2; +https://openai.com/gptbot)"
20.171.207.234 - - [01/Oct/2025:14:24:38 +0000] "GET /?path=//sys/bus/node/devices/node0/cpu1/node0/memory122/subsystem/devices/memory71/node0/cpu7 HTTP/1.1" 200 2999 "-" "Mozilla/5.0 AppleWebKit/537.36 (KHTML, like Gecko; compatible; GPTBot/1.2; +https://openai.com/gptbot)"
20.171.207.234 - - [01/Oct/2025:14:24:39 +0000] "GET /?path=//sys/bus/node/devices/node0/cpu7/node0/memory99/subsystem/devices/memory100/node0/cpu4 HTTP/1.1" 200 2998 "-" "Mozilla/5.0 AppleWebKit/537.36 (KHTML, like Gecko; compatible; GPTBot/1.2; +https://openai.com/gptbot)"
20.171.207.234 - - [01/Oct/2025:14:24:40 +0000] "GET /?path=//sys/bus/node/devices/node0/cpu7/node0/memory99/subsystem/devices/memory123/node0/memory14 HTTP/1.1" 200 2947 "-" "Mozilla/5.0 AppleWebKit/537.36 (KHTML, like Gecko; compatible; GPTBot/1.2; +https://openai.com/gptbot)"
20.171.207.234 - - [01/Oct/2025:14:24:41 +0000] "GET /?path=//sys/bus/node/devices/node0/cpu1/node0/memory122/subsystem/devices/memory54/node0/cpu4 HTTP/1.1" 200 3002 "-" "Mozilla/5.0 AppleWebKit/537.36 (KHTML, like Gecko; compatible; GPTBot/1.2; +https://openai.com/gptbot)"
20.171.207.234 - - [01/Oct/2025:14:24:42 +0000] "GET /?path=//sys/bus/node/devices/node0/cpu7/node0/memory99/subsystem/devices/memory123/node0/memory55 HTTP/1.1" 200 2948 "-" "Mozilla/5.0 AppleWebKit/537.36 (KHTML, like Gecko; compatible; GPTBot/1.2; +https://openai.com/gptbot)"
20.171.207.234 - - [01/Oct/2025:14:24:44 +0000] "GET /?path=//sys/bus/node/devices/node0/cpu7/node0/memory99/subsystem/devices/memory123/node0/memory15 HTTP/1.1" 200 2947 "-" "Mozilla/5.0 AppleWebKit/537.36 (KHTML, like Gecko; compatible; GPTBot/1.2; +https://openai.com/gptbot)"
20.171.207.234 - - [01/Oct/2025:14:24:46 +0000] "GET /?path=//sys/bus/node/devices/node0/cpu2/node0/memory121/subsystem/devices/memory68/node0 HTTP/1.1" 200 4322 "-" "Mozilla/5.0 AppleWebKit/537.36 (KHTML, like Gecko; compatible; GPTBot/1.2; +https://openai.com/gptbot)"
20.171.207.234 - - [01/Oct/2025:14:24:48 +0000] "GET /?path=//sys/bus/node/devices/node0/cpu7/node0/memory99/subsystem/devices/memory123/node0/memory62 HTTP/1.1" 200 2948 "-" "Mozilla/5.0 AppleWebKit/537.36 (KHTML, like Gecko; compatible; GPTBot/1.2; +https://openai.com/gptbot)"
20.171.207.234 - - [01/Oct/2025:14:24:51 +0000] "GET /?path=//sys/bus/node/devices/node0/cpu7/node0/memory99/subsystem/devices/memory123/node0/memory127 HTTP/1.1" 200 2945 "-" "Mozilla/5.0 AppleWebKit/537.36 (KHTML, like Gecko; compatible; GPTBot/1.2; +https://openai.com/gptbot)"
66.249.64.36 - - [01/Oct/2025:14:24:52 +0000] "GET /?p=489767 HTTP/1.1" 200 3335 "-" "Mozilla/5.0 (Linux; Android 6.0.1; Nexus 5X Build/MMB29P) AppleWebKit/537.36 (KHTML, like Gecko) Chrome/140.0.7339.207 Mobile Safari/537.36 (compatible; Googlebot/2.1; +http://www.google.com/bot.html)"
20.171.207.234 - - [01/Oct/2025:14:24:54 +0000] "GET /?path=//sys/bus/node/devices/node0/cpu7/node0/memory99/subsystem/devices/memory123/node0/memory116 HTTP/1.1" 200 2947 "-" "Mozilla/5.0 AppleWebKit/537.36 (KHTML, like Gecko; compatible; GPTBot/1.2; +https://openai.com/gptbot)"
20.171.207.234 - - [01/Oct/2025:14:24:56 +0000] "GET /?path=//sys/bus/node/devices/node0/cpu7/node0/memory99/subsystem/devices/memory123/node0/memory123 HTTP/1.1" 200 2941 "-" "Mozilla/5.0 AppleWebKit/537.36 (KHTML, like Gecko; compatible; GPTBot/1.2; +https://openai.com/gptbot)"
20.171.207.234 - - [01/Oct/2025:14:24:57 +0000] "GET /?path=//sys/bus/node/devices/node0/cpu4/node0/memory37/subsystem/devices/memory119/node0/cpu0/node0 HTTP/1.1" 200 4333 "-" "Mozilla/5.0 AppleWebKit/537.36 (KHTML, like Gecko; compatible; GPTBot/1.2; +https://openai.com/gptbot)"
20.171.207.234 - - [01/Oct/2025:14:24:58 +0000] "GET /?path=//sys/bus/node/devices/node0/cpu7/node0/memory99/subsystem/devices/memory123/node0/memory80 HTTP/1.1" 200 2945 "-" "Mozilla/5.0 AppleWebKit/537.36 (KHTML, like Gecko; compatible; GPTBot/1.2; +https://openai.com/gptbot)"
20.171.207.234 - - [01/Oct/2025:14:24:59 +0000] "GET /?path=//sys/bus/node/devices/node0/cpu7/node0/memory99/subsystem/devices/memory123/node0/memory76 HTTP/1.1" 200 2949 "-" "Mozilla/5.0 AppleWebKit/537.36 (KHTML, like Gecko; compatible; GPTBot/1.2; +https://openai.com/gptbot)"
20.171.207.234 - - [01/Oct/2025:14:25:01 +0000] "GET /?path=//sys/bus/node/devices/node0/cpu7/node0/memory64/subsystem/devices/memory102/node0/cpu4/firmware_node HTTP/1.1" 200 2987 "-" "Mozilla/5.0 AppleWebKit/537.36 (KHTML, like Gecko; compatible; GPTBot/1.2; +https://openai.com/gptbot)"
20.171.207.234 - - [01/Oct/2025:14:25:02 +0000] "GET /?path=//sys/bus/node/devices/node0/cpu7/node0/memory99/subsystem/devices/memory123/node0/memory11 HTTP/1.1" 200 2947 "-" "Mozilla/5.0 AppleWebKit/537.36 (KHTML, like Gecko; compatible; GPTBot/1.2; +https://openai.com/gptbot)"
20.171.207.234 - - [01/Oct/2025:14:25:03 +0000] "GET /?path=//sys/bus/node/devices/node0/cpu7/node0/memory99/subsystem/devices/memory123/node0/memory52 HTTP/1.1" 200 2948 "-" "Mozilla/5.0 AppleWebKit/537.36 (KHTML, like Gecko; compatible; GPTBot/1.2; +https://openai.com/gptbot)"
20.171.207.234 - - [01/Oct/2025:14:25:04 +0000] "GET /?path=//sys/bus/node/devices/node0/cpu7/node0/memory99/subsystem/devices/memory123/node0/memory20 HTTP/1.1" 200 2946 "-" "Mozilla/5.0 AppleWebKit/537.36 (KHTML, like Gecko; compatible; GPTBot/1.2; +https://openai.com/gptbot)"
20.171.207.234 - - [01/Oct/2025:14:25:05 +0000] "GET /?path=//sys/bus/node/devices/node0/cpu7/node0/memory99/subsystem/devices/memory123/node0/memory37 HTTP/1.1" 200 2948 "-" "Mozilla/5.0 AppleWebKit/537.36 (KHTML, like Gecko; compatible; GPTBot/1.2; +https://openai.com/gptbot)"
20.171.207.234 - - [01/Oct/2025:14:25:06 +0000] "GET /?path=//sys/bus/node/devices/node0/cpu7/node0/memory99/subsystem/devices/memory123/node0/memory72 HTTP/1.1" 200 2948 "-" "Mozilla/5.0 AppleWebKit/537.36 (KHTML, like Gecko; compatible; GPTBot/1.2; +https://openai.com/gptbot)"
20.171.207.234 - - [01/Oct/2025:14:25:07 +0000] "GET /?path=//sys/bus/node/devices/node0/cpu2/node0/memory121/subsystem/devices/memory68/node0/memory41 HTTP/1.1" 200 2945 "-" "Mozilla/5.0 AppleWebKit/537.36 (KHTML, like Gecko; compatible; GPTBot/1.2; +https://openai.com/gptbot)"
20.171.207.234 - - [01/Oct/2025:14:25:08 +0000] "GET /?path=//sys/bus/node/devices/node0/cpu2/node0/memory121/subsystem/devices/memory68/node0/memory33 HTTP/1.1" 200 2947 "-" "Mozilla/5.0 AppleWebKit/537.36 (KHTML, like Gecko; compatible; GPTBot/1.2; +https://openai.com/gptbot)"
20.171.207.234 - - [01/Oct/2025:14:25:10 +0000] "GET /?path=//sys/bus/node/devices/node0/cpu2/node0/memory121/subsystem/devices/memory68/node0/memory52 HTTP/1.1" 200 2946 "-" "Mozilla/5.0 AppleWebKit/537.36 (KHTML, like Gecko; compatible; GPTBot/1.2; +https://openai.com/gptbot)"
20.171.207.234 - - [01/Oct/2025:14:25:11 +0000] "GET /?path=//sys/bus/node/devices/node0/cpu2/node0/memory121/subsystem/devices/memory68/node0/memory68 HTTP/1.1" 200 2938 "-" "Mozilla/5.0 AppleWebKit/537.36 (KHTML, like Gecko; compatible; GPTBot/1.2; +https://openai.com/gptbot)"
20.171.207.234 - - [01/Oct/2025:14:25:12 +0000] "GET /?path=//sys/bus/node/devices/node0/cpu2/node0/memory121/subsystem/devices/memory68/node0/memory92 HTTP/1.1" 200 2946 "-" "Mozilla/5.0 AppleWebKit/537.36 (KHTML, like Gecko; compatible; GPTBot/1.2; +https://openai.com/gptbot)"
20.171.207.234 - - [01/Oct/2025:14:25:13 +0000] "GET /?fileloc=//sys/bus/node/devices/node0/cpu1/node0/memory122/subsystem/devices/memory85/node0/cpu4/crash_notes_size&path=//sys/bus/node/devices/node0/cpu1/node0/memory122/subsystem/devices/memory85/node0/cpu4 HTTP/1.1" 200 2358 "-" "Mozilla/5.0 AppleWebKit/537.36 (KHTML, like Gecko; compatible; GPTBot/1.2; +https://openai.com/gptbot)"
20.171.207.234 - - [01/Oct/2025:14:25:14 +0000] "GET /?path=//sys/bus/node/devices/node0/cpu7/node0/memory99/subsystem/devices/memory123/node0/memory106 HTTP/1.1" 200 2947 "-" "Mozilla/5.0 AppleWebKit/537.36 (KHTML, like Gecko; compatible; GPTBot/1.2; +https://openai.com/gptbot)"
66.249.64.35 - - [01/Oct/2025:14:25:15 +0000] "GET /?megaslot=03-08&type=%E0%A6%95%E0%A7%8D%E0%A6%AF%E0%A6%BE%E0%A6%B8%E0%A6%BF%E0%A6%A8%E0%A7%8B-%E0%A6%B8%E0%A6%BE%E0%A6%87%E0%A6%A8-%E0%A6%86%E0%A6%AA-%E0%A6%AC%E0%A7%8B%E0%A6%A8%E0%A6%BE%E0%A6%B8 HTTP/1.1" 200 3335 "-" "Mozilla/5.0 (Linux; Android 6.0.1; Nexus 5X Build/MMB29P) AppleWebKit/537.36 (KHTML, like Gecko) Chrome/140.0.7339.207 Mobile Safari/537.36 (compatible; Googlebot/2.1; +http://www.google.com/bot.html)"
20.171.207.234 - - [01/Oct/2025:14:25:15 +0000] "GET /?path=//sys/bus/node/devices/node0/cpu2/node0/memory121/subsystem/devices/memory68/node0/memory57 HTTP/1.1" 200 2948 "-" "Mozilla/5.0 AppleWebKit/537.36 (KHTML, like Gecko; compatible; GPTBot/1.2; +https://openai.com/gptbot)"
20.171.207.234 - - [01/Oct/2025:14:25:16 +0000] "GET /?path=//sys/bus/node/devices/node0/cpu2/node0/memory121/subsystem/devices/memory68/node0/memory65 HTTP/1.1" 200 2946 "-" "Mozilla/5.0 AppleWebKit/537.36 (KHTML, like Gecko; compatible; GPTBot/1.2; +https://openai.com/gptbot)"
20.171.207.234 - - [01/Oct/2025:14:25:18 +0000] "GET /?path=//sys/bus/node/devices/node0/cpu2/node0/memory121/subsystem/devices/memory68/node0/memory85 HTTP/1.1" 200 2947 "-" "Mozilla/5.0 AppleWebKit/537.36 (KHTML, like Gecko; compatible; GPTBot/1.2; +https://openai.com/gptbot)"
20.171.207.234 - - [01/Oct/2025:14:25:20 +0000] "GET /?path=//sys/bus/node/devices/node0/cpu2/node0/memory121/subsystem/devices/memory68/node0/memory94 HTTP/1.1" 200 2948 "-" "Mozilla/5.0 AppleWebKit/537.36 (KHTML, like Gecko; compatible; GPTBot/1.2; +https://openai.com/gptbot)"
20.171.207.234 - - [01/Oct/2025:14:25:22 +0000] "GET /?path=//sys/bus/node/devices/node0/cpu2/node0/memory121/subsystem/devices/memory68/node0/memory91 HTTP/1.1" 200 2946 "-" "Mozilla/5.0 AppleWebKit/537.36 (KHTML, like Gecko; compatible; GPTBot/1.2; +https://openai.com/gptbot)"
20.171.207.234 - - [01/Oct/2025:14:25:24 +0000] "GET /?path=//sys/bus/node/devices/node0/cpu4/node0/memory83/subsystem/devices/memory117/node0/memory115 HTTP/1.1" 200 2944 "-" "Mozilla/5.0 AppleWebKit/537.36 (KHTML, like Gecko; compatible; GPTBot/1.2; +https://openai.com/gptbot)"
20.171.207.234 - - [01/Oct/2025:14:25:27 +0000] "GET /?path=//sys/bus/node/devices/node0/cpu4/node0/memory83/subsystem/devices/memory117/node0/memory60 HTTP/1.1" 200 2946 "-" "Mozilla/5.0 AppleWebKit/537.36 (KHTML, like Gecko; compatible; GPTBot/1.2; +https://openai.com/gptbot)"
20.171.207.234 - - [01/Oct/2025:14:25:28 +0000] "GET /?path=//sys/bus/node/devices/node0/cpu4/node0/memory83/subsystem/devices/memory117/node0/memory121 HTTP/1.1" 200 2946 "-" "Mozilla/5.0 AppleWebKit/537.36 (KHTML, like Gecko; compatible; GPTBot/1.2; +https://openai.com/gptbot)"
66.249.64.34 - - [01/Oct/2025:14:25:29 +0000] "GET /?p=294712 HTTP/1.1" 200 3335 "-" "Mozilla/5.0 (Linux; Android 6.0.1; Nexus 5X Build/MMB29P) AppleWebKit/537.36 (KHTML, like Gecko) Chrome/140.0.7339.207 Mobile Safari/537.36 (compatible; Googlebot/2.1; +http://www.google.com/bot.html)"
20.171.207.234 - - [01/Oct/2025:14:25:29 +0000] "GET /?path=//sys/bus/node/devices/node0/cpu4/node0/memory83/subsystem/devices/memory117/node0/memory106 HTTP/1.1" 200 2946 "-" "Mozilla/5.0 AppleWebKit/537.36 (KHTML, like Gecko; compatible; GPTBot/1.2; +https://openai.com/gptbot)"
20.171.207.234 - - [01/Oct/2025:14:25:30 +0000] "GET /?path=//sys/bus/node/devices/node0/cpu4/node0/memory83/subsystem/devices/memory108/node0/memory69 HTTP/1.1" 200 2947 "-" "Mozilla/5.0 AppleWebKit/537.36 (KHTML, like Gecko; compatible; GPTBot/1.2; +https://openai.com/gptbot)"
20.171.207.234 - - [01/Oct/2025:14:25:32 +0000] "GET /?path=//sys/bus/node/devices/node0/cpu4/node0/memory83/subsystem/devices/memory117/node0/memory64 HTTP/1.1" 200 2947 "-" "Mozilla/5.0 AppleWebKit/537.36 (KHTML, like Gecko; compatible; GPTBot/1.2; +https://openai.com/gptbot)"
20.171.207.234 - - [01/Oct/2025:14:25:33 +0000] "GET /?path=//sys/bus/node/devices/node0/cpu4/node0/memory83/subsystem/devices/memory108/node0/memory105 HTTP/1.1" 200 2944 "-" "Mozilla/5.0 AppleWebKit/537.36 (KHTML, like Gecko; compatible; GPTBot/1.2; +https://openai.com/gptbot)"
20.171.207.234 - - [01/Oct/2025:14:25:34 +0000] "GET /?path=//sys/bus/node/devices/node0/cpu4/node0/memory83/subsystem/devices/memory108/node0/memory123 HTTP/1.1" 200 2947 "-" "Mozilla/5.0 AppleWebKit/537.36 (KHTML, like Gecko; compatible; GPTBot/1.2; +https://openai.com/gptbot)"
20.171.207.234 - - [01/Oct/2025:14:25:35 +0000] "GET /?path=//sys/bus/node/devices/node0/cpu4/node0/memory83/subsystem/devices/memory108/node0/memory34 HTTP/1.1" 200 2946 "-" "Mozilla/5.0 AppleWebKit/537.36 (KHTML, like Gecko; compatible; GPTBot/1.2; +https://openai.com/gptbot)"
20.171.207.234 - - [01/Oct/2025:14:25:36 +0000] "GET /?path=//sys/bus/node/devices/node0/cpu4/node0/memory83/subsystem/devices/memory117/node0/memory132 HTTP/1.1" 200 2946 "-" "Mozilla/5.0 AppleWebKit/537.36 (KHTML, like Gecko; compatible; GPTBot/1.2; +https://openai.com/gptbot)"
20.171.207.234 - - [01/Oct/2025:14:25:37 +0000] "GET /?path=//sys/bus/node/devices/node0/cpu4/node0/memory83/subsystem/devices/memory108/node0/memory55 HTTP/1.1" 200 2947 "-" "Mozilla/5.0 AppleWebKit/537.36 (KHTML, like Gecko; compatible; GPTBot/1.2; +https://openai.com/gptbot)"
20.171.207.234 - - [01/Oct/2025:14:25:38 +0000] "GET /?path=//sys/bus/node/devices/node0/cpu4/node0/memory83/subsystem/devices/memory117/node0/memory43 HTTP/1.1" 200 2946 "-" "Mozilla/5.0 AppleWebKit/537.36 (KHTML, like Gecko; compatible; GPTBot/1.2; +https://openai.com/gptbot)"
20.171.207.234 - - [01/Oct/2025:14:25:39 +0000] "GET /?path=//sys/bus/node/devices/node0/cpu4/node0/memory83/subsystem/devices/memory117/node0/memory109 HTTP/1.1" 200 2946 "-" "Mozilla/5.0 AppleWebKit/537.36 (KHTML, like Gecko; compatible; GPTBot/1.2; +https://openai.com/gptbot)"
20.171.207.234 - - [01/Oct/2025:14:25:40 +0000] "GET /?path=//sys/bus/node/devices/node0/cpu4/node0/memory83/subsystem/devices/memory108/node0/memory78 HTTP/1.1" 200 2946 "-" "Mozilla/5.0 AppleWebKit/537.36 (KHTML, like Gecko; compatible; GPTBot/1.2; +https://openai.com/gptbot)"
20.171.207.234 - - [01/Oct/2025:14:25:41 +0000] "GET /?path=//sys/bus/node/devices/node0/cpu4/node0/memory83/subsystem/devices/memory108/node0/memory74 HTTP/1.1" 200 2946 "-" "Mozilla/5.0 AppleWebKit/537.36 (KHTML, like Gecko; compatible; GPTBot/1.2; +https://openai.com/gptbot)"
20.171.207.234 - - [01/Oct/2025:14:25:43 +0000] "GET /?path=//sys/bus/node/devices/node0/cpu4/node0/memory83/subsystem/devices/memory117/node0/memory22 HTTP/1.1" 200 2948 "-" "Mozilla/5.0 AppleWebKit/537.36 (KHTML, like Gecko; compatible; GPTBot/1.2; +https://openai.com/gptbot)"
20.171.207.234 - - [01/Oct/2025:14:25:44 +0000] "GET /?path=//sys/bus/node/devices/node0/cpu4/node0/memory83/subsystem/devices/memory117/node0/memory99 HTTP/1.1" 200 2948 "-" "Mozilla/5.0 AppleWebKit/537.36 (KHTML, like Gecko; compatible; GPTBot/1.2; +https://openai.com/gptbot)"
20.171.207.234 - - [01/Oct/2025:14:25:45 +0000] "GET /?path=//sys/bus/node/devices/node0/cpu4/node0/memory83/subsystem/devices/memory108/node0/memory37 HTTP/1.1" 200 2947 "-" "Mozilla/5.0 AppleWebKit/537.36 (KHTML, like Gecko; compatible; GPTBot/1.2; +https://openai.com/gptbot)"
20.171.207.234 - - [01/Oct/2025:14:25:46 +0000] "GET /?path=//sys/bus/node/devices/node0/cpu4/node0/memory83/subsystem/devices/memory108/node0/memory44 HTTP/1.1" 200 2946 "-" "Mozilla/5.0 AppleWebKit/537.36 (KHTML, like Gecko; compatible; GPTBot/1.2; +https://openai.com/gptbot)"
5.35.38.15 - - [01/Oct/2025:14:25:47 +0000] "GET /wp-admin HTTP/1.1" 301 247 "https://nakedfoam.lojoweb.com/" "Mozilla/5.0 (X11; Linux i686) AppleWebKit/537.36 (KHTML, like Gecko) Chrome/114.0.0.0 Safari/537.36 Vivaldi/5.3.2679.68"
20.171.207.234 - - [01/Oct/2025:14:25:48 +0000] "GET /?path=//sys/bus/node/devices/node0/cpu4/node0/memory83/subsystem/devices/memory117/node0/memory70 HTTP/1.1" 200 2946 "-" "Mozilla/5.0 AppleWebKit/537.36 (KHTML, like Gecko; compatible; GPTBot/1.2; +https://openai.com/gptbot)"
5.35.38.15 - - [01/Oct/2025:14:25:48 +0000] "GET /wp-admin/ HTTP/1.1" 200 5290 "https://nakedfoam.lojoweb.com/wp-admin" "Mozilla/5.0 (X11; Linux i686) AppleWebKit/537.36 (KHTML, like Gecko) Chrome/114.0.0.0 Safari/537.36 Vivaldi/5.3.2679.68"
5.35.38.15 - - [01/Oct/2025:14:25:49 +0000] "GET /wp-admin/?fileloc=/home/nakedfoamlojoweb/public_html/wp-admin/authorize-application.php&path=/home/nakedfoamlojoweb/public_html/wp-admin HTTP/1.1" 200 5270 "https://nakedfoam.lojoweb.com/wp-admin/" "Mozilla/5.0 (X11; Linux i686) AppleWebKit/537.36 (KHTML, like Gecko) Chrome/114.0.0.0 Safari/537.36 Vivaldi/5.3.2679.68"
20.171.207.234 - - [01/Oct/2025:14:25:50 +0000] "GET /?path=//sys/bus/node/devices/node0/cpu4/node0/memory83/subsystem/devices/memory108/node0/memory49 HTTP/1.1" 200 2947 "-" "Mozilla/5.0 AppleWebKit/537.36 (KHTML, like Gecko; compatible; GPTBot/1.2; +https://openai.com/gptbot)"
20.171.207.234 - - [01/Oct/2025:14:25:52 +0000] "GET /?path=//sys/bus/node/devices/node0/cpu4/node0/memory83/subsystem/devices/memory108/node0/memory100 HTTP/1.1" 200 2943 "-" "Mozilla/5.0 AppleWebKit/537.36 (KHTML, like Gecko; compatible; GPTBot/1.2; +https://openai.com/gptbot)"
20.171.207.234 - - [01/Oct/2025:14:25:55 +0000] "GET /?path=//sys/bus/node/devices/node0/cpu4/node0/memory83/subsystem/devices/memory117/node0/memory35 HTTP/1.1" 200 2948 "-" "Mozilla/5.0 AppleWebKit/537.36 (KHTML, like Gecko; compatible; GPTBot/1.2; +https://openai.com/gptbot)"
20.171.207.234 - - [01/Oct/2025:14:25:58 +0000] "GET /?path=//sys/bus/node/devices/node0/cpu4/node0/memory83/subsystem/devices/memory108/node0/memory121 HTTP/1.1" 200 2945 "-" "Mozilla/5.0 AppleWebKit/537.36 (KHTML, like Gecko; compatible; GPTBot/1.2; +https://openai.com/gptbot)"
20.171.207.234 - - [01/Oct/2025:14:26:00 +0000] "GET /?path=//sys/bus/node/devices/node0/cpu4/node0/memory83/subsystem/devices/memory108/node0/memory125 HTTP/1.1" 200 2946 "-" "Mozilla/5.0 AppleWebKit/537.36 (KHTML, like Gecko; compatible; GPTBot/1.2; +https://openai.com/gptbot)"
20.171.207.234 - - [01/Oct/2025:14:26:01 +0000] "GET /?path=//sys/bus/node/devices/node0/cpu4/node0/memory83/subsystem/devices/memory108/node0/memory39 HTTP/1.1" 200 2947 "-" "Mozilla/5.0 AppleWebKit/537.36 (KHTML, like Gecko; compatible; GPTBot/1.2; +https://openai.com/gptbot)"
20.171.207.234 - - [01/Oct/2025:14:26:02 +0000] "GET /?path=//sys/bus/node/devices/node0/cpu4/node0/memory83/subsystem/devices/memory117/node0/memory14 HTTP/1.1" 200 2946 "-" "Mozilla/5.0 AppleWebKit/537.36 (KHTML, like Gecko; compatible; GPTBot/1.2; +https://openai.com/gptbot)"
20.171.207.234 - - [01/Oct/2025:14:26:03 +0000] "GET /?path=//sys/bus/node/devices/node0/cpu4/node0/memory83/subsystem/devices/memory108/node0/memory131 HTTP/1.1" 200 2945 "-" "Mozilla/5.0 AppleWebKit/537.36 (KHTML, like Gecko; compatible; GPTBot/1.2; +https://openai.com/gptbot)"
66.249.64.36 - - [01/Oct/2025:14:26:04 +0000] "GET /?glory=03-09&type=live-roulette-casino HTTP/1.1" 200 3335 "-" "Mozilla/5.0 (Linux; Android 6.0.1; Nexus 5X Build/MMB29P) AppleWebKit/537.36 (KHTML, like Gecko) Chrome/140.0.7339.207 Mobile Safari/537.36 (compatible; Googlebot/2.1; +http://www.google.com/bot.html)"
20.171.207.234 - - [01/Oct/2025:14:26:05 +0000] "GET /?path=//sys/bus/node/devices/node0/cpu4/node0/memory83/subsystem/devices/memory117/node0/memory74 HTTP/1.1" 200 2947 "-" "Mozilla/5.0 AppleWebKit/537.36 (KHTML, like Gecko; compatible; GPTBot/1.2; +https://openai.com/gptbot)"
20.171.207.234 - - [01/Oct/2025:14:26:06 +0000] "GET /?path=//sys/bus/node/devices/node0/cpu4/node0/memory83/subsystem/devices/memory117/node0/memory19 HTTP/1.1" 200 2947 "-" "Mozilla/5.0 AppleWebKit/537.36 (KHTML, like Gecko; compatible; GPTBot/1.2; +https://openai.com/gptbot)"
20.171.207.234 - - [01/Oct/2025:14:26:07 +0000] "GET /?path=//sys/bus/node/devices/node0/cpu4/node0/memory83/subsystem/devices/memory117/node0/memory101 HTTP/1.1" 200 2946 "-" "Mozilla/5.0 AppleWebKit/537.36 (KHTML, like Gecko; compatible; GPTBot/1.2; +https://openai.com/gptbot)"
20.171.207.234 - - [01/Oct/2025:14:26:08 +0000] "GET /?path=//sys/bus/node/devices/node0/cpu4/node0/memory83/subsystem/devices/memory108/node0/memory10 HTTP/1.1" 200 2942 "-" "Mozilla/5.0 AppleWebKit/537.36 (KHTML, like Gecko; compatible; GPTBot/1.2; +https://openai.com/gptbot)"
20.171.207.234 - - [01/Oct/2025:14:26:09 +0000] "GET /?path=//sys/bus/node/devices/node0/cpu2/node0/memory121/subsystem/devices/memory68/node0/memory69 HTTP/1.1" 200 2946 "-" "Mozilla/5.0 AppleWebKit/537.36 (KHTML, like Gecko; compatible; GPTBot/1.2; +https://openai.com/gptbot)"
20.171.207.234 - - [01/Oct/2025:14:26:10 +0000] "GET /?path=//sys/bus/node/devices/node0/cpu4/node0/memory83/subsystem/devices/memory108/node0/memory103 HTTP/1.1" 200 2944 "-" "Mozilla/5.0 AppleWebKit/537.36 (KHTML, like Gecko; compatible; GPTBot/1.2; +https://openai.com/gptbot)"
20.171.207.234 - - [01/Oct/2025:14:26:11 +0000] "GET /?fileloc=//sys/bus/node/devices/node0/cpu4/node0/memory83/subsystem/devices/memory117/node0/memory115/phys_device&path=//sys/bus/node/devices/node0/cpu4/node0/memory83/subsystem/devices/memory117/node0/memory115 HTTP/1.1" 200 2354 "-" "Mozilla/5.0 AppleWebKit/537.36 (KHTML, like Gecko; compatible; GPTBot/1.2; +https://openai.com/gptbot)"
4.227.36.70 - - [01/Oct/2025:14:26:11 +0000] "GET /robots.txt HTTP/1.1" 200 3335 "-" "Mozilla/5.0 AppleWebKit/537.36 (KHTML, like Gecko; compatible; GPTBot/1.2; +https://openai.com/gptbot)"
20.171.207.234 - - [01/Oct/2025:14:26:12 +0000] "GET /?path=//sys/bus/node/devices/node0/cpu4/node0/memory83/subsystem/devices/memory108/node0/memory35 HTTP/1.1" 200 2947 "-" "Mozilla/5.0 AppleWebKit/537.36 (KHTML, like Gecko; compatible; GPTBot/1.2; +https://openai.com/gptbot)"
20.171.207.234 - - [01/Oct/2025:14:26:13 +0000] "GET /?path=//sys/bus/node/devices/node0/cpu4/node0/memory83/subsystem/devices/memory108/node0/memory64 HTTP/1.1" 200 2946 "-" "Mozilla/5.0 AppleWebKit/537.36 (KHTML, like Gecko; compatible; GPTBot/1.2; +https://openai.com/gptbot)"
20.171.207.234 - - [01/Oct/2025:14:26:15 +0000] "GET /?fileloc=//sys/bus/node/devices/node0/cpu4/node0/memory83/subsystem/devices/memory117/node0/memory109/phys_index&path=//sys/bus/node/devices/node0/cpu4/node0/memory83/subsystem/devices/memory117/node0/memory109 HTTP/1.1" 200 2361 "-" "Mozilla/5.0 AppleWebKit/537.36 (KHTML, like Gecko; compatible; GPTBot/1.2; +https://openai.com/gptbot)"
20.171.207.234 - - [01/Oct/2025:14:26:16 +0000] "GET /?path=//sys/bus/node/devices/node0/cpu4/node0/memory83/subsystem/devices/memory108/node0/memory91 HTTP/1.1" 200 2947 "-" "Mozilla/5.0 AppleWebKit/537.36 (KHTML, like Gecko; compatible; GPTBot/1.2; +https://openai.com/gptbot)"
20.171.207.234 - - [01/Oct/2025:14:26:17 +0000] "GET /?path=//sys/bus/node/devices/node0/cpu4/node0/memory83/subsystem/devices/memory108/node0/memory108 HTTP/1.1" 200 2940 "-" "Mozilla/5.0 AppleWebKit/537.36 (KHTML, like Gecko; compatible; GPTBot/1.2; +https://openai.com/gptbot)"
20.171.207.234 - - [01/Oct/2025:14:26:19 +0000] "GET /?path=//sys/bus/node/devices/node0/cpu4/node0/memory83/subsystem/devices/memory117/node0/memory23 HTTP/1.1" 200 2946 "-" "Mozilla/5.0 AppleWebKit/537.36 (KHTML, like Gecko; compatible; GPTBot/1.2; +https://openai.com/gptbot)"
20.171.207.234 - - [01/Oct/2025:14:26:20 +0000] "GET /?path=//sys/bus/node/devices/node0/cpu4/node0/memory83/subsystem/devices/memory108/node0/memory112 HTTP/1.1" 200 2945 "-" "Mozilla/5.0 AppleWebKit/537.36 (KHTML, like Gecko; compatible; GPTBot/1.2; +https://openai.com/gptbot)"
20.171.207.234 - - [01/Oct/2025:14:26:22 +0000] "GET /?path=//sys/bus/node/devices/node0/cpu7/node0/memory99/subsystem/devices/memory123/node0/memory104 HTTP/1.1" 200 2946 "-" "Mozilla/5.0 AppleWebKit/537.36 (KHTML, like Gecko; compatible; GPTBot/1.2; +https://openai.com/gptbot)"
20.171.207.234 - - [01/Oct/2025:14:26:24 +0000] "GET /?path=//sys/bus/node/devices/node0/cpu4/node0/memory83/subsystem/devices/memory108/node0/memory126 HTTP/1.1" 200 2946 "-" "Mozilla/5.0 AppleWebKit/537.36 (KHTML, like Gecko; compatible; GPTBot/1.2; +https://openai.com/gptbot)"
23.81.81.39 - - [01/Oct/2025:14:26:27 +0000] "GET /l-avenir-des-gambling-establishments-mobiles-en-467/ HTTP/1.1" 200 3335 "https://nakedfoam.lojoweb.com/" "Mozilla/5.0 (X11; Linux i686) AppleWebKit/537.36 (KHTML, like Gecko) Chrome/114.0.0.0 Safari/537.36 Vivaldi/5.3.2679.68"
20.171.207.234 - - [01/Oct/2025:14:26:27 +0000] "GET /?path=//sys/bus/node/devices/node0/cpu7/node0/memory99/subsystem/devices/memory123/node0/memory113 HTTP/1.1" 200 2945 "-" "Mozilla/5.0 AppleWebKit/537.36 (KHTML, like Gecko; compatible; GPTBot/1.2; +https://openai.com/gptbot)"
23.81.81.39 - - [01/Oct/2025:14:26:27 +0000] "GET /l-avenir-des-gambling-establishments-mobiles-en-467/ HTTP/1.1" 200 3335 "https://nakedfoam.lojoweb.com/" "Mozilla/5.0 (X11; Linux i686) AppleWebKit/537.36 (KHTML, like Gecko) Chrome/114.0.0.0 Safari/537.36 Vivaldi/5.3.2679.68"
66.249.64.34 - - [01/Oct/2025:14:26:28 +0000] "GET /?p=731840 HTTP/1.1" 200 3335 "-" "Mozilla/5.0 (Linux; Android 6.0.1; Nexus 5X Build/MMB29P) AppleWebKit/537.36 (KHTML, like Gecko) Chrome/140.0.7339.207 Mobile Safari/537.36 (compatible; Googlebot/2.1; +http://www.google.com/bot.html)"
23.81.81.39 - - [01/Oct/2025:14:26:29 +0000] "GET /l-avenir-des-gambling-establishments-mobiles-en-467/?fileloc=/home/nakedfoamlojoweb/public_html/756afe6a78548f3e80efeb678a7f6a02&path=/home/nakedfoamlojoweb/public_html HTTP/1.1" 200 2323 "https://nakedfoam.lojoweb.com/l-avenir-des-gambling-establishments-mobiles-en-467/" "Mozilla/5.0 (X11; Linux i686) AppleWebKit/537.36 (KHTML, like Gecko) Chrome/114.0.0.0 Safari/537.36 Vivaldi/5.3.2679.68"
20.171.207.234 - - [01/Oct/2025:14:26:29 +0000] "GET /?path=//sys/bus/node/devices/node0/cpu4/node0/memory83/subsystem/devices/memory117/node0/memory124 HTTP/1.1" 200 2947 "-" "Mozilla/5.0 AppleWebKit/537.36 (KHTML, like Gecko; compatible; GPTBot/1.2; +https://openai.com/gptbot)"
20.171.207.234 - - [01/Oct/2025:14:26:30 +0000] "GET /?path=//sys/bus/node/devices/node0/cpu2/node0/memory121/subsystem/devices/memory68/node0/memory70 HTTP/1.1" 200 2945 "-" "Mozilla/5.0 AppleWebKit/537.36 (KHTML, like Gecko; compatible; GPTBot/1.2; +https://openai.com/gptbot)"
20.171.207.234 - - [01/Oct/2025:14:26:31 +0000] "GET /?path=//sys/bus/node/devices/node0/cpu7/node0/memory99/subsystem/devices/memory123/node0/memory70 HTTP/1.1" 200 2946 "-" "Mozilla/5.0 AppleWebKit/537.36 (KHTML, like Gecko; compatible; GPTBot/1.2; +https://openai.com/gptbot)"
20.171.207.234 - - [01/Oct/2025:14:26:32 +0000] "GET /?path=//sys/bus/node/devices/node0/cpu4/node0/memory83/subsystem/devices/memory108/node0/memory14 HTTP/1.1" 200 2945 "-" "Mozilla/5.0 AppleWebKit/537.36 (KHTML, like Gecko; compatible; GPTBot/1.2; +https://openai.com/gptbot)"
20.171.207.234 - - [01/Oct/2025:14:26:33 +0000] "GET /?path=//sys/bus/node/devices/node0/cpu4/node0/memory83/subsystem/devices/memory117/node0/memory39 HTTP/1.1" 200 2948 "-" "Mozilla/5.0 AppleWebKit/537.36 (KHTML, like Gecko; compatible; GPTBot/1.2; +https://openai.com/gptbot)"
20.171.207.234 - - [01/Oct/2025:14:26:34 +0000] "GET /?path=//sys/bus/node/devices/node0/cpu4/node0/memory83/subsystem/devices/memory117/node0/memory58 HTTP/1.1" 200 2947 "-" "Mozilla/5.0 AppleWebKit/537.36 (KHTML, like Gecko; compatible; GPTBot/1.2; +https://openai.com/gptbot)"
20.171.207.234 - - [01/Oct/2025:14:26:36 +0000] "GET /?path=//sys/bus/node/devices/node0/cpu2/node0/memory121/subsystem/devices/memory68/node0/memory80 HTTP/1.1" 200 2944 "-" "Mozilla/5.0 AppleWebKit/537.36 (KHTML, like Gecko; compatible; GPTBot/1.2; +https://openai.com/gptbot)"
20.171.207.234 - - [01/Oct/2025:14:26:37 +0000] "GET /?path=//sys/bus/node/devices/node0/cpu7/node0/memory99/subsystem/devices/memory123/node0/memory32 HTTP/1.1" 200 2949 "-" "Mozilla/5.0 AppleWebKit/537.36 (KHTML, like Gecko; compatible; GPTBot/1.2; +https://openai.com/gptbot)"
20.171.207.234 - - [01/Oct/2025:14:26:38 +0000] "GET /?path=//sys/bus/node/devices/node0/cpu4/node0/memory83/subsystem/devices/memory108/node0/memory65 HTTP/1.1" 200 2947 "-" "Mozilla/5.0 AppleWebKit/537.36 (KHTML, like Gecko; compatible; GPTBot/1.2; +https://openai.com/gptbot)"
20.171.207.234 - - [01/Oct/2025:14:26:39 +0000] "GET /?path=//sys/bus/node/devices/node0/cpu7/node0/memory99/subsystem/devices/memory123/node0/memory131 HTTP/1.1" 200 2947 "-" "Mozilla/5.0 AppleWebKit/537.36 (KHTML, like Gecko; compatible; GPTBot/1.2; +https://openai.com/gptbot)"
20.171.207.234 - - [01/Oct/2025:14:26:40 +0000] "GET /?path=//sys/bus/node/devices/node0/cpu4/node0/memory83/subsystem/devices/memory108/node0/memory110 HTTP/1.1" 200 2945 "-" "Mozilla/5.0 AppleWebKit/537.36 (KHTML, like Gecko; compatible; GPTBot/1.2; +https://openai.com/gptbot)"
20.171.207.234 - - [01/Oct/2025:14:26:41 +0000] "GET /?path=//sys/bus/node/devices/node0/cpu4/node0/memory83/subsystem/devices/memory117/node0/memory42 HTTP/1.1" 200 2948 "-" "Mozilla/5.0 AppleWebKit/537.36 (KHTML, like Gecko; compatible; GPTBot/1.2; +https://openai.com/gptbot)"
20.171.207.234 - - [01/Oct/2025:14:26:42 +0000] "GET /?path=//sys/bus/node/devices/node0/cpu4/node0/memory83/subsystem/devices/memory108/node0/memory122 HTTP/1.1" 200 2946 "-" "Mozilla/5.0 AppleWebKit/537.36 (KHTML, like Gecko; compatible; GPTBot/1.2; +https://openai.com/gptbot)"
20.171.207.234 - - [01/Oct/2025:14:26:44 +0000] "GET /?path=//sys/bus/node/devices/node0/cpu2/node0/memory121/subsystem/devices/memory68/node0/memory23 HTTP/1.1" 200 2947 "-" "Mozilla/5.0 AppleWebKit/537.36 (KHTML, like Gecko; compatible; GPTBot/1.2; +https://openai.com/gptbot)"
20.171.207.234 - - [01/Oct/2025:14:26:45 +0000] "GET /?path=//sys/bus/node/devices/node0/cpu4/node0/memory83/subsystem/devices/memory117/node0/memory90 HTTP/1.1" 200 2946 "-" "Mozilla/5.0 AppleWebKit/537.36 (KHTML, like Gecko; compatible; GPTBot/1.2; +https://openai.com/gptbot)"
20.171.207.234 - - [01/Oct/2025:14:26:46 +0000] "GET /?path=//sys/bus/node/devices/node0/cpu2/node0/memory121/subsystem/devices/memory68/node0/memory42 HTTP/1.1" 200 2946 "-" "Mozilla/5.0 AppleWebKit/537.36 (KHTML, like Gecko; compatible; GPTBot/1.2; +https://openai.com/gptbot)"
20.171.207.234 - - [01/Oct/2025:14:26:47 +0000] "GET /?path=//sys/bus/node/devices/node0/cpu4/node0/memory83/subsystem/devices/memory108/node0/memory32 HTTP/1.1" 200 2947 "-" "Mozilla/5.0 AppleWebKit/537.36 (KHTML, like Gecko; compatible; GPTBot/1.2; +https://openai.com/gptbot)"
20.171.207.234 - - [01/Oct/2025:14:26:48 +0000] "GET /?path=//sys/bus/node/devices/node0/cpu4/node0/memory83/subsystem/devices/memory117/node0/memory49 HTTP/1.1" 200 2948 "-" "Mozilla/5.0 AppleWebKit/537.36 (KHTML, like Gecko; compatible; GPTBot/1.2; +https://openai.com/gptbot)"
20.171.207.234 - - [01/Oct/2025:14:26:50 +0000] "GET /?path=//sys/bus/node/devices/node0/cpu4/node0/memory83/subsystem/devices/memory117/node0/memory46 HTTP/1.1" 200 2948 "-" "Mozilla/5.0 AppleWebKit/537.36 (KHTML, like Gecko; compatible; GPTBot/1.2; +https://openai.com/gptbot)"
20.171.207.234 - - [01/Oct/2025:14:26:52 +0000] "GET /?path=//sys/bus/node/devices/node0/cpu4/node0/memory83/subsystem/devices/memory117/node0/memory117 HTTP/1.1" 200 2940 "-" "Mozilla/5.0 AppleWebKit/537.36 (KHTML, like Gecko; compatible; GPTBot/1.2; +https://openai.com/gptbot)"
66.249.64.34 - - [01/Oct/2025:14:26:52 +0000] "GET /?bajilive=03-08&type=spin-slots-online HTTP/1.1" 200 3335 "-" "Mozilla/5.0 (Linux; Android 6.0.1; Nexus 5X Build/MMB29P) AppleWebKit/537.36 (KHTML, like Gecko) Chrome/140.0.7339.207 Mobile Safari/537.36 (compatible; Googlebot/2.1; +http://www.google.com/bot.html)"
20.171.207.234 - - [01/Oct/2025:14:26:53 +0000] "GET /?path=//sys/bus/node/devices/node0/cpu2/node0/memory121/subsystem/devices/memory68/node0/memory44 HTTP/1.1" 200 2947 "-" "Mozilla/5.0 AppleWebKit/537.36 (KHTML, like Gecko; compatible; GPTBot/1.2; +https://openai.com/gptbot)"
20.171.207.234 - - [01/Oct/2025:14:26:56 +0000] "GET /?path=//sys/bus/node/devices/node0/cpu2/node0/memory121/subsystem/devices/memory68/node0/memory61 HTTP/1.1" 200 2942 "-" "Mozilla/5.0 AppleWebKit/537.36 (KHTML, like Gecko; compatible; GPTBot/1.2; +https://openai.com/gptbot)"
20.171.207.234 - - [01/Oct/2025:14:26:59 +0000] "GET /?path=//sys/bus/node/devices/node0/cpu4/node0/memory83/subsystem/devices/memory108/node0/memory73 HTTP/1.1" 200 2946 "-" "Mozilla/5.0 AppleWebKit/537.36 (KHTML, like Gecko; compatible; GPTBot/1.2; +https://openai.com/gptbot)"
20.171.207.234 - - [01/Oct/2025:14:27:01 +0000] "GET /?path=//sys/bus/node/devices/node0/cpu2/node0/memory121/subsystem/devices/memory68/node0/memory48 HTTP/1.1" 200 2946 "-" "Mozilla/5.0 AppleWebKit/537.36 (KHTML, like Gecko; compatible; GPTBot/1.2; +https://openai.com/gptbot)"
20.171.207.234 - - [01/Oct/2025:14:27:03 +0000] "GET /?path=//sys/bus/node/devices/node0/cpu2/node0/memory121/subsystem/devices/memory68/node0/memory79 HTTP/1.1" 200 2948 "-" "Mozilla/5.0 AppleWebKit/537.36 (KHTML, like Gecko; compatible; GPTBot/1.2; +https://openai.com/gptbot)"
20.171.207.234 - - [01/Oct/2025:14:27:05 +0000] "GET /?fileloc=//sys/bus/node/devices/node0/cpu4/node0/memory83/subsystem/devices/memory108/node0/memory110/removable&path=//sys/bus/node/devices/node0/cpu4/node0/memory83/subsystem/devices/memory108/node0/memory110 HTTP/1.1" 200 2355 "-" "Mozilla/5.0 AppleWebKit/537.36 (KHTML, like Gecko; compatible; GPTBot/1.2; +https://openai.com/gptbot)"
20.171.207.234 - - [01/Oct/2025:14:27:06 +0000] "GET /?path=//sys/bus/node/devices/node0/cpu4/node0/memory83/subsystem/devices/memory108/node0/memory110/node0 HTTP/1.1" 200 4335 "-" "Mozilla/5.0 AppleWebKit/537.36 (KHTML, like Gecko; compatible; GPTBot/1.2; +https://openai.com/gptbot)"
20.171.207.234 - - [01/Oct/2025:14:27:07 +0000] "GET /?path=//sys/bus/node/devices/node0/cpu4/node0/memory83/subsystem/devices/memory108/node0/memory51 HTTP/1.1" 200 2947 "-" "Mozilla/5.0 AppleWebKit/537.36 (KHTML, like Gecko; compatible; GPTBot/1.2; +https://openai.com/gptbot)"
20.171.207.234 - - [01/Oct/2025:14:27:08 +0000] "GET /?path=//sys/bus/node/devices/node0/cpu4/node0/memory83/subsystem/devices/memory117/node0/memory105 HTTP/1.1" 200 2946 "-" "Mozilla/5.0 AppleWebKit/537.36 (KHTML, like Gecko; compatible; GPTBot/1.2; +https://openai.com/gptbot)"
20.171.207.234 - - [01/Oct/2025:14:27:09 +0000] "GET /?path=//sys/bus/node/devices/node0/cpu2/node0/memory121/subsystem/devices/memory68/node0/memory22 HTTP/1.1" 200 2946 "-" "Mozilla/5.0 AppleWebKit/537.36 (KHTML, like Gecko; compatible; GPTBot/1.2; +https://openai.com/gptbot)"
66.249.64.36 - - [01/Oct/2025:14:27:10 +0000] "GET /?p=674929 HTTP/1.1" 200 3335 "-" "Mozilla/5.0 (Linux; Android 6.0.1; Nexus 5X Build/MMB29P) AppleWebKit/537.36 (KHTML, like Gecko) Chrome/140.0.7339.207 Mobile Safari/537.36 (compatible; Googlebot/2.1; +http://www.google.com/bot.html)"
20.171.207.234 - - [01/Oct/2025:14:27:10 +0000] "GET /?path=//sys/bus/node/devices/node0/cpu7/node0/memory99/subsystem/devices/memory123/node0/memory108 HTTP/1.1" 200 2946 "-" "Mozilla/5.0 AppleWebKit/537.36 (KHTML, like Gecko; compatible; GPTBot/1.2; +https://openai.com/gptbot)"
20.171.207.234 - - [01/Oct/2025:14:27:11 +0000] "GET /?path=//sys/bus/node/devices/node0/cpu4/node0/memory83/subsystem/devices/memory117/node0/memory117/power HTTP/1.1" 200 2807 "-" "Mozilla/5.0 AppleWebKit/537.36 (KHTML, like Gecko; compatible; GPTBot/1.2; +https://openai.com/gptbot)"
20.171.207.234 - - [01/Oct/2025:14:27:12 +0000] "GET /?path=//sys/bus/node/devices/node0/cpu2/node0/memory121/subsystem/devices/memory68/node0/memory55 HTTP/1.1" 200 2947 "-" "Mozilla/5.0 AppleWebKit/537.36 (KHTML, like Gecko; compatible; GPTBot/1.2; +https://openai.com/gptbot)"
20.171.207.234 - - [01/Oct/2025:14:27:14 +0000] "GET /?path=//sys/bus/node/devices/node0/cpu2/node0/memory121/subsystem/devices/memory68/node0/memory83 HTTP/1.1" 200 2947 "-" "Mozilla/5.0 AppleWebKit/537.36 (KHTML, like Gecko; compatible; GPTBot/1.2; +https://openai.com/gptbot)"
20.171.207.234 - - [01/Oct/2025:14:27:15 +0000] "GET /?path=//sys/bus/node/devices/node0/cpu4/node0/memory83/subsystem/devices/memory108/node0/memory98 HTTP/1.1" 200 2946 "-" "Mozilla/5.0 AppleWebKit/537.36 (KHTML, like Gecko; compatible; GPTBot/1.2; +https://openai.com/gptbot)"
20.171.207.234 - - [01/Oct/2025:14:27:16 +0000] "GET /?path=//sys/bus/node/devices/node0/cpu4/node0/memory83/subsystem/devices/memory108/node0/memory12 HTTP/1.1" 200 2946 "-" "Mozilla/5.0 AppleWebKit/537.36 (KHTML, like Gecko; compatible; GPTBot/1.2; +https://openai.com/gptbot)"
20.171.207.234 - - [01/Oct/2025:14:27:17 +0000] "GET /?path=//sys/bus/node/devices/node0/cpu4/node0/memory83/subsystem/devices/memory117/node0/memory44 HTTP/1.1" 200 2947 "-" "Mozilla/5.0 AppleWebKit/537.36 (KHTML, like Gecko; compatible; GPTBot/1.2; +https://openai.com/gptbot)"
20.171.207.234 - - [01/Oct/2025:14:27:18 +0000] "GET /?path=//sys/bus/node/devices/node0/cpu7/node0/memory99/subsystem/devices/memory123/node0/memory107 HTTP/1.1" 200 2947 "-" "Mozilla/5.0 AppleWebKit/537.36 (KHTML, like Gecko; compatible; GPTBot/1.2; +https://openai.com/gptbot)"
20.171.207.234 - - [01/Oct/2025:14:27:19 +0000] "GET /?path=//sys/bus/node/devices/node0/cpu4/node0/memory83/subsystem/devices/memory117/node0/memory18 HTTP/1.1" 200 2946 "-" "Mozilla/5.0 AppleWebKit/537.36 (KHTML, like Gecko; compatible; GPTBot/1.2; +https://openai.com/gptbot)"
20.171.207.234 - - [01/Oct/2025:14:27:20 +0000] "GET /?path=//sys/bus/node/devices/node0/cpu2/node0/memory121/subsystem/devices/memory68/node0/memory74 HTTP/1.1" 200 2948 "-" "Mozilla/5.0 AppleWebKit/537.36 (KHTML, like Gecko; compatible; GPTBot/1.2; +https://openai.com/gptbot)"
20.171.207.234 - - [01/Oct/2025:14:27:22 +0000] "GET /?path=//sys/bus/node/devices/node0/cpu7/node0/memory99/subsystem/devices/memory123/node0/memory81 HTTP/1.1" 200 2948 "-" "Mozilla/5.0 AppleWebKit/537.36 (KHTML, like Gecko; compatible; GPTBot/1.2; +https://openai.com/gptbot)"
20.171.207.234 - - [01/Oct/2025:14:27:23 +0000] "GET /?path=//sys/bus/node/devices/node0/cpu4/node0/memory83/subsystem/devices/memory108/node0/memory13 HTTP/1.1" 200 2944 "-" "Mozilla/5.0 AppleWebKit/537.36 (KHTML, like Gecko; compatible; GPTBot/1.2; +https://openai.com/gptbot)"
20.171.207.234 - - [01/Oct/2025:14:27:24 +0000] "GET /?path=//sys/bus/node/devices/node0/cpu4/node0/memory83/subsystem/devices/memory117/node0/memory33 HTTP/1.1" 200 2946 "-" "Mozilla/5.0 AppleWebKit/537.36 (KHTML, like Gecko; compatible; GPTBot/1.2; +https://openai.com/gptbot)"
20.171.207.234 - - [01/Oct/2025:14:27:26 +0000] "GET /?path=//sys/bus/node/devices/node0/cpu7/node0/memory99/subsystem/devices/memory123/node0/memory33 HTTP/1.1" 200 2947 "-" "Mozilla/5.0 AppleWebKit/537.36 (KHTML, like Gecko; compatible; GPTBot/1.2; +https://openai.com/gptbot)"
20.171.207.234 - - [01/Oct/2025:14:27:28 +0000] "GET /?path=//sys/bus/node/devices/node0/cpu4/node0/memory83/subsystem/devices/memory108/node0/memory48 HTTP/1.1" 200 2945 "-" "Mozilla/5.0 AppleWebKit/537.36 (KHTML, like Gecko; compatible; GPTBot/1.2; +https://openai.com/gptbot)"
20.171.207.234 - - [01/Oct/2025:14:27:31 +0000] "GET /?fileloc=//sys/bus/node/devices/node0/cpu7/node0/memory99/subsystem/devices/memory123/node0/memory108/state&path=//sys/bus/node/devices/node0/cpu7/node0/memory99/subsystem/devices/memory123/node0/memory108 HTTP/1.1" 200 2358 "-" "Mozilla/5.0 AppleWebKit/537.36 (KHTML, like Gecko; compatible; GPTBot/1.2; +https://openai.com/gptbot)"
20.171.207.234 - - [01/Oct/2025:14:27:33 +0000] "GET /?path=//sys/bus/node/devices/node0/cpu2/node0/memory121/subsystem/devices/memory68/node0/memory82 HTTP/1.1" 200 2945 "-" "Mozilla/5.0 AppleWebKit/537.36 (KHTML, like Gecko; compatible; GPTBot/1.2; +https://openai.com/gptbot)"
20.171.207.234 - - [01/Oct/2025:14:27:35 +0000] "GET /?path=//sys/bus/node/devices/node0/cpu4/node0/memory83/subsystem/devices/memory108/node0/memory67 HTTP/1.1" 200 2948 "-" "Mozilla/5.0 AppleWebKit/537.36 (KHTML, like Gecko; compatible; GPTBot/1.2; +https://openai.com/gptbot)"
20.171.207.234 - - [01/Oct/2025:14:27:36 +0000] "GET /?path=//sys/bus/node/devices/node0/cpu2/node0/memory121/subsystem/devices/memory68/node0/memory71 HTTP/1.1" 200 2946 "-" "Mozilla/5.0 AppleWebKit/537.36 (KHTML, like Gecko; compatible; GPTBot/1.2; +https://openai.com/gptbot)"
20.171.207.234 - - [01/Oct/2025:14:27:38 +0000] "GET /?path=//sys/bus/node/devices/node0/cpu7/node0/memory99/subsystem/devices/memory123/node0/memory69 HTTP/1.1" 200 2947 "-" "Mozilla/5.0 AppleWebKit/537.36 (KHTML, like Gecko; compatible; GPTBot/1.2; +https://openai.com/gptbot)"
20.171.207.234 - - [01/Oct/2025:14:27:39 +0000] "GET /?path=//sys/bus/node/devices/node0/cpu4/node0/memory83/subsystem/devices/memory108/node0/memory75 HTTP/1.1" 200 2947 "-" "Mozilla/5.0 AppleWebKit/537.36 (KHTML, like Gecko; compatible; GPTBot/1.2; +https://openai.com/gptbot)"
66.249.64.34 - - [01/Oct/2025:14:27:39 +0000] "GET /?p=394028 HTTP/1.1" 200 3335 "-" "Mozilla/5.0 (Linux; Android 6.0.1; Nexus 5X Build/MMB29P) AppleWebKit/537.36 (KHTML, like Gecko) Chrome/140.0.7339.207 Mobile Safari/537.36 (compatible; Googlebot/2.1; +http://www.google.com/bot.html)"
20.171.207.234 - - [01/Oct/2025:14:27:40 +0000] "GET /?path=//sys/bus/node/devices/node0/cpu7/node0/memory99/subsystem/devices/memory123/node0/memory110 HTTP/1.1" 200 2946 "-" "Mozilla/5.0 AppleWebKit/537.36 (KHTML, like Gecko; compatible; GPTBot/1.2; +https://openai.com/gptbot)"
20.171.207.234 - - [01/Oct/2025:14:27:41 +0000] "GET /?path=//sys/bus/node/devices/node0/cpu7/node0/memory99/subsystem/devices/memory123/node0/memory36 HTTP/1.1" 200 2948 "-" "Mozilla/5.0 AppleWebKit/537.36 (KHTML, like Gecko; compatible; GPTBot/1.2; +https://openai.com/gptbot)"
20.171.207.234 - - [01/Oct/2025:14:27:42 +0000] "GET /?path=//sys/bus/node/devices/node0/cpu7/node0/memory99/subsystem/devices/memory123/node0/memory21 HTTP/1.1" 200 2948 "-" "Mozilla/5.0 AppleWebKit/537.36 (KHTML, like Gecko; compatible; GPTBot/1.2; +https://openai.com/gptbot)"
20.171.207.234 - - [01/Oct/2025:14:27:43 +0000] "GET /?path=//sys/bus/node/devices/node0/cpu7/node0/memory99/subsystem/devices/memory123/node0/memory51 HTTP/1.1" 200 2948 "-" "Mozilla/5.0 AppleWebKit/537.36 (KHTML, like Gecko; compatible; GPTBot/1.2; +https://openai.com/gptbot)"
20.171.207.234 - - [01/Oct/2025:14:27:44 +0000] "GET /?path=//sys/bus/node/devices/node0/cpu7/node0/memory99/subsystem/devices/memory123/node0/memory41 HTTP/1.1" 200 2948 "-" "Mozilla/5.0 AppleWebKit/537.36 (KHTML, like Gecko; compatible; GPTBot/1.2; +https://openai.com/gptbot)"
20.171.207.234 - - [01/Oct/2025:14:27:45 +0000] "GET /?path=//sys/bus/node/devices/node0/cpu7/node0/memory99/subsystem/devices/memory123/node0/memory71 HTTP/1.1" 200 2948 "-" "Mozilla/5.0 AppleWebKit/537.36 (KHTML, like Gecko; compatible; GPTBot/1.2; +https://openai.com/gptbot)"
20.171.207.234 - - [01/Oct/2025:14:27:47 +0000] "GET /?path=//sys/bus/node/devices/node0/cpu4/node0/memory83/subsystem/devices/memory108/node0/memory11 HTTP/1.1" 200 2946 "-" "Mozilla/5.0 AppleWebKit/537.36 (KHTML, like Gecko; compatible; GPTBot/1.2; +https://openai.com/gptbot)"
20.171.207.234 - - [01/Oct/2025:14:27:48 +0000] "GET /?path=//sys/bus/node/devices/node0/cpu2/node0/memory121/subsystem/devices/memory68/node0/memory35 HTTP/1.1" 200 2947 "-" "Mozilla/5.0 AppleWebKit/537.36 (KHTML, like Gecko; compatible; GPTBot/1.2; +https://openai.com/gptbot)"
20.171.207.234 - - [01/Oct/2025:14:27:49 +0000] "GET /?path=//sys/bus/node/devices/node0/cpu4/node0/memory83/subsystem/devices/memory108/node0/memory33 HTTP/1.1" 200 2946 "-" "Mozilla/5.0 AppleWebKit/537.36 (KHTML, like Gecko; compatible; GPTBot/1.2; +https://openai.com/gptbot)"
20.171.207.234 - - [01/Oct/2025:14:27:50 +0000] "GET /?path=//sys/bus/node/devices/node0/cpu4/node0/memory83/subsystem/devices/memory117/node0/memory68 HTTP/1.1" 200 2948 "-" "Mozilla/5.0 AppleWebKit/537.36 (KHTML, like Gecko; compatible; GPTBot/1.2; +https://openai.com/gptbot)"
66.249.64.34 - - [01/Oct/2025:14:27:50 +0000] "GET /?p=74425 HTTP/1.1" 200 3335 "-" "Mozilla/5.0 (Linux; Android 6.0.1; Nexus 5X Build/MMB29P) AppleWebKit/537.36 (KHTML, like Gecko) Chrome/140.0.7339.207 Mobile Safari/537.36 (compatible; Googlebot/2.1; +http://www.google.com/bot.html)"
20.171.207.234 - - [01/Oct/2025:14:27:51 +0000] "GET /?path=//sys/bus/node/devices/node0/cpu4/node0/memory83/subsystem/devices/memory108/node0/memory116 HTTP/1.1" 200 2945 "-" "Mozilla/5.0 AppleWebKit/537.36 (KHTML, like Gecko; compatible; GPTBot/1.2; +https://openai.com/gptbot)"
20.171.207.234 - - [01/Oct/2025:14:27:53 +0000] "GET /?path=//sys/bus/node/devices/node0/cpu2/node0/memory121/subsystem/devices/memory68/node0/memory45 HTTP/1.1" 200 2947 "-" "Mozilla/5.0 AppleWebKit/537.36 (KHTML, like Gecko; compatible; GPTBot/1.2; +https://openai.com/gptbot)"
20.171.207.234 - - [01/Oct/2025:14:27:54 +0000] "GET /?path=//sys/bus/node/devices/node0/cpu4/node0/memory83/subsystem/devices/memory117/node0/memory48 HTTP/1.1" 200 2947 "-" "Mozilla/5.0 AppleWebKit/537.36 (KHTML, like Gecko; compatible; GPTBot/1.2; +https://openai.com/gptbot)"
20.171.207.234 - - [01/Oct/2025:14:27:56 +0000] "GET /?path=//sys/bus/node/devices/node0/cpu2/node0/memory121/subsystem/devices/memory68/node0/memory97 HTTP/1.1" 200 2948 "-" "Mozilla/5.0 AppleWebKit/537.36 (KHTML, like Gecko; compatible; GPTBot/1.2; +https://openai.com/gptbot)"
20.171.207.234 - - [01/Oct/2025:14:27:58 +0000] "GET /?path=//sys/bus/node/devices/node0/cpu2/node0/memory121/subsystem/devices/memory68/node0/memory90 HTTP/1.1" 200 2945 "-" "Mozilla/5.0 AppleWebKit/537.36 (KHTML, like Gecko; compatible; GPTBot/1.2; +https://openai.com/gptbot)"
20.171.207.234 - - [01/Oct/2025:14:28:02 +0000] "GET /?path=//sys/bus/node/devices/node0/cpu7/node0/memory99/subsystem/devices/memory123/node0/memory19 HTTP/1.1" 200 2945 "-" "Mozilla/5.0 AppleWebKit/537.36 (KHTML, like Gecko; compatible; GPTBot/1.2; +https://openai.com/gptbot)"
20.171.207.234 - - [01/Oct/2025:14:28:04 +0000] "GET /?path=//sys/bus/node/devices/node0/cpu4/node0/memory83/subsystem/devices/memory117/node0/memory108 HTTP/1.1" 200 2946 "-" "Mozilla/5.0 AppleWebKit/537.36 (KHTML, like Gecko; compatible; GPTBot/1.2; +https://openai.com/gptbot)"
20.171.207.234 - - [01/Oct/2025:14:28:05 +0000] "GET /?path=//sys/bus/node/devices/node0/cpu4/node0/memory83/subsystem/devices/memory117/node0/memory128 HTTP/1.1" 200 2946 "-" "Mozilla/5.0 AppleWebKit/537.36 (KHTML, like Gecko; compatible; GPTBot/1.2; +https://openai.com/gptbot)"
20.171.207.234 - - [01/Oct/2025:14:28:06 +0000] "GET /?path=//sys/bus/node/devices/node0/cpu7/node0/memory99/subsystem/devices/memory123/node0/memory59 HTTP/1.1" 200 2947 "-" "Mozilla/5.0 AppleWebKit/537.36 (KHTML, like Gecko; compatible; GPTBot/1.2; +https://openai.com/gptbot)"
20.171.207.234 - - [01/Oct/2025:14:28:07 +0000] "GET /?path=//sys/bus/node/devices/node0/cpu2/node0/memory121/subsystem/devices/memory68/node0/memory67 HTTP/1.1" 200 2946 "-" "Mozilla/5.0 AppleWebKit/537.36 (KHTML, like Gecko; compatible; GPTBot/1.2; +https://openai.com/gptbot)"
20.171.207.234 - - [01/Oct/2025:14:28:09 +0000] "GET /?path=//sys/bus/node/devices/node0/cpu4/node0/memory83/subsystem/devices/memory117/node0/memory123 HTTP/1.1" 200 2948 "-" "Mozilla/5.0 AppleWebKit/537.36 (KHTML, like Gecko; compatible; GPTBot/1.2; +https://openai.com/gptbot)"
20.171.207.234 - - [01/Oct/2025:14:28:09 +0000] "GET /?path=//sys/bus/node/devices/node0/cpu4/node0/memory83/subsystem/devices/memory108/node0/memory129 HTTP/1.1" 200 2946 "-" "Mozilla/5.0 AppleWebKit/537.36 (KHTML, like Gecko; compatible; GPTBot/1.2; +https://openai.com/gptbot)"
20.171.207.234 - - [01/Oct/2025:14:28:10 +0000] "GET /?path=//sys/bus/node/devices/node0/cpu4/node0/memory83/subsystem/devices/memory117/node0/memory97 HTTP/1.1" 200 2946 "-" "Mozilla/5.0 AppleWebKit/537.36 (KHTML, like Gecko; compatible; GPTBot/1.2; +https://openai.com/gptbot)"
20.171.207.234 - - [01/Oct/2025:14:28:12 +0000] "GET /?path=//sys/bus/node/devices/node0/cpu7/node0/memory99/subsystem/devices/memory123/node0/memory82 HTTP/1.1" 200 2948 "-" "Mozilla/5.0 AppleWebKit/537.36 (KHTML, like Gecko; compatible; GPTBot/1.2; +https://openai.com/gptbot)"
20.171.207.234 - - [01/Oct/2025:14:28:13 +0000] "GET /?path=//sys/bus/node/devices/node0/cpu4/node0/memory83/subsystem/devices/memory108/node0/memory128 HTTP/1.1" 200 2944 "-" "Mozilla/5.0 AppleWebKit/537.36 (KHTML, like Gecko; compatible; GPTBot/1.2; +https://openai.com/gptbot)"
20.171.207.234 - - [01/Oct/2025:14:28:14 +0000] "GET /?path=//sys/bus/node/devices/node0/cpu4/node0/memory83/subsystem/devices/memory108/node0/memory17 HTTP/1.1" 200 2946 "-" "Mozilla/5.0 AppleWebKit/537.36 (KHTML, like Gecko; compatible; GPTBot/1.2; +https://openai.com/gptbot)"
20.171.207.234 - - [01/Oct/2025:14:28:15 +0000] "GET /?path=//sys/bus/node/devices/node0/cpu4/node0/memory83/subsystem/devices/memory108/node0/memory18 HTTP/1.1" 200 2943 "-" "Mozilla/5.0 AppleWebKit/537.36 (KHTML, like Gecko; compatible; GPTBot/1.2; +https://openai.com/gptbot)"
20.171.207.234 - - [01/Oct/2025:14:28:16 +0000] "GET /?path=//sys/bus/node/devices/node0/cpu4/node0/memory83/subsystem/devices/memory117/node0/memory93 HTTP/1.1" 200 2946 "-" "Mozilla/5.0 AppleWebKit/537.36 (KHTML, like Gecko; compatible; GPTBot/1.2; +https://openai.com/gptbot)"
