20.171.207.234 - - [01/Oct/2025:14:17:00 +0000] "GET /?path=//sys/bus/node/devices/node0/cpu1/node0/memory122/subsystem/devices/memory85/node0/memory53 HTTP/1.1" 200 2947 "-" "Mozilla/5.0 AppleWebKit/537.36 (KHTML, like Gecko; compatible; GPTBot/1.2; +https://openai.com/gptbot)"
66.249.64.35 - - [01/Oct/2025:14:17:00 +0000] "GET /?glory=03-09&type=new-casino-slot-games HTTP/1.1" 200 3335 "-" "Mozilla/5.0 (Linux; Android 6.0.1; Nexus 5X Build/MMB29P) AppleWebKit/537.36 (KHTML, like Gecko) Chrome/140.0.7339.207 Mobile Safari/537.36 (compatible; Googlebot/2.1; +http://www.google.com/bot.html)"
20.171.207.234 - - [01/Oct/2025:14:17:01 +0000] "GET /?fileloc=//sys/bus/node/devices/node0/cpu4/node0/memory83/subsystem/devices/memory105/node0/memory64/phys_device&path=//sys/bus/node/devices/node0/cpu4/node0/memory83/subsystem/devices/memory105/node0/memory64 HTTP/1.1" 200 2355 "-" "Mozilla/5.0 AppleWebKit/537.36 (KHTML, like Gecko; compatible; GPTBot/1.2; +https://openai.com/gptbot)"
20.171.207.234 - - [01/Oct/2025:14:17:02 +0000] "GET /?path=//sys/bus/node/devices/node0/cpu7/node0/memory64/subsystem/devices/memory110/node0/memory59 HTTP/1.1" 200 2948 "-" "Mozilla/5.0 AppleWebKit/537.36 (KHTML, like Gecko; compatible; GPTBot/1.2; +https://openai.com/gptbot)"
20.171.207.234 - - [01/Oct/2025:14:17:03 +0000] "GET /?path=//sys/bus/node/devices/node0/cpu1/node0/memory122/subsystem/devices/memory85/node0/memory95 HTTP/1.1" 200 2946 "-" "Mozilla/5.0 AppleWebKit/537.36 (KHTML, like Gecko; compatible; GPTBot/1.2; +https://openai.com/gptbot)"
20.171.207.234 - - [01/Oct/2025:14:17:04 +0000] "GET /?path=//sys/bus/node/devices/node0/cpu1/node0/memory122/subsystem/devices/memory85/node0/memory45 HTTP/1.1" 200 2946 "-" "Mozilla/5.0 AppleWebKit/537.36 (KHTML, like Gecko; compatible; GPTBot/1.2; +https://openai.com/gptbot)"
20.171.207.234 - - [01/Oct/2025:14:17:05 +0000] "GET /?path=//sys/bus/node/devices/node0/cpu4/node0/memory83/subsystem/devices/memory105/node0/memory55 HTTP/1.1" 200 2946 "-" "Mozilla/5.0 AppleWebKit/537.36 (KHTML, like Gecko; compatible; GPTBot/1.2; +https://openai.com/gptbot)"
20.171.207.234 - - [01/Oct/2025:14:17:07 +0000] "GET /?path=//sys/bus/node/devices/node0/cpu7/node0/memory64/subsystem/devices/memory110/node0/memory122 HTTP/1.1" 200 2946 "-" "Mozilla/5.0 AppleWebKit/537.36 (KHTML, like Gecko; compatible; GPTBot/1.2; +https://openai.com/gptbot)"
20.171.207.234 - - [01/Oct/2025:14:17:08 +0000] "GET /?path=//sys/bus/node/devices/node0/cpu1/node0/memory122/subsystem/devices/memory85/node0/memory48 HTTP/1.1" 200 2947 "-" "Mozilla/5.0 AppleWebKit/537.36 (KHTML, like Gecko; compatible; GPTBot/1.2; +https://openai.com/gptbot)"
20.171.207.234 - - [01/Oct/2025:14:17:09 +0000] "GET /?path=//sys/bus/node/devices/node0/cpu4/node0/memory37/subsystem/devices/memory113/node0/memory56 HTTP/1.1" 200 2948 "-" "Mozilla/5.0 AppleWebKit/537.36 (KHTML, like Gecko; compatible; GPTBot/1.2; +https://openai.com/gptbot)"
20.171.207.234 - - [01/Oct/2025:14:17:10 +0000] "GET /?path=//sys/bus/node/devices/node0/cpu7/node0/memory64/subsystem/devices/memory110/node0/memory18 HTTP/1.1" 200 2946 "-" "Mozilla/5.0 AppleWebKit/537.36 (KHTML, like Gecko; compatible; GPTBot/1.2; +https://openai.com/gptbot)"
20.171.207.234 - - [01/Oct/2025:14:17:11 +0000] "GET /?path=//sys/bus/node/devices/node0/cpu4/node0/memory37/subsystem/devices/memory113/node0/memory95 HTTP/1.1" 200 2948 "-" "Mozilla/5.0 AppleWebKit/537.36 (KHTML, like Gecko; compatible; GPTBot/1.2; +https://openai.com/gptbot)"
20.171.207.234 - - [01/Oct/2025:14:17:12 +0000] "GET /?path=//sys/bus/node/devices/node0/cpu7/node0/memory64/subsystem/devices/memory110/node0/memory104 HTTP/1.1" 200 2948 "-" "Mozilla/5.0 AppleWebKit/537.36 (KHTML, like Gecko; compatible; GPTBot/1.2; +https://openai.com/gptbot)"
20.171.207.234 - - [01/Oct/2025:14:17:14 +0000] "GET /?path=//sys/bus/node/devices/node0/cpu1/node0/memory122/subsystem/devices/memory85/node0/memory35 HTTP/1.1" 200 2946 "-" "Mozilla/5.0 AppleWebKit/537.36 (KHTML, like Gecko; compatible; GPTBot/1.2; +https://openai.com/gptbot)"
20.171.207.234 - - [01/Oct/2025:14:17:16 +0000] "GET /?path=//sys/bus/node/devices/node0/cpu4/node0/memory83/subsystem/devices/memory105/node0/memory119 HTTP/1.1" 200 2946 "-" "Mozilla/5.0 AppleWebKit/537.36 (KHTML, like Gecko; compatible; GPTBot/1.2; +https://openai.com/gptbot)"
20.171.207.234 - - [01/Oct/2025:14:17:18 +0000] "GET /?path=//sys/bus/node/devices/node0/cpu4/node0/memory83/subsystem/devices/memory105/node0/memory20 HTTP/1.1" 200 2945 "-" "Mozilla/5.0 AppleWebKit/537.36 (KHTML, like Gecko; compatible; GPTBot/1.2; +https://openai.com/gptbot)"
66.249.64.34 - - [01/Oct/2025:14:17:19 +0000] "GET /?mcwwin=03-08&type=casino-spil-online HTTP/1.1" 200 3335 "-" "Mozilla/5.0 (Linux; Android 6.0.1; Nexus 5X Build/MMB29P) AppleWebKit/537.36 (KHTML, like Gecko) Chrome/140.0.7339.207 Mobile Safari/537.36 (compatible; Googlebot/2.1; +http://www.google.com/bot.html)"
20.171.207.234 - - [01/Oct/2025:14:17:20 +0000] "GET /?path=//sys/bus/node/devices/node0/cpu4/node0/memory37/subsystem/devices/memory113/node0/memory99 HTTP/1.1" 200 2948 "-" "Mozilla/5.0 AppleWebKit/537.36 (KHTML, like Gecko; compatible; GPTBot/1.2; +https://openai.com/gptbot)"
20.171.207.234 - - [01/Oct/2025:14:17:21 +0000] "GET /?path=//sys/bus/node/devices/node0/cpu7/node0/memory64/subsystem/devices/memory110/node0/memory49 HTTP/1.1" 200 2948 "-" "Mozilla/5.0 AppleWebKit/537.36 (KHTML, like Gecko; compatible; GPTBot/1.2; +https://openai.com/gptbot)"
20.171.207.234 - - [01/Oct/2025:14:17:24 +0000] "GET /?path=//sys/bus/node/devices/node0/cpu4/node0/memory83/subsystem/devices/memory105/node0/memory120 HTTP/1.1" 200 2945 "-" "Mozilla/5.0 AppleWebKit/537.36 (KHTML, like Gecko; compatible; GPTBot/1.2; +https://openai.com/gptbot)"
20.171.207.234 - - [01/Oct/2025:14:17:25 +0000] "GET /?path=//sys/bus/node/devices/node0/cpu1/node0/memory122/subsystem/devices/memory85/node0/memory87 HTTP/1.1" 200 2946 "-" "Mozilla/5.0 AppleWebKit/537.36 (KHTML, like Gecko; compatible; GPTBot/1.2; +https://openai.com/gptbot)"
20.171.207.234 - - [01/Oct/2025:14:17:26 +0000] "GET /?path=//sys/bus/node/devices/node0/cpu4/node0/memory37/subsystem/devices/memory118/node0/memory57 HTTP/1.1" 200 2946 "-" "Mozilla/5.0 AppleWebKit/537.36 (KHTML, like Gecko; compatible; GPTBot/1.2; +https://openai.com/gptbot)"
20.171.207.234 - - [01/Oct/2025:14:17:27 +0000] "GET /?path=//sys/bus/node/devices/node0/cpu4/node0/memory37/subsystem/devices/memory118/node0/memory88 HTTP/1.1" 200 2945 "-" "Mozilla/5.0 AppleWebKit/537.36 (KHTML, like Gecko; compatible; GPTBot/1.2; +https://openai.com/gptbot)"
20.171.207.234 - - [01/Oct/2025:14:17:28 +0000] "GET /?path=//sys/bus/node/devices/node0/cpu4/node0/memory37/subsystem/devices/memory113/node0/memory84 HTTP/1.1" 200 2946 "-" "Mozilla/5.0 AppleWebKit/537.36 (KHTML, like Gecko; compatible; GPTBot/1.2; +https://openai.com/gptbot)"
20.171.207.234 - - [01/Oct/2025:14:17:29 +0000] "GET /?path=//sys/bus/node/devices/node0/cpu1/node0/memory122/subsystem/devices/memory85/node0/memory56 HTTP/1.1" 200 2947 "-" "Mozilla/5.0 AppleWebKit/537.36 (KHTML, like Gecko; compatible; GPTBot/1.2; +https://openai.com/gptbot)"
66.249.64.34 - - [01/Oct/2025:14:17:31 +0000] "GET /?baji999=03-08&type=777-deluxe-online-slot HTTP/1.1" 200 3335 "-" "Mozilla/5.0 (Linux; Android 6.0.1; Nexus 5X Build/MMB29P) AppleWebKit/537.36 (KHTML, like Gecko) Chrome/140.0.7339.207 Mobile Safari/537.36 (compatible; Googlebot/2.1; +http://www.google.com/bot.html)"
20.171.207.234 - - [01/Oct/2025:14:17:31 +0000] "GET /?path=//sys/bus/node/devices/node0/cpu4/node0/memory37/subsystem/devices/memory118/node0/memory93 HTTP/1.1" 200 2948 "-" "Mozilla/5.0 AppleWebKit/537.36 (KHTML, like Gecko; compatible; GPTBot/1.2; +https://openai.com/gptbot)"
20.171.207.234 - - [01/Oct/2025:14:17:32 +0000] "GET /?path=//sys/bus/node/devices/node0/cpu4/node0/memory83/subsystem/devices/memory105/node0/memory90 HTTP/1.1" 200 2946 "-" "Mozilla/5.0 AppleWebKit/537.36 (KHTML, like Gecko; compatible; GPTBot/1.2; +https://openai.com/gptbot)"
66.249.64.34 - - [01/Oct/2025:14:17:33 +0000] "GET /?p=981100 HTTP/1.1" 200 3335 "-" "Mozilla/5.0 (Linux; Android 6.0.1; Nexus 5X Build/MMB29P) AppleWebKit/537.36 (KHTML, like Gecko) Chrome/140.0.7339.207 Mobile Safari/537.36 (compatible; Googlebot/2.1; +http://www.google.com/bot.html)"
20.171.207.234 - - [01/Oct/2025:14:17:34 +0000] "GET /?path=//sys/bus/node/devices/node0/cpu7/node0/memory64/subsystem/devices/memory110/node0/memory12 HTTP/1.1" 200 2946 "-" "Mozilla/5.0 AppleWebKit/537.36 (KHTML, like Gecko; compatible; GPTBot/1.2; +https://openai.com/gptbot)"
20.171.207.234 - - [01/Oct/2025:14:17:35 +0000] "GET /?path=//sys/bus/node/devices/node0/cpu4/node0/memory37/subsystem/devices/memory118/node0/memory110 HTTP/1.1" 200 2943 "-" "Mozilla/5.0 AppleWebKit/537.36 (KHTML, like Gecko; compatible; GPTBot/1.2; +https://openai.com/gptbot)"
20.171.207.234 - - [01/Oct/2025:14:17:36 +0000] "GET /?path=//sys/bus/node/devices/node0/cpu4/node0/memory37/subsystem/devices/memory118/node0/memory86 HTTP/1.1" 200 2948 "-" "Mozilla/5.0 AppleWebKit/537.36 (KHTML, like Gecko; compatible; GPTBot/1.2; +https://openai.com/gptbot)"
20.171.207.234 - - [01/Oct/2025:14:17:37 +0000] "GET /?path=//sys/bus/node/devices/node0/cpu4/node0/memory83/subsystem/devices/memory105/node0/memory65 HTTP/1.1" 200 2945 "-" "Mozilla/5.0 AppleWebKit/537.36 (KHTML, like Gecko; compatible; GPTBot/1.2; +https://openai.com/gptbot)"
20.171.207.234 - - [01/Oct/2025:14:17:38 +0000] "GET /?path=//sys/bus/node/devices/node0/cpu4/node0/memory37/subsystem/devices/memory118/node0/memory47 HTTP/1.1" 200 2946 "-" "Mozilla/5.0 AppleWebKit/537.36 (KHTML, like Gecko; compatible; GPTBot/1.2; +https://openai.com/gptbot)"
20.171.207.234 - - [01/Oct/2025:14:17:39 +0000] "GET /?path=//sys/bus/node/devices/node0/cpu4/node0/memory37/subsystem/devices/memory113/node0/memory90 HTTP/1.1" 200 2946 "-" "Mozilla/5.0 AppleWebKit/537.36 (KHTML, like Gecko; compatible; GPTBot/1.2; +https://openai.com/gptbot)"
20.171.207.234 - - [01/Oct/2025:14:17:40 +0000] "GET /?path=//sys/bus/node/devices/node0/cpu4/node0/memory37/subsystem/devices/memory118/node0/memory106 HTTP/1.1" 200 2946 "-" "Mozilla/5.0 AppleWebKit/537.36 (KHTML, like Gecko; compatible; GPTBot/1.2; +https://openai.com/gptbot)"
20.171.207.234 - - [01/Oct/2025:14:17:42 +0000] "GET /?path=//sys/bus/node/devices/node0/cpu4/node0/memory37/subsystem/devices/memory118/node0/memory100 HTTP/1.1" 200 2945 "-" "Mozilla/5.0 AppleWebKit/537.36 (KHTML, like Gecko; compatible; GPTBot/1.2; +https://openai.com/gptbot)"
20.171.207.234 - - [01/Oct/2025:14:17:43 +0000] "GET /?path=//sys/bus/node/devices/node0/cpu4/node0/memory37/subsystem/devices/memory118/node0/memory60 HTTP/1.1" 200 2946 "-" "Mozilla/5.0 AppleWebKit/537.36 (KHTML, like Gecko; compatible; GPTBot/1.2; +https://openai.com/gptbot)"
20.171.207.234 - - [01/Oct/2025:14:17:44 +0000] "GET /?path=//sys/bus/node/devices/node0/cpu4/node0/memory37/subsystem/devices/memory113/node0/memory86 HTTP/1.1" 200 2948 "-" "Mozilla/5.0 AppleWebKit/537.36 (KHTML, like Gecko; compatible; GPTBot/1.2; +https://openai.com/gptbot)"
20.171.207.234 - - [01/Oct/2025:14:17:45 +0000] "GET /?path=//sys/bus/node/devices/node0/cpu4/node0/memory37/subsystem/devices/memory113/node0/memory83 HTTP/1.1" 200 2946 "-" "Mozilla/5.0 AppleWebKit/537.36 (KHTML, like Gecko; compatible; GPTBot/1.2; +https://openai.com/gptbot)"
20.171.207.234 - - [01/Oct/2025:14:17:48 +0000] "GET /?path=//sys/bus/node/devices/node0/cpu7/node0/memory64/subsystem/devices/memory110/node0/memory114 HTTP/1.1" 200 2945 "-" "Mozilla/5.0 AppleWebKit/537.36 (KHTML, like Gecko; compatible; GPTBot/1.2; +https://openai.com/gptbot)"
20.171.207.234 - - [01/Oct/2025:14:17:49 +0000] "GET /?path=//sys/bus/node/devices/node0/cpu4/node0/memory37/subsystem/devices/memory118/node0/memory12 HTTP/1.1" 200 2946 "-" "Mozilla/5.0 AppleWebKit/537.36 (KHTML, like Gecko; compatible; GPTBot/1.2; +https://openai.com/gptbot)"
20.171.207.234 - - [01/Oct/2025:14:17:51 +0000] "GET /?path=//sys/bus/node/devices/node0/cpu4/node0/memory83/subsystem/devices/memory105/node0/memory43 HTTP/1.1" 200 2946 "-" "Mozilla/5.0 AppleWebKit/537.36 (KHTML, like Gecko; compatible; GPTBot/1.2; +https://openai.com/gptbot)"
20.171.207.234 - - [01/Oct/2025:14:17:53 +0000] "GET /?path=//sys/bus/node/devices/node0/cpu7/node0/memory64/subsystem/devices/memory110/node0/cpu5 HTTP/1.1" 200 2998 "-" "Mozilla/5.0 AppleWebKit/537.36 (KHTML, like Gecko; compatible; GPTBot/1.2; +https://openai.com/gptbot)"
20.171.207.234 - - [01/Oct/2025:14:17:55 +0000] "GET /?path=//sys/bus/node/devices/node0/cpu7/node0/memory64/subsystem/devices/memory110/node0/memory19 HTTP/1.1" 200 2947 "-" "Mozilla/5.0 AppleWebKit/537.36 (KHTML, like Gecko; compatible; GPTBot/1.2; +https://openai.com/gptbot)"
20.171.207.234 - - [01/Oct/2025:14:17:56 +0000] "GET /?path=//sys/bus/node/devices/node0/cpu7/node0/memory99/subsystem/devices/memory117/node0/cpu4 HTTP/1.1" 200 2999 "-" "Mozilla/5.0 AppleWebKit/537.36 (KHTML, like Gecko; compatible; GPTBot/1.2; +https://openai.com/gptbot)"
20.171.207.234 - - [01/Oct/2025:14:17:57 +0000] "GET /?path=//sys/bus/node/devices/node0/cpu7/node0/memory99/subsystem/devices/memory117/node0/cpu3 HTTP/1.1" 200 2999 "-" "Mozilla/5.0 AppleWebKit/537.36 (KHTML, like Gecko; compatible; GPTBot/1.2; +https://openai.com/gptbot)"
20.171.207.234 - - [01/Oct/2025:14:17:59 +0000] "GET /?path=//sys/bus/node/devices/node0/cpu1/node0/memory122/subsystem/devices/memory85/node0/cpu6 HTTP/1.1" 200 2999 "-" "Mozilla/5.0 AppleWebKit/537.36 (KHTML, like Gecko; compatible; GPTBot/1.2; +https://openai.com/gptbot)"
20.171.207.234 - - [01/Oct/2025:14:18:00 +0000] "GET /?path=//sys/bus/node/devices/node0/cpu4/node0/memory37/subsystem/devices/memory118/node0/cpu1 HTTP/1.1" 200 2998 "-" "Mozilla/5.0 AppleWebKit/537.36 (KHTML, like Gecko; compatible; GPTBot/1.2; +https://openai.com/gptbot)"
20.171.207.234 - - [01/Oct/2025:14:18:01 +0000] "GET /?path=//sys/bus/node/devices/node0/cpu1/node0/memory122/subsystem/devices/memory85/node0/cpu1 HTTP/1.1" 200 2995 "-" "Mozilla/5.0 AppleWebKit/537.36 (KHTML, like Gecko; compatible; GPTBot/1.2; +https://openai.com/gptbot)"
20.171.207.234 - - [01/Oct/2025:14:18:02 +0000] "GET /?path=//sys/bus/node/devices/node0/cpu4/node0/memory83/subsystem/devices/memory105/node0/cpu5 HTTP/1.1" 200 2999 "-" "Mozilla/5.0 AppleWebKit/537.36 (KHTML, like Gecko; compatible; GPTBot/1.2; +https://openai.com/gptbot)"
20.171.207.234 - - [01/Oct/2025:14:18:04 +0000] "GET /?path=//sys/bus/node/devices/node0/cpu4/node0/memory37/subsystem/devices/memory113/node0/cpu0 HTTP/1.1" 200 2998 "-" "Mozilla/5.0 AppleWebKit/537.36 (KHTML, like Gecko; compatible; GPTBot/1.2; +https://openai.com/gptbot)"
20.171.207.234 - - [01/Oct/2025:14:18:05 +0000] "GET /?path=//sys/bus/node/devices/node0/cpu4/node0/memory37/subsystem/devices/memory118/node0/cpu4 HTTP/1.1" 200 2994 "-" "Mozilla/5.0 AppleWebKit/537.36 (KHTML, like Gecko; compatible; GPTBot/1.2; +https://openai.com/gptbot)"
20.171.207.234 - - [01/Oct/2025:14:18:06 +0000] "GET /?path=//sys/bus/node/devices/node0/cpu1/node0/memory122/subsystem/devices/memory85/node0/cpu7 HTTP/1.1" 200 2999 "-" "Mozilla/5.0 AppleWebKit/537.36 (KHTML, like Gecko; compatible; GPTBot/1.2; +https://openai.com/gptbot)"
20.171.207.234 - - [01/Oct/2025:14:18:07 +0000] "GET /?path=//sys/bus/node/devices/node0/cpu7/node0/memory64/subsystem/devices/memory110/node0/cpu1 HTTP/1.1" 200 2998 "-" "Mozilla/5.0 AppleWebKit/537.36 (KHTML, like Gecko; compatible; GPTBot/1.2; +https://openai.com/gptbot)"
20.171.207.234 - - [01/Oct/2025:14:18:09 +0000] "GET /?path=//sys/bus/node/devices/node0/cpu1/node0/memory122/subsystem/devices/memory85/node0/cpu0 HTTP/1.1" 200 2998 "-" "Mozilla/5.0 AppleWebKit/537.36 (KHTML, like Gecko; compatible; GPTBot/1.2; +https://openai.com/gptbot)"
20.171.207.234 - - [01/Oct/2025:14:18:09 +0000] "GET /?path=//sys/bus/node/devices/node0/cpu4/node0/memory37/subsystem/devices/memory113/node0/cpu7 HTTP/1.1" 200 2999 "-" "Mozilla/5.0 AppleWebKit/537.36 (KHTML, like Gecko; compatible; GPTBot/1.2; +https://openai.com/gptbot)"
20.171.207.234 - - [01/Oct/2025:14:18:10 +0000] "GET /?path=//sys/bus/node/devices/node0/cpu4/node0/memory37/subsystem/devices/memory118/node0/cpu0 HTTP/1.1" 200 2998 "-" "Mozilla/5.0 AppleWebKit/537.36 (KHTML, like Gecko; compatible; GPTBot/1.2; +https://openai.com/gptbot)"
20.171.207.234 - - [01/Oct/2025:14:18:12 +0000] "GET /?path=//sys/bus/node/devices/node0/cpu4/node0/memory83/subsystem/devices/memory105/node0/cpu4 HTTP/1.1" 200 2994 "-" "Mozilla/5.0 AppleWebKit/537.36 (KHTML, like Gecko; compatible; GPTBot/1.2; +https://openai.com/gptbot)"
20.171.207.234 - - [01/Oct/2025:14:18:13 +0000] "GET /?path=//sys/bus/node/devices/node0/cpu7/node0/memory99/subsystem/devices/memory117/node0/cpu0 HTTP/1.1" 200 2998 "-" "Mozilla/5.0 AppleWebKit/537.36 (KHTML, like Gecko; compatible; GPTBot/1.2; +https://openai.com/gptbot)"
20.171.207.234 - - [01/Oct/2025:14:18:14 +0000] "GET /?path=//sys/bus/node/devices/node0/cpu2/node0/memory121/subsystem/devices/memory38/node0 HTTP/1.1" 200 4322 "-" "Mozilla/5.0 AppleWebKit/537.36 (KHTML, like Gecko; compatible; GPTBot/1.2; +https://openai.com/gptbot)"
20.171.207.234 - - [01/Oct/2025:14:18:15 +0000] "GET /?path=//sys/bus/node/devices/node0/cpu2/node0/memory121/subsystem/devices/memory39/node0/cpu4 HTTP/1.1" 200 2999 "-" "Mozilla/5.0 AppleWebKit/537.36 (KHTML, like Gecko; compatible; GPTBot/1.2; +https://openai.com/gptbot)"
20.171.207.234 - - [01/Oct/2025:14:18:18 +0000] "GET /?path=//sys/bus/node/devices/node0/cpu7/node0/memory99/subsystem/devices/memory119/node0/cpu5 HTTP/1.1" 200 2998 "-" "Mozilla/5.0 AppleWebKit/537.36 (KHTML, like Gecko; compatible; GPTBot/1.2; +https://openai.com/gptbot)"
20.171.207.234 - - [01/Oct/2025:14:18:19 +0000] "GET /?path=//sys/bus/node/devices/node0/cpu2/node0/memory121/subsystem/devices/memory20/node0/cpu5 HTTP/1.1" 200 2999 "-" "Mozilla/5.0 AppleWebKit/537.36 (KHTML, like Gecko; compatible; GPTBot/1.2; +https://openai.com/gptbot)"
20.171.207.234 - - [01/Oct/2025:14:18:21 +0000] "GET /?path=//sys/bus/node/devices/node0/cpu2/node0/memory121/subsystem/devices/memory16/node0/cpu5 HTTP/1.1" 200 2996 "-" "Mozilla/5.0 AppleWebKit/537.36 (KHTML, like Gecko; compatible; GPTBot/1.2; +https://openai.com/gptbot)"
20.171.207.234 - - [01/Oct/2025:14:18:23 +0000] "GET /?path=//sys/bus/node/devices/node0/cpu1/node0/memory122/subsystem/devices/memory76/node0/cpu6 HTTP/1.1" 200 2999 "-" "Mozilla/5.0 AppleWebKit/537.36 (KHTML, like Gecko; compatible; GPTBot/1.2; +https://openai.com/gptbot)"
20.171.207.234 - - [01/Oct/2025:14:18:25 +0000] "GET /?path=//sys/bus/node/devices/node0/cpu7/node0/memory64/subsystem/devices/memory110/node0/cpu6 HTTP/1.1" 200 2998 "-" "Mozilla/5.0 AppleWebKit/537.36 (KHTML, like Gecko; compatible; GPTBot/1.2; +https://openai.com/gptbot)"
20.171.207.234 - - [01/Oct/2025:14:18:27 +0000] "GET /?path=//sys/bus/node/devices/node0/cpu1/node0/memory122/subsystem/devices/memory47/node0/cpu1 HTTP/1.1" 200 2995 "-" "Mozilla/5.0 AppleWebKit/537.36 (KHTML, like Gecko; compatible; GPTBot/1.2; +https://openai.com/gptbot)"
20.171.207.234 - - [01/Oct/2025:14:18:29 +0000] "GET /?path=//sys/bus/node/devices/node0/cpu1/node0/memory122/subsystem/devices/memory131 HTTP/1.1" 200 2928 "-" "Mozilla/5.0 AppleWebKit/537.36 (KHTML, like Gecko; compatible; GPTBot/1.2; +https://openai.com/gptbot)"
20.171.207.234 - - [01/Oct/2025:14:18:30 +0000] "GET /?path=//sys/bus/node/devices/node0/cpu7/node0/memory64/subsystem/devices/memory102/node0 HTTP/1.1" 200 4320 "-" "Mozilla/5.0 AppleWebKit/537.36 (KHTML, like Gecko; compatible; GPTBot/1.2; +https://openai.com/gptbot)"
20.171.207.234 - - [01/Oct/2025:14:18:32 +0000] "GET /?path=//sys/bus/node/devices/node0/cpu1/node0/memory122/subsystem/devices/memory88/node0/cpu7 HTTP/1.1" 200 2999 "-" "Mozilla/5.0 AppleWebKit/537.36 (KHTML, like Gecko; compatible; GPTBot/1.2; +https://openai.com/gptbot)"
20.171.207.234 - - [01/Oct/2025:14:18:33 +0000] "GET /?path=//sys/bus/node/devices/node0/cpu1/node0/memory122/subsystem/devices/memory77/node0 HTTP/1.1" 200 4322 "-" "Mozilla/5.0 AppleWebKit/537.36 (KHTML, like Gecko; compatible; GPTBot/1.2; +https://openai.com/gptbot)"
20.171.207.234 - - [01/Oct/2025:14:18:34 +0000] "GET /?path=//sys/bus/node/devices/node0/cpu4/node0/memory37/subsystem/devices/memory113/node0/cpu7/node0 HTTP/1.1" 200 4336 "-" "Mozilla/5.0 AppleWebKit/537.36 (KHTML, like Gecko; compatible; GPTBot/1.2; +https://openai.com/gptbot)"
20.171.207.234 - - [01/Oct/2025:14:18:36 +0000] "GET /?path=//sys/bus/node/devices/node0/cpu4/node0/memory37/subsystem/devices/memory113/node0/cpu5 HTTP/1.1" 200 2998 "-" "Mozilla/5.0 AppleWebKit/537.36 (KHTML, like Gecko; compatible; GPTBot/1.2; +https://openai.com/gptbot)"
66.249.64.34 - - [01/Oct/2025:14:18:37 +0000] "GET /?p=806137 HTTP/1.1" 200 3335 "-" "Mozilla/5.0 (Linux; Android 6.0.1; Nexus 5X Build/MMB29P) AppleWebKit/537.36 (KHTML, like Gecko) Chrome/140.0.7339.207 Mobile Safari/537.36 (compatible; Googlebot/2.1; +http://www.google.com/bot.html)"
20.171.207.234 - - [01/Oct/2025:14:18:37 +0000] "GET /?path=//sys/bus/node/devices/node0/cpu2/node0/memory121/subsystem/devices/memory38/node0/memory43 HTTP/1.1" 200 2947 "-" "Mozilla/5.0 AppleWebKit/537.36 (KHTML, like Gecko; compatible; GPTBot/1.2; +https://openai.com/gptbot)"
20.171.207.234 - - [01/Oct/2025:14:18:39 +0000] "GET /?path=//sys/bus/node/devices/node0/cpu1/node0/memory122/subsystem/devices/memory12/node0/cpu3 HTTP/1.1" 200 2993 "-" "Mozilla/5.0 AppleWebKit/537.36 (KHTML, like Gecko; compatible; GPTBot/1.2; +https://openai.com/gptbot)"
20.171.207.234 - - [01/Oct/2025:14:18:40 +0000] "GET /?path=//sys/bus/node/devices/node0/cpu2/node0/memory121/subsystem/devices/memory38/node0/memory88 HTTP/1.1" 200 2945 "-" "Mozilla/5.0 AppleWebKit/537.36 (KHTML, like Gecko; compatible; GPTBot/1.2; +https://openai.com/gptbot)"
20.171.207.234 - - [01/Oct/2025:14:18:41 +0000] "GET /?path=//sys/bus/node/devices/node0/cpu2/node0/memory121/subsystem/devices/memory38/node0/memory34 HTTP/1.1" 200 2946 "-" "Mozilla/5.0 AppleWebKit/537.36 (KHTML, like Gecko; compatible; GPTBot/1.2; +https://openai.com/gptbot)"
20.171.207.234 - - [01/Oct/2025:14:18:42 +0000] "GET /?path=//sys/bus/node/devices/node0/cpu2/node0/memory121/subsystem/devices/memory38/node0/memory48 HTTP/1.1" 200 2946 "-" "Mozilla/5.0 AppleWebKit/537.36 (KHTML, like Gecko; compatible; GPTBot/1.2; +https://openai.com/gptbot)"
20.171.207.234 - - [01/Oct/2025:14:18:43 +0000] "GET /?path=//sys/bus/node/devices/node0/cpu2/node0/memory121/subsystem/devices/memory38/node0/memory92 HTTP/1.1" 200 2946 "-" "Mozilla/5.0 AppleWebKit/537.36 (KHTML, like Gecko; compatible; GPTBot/1.2; +https://openai.com/gptbot)"
20.171.207.234 - - [01/Oct/2025:14:18:44 +0000] "GET /?path=//sys/bus/node/devices/node0/cpu2/node0/memory121/subsystem/devices/memory38/node0/memory63 HTTP/1.1" 200 2947 "-" "Mozilla/5.0 AppleWebKit/537.36 (KHTML, like Gecko; compatible; GPTBot/1.2; +https://openai.com/gptbot)"
20.171.207.234 - - [01/Oct/2025:14:18:45 +0000] "GET /?path=//sys/bus/node/devices/node0/cpu7/node0/memory64/subsystem/devices/memory110/node0/cpu6/driver HTTP/1.1" 200 2883 "-" "Mozilla/5.0 AppleWebKit/537.36 (KHTML, like Gecko; compatible; GPTBot/1.2; +https://openai.com/gptbot)"
20.171.207.234 - - [01/Oct/2025:14:18:47 +0000] "GET /?path=//sys/bus/node/devices/node0/cpu2/node0/memory121/subsystem/devices/memory38/node0/memory98 HTTP/1.1" 200 2946 "-" "Mozilla/5.0 AppleWebKit/537.36 (KHTML, like Gecko; compatible; GPTBot/1.2; +https://openai.com/gptbot)"
20.171.207.234 - - [01/Oct/2025:14:18:48 +0000] "GET /?path=//sys/bus/node/devices/node0/cpu1/node0/memory122/subsystem/devices/memory103 HTTP/1.1" 200 2928 "-" "Mozilla/5.0 AppleWebKit/537.36 (KHTML, like Gecko; compatible; GPTBot/1.2; +https://openai.com/gptbot)"
20.171.207.234 - - [01/Oct/2025:14:18:49 +0000] "GET /?path=//sys/bus/node/devices/node0/cpu2/node0/memory121/subsystem/devices/memory38/node0/memory64 HTTP/1.1" 200 2948 "-" "Mozilla/5.0 AppleWebKit/537.36 (KHTML, like Gecko; compatible; GPTBot/1.2; +https://openai.com/gptbot)"
20.171.207.234 - - [01/Oct/2025:14:18:51 +0000] "GET /?path=//sys/bus/node/devices/node0/cpu7/node0/memory64/subsystem/devices/memory102/node0/memory88 HTTP/1.1" 200 2947 "-" "Mozilla/5.0 AppleWebKit/537.36 (KHTML, like Gecko; compatible; GPTBot/1.2; +https://openai.com/gptbot)"
20.171.207.234 - - [01/Oct/2025:14:18:52 +0000] "GET /?path=//sys/bus/node/devices/node0/cpu7/node0/memory64/subsystem/devices/memory102/node0/memory81 HTTP/1.1" 200 2947 "-" "Mozilla/5.0 AppleWebKit/537.36 (KHTML, like Gecko; compatible; GPTBot/1.2; +https://openai.com/gptbot)"
20.171.207.234 - - [01/Oct/2025:14:18:53 +0000] "GET /?path=//sys/bus/node/devices/node0/cpu7/node0/memory64/subsystem/devices/memory102/node0/memory55 HTTP/1.1" 200 2948 "-" "Mozilla/5.0 AppleWebKit/537.36 (KHTML, like Gecko; compatible; GPTBot/1.2; +https://openai.com/gptbot)"
20.171.207.234 - - [01/Oct/2025:14:18:55 +0000] "GET /?path=//sys/bus/node/devices/node0/cpu4/node0/memory37/subsystem/devices/memory113/node0/cpu7/node0/memory94 HTTP/1.1" 200 2960 "-" "Mozilla/5.0 AppleWebKit/537.36 (KHTML, like Gecko; compatible; GPTBot/1.2; +https://openai.com/gptbot)"
20.171.207.234 - - [01/Oct/2025:14:18:56 +0000] "GET /?path=//sys/bus/node/devices/node0/cpu7/node0/memory64/subsystem/devices/memory102/node0/memory56 HTTP/1.1" 200 2948 "-" "Mozilla/5.0 AppleWebKit/537.36 (KHTML, like Gecko; compatible; GPTBot/1.2; +https://openai.com/gptbot)"
20.171.207.234 - - [01/Oct/2025:14:18:58 +0000] "GET /?path=//sys/bus/node/devices/node0/cpu7/node0/memory64/subsystem/devices/memory102/node0/memory32 HTTP/1.1" 200 2946 "-" "Mozilla/5.0 AppleWebKit/537.36 (KHTML, like Gecko; compatible; GPTBot/1.2; +https://openai.com/gptbot)"
20.171.207.234 - - [01/Oct/2025:14:18:59 +0000] "GET /?path=//sys/bus/node/devices/node0/cpu2/node0/memory121/subsystem/devices/memory38/node0/memory32 HTTP/1.1" 200 2946 "-" "Mozilla/5.0 AppleWebKit/537.36 (KHTML, like Gecko; compatible; GPTBot/1.2; +https://openai.com/gptbot)"
20.171.207.234 - - [01/Oct/2025:14:19:01 +0000] "GET /?path=//sys/bus/node/devices/node0/cpu7/node0/memory64/subsystem/devices/memory102/node0/memory15 HTTP/1.1" 200 2947 "-" "Mozilla/5.0 AppleWebKit/537.36 (KHTML, like Gecko; compatible; GPTBot/1.2; +https://openai.com/gptbot)"
20.171.207.234 - - [01/Oct/2025:14:19:02 +0000] "GET /?path=//sys/bus/node/devices/node0/cpu7/node0/memory64/subsystem/devices/memory102/node0/memory48 HTTP/1.1" 200 2947 "-" "Mozilla/5.0 AppleWebKit/537.36 (KHTML, like Gecko; compatible; GPTBot/1.2; +https://openai.com/gptbot)"
20.171.207.234 - - [01/Oct/2025:14:19:04 +0000] "GET /?path=//sys/bus/node/devices/node0/cpu2/node0/memory121/subsystem/devices/memory38/node0/memory48/power HTTP/1.1" 200 2811 "-" "Mozilla/5.0 AppleWebKit/537.36 (KHTML, like Gecko; compatible; GPTBot/1.2; +https://openai.com/gptbot)"
20.171.207.234 - - [01/Oct/2025:14:19:05 +0000] "GET /?path=//sys/bus/node/devices/node0/cpu7/node0/memory64/subsystem/devices/memory102/node0/memory10 HTTP/1.1" 200 2943 "-" "Mozilla/5.0 AppleWebKit/537.36 (KHTML, like Gecko; compatible; GPTBot/1.2; +https://openai.com/gptbot)"
20.171.207.234 - - [01/Oct/2025:14:19:06 +0000] "GET /?path=//sys/bus/node/devices/node0/cpu2/node0/memory121/subsystem/devices/memory38/node0/memory54 HTTP/1.1" 200 2947 "-" "Mozilla/5.0 AppleWebKit/537.36 (KHTML, like Gecko; compatible; GPTBot/1.2; +https://openai.com/gptbot)"
20.171.207.234 - - [01/Oct/2025:14:19:08 +0000] "GET /?path=//sys/bus/node/devices/node0/cpu7/node0/memory64/subsystem/devices/memory102/node0/memory125 HTTP/1.1" 200 2947 "-" "Mozilla/5.0 AppleWebKit/537.36 (KHTML, like Gecko; compatible; GPTBot/1.2; +https://openai.com/gptbot)"
20.171.207.234 - - [01/Oct/2025:14:19:09 +0000] "GET /?path=//sys/bus/node/devices/node0/cpu7/node0/memory64/subsystem/devices/memory102/node0/memory17 HTTP/1.1" 200 2946 "-" "Mozilla/5.0 AppleWebKit/537.36 (KHTML, like Gecko; compatible; GPTBot/1.2; +https://openai.com/gptbot)"
20.171.207.234 - - [01/Oct/2025:14:19:10 +0000] "GET /?path=//sys/bus/node/devices/node0/cpu2/node0/memory121/subsystem/devices/memory38/node0/memory98/power HTTP/1.1" 200 2811 "-" "Mozilla/5.0 AppleWebKit/537.36 (KHTML, like Gecko; compatible; GPTBot/1.2; +https://openai.com/gptbot)"
20.171.207.234 - - [01/Oct/2025:14:19:11 +0000] "GET /?path=//sys/bus/node/devices/node0/cpu2/node0/memory121/subsystem/devices/memory38/node0/memory40 HTTP/1.1" 200 2945 "-" "Mozilla/5.0 AppleWebKit/537.36 (KHTML, like Gecko; compatible; GPTBot/1.2; +https://openai.com/gptbot)"
20.171.207.234 - - [01/Oct/2025:14:19:12 +0000] "GET /?path=//sys/bus/node/devices/node0/cpu7/node0/memory64/subsystem/devices/memory102/node0/memory11 HTTP/1.1" 200 2946 "-" "Mozilla/5.0 AppleWebKit/537.36 (KHTML, like Gecko; compatible; GPTBot/1.2; +https://openai.com/gptbot)"
20.171.207.234 - - [01/Oct/2025:14:19:14 +0000] "GET /?path=//sys/bus/node/devices/node0/cpu7/node0/memory64/subsystem/devices/memory102/node0/memory54 HTTP/1.1" 200 2947 "-" "Mozilla/5.0 AppleWebKit/537.36 (KHTML, like Gecko; compatible; GPTBot/1.2; +https://openai.com/gptbot)"
20.171.207.234 - - [01/Oct/2025:14:19:15 +0000] "GET /?path=//sys/bus/node/devices/node0/cpu2/node0/memory121/subsystem/devices/memory38/node0/memory93 HTTP/1.1" 200 2948 "-" "Mozilla/5.0 AppleWebKit/537.36 (KHTML, like Gecko; compatible; GPTBot/1.2; +https://openai.com/gptbot)"
20.171.207.234 - - [01/Oct/2025:14:19:16 +0000] "GET /?path=//sys/bus/node/devices/node0/cpu2/node0/memory121/subsystem/devices/memory38/node0/memory50 HTTP/1.1" 200 2945 "-" "Mozilla/5.0 AppleWebKit/537.36 (KHTML, like Gecko; compatible; GPTBot/1.2; +https://openai.com/gptbot)"
20.171.207.234 - - [01/Oct/2025:14:19:17 +0000] "GET /?path=//sys/bus/node/devices/node0/cpu7/node0/memory64/subsystem/devices/memory102/node0/memory37 HTTP/1.1" 200 2947 "-" "Mozilla/5.0 AppleWebKit/537.36 (KHTML, like Gecko; compatible; GPTBot/1.2; +https://openai.com/gptbot)"
20.171.207.234 - - [01/Oct/2025:14:19:18 +0000] "GET /?path=//sys/bus/node/devices/node0/cpu7/node0/memory64/subsystem/devices/memory102/node0/memory46 HTTP/1.1" 200 2948 "-" "Mozilla/5.0 AppleWebKit/537.36 (KHTML, like Gecko; compatible; GPTBot/1.2; +https://openai.com/gptbot)"
66.249.64.35 - - [01/Oct/2025:14:19:19 +0000] "GET /?p=481498 HTTP/1.1" 200 3335 "-" "Mozilla/5.0 (Linux; Android 6.0.1; Nexus 5X Build/MMB29P) AppleWebKit/537.36 (KHTML, like Gecko) Chrome/140.0.7339.207 Mobile Safari/537.36 (compatible; Googlebot/2.1; +http://www.google.com/bot.html)"
20.171.207.234 - - [01/Oct/2025:14:19:19 +0000] "GET /?path=//sys/bus/node/devices/node0/cpu7/node0/memory64/subsystem/devices/memory102/node0/memory128 HTTP/1.1" 200 2946 "-" "Mozilla/5.0 AppleWebKit/537.36 (KHTML, like Gecko; compatible; GPTBot/1.2; +https://openai.com/gptbot)"
20.171.207.234 - - [01/Oct/2025:14:19:21 +0000] "GET /?path=//sys/bus/node/devices/node0/cpu2/node0/memory121/subsystem/devices/memory38/node0/memory69 HTTP/1.1" 200 2948 "-" "Mozilla/5.0 AppleWebKit/537.36 (KHTML, like Gecko; compatible; GPTBot/1.2; +https://openai.com/gptbot)"
20.171.207.234 - - [01/Oct/2025:14:19:22 +0000] "GET /?path=//sys/bus/node/devices/node0/cpu7/node0/memory64/subsystem/devices/memory102/node0/memory104 HTTP/1.1" 200 2945 "-" "Mozilla/5.0 AppleWebKit/537.36 (KHTML, like Gecko; compatible; GPTBot/1.2; +https://openai.com/gptbot)"
20.171.207.234 - - [01/Oct/2025:14:19:23 +0000] "GET /?path=//sys/bus/node/devices/node0/cpu1/node0/memory122/subsystem/devices/memory77/node0/memory83 HTTP/1.1" 200 2948 "-" "Mozilla/5.0 AppleWebKit/537.36 (KHTML, like Gecko; compatible; GPTBot/1.2; +https://openai.com/gptbot)"
20.171.207.234 - - [01/Oct/2025:14:19:25 +0000] "GET /?path=//sys/bus/node/devices/node0/cpu1/node0/memory122/subsystem/devices/memory77/node0/memory64 HTTP/1.1" 200 2949 "-" "Mozilla/5.0 AppleWebKit/537.36 (KHTML, like Gecko; compatible; GPTBot/1.2; +https://openai.com/gptbot)"
20.171.207.234 - - [01/Oct/2025:14:19:27 +0000] "GET /?path=//sys/bus/node/devices/node0/cpu1/node0/memory122/subsystem/devices/memory77/node0/memory59 HTTP/1.1" 200 2948 "-" "Mozilla/5.0 AppleWebKit/537.36 (KHTML, like Gecko; compatible; GPTBot/1.2; +https://openai.com/gptbot)"
66.249.64.34 - - [01/Oct/2025:14:19:28 +0000] "GET /?itqfgq=livegame&time=03-09&type=Melbet-casino HTTP/1.1" 200 3335 "-" "Mozilla/5.0 (Linux; Android 6.0.1; Nexus 5X Build/MMB29P) AppleWebKit/537.36 (KHTML, like Gecko) Chrome/140.0.7339.207 Mobile Safari/537.36 (compatible; Googlebot/2.1; +http://www.google.com/bot.html)"
20.171.207.234 - - [01/Oct/2025:14:19:28 +0000] "GET /?path=//sys/bus/node/devices/node0/cpu1/node0/memory122/subsystem/devices/memory77/node0/memory53 HTTP/1.1" 200 2948 "-" "Mozilla/5.0 AppleWebKit/537.36 (KHTML, like Gecko; compatible; GPTBot/1.2; +https://openai.com/gptbot)"
20.171.207.234 - - [01/Oct/2025:14:19:30 +0000] "GET /?path=//sys/bus/node/devices/node0/cpu7/node0/memory64/subsystem/devices/memory102/node0/memory40 HTTP/1.1" 200 2946 "-" "Mozilla/5.0 AppleWebKit/537.36 (KHTML, like Gecko; compatible; GPTBot/1.2; +https://openai.com/gptbot)"
20.171.207.234 - - [01/Oct/2025:14:19:31 +0000] "GET /?path=//sys/bus/node/devices/node0/cpu1/node0/memory122/subsystem/devices/memory77/node0/memory65 HTTP/1.1" 200 2948 "-" "Mozilla/5.0 AppleWebKit/537.36 (KHTML, like Gecko; compatible; GPTBot/1.2; +https://openai.com/gptbot)"
20.171.207.234 - - [01/Oct/2025:14:19:33 +0000] "GET /?path=//sys/bus/node/devices/node0/cpu1/node0/memory122/subsystem/devices/memory77/node0/memory38 HTTP/1.1" 200 2948 "-" "Mozilla/5.0 AppleWebKit/537.36 (KHTML, like Gecko; compatible; GPTBot/1.2; +https://openai.com/gptbot)"
20.171.207.234 - - [01/Oct/2025:14:19:34 +0000] "GET /?path=//sys/bus/node/devices/node0/cpu1/node0/memory122/subsystem/devices/memory77/node0/memory95 HTTP/1.1" 200 2948 "-" "Mozilla/5.0 AppleWebKit/537.36 (KHTML, like Gecko; compatible; GPTBot/1.2; +https://openai.com/gptbot)"
20.171.207.234 - - [01/Oct/2025:14:19:35 +0000] "GET /?path=//sys/bus/node/devices/node0/cpu1/node0/memory122/subsystem/devices/memory77/node0/memory39 HTTP/1.1" 200 2948 "-" "Mozilla/5.0 AppleWebKit/537.36 (KHTML, like Gecko; compatible; GPTBot/1.2; +https://openai.com/gptbot)"
20.171.207.234 - - [01/Oct/2025:14:19:37 +0000] "GET /?path=//sys/bus/node/devices/node0/cpu1/node0/memory122/subsystem/devices/memory77/node0/memory91 HTTP/1.1" 200 2947 "-" "Mozilla/5.0 AppleWebKit/537.36 (KHTML, like Gecko; compatible; GPTBot/1.2; +https://openai.com/gptbot)"
66.249.64.34 - - [01/Oct/2025:14:19:38 +0000] "GET /?p=582277 HTTP/1.1" 200 3335 "-" "Mozilla/5.0 (Linux; Android 6.0.1; Nexus 5X Build/MMB29P) AppleWebKit/537.36 (KHTML, like Gecko) Chrome/140.0.7339.207 Mobile Safari/537.36 (compatible; Googlebot/2.1; +http://www.google.com/bot.html)"
20.171.207.234 - - [01/Oct/2025:14:19:39 +0000] "GET /?path=//sys/bus/node/devices/node0/cpu7/node0/memory64/subsystem/devices/memory102/node0/memory127 HTTP/1.1" 200 2947 "-" "Mozilla/5.0 AppleWebKit/537.36 (KHTML, like Gecko; compatible; GPTBot/1.2; +https://openai.com/gptbot)"
20.171.207.234 - - [01/Oct/2025:14:19:40 +0000] "GET /?path=//sys/bus/node/devices/node0/cpu2/node0/memory121/subsystem/devices/memory38/node0/memory86 HTTP/1.1" 200 2947 "-" "Mozilla/5.0 AppleWebKit/537.36 (KHTML, like Gecko; compatible; GPTBot/1.2; +https://openai.com/gptbot)"
20.171.207.234 - - [01/Oct/2025:14:19:41 +0000] "GET /?path=//sys/bus/node/devices/node0/cpu1/node0/memory122/subsystem/devices/memory77/node0/memory58 HTTP/1.1" 200 2948 "-" "Mozilla/5.0 AppleWebKit/537.36 (KHTML, like Gecko; compatible; GPTBot/1.2; +https://openai.com/gptbot)"
20.171.207.234 - - [01/Oct/2025:14:19:43 +0000] "GET /?path=//sys/bus/node/devices/node0/cpu1/node0/memory122/subsystem/devices/memory77/node0/memory46 HTTP/1.1" 200 2948 "-" "Mozilla/5.0 AppleWebKit/537.36 (KHTML, like Gecko; compatible; GPTBot/1.2; +https://openai.com/gptbot)"
20.171.207.234 - - [01/Oct/2025:14:19:44 +0000] "GET /?fileloc=//sys/bus/node/devices/node0/cpu7/node0/memory64/subsystem/devices/memory102/node0/memory46/valid_zones&path=//sys/bus/node/devices/node0/cpu7/node0/memory64/subsystem/devices/memory102/node0/memory46 HTTP/1.1" 200 2362 "-" "Mozilla/5.0 AppleWebKit/537.36 (KHTML, like Gecko; compatible; GPTBot/1.2; +https://openai.com/gptbot)"
20.171.207.234 - - [01/Oct/2025:14:19:45 +0000] "GET /?path=//sys/bus/node/devices/node0/cpu7/node0/memory64/subsystem/devices/memory102/node0/memory20 HTTP/1.1" 200 2946 "-" "Mozilla/5.0 AppleWebKit/537.36 (KHTML, like Gecko; compatible; GPTBot/1.2; +https://openai.com/gptbot)"
20.171.207.234 - - [01/Oct/2025:14:19:46 +0000] "GET /?path=//sys/bus/node/devices/node0/cpu2/node0/memory121/subsystem/devices/memory38/node0/memory95 HTTP/1.1" 200 2948 "-" "Mozilla/5.0 AppleWebKit/537.36 (KHTML, like Gecko; compatible; GPTBot/1.2; +https://openai.com/gptbot)"
45.132.181.248 - - [01/Oct/2025:14:19:47 +0000] "GET /sugar-rush-20/ HTTP/1.1" 200 3335 "https://nakedfoam.lojoweb.com/" "Mozilla/5.0 (Macintosh; Intel Mac OS X 12_5) AppleWebKit/537.36 (KHTML, like Gecko) Chrome/114.0.0.0 Safari/537.36 Vivaldi/5.3.2679.68"
20.171.207.234 - - [01/Oct/2025:14:19:47 +0000] "GET /?path=//sys/bus/node/devices/node0/cpu7/node0/memory64/subsystem/devices/memory102/node0/memory52 HTTP/1.1" 200 2946 "-" "Mozilla/5.0 AppleWebKit/537.36 (KHTML, like Gecko; compatible; GPTBot/1.2; +https://openai.com/gptbot)"
45.132.181.248 - - [01/Oct/2025:14:19:48 +0000] "GET /sugar-rush-20/?fileloc=/home/nakedfoamlojoweb/public_html/756afe6a78548f3e80efeb678a7f6a02&path=/home/nakedfoamlojoweb/public_html HTTP/1.1" 200 2323 "https://nakedfoam.lojoweb.com/sugar-rush-20/" "Mozilla/5.0 (Macintosh; Intel Mac OS X 12_5) AppleWebKit/537.36 (KHTML, like Gecko) Chrome/114.0.0.0 Safari/537.36 Vivaldi/5.3.2679.68"
20.171.207.234 - - [01/Oct/2025:14:19:48 +0000] "GET /?path=//sys/bus/node/devices/node0/cpu7/node0/memory64/subsystem/devices/memory102/node0/memory112 HTTP/1.1" 200 2944 "-" "Mozilla/5.0 AppleWebKit/537.36 (KHTML, like Gecko; compatible; GPTBot/1.2; +https://openai.com/gptbot)"
20.171.207.234 - - [01/Oct/2025:14:19:50 +0000] "GET /?path=//sys/bus/node/devices/node0/cpu1/node0/memory122/subsystem/devices/memory77/node0/memory86 HTTP/1.1" 200 2948 "-" "Mozilla/5.0 AppleWebKit/537.36 (KHTML, like Gecko; compatible; GPTBot/1.2; +https://openai.com/gptbot)"
20.171.207.234 - - [01/Oct/2025:14:19:51 +0000] "GET /?path=//sys/bus/node/devices/node0/cpu1/node0/memory122/subsystem/devices/memory77/node0/memory63 HTTP/1.1" 200 2948 "-" "Mozilla/5.0 AppleWebKit/537.36 (KHTML, like Gecko; compatible; GPTBot/1.2; +https://openai.com/gptbot)"
20.171.207.234 - - [01/Oct/2025:14:19:52 +0000] "GET /?path=//sys/bus/node/devices/node0/cpu7/node0/memory64/subsystem/devices/memory102/node0/memory113 HTTP/1.1" 200 2946 "-" "Mozilla/5.0 AppleWebKit/537.36 (KHTML, like Gecko; compatible; GPTBot/1.2; +https://openai.com/gptbot)"
20.171.207.234 - - [01/Oct/2025:14:19:54 +0000] "GET /?path=//sys/bus/node/devices/node0/cpu1/node0/memory122/subsystem/devices/memory77/node0/memory85 HTTP/1.1" 200 2948 "-" "Mozilla/5.0 AppleWebKit/537.36 (KHTML, like Gecko; compatible; GPTBot/1.2; +https://openai.com/gptbot)"
20.171.207.234 - - [01/Oct/2025:14:19:55 +0000] "GET /?path=//sys/bus/node/devices/node0/cpu7/node0/memory64/subsystem/devices/memory102/node0/memory75 HTTP/1.1" 200 2948 "-" "Mozilla/5.0 AppleWebKit/537.36 (KHTML, like Gecko; compatible; GPTBot/1.2; +https://openai.com/gptbot)"
20.171.207.234 - - [01/Oct/2025:14:19:56 +0000] "GET /?path=//sys/bus/node/devices/node0/cpu1/node0/memory122/subsystem/devices/memory77/node0/memory94 HTTP/1.1" 200 2948 "-" "Mozilla/5.0 AppleWebKit/537.36 (KHTML, like Gecko; compatible; GPTBot/1.2; +https://openai.com/gptbot)"
20.171.207.234 - - [01/Oct/2025:14:19:58 +0000] "GET /?path=//sys/bus/node/devices/node0/cpu2/node0/memory121/subsystem/devices/memory38/node0/memory94 HTTP/1.1" 200 2948 "-" "Mozilla/5.0 AppleWebKit/537.36 (KHTML, like Gecko; compatible; GPTBot/1.2; +https://openai.com/gptbot)"
20.171.207.234 - - [01/Oct/2025:14:20:00 +0000] "GET /?path=//sys/bus/node/devices/node0/cpu7/node0/memory64/subsystem/devices/memory102/node0/memory22 HTTP/1.1" 200 2946 "-" "Mozilla/5.0 AppleWebKit/537.36 (KHTML, like Gecko; compatible; GPTBot/1.2; +https://openai.com/gptbot)"
20.171.207.234 - - [01/Oct/2025:14:20:01 +0000] "GET /?path=//sys/bus/node/devices/node0/cpu7/node0/memory64/subsystem/devices/memory102/node0/memory104/power HTTP/1.1" 200 2812 "-" "Mozilla/5.0 AppleWebKit/537.36 (KHTML, like Gecko; compatible; GPTBot/1.2; +https://openai.com/gptbot)"
20.171.207.234 - - [01/Oct/2025:14:20:02 +0000] "GET /?path=//sys/bus/node/devices/node0/cpu1/node0/memory122/subsystem/devices/memory77/node0/memory48 HTTP/1.1" 200 2948 "-" "Mozilla/5.0 AppleWebKit/537.36 (KHTML, like Gecko; compatible; GPTBot/1.2; +https://openai.com/gptbot)"
20.171.207.234 - - [01/Oct/2025:14:20:03 +0000] "GET /?path=//sys/bus/node/devices/node0/cpu7/node0/memory64/subsystem/devices/memory102/node0/memory23 HTTP/1.1" 200 2948 "-" "Mozilla/5.0 AppleWebKit/537.36 (KHTML, like Gecko; compatible; GPTBot/1.2; +https://openai.com/gptbot)"
20.171.207.234 - - [01/Oct/2025:14:20:05 +0000] "GET /?path=//sys/bus/node/devices/node0/cpu2/node0/memory121/subsystem/devices/memory38/node0/memory46 HTTP/1.1" 200 2947 "-" "Mozilla/5.0 AppleWebKit/537.36 (KHTML, like Gecko; compatible; GPTBot/1.2; +https://openai.com/gptbot)"
20.171.207.234 - - [01/Oct/2025:14:20:06 +0000] "GET /?path=//sys/bus/node/devices/node0/cpu1/node0/memory122/subsystem/devices/memory77/node0/memory99 HTTP/1.1" 200 2948 "-" "Mozilla/5.0 AppleWebKit/537.36 (KHTML, like Gecko; compatible; GPTBot/1.2; +https://openai.com/gptbot)"
20.171.207.234 - - [01/Oct/2025:14:20:07 +0000] "GET /?path=//sys/bus/node/devices/node0/cpu7/node0/memory64/subsystem/devices/memory102/node0/memory105 HTTP/1.1" 200 2945 "-" "Mozilla/5.0 AppleWebKit/537.36 (KHTML, like Gecko; compatible; GPTBot/1.2; +https://openai.com/gptbot)"
20.171.207.234 - - [01/Oct/2025:14:20:09 +0000] "GET /?path=//sys/bus/node/devices/node0/cpu1/node0/memory122/subsystem/devices/memory77/node0/memory49 HTTP/1.1" 200 2948 "-" "Mozilla/5.0 AppleWebKit/537.36 (KHTML, like Gecko; compatible; GPTBot/1.2; +https://openai.com/gptbot)"
20.171.207.234 - - [01/Oct/2025:14:20:11 +0000] "GET /?path=//sys/bus/node/devices/node0/cpu1/node0/memory122/subsystem/devices/memory77/node0/memory43 HTTP/1.1" 200 2948 "-" "Mozilla/5.0 AppleWebKit/537.36 (KHTML, like Gecko; compatible; GPTBot/1.2; +https://openai.com/gptbot)"
20.171.207.234 - - [01/Oct/2025:14:20:12 +0000] "GET /?path=//sys/bus/node/devices/node0/cpu7/node0/memory64/subsystem/devices/memory102/node0/memory85 HTTP/1.1" 200 2947 "-" "Mozilla/5.0 AppleWebKit/537.36 (KHTML, like Gecko; compatible; GPTBot/1.2; +https://openai.com/gptbot)"
20.171.207.234 - - [01/Oct/2025:14:20:14 +0000] "GET /?path=//sys/bus/node/devices/node0/cpu7/node0/memory64/subsystem/devices/memory102/node0/memory103 HTTP/1.1" 200 2945 "-" "Mozilla/5.0 AppleWebKit/537.36 (KHTML, like Gecko; compatible; GPTBot/1.2; +https://openai.com/gptbot)"
20.171.207.234 - - [01/Oct/2025:14:20:16 +0000] "GET /?path=//sys/bus/node/devices/node0/cpu7/node0/memory64/subsystem/devices/memory102/node0/memory76 HTTP/1.1" 200 2948 "-" "Mozilla/5.0 AppleWebKit/537.36 (KHTML, like Gecko; compatible; GPTBot/1.2; +https://openai.com/gptbot)"
20.171.207.234 - - [01/Oct/2025:14:20:17 +0000] "GET /?path=//sys/bus/node/devices/node0/cpu7/node0/memory64/subsystem/devices/memory102/node0/memory75/power HTTP/1.1" 200 2814 "-" "Mozilla/5.0 AppleWebKit/537.36 (KHTML, like Gecko; compatible; GPTBot/1.2; +https://openai.com/gptbot)"
20.171.207.234 - - [01/Oct/2025:14:20:17 +0000] "GET /?path=//sys/bus/node/devices/node0/cpu1/node0/memory122/subsystem/devices/memory77/node0/memory37 HTTP/1.1" 200 2946 "-" "Mozilla/5.0 AppleWebKit/537.36 (KHTML, like Gecko; compatible; GPTBot/1.2; +https://openai.com/gptbot)"
20.171.207.234 - - [01/Oct/2025:14:20:18 +0000] "GET /?path=//sys/bus/node/devices/node0/cpu1/node0/memory122/subsystem/devices/memory77/node0/memory93 HTTP/1.1" 200 2948 "-" "Mozilla/5.0 AppleWebKit/537.36 (KHTML, like Gecko; compatible; GPTBot/1.2; +https://openai.com/gptbot)"
20.171.207.234 - - [01/Oct/2025:14:20:19 +0000] "GET /?path=//sys/bus/node/devices/node0/cpu2/node0/memory121/subsystem/devices/memory38/node0/memory77 HTTP/1.1" 200 2948 "-" "Mozilla/5.0 AppleWebKit/537.36 (KHTML, like Gecko; compatible; GPTBot/1.2; +https://openai.com/gptbot)"
20.171.207.234 - - [01/Oct/2025:14:20:21 +0000] "GET /?path=//sys/bus/node/devices/node0/cpu7/node0/memory64/subsystem/devices/memory102/node0/memory51 HTTP/1.1" 200 2948 "-" "Mozilla/5.0 AppleWebKit/537.36 (KHTML, like Gecko; compatible; GPTBot/1.2; +https://openai.com/gptbot)"
20.171.207.234 - - [01/Oct/2025:14:20:22 +0000] "GET /?path=//sys/bus/node/devices/node0/cpu2/node0/memory121/subsystem/devices/memory38/node0/memory42 HTTP/1.1" 200 2946 "-" "Mozilla/5.0 AppleWebKit/537.36 (KHTML, like Gecko; compatible; GPTBot/1.2; +https://openai.com/gptbot)"
20.171.207.234 - - [01/Oct/2025:14:20:23 +0000] "GET /?path=//sys/bus/node/devices/node0/cpu1/node0/memory122/subsystem/devices/memory77/node0/memory67 HTTP/1.1" 200 2947 "-" "Mozilla/5.0 AppleWebKit/537.36 (KHTML, like Gecko; compatible; GPTBot/1.2; +https://openai.com/gptbot)"
20.171.207.234 - - [01/Oct/2025:14:20:24 +0000] "GET /?path=//sys/bus/node/devices/node0/cpu2/node0/memory121/subsystem/devices/memory38/node0/memory33 HTTP/1.1" 200 2946 "-" "Mozilla/5.0 AppleWebKit/537.36 (KHTML, like Gecko; compatible; GPTBot/1.2; +https://openai.com/gptbot)"
20.171.207.234 - - [01/Oct/2025:14:20:26 +0000] "GET /?path=//sys/bus/node/devices/node0/cpu7/node0/memory64/subsystem/devices/memory102/node0/memory73 HTTP/1.1" 200 2948 "-" "Mozilla/5.0 AppleWebKit/537.36 (KHTML, like Gecko; compatible; GPTBot/1.2; +https://openai.com/gptbot)"
20.171.207.234 - - [01/Oct/2025:14:20:27 +0000] "GET /?path=//sys/bus/node/devices/node0/cpu7/node0/memory64/subsystem/devices/memory102/node0/memory123 HTTP/1.1" 200 2947 "-" "Mozilla/5.0 AppleWebKit/537.36 (KHTML, like Gecko; compatible; GPTBot/1.2; +https://openai.com/gptbot)"
20.171.207.234 - - [01/Oct/2025:14:20:29 +0000] "GET /?path=//sys/bus/node/devices/node0/cpu7/node0/memory64/subsystem/devices/memory102/node0/memory21 HTTP/1.1" 200 2948 "-" "Mozilla/5.0 AppleWebKit/537.36 (KHTML, like Gecko; compatible; GPTBot/1.2; +https://openai.com/gptbot)"
20.171.207.234 - - [01/Oct/2025:14:20:30 +0000] "GET /?path=//sys/bus/node/devices/node0/cpu7/node0/memory64/subsystem/devices/memory102/node0/memory107 HTTP/1.1" 200 2945 "-" "Mozilla/5.0 AppleWebKit/537.36 (KHTML, like Gecko; compatible; GPTBot/1.2; +https://openai.com/gptbot)"
20.171.207.234 - - [01/Oct/2025:14:20:32 +0000] "GET /?path=//sys/bus/node/devices/node0/cpu1/node0/memory122/subsystem/devices/memory77/node0/memory89 HTTP/1.1" 200 2948 "-" "Mozilla/5.0 AppleWebKit/537.36 (KHTML, like Gecko; compatible; GPTBot/1.2; +https://openai.com/gptbot)"
20.171.207.234 - - [01/Oct/2025:14:20:33 +0000] "GET /?path=//sys/bus/node/devices/node0/cpu2/node0/memory121/subsystem/devices/memory38/node0/memory68 HTTP/1.1" 200 2946 "-" "Mozilla/5.0 AppleWebKit/537.36 (KHTML, like Gecko; compatible; GPTBot/1.2; +https://openai.com/gptbot)"
20.171.207.234 - - [01/Oct/2025:14:20:34 +0000] "GET /?path=//sys/bus/node/devices/node0/cpu7/node0/memory64/subsystem/devices/memory102/node0/memory109 HTTP/1.1" 200 2945 "-" "Mozilla/5.0 AppleWebKit/537.36 (KHTML, like Gecko; compatible; GPTBot/1.2; +https://openai.com/gptbot)"
20.171.207.234 - - [01/Oct/2025:14:20:36 +0000] "GET /?path=//sys/bus/node/devices/node0/cpu2/node0/memory121/subsystem/devices/memory38/node0/memory95/node0 HTTP/1.1" 200 4336 "-" "Mozilla/5.0 AppleWebKit/537.36 (KHTML, like Gecko; compatible; GPTBot/1.2; +https://openai.com/gptbot)"
20.171.207.234 - - [01/Oct/2025:14:20:37 +0000] "GET /?path=//sys/bus/node/devices/node0/cpu7/node0/memory64/subsystem/devices/memory102/node0/memory113/node0 HTTP/1.1" 200 4335 "-" "Mozilla/5.0 AppleWebKit/537.36 (KHTML, like Gecko; compatible; GPTBot/1.2; +https://openai.com/gptbot)"
20.171.207.234 - - [01/Oct/2025:14:20:38 +0000] "GET /?path=//sys/bus/node/devices/node0/cpu7/node0/memory64/subsystem/devices/memory102/node0/memory114 HTTP/1.1" 200 2948 "-" "Mozilla/5.0 AppleWebKit/537.36 (KHTML, like Gecko; compatible; GPTBot/1.2; +https://openai.com/gptbot)"
20.171.207.234 - - [01/Oct/2025:14:20:40 +0000] "GET /?path=//sys/bus/node/devices/node0/cpu7/node0/memory64/subsystem/devices/memory102/node0/memory97 HTTP/1.1" 200 2947 "-" "Mozilla/5.0 AppleWebKit/537.36 (KHTML, like Gecko; compatible; GPTBot/1.2; +https://openai.com/gptbot)"
66.249.64.34 - - [01/Oct/2025:14:20:41 +0000] "GET /?krikya=03-08&type=bKash-eKYC-APK-Download HTTP/1.1" 200 3335 "-" "Mozilla/5.0 (Linux; Android 6.0.1; Nexus 5X Build/MMB29P) AppleWebKit/537.36 (KHTML, like Gecko) Chrome/140.0.7339.207 Mobile Safari/537.36 (compatible; Googlebot/2.1; +http://www.google.com/bot.html)"
20.171.207.234 - - [01/Oct/2025:14:20:42 +0000] "GET /?path=//sys/bus/node/devices/node0/cpu7/node0/memory64/subsystem/devices/memory102/node0/memory70 HTTP/1.1" 200 2946 "-" "Mozilla/5.0 AppleWebKit/537.36 (KHTML, like Gecko; compatible; GPTBot/1.2; +https://openai.com/gptbot)"
20.171.207.234 - - [01/Oct/2025:14:20:43 +0000] "GET /?path=//sys/bus/node/devices/node0/cpu2/node0/memory121/subsystem/devices/memory38/node0/memory72 HTTP/1.1" 200 2946 "-" "Mozilla/5.0 AppleWebKit/537.36 (KHTML, like Gecko; compatible; GPTBot/1.2; +https://openai.com/gptbot)"
