74.7.227.82 - - [03/Nov/2025:12:21:48 +0000] "GET /?path=//sys/class/net/lo/subsystem/lo/subsystem/eth0/device/net/eth0/device/subsystem/drivers/virtio_scsi/module/drivers/virtio:virtio_scsi/virtio1/subsystem/devices/virtio1/driver/module/drivers HTTP/1.1" 200 2728 "-" "Mozilla/5.0 AppleWebKit/537.36 (KHTML, like Gecko; compatible; GPTBot/1.2; +https://openai.com/gptbot)"
57.141.2.32 - - [03/Nov/2025:12:21:50 +0000] "GET /wp-json/wp/v2/posts/4416?path=/home/nakedfoamlojoweb/.trash HTTP/1.1" 200 12783 "-" "meta-externalagent/1.1 (+https://developers.facebook.com/docs/sharing/webmasters/crawler)"
74.7.227.82 - - [03/Nov/2025:12:21:51 +0000] "GET /?path=//sys/class/net/lo/subsystem/lo/subsystem/eth0/device/net/eth0/device/subsystem/drivers/virtio_scsi/module/drivers/virtio:virtio_scsi/virtio1/subsystem/devices/virtio2/driver/module/holders HTTP/1.1" 200 2492 "-" "Mozilla/5.0 AppleWebKit/537.36 (KHTML, like Gecko; compatible; GPTBot/1.2; +https://openai.com/gptbot)"
74.7.227.82 - - [03/Nov/2025:12:21:56 +0000] "GET /?path=//sys/class/net/lo/subsystem/lo/subsystem/eth0/device/net/eth0/device/subsystem/drivers/virtio_scsi/module/drivers/virtio:virtio_scsi/virtio1/subsystem/devices/virtio2/driver/module/notes HTTP/1.1" 200 2761 "-" "Mozilla/5.0 AppleWebKit/537.36 (KHTML, like Gecko; compatible; GPTBot/1.2; +https://openai.com/gptbot)"
74.7.227.82 - - [03/Nov/2025:12:21:59 +0000] "GET /?path=//sys/class/net/lo/subsystem/lo/subsystem/eth0/device/net/eth0/device/subsystem/drivers/virtio_scsi/module/drivers/virtio:virtio_scsi/virtio1/subsystem/devices/virtio2/driver/module/drivers HTTP/1.1" 200 2773 "-" "Mozilla/5.0 AppleWebKit/537.36 (KHTML, like Gecko; compatible; GPTBot/1.2; +https://openai.com/gptbot)"
57.141.2.60 - - [03/Nov/2025:12:22:03 +0000] "GET /hop-on-the-birkin-bag-dupe-pattern-with-extra-stylish-options/?path=/home/natslojoweb HTTP/1.1" 200 12716 "-" "meta-externalagent/1.1 (+https://developers.facebook.com/docs/sharing/webmasters/crawler)"
74.7.227.82 - - [03/Nov/2025:12:22:03 +0000] "GET /?path=//sys/class/net/lo/subsystem/lo/subsystem/eth0/device/net/eth0/device/subsystem/drivers/virtio_scsi/module/drivers/virtio:virtio_scsi/virtio1/subsystem/devices/virtio1/driver/module/sections HTTP/1.1" 200 3282 "-" "Mozilla/5.0 AppleWebKit/537.36 (KHTML, like Gecko; compatible; GPTBot/1.2; +https://openai.com/gptbot)"
74.7.227.82 - - [03/Nov/2025:12:22:06 +0000] "GET /?path=//sys/class/net/lo/subsystem/lo/subsystem/eth0/device/net/eth0/device/subsystem/drivers/virtio_scsi/module/drivers/virtio:virtio_scsi/virtio1/subsystem/devices/virtio1/driver/module/holders HTTP/1.1" 200 2495 "-" "Mozilla/5.0 AppleWebKit/537.36 (KHTML, like Gecko; compatible; GPTBot/1.2; +https://openai.com/gptbot)"
74.7.227.82 - - [03/Nov/2025:12:22:10 +0000] "GET /?path=//sys/class/net/lo/subsystem/lo/subsystem/eth0/device/net/eth0/device/subsystem/drivers/virtio_scsi/module/drivers/virtio:virtio_scsi/virtio1/subsystem/devices/virtio2/driver/module/sections HTTP/1.1" 200 3360 "-" "Mozilla/5.0 AppleWebKit/537.36 (KHTML, like Gecko; compatible; GPTBot/1.2; +https://openai.com/gptbot)"
74.7.227.82 - - [03/Nov/2025:12:22:14 +0000] "GET /?path=//sys/class/net/lo/subsystem/lo/subsystem/eth0/device/net/eth0/device/driver/virtio0/subsystem/devices/virtio3/subsystem/drivers/virtio_scsi/module/drivers/virtio:virtio_scsi/virtio1 HTTP/1.1" 200 3007 "-" "Mozilla/5.0 AppleWebKit/537.36 (KHTML, like Gecko; compatible; GPTBot/1.2; +https://openai.com/gptbot)"
47.128.57.38 - - [03/Nov/2025:12:22:17 +0000] "GET /aside-from-the-techniques-im-also-going-to-be-explaining-the/?fileloc=%2F%2Flib%2Fudev%2Fata_id&path=%2F%2Flib%2Fudev HTTP/1.1" 200 2255 "-" "Mozilla/5.0 (Linux; Android 5.0) AppleWebKit/537.36 (KHTML, like Gecko) Mobile Safari/537.36 (compatible; Bytespider; spider-feedback@bytedance.com)"
74.7.227.82 - - [03/Nov/2025:12:22:17 +0000] "GET /?path=//sys/class/net/lo/subsystem/lo/subsystem/eth0/device/net/eth0/device/driver/virtio0/driver/module/drivers/virtio:virtio_net/virtio0/subsystem/devices/virtio1/subsystem/drivers/virtio_net/module HTTP/1.1" 200 3109 "-" "Mozilla/5.0 AppleWebKit/537.36 (KHTML, like Gecko; compatible; GPTBot/1.2; +https://openai.com/gptbot)"
74.7.227.82 - - [03/Nov/2025:12:22:20 +0000] "GET /?path=//sys/class/net/eth0/subsystem/lo/subsystem/eth0/device/net/eth0/device/driver/virtio0/subsystem/drivers/virtio_scsi/virtio1/driver/module/drivers/virtio:virtio_scsi/module/holders HTTP/1.1" 200 2486 "-" "Mozilla/5.0 AppleWebKit/537.36 (KHTML, like Gecko; compatible; GPTBot/1.2; +https://openai.com/gptbot)"
74.7.227.82 - - [03/Nov/2025:12:22:24 +0000] "GET /?path=//sys/class/net/lo/subsystem/lo/subsystem/eth0/device/net/eth0/device/driver/virtio0/driver/module/drivers/virtio:virtio_net/virtio0/subsystem/devices/virtio1/subsystem/drivers/virtio_scsi HTTP/1.1" 200 2899 "-" "Mozilla/5.0 AppleWebKit/537.36 (KHTML, like Gecko; compatible; GPTBot/1.2; +https://openai.com/gptbot)"
74.7.227.82 - - [03/Nov/2025:12:22:27 +0000] "GET /?path=//sys/class/net/lo/subsystem/lo/subsystem/eth0/device/net/eth0/device/subsystem/devices/virtio1/driver/virtio1/subsystem/drivers/virtio_scsi/virtio1/driver/module/holders HTTP/1.1" 200 2477 "-" "Mozilla/5.0 AppleWebKit/537.36 (KHTML, like Gecko; compatible; GPTBot/1.2; +https://openai.com/gptbot)"
57.141.2.57 - - [03/Nov/2025:12:22:27 +0000] "GET /wp-json/wp/v2/posts/29488?fileloc=//run/chkservd.checking.lock-2331af11aaa48-2142a002f-619037&path=//run HTTP/1.1" 200 12325 "-" "meta-externalagent/1.1 (+https://developers.facebook.com/docs/sharing/webmasters/crawler)"
74.7.227.82 - - [03/Nov/2025:12:22:31 +0000] "GET /?fileloc=//sys/class/net/lo/subsystem/lo/subsystem/eth0/device/net/eth0/device/subsystem/drivers/virtio_scsi/module/drivers/virtio:virtio_scsi/virtio1/subsystem/devices/virtio2/driver/module/sections/.gnu.linkonce.this_module&path=//sys/class/net/lo/subsystem/lo/subsystem/eth0/device/net/eth0/device/subsystem/drivers/virtio_scsi/module/drivers/virtio:virtio_scsi/virtio1/subsystem/devices/virtio2/driver/module/sections HTTP/1.1" 200 2456 "-" "Mozilla/5.0 AppleWebKit/537.36 (KHTML, like Gecko; compatible; GPTBot/1.2; +https://openai.com/gptbot)"
74.7.227.82 - - [03/Nov/2025:12:22:33 +0000] "GET /?path=//sys/class/net/eth0/subsystem/lo/subsystem/eth0/device/net/eth0/device/subsystem/devices/virtio1/subsystem/drivers/virtio_net/virtio0/driver/module/drivers/virtio:virtio_net/module/notes HTTP/1.1" 200 2758 "-" "Mozilla/5.0 AppleWebKit/537.36 (KHTML, like Gecko; compatible; GPTBot/1.2; +https://openai.com/gptbot)"
74.7.227.82 - - [03/Nov/2025:12:22:36 +0000] "GET /?fileloc=//sys/class/net/lo/subsystem/lo/subsystem/eth0/device/net/eth0/device/subsystem/drivers/virtio_scsi/module/drivers/virtio:virtio_scsi/virtio1/subsystem/devices/virtio2/driver/module/sections/.strtab&path=//sys/class/net/lo/subsystem/lo/subsystem/eth0/device/net/eth0/device/subsystem/drivers/virtio_scsi/module/drivers/virtio:virtio_scsi/virtio1/subsystem/devices/virtio2/driver/module/sections HTTP/1.1" 200 2444 "-" "Mozilla/5.0 AppleWebKit/537.36 (KHTML, like Gecko; compatible; GPTBot/1.2; +https://openai.com/gptbot)"
74.7.227.82 - - [03/Nov/2025:12:22:38 +0000] "GET /?path=//sys/class/net/lo/subsystem/lo/subsystem/eth0/device/net/eth0/device/driver/virtio0/driver/module/drivers/virtio:virtio_net/virtio0/subsystem/devices/virtio1/subsystem/drivers/virtio_net/module/parameters HTTP/1.1" 200 2858 "-" "Mozilla/5.0 AppleWebKit/537.36 (KHTML, like Gecko; compatible; GPTBot/1.2; +https://openai.com/gptbot)"
57.141.2.33 - - [03/Nov/2025:12:22:39 +0000] "GET /wp-json/wp/v2/posts/35703?fileloc=//bin/lesspipe.sh&path=//bin HTTP/1.1" 200 15897 "-" "meta-externalagent/1.1 (+https://developers.facebook.com/docs/sharing/webmasters/crawler)"
74.7.227.82 - - [03/Nov/2025:12:22:41 +0000] "GET /?path=//sys/class/net/lo/subsystem/lo/subsystem/eth0/device/net/eth0/device/driver/virtio0/driver/module/drivers/virtio:virtio_net/virtio0/subsystem/devices/virtio1/subsystem/drivers/virtio_net/module/sections HTTP/1.1" 200 3402 "-" "Mozilla/5.0 AppleWebKit/537.36 (KHTML, like Gecko; compatible; GPTBot/1.2; +https://openai.com/gptbot)"
74.7.227.82 - - [03/Nov/2025:12:22:43 +0000] "GET /?path=//sys/class/net/lo/subsystem/lo/subsystem/eth0/device/net/eth0/device/driver/virtio0/subsystem/devices/virtio3/subsystem/drivers/virtio_scsi/module/drivers/virtio:virtio_scsi/virtio1/subsystem HTTP/1.1" 200 2900 "-" "Mozilla/5.0 AppleWebKit/537.36 (KHTML, like Gecko; compatible; GPTBot/1.2; +https://openai.com/gptbot)"
74.7.227.82 - - [03/Nov/2025:12:22:47 +0000] "GET /?path=//sys/class/net/lo/subsystem/lo/subsystem/eth0/device/net/eth0/device/subsystem/drivers/virtio_net/module/drivers/virtio:virtio_net/virtio0/subsystem/devices/virtio2/driver/virtio2 HTTP/1.1" 200 3003 "-" "Mozilla/5.0 AppleWebKit/537.36 (KHTML, like Gecko; compatible; GPTBot/1.2; +https://openai.com/gptbot)"
74.7.227.82 - - [03/Nov/2025:12:22:51 +0000] "GET /?path=//sys/class/net/lo/subsystem/lo/subsystem/eth0/device/net/eth0/device/driver/virtio0/subsystem/devices/virtio3/subsystem/drivers/virtio_scsi/module/drivers/virtio:virtio_scsi/virtio1/power HTTP/1.1" 200 2903 "-" "Mozilla/5.0 AppleWebKit/537.36 (KHTML, like Gecko; compatible; GPTBot/1.2; +https://openai.com/gptbot)"
47.128.17.243 - - [03/Nov/2025:12:22:52 +0000] "GET /online-sales-have-additionally-exploded/?fileloc=%2F%2Flib64%2Fxtables%2Flibxt_connmark.so&path=%2F%2Flib64%2Fxtables HTTP/1.1" 200 2261 "-" "Mozilla/5.0 (Linux; Android 5.0) AppleWebKit/537.36 (KHTML, like Gecko) Mobile Safari/537.36 (compatible; Bytespider; spider-feedback@bytedance.com)"
74.7.227.82 - - [03/Nov/2025:12:22:54 +0000] "GET /?path=//sys/class/net/lo/subsystem/lo/subsystem/eth0/device/net/eth0/device/subsystem/drivers/virtio_scsi/module/drivers/virtio:virtio_scsi/virtio1/subsystem/devices/virtio0/driver/virtio0/power HTTP/1.1" 200 2898 "-" "Mozilla/5.0 AppleWebKit/537.36 (KHTML, like Gecko; compatible; GPTBot/1.2; +https://openai.com/gptbot)"
74.7.227.82 - - [03/Nov/2025:12:22:57 +0000] "GET /?path=//sys/class/net/lo/subsystem/lo/subsystem/eth0/device/net/eth0/device/driver/virtio0/subsystem/drivers/virtio_console/virtio2/driver/module/drivers/virtio:virtio_console HTTP/1.1" 200 2877 "-" "Mozilla/5.0 AppleWebKit/537.36 (KHTML, like Gecko; compatible; GPTBot/1.2; +https://openai.com/gptbot)"
57.141.2.34 - - [03/Nov/2025:12:22:57 +0000] "GET /they-present-an-excellent-distinctive-type-of-stimulation/?fileloc=/home/nakedfoamlojoweb/tmp/sess_7fa60e859c651c7217155acbad182cc3&path=/home/nakedfoamlojoweb/tmp HTTP/1.1" 200 12412 "-" "meta-externalagent/1.1 (+https://developers.facebook.com/docs/sharing/webmasters/crawler)"
74.7.227.82 - - [03/Nov/2025:12:22:59 +0000] "GET /?path=//sys/class/net/lo/subsystem/lo/subsystem/eth0/device/net/eth0/device/driver/virtio0/subsystem/devices/virtio1/subsystem/drivers/virtio_net/module/drivers/virtio:virtio_net/virtio0/power HTTP/1.1" 200 2901 "-" "Mozilla/5.0 AppleWebKit/537.36 (KHTML, like Gecko; compatible; GPTBot/1.2; +https://openai.com/gptbot)"
74.7.227.82 - - [03/Nov/2025:12:23:02 +0000] "GET /?fileloc=//sys/class/net/lo/subsystem/lo/subsystem/eth0/device/net/eth0/device/driver/virtio0/driver/module/drivers/virtio:virtio_net/virtio0/subsystem/devices/virtio1/subsystem/drivers/virtio_net/module/sections/__bug_table&path=//sys/class/net/lo/subsystem/lo/subsystem/eth0/device/net/eth0/device/driver/virtio0/driver/module/drivers/virtio:virtio_net/virtio0/subsystem/devices/virtio1/subsystem/drivers/virtio_net/module/sections HTTP/1.1" 200 2459 "-" "Mozilla/5.0 AppleWebKit/537.36 (KHTML, like Gecko; compatible; GPTBot/1.2; +https://openai.com/gptbot)"
74.7.227.82 - - [03/Nov/2025:12:23:05 +0000] "GET /?path=//sys/class/net/eth0/subsystem/lo/subsystem/eth0/device/net/eth0/device/subsystem/devices/virtio3/driver/virtio3/subsystem/drivers/virtio_net/module/drivers/virtio:virtio_net HTTP/1.1" 200 2870 "-" "Mozilla/5.0 AppleWebKit/537.36 (KHTML, like Gecko; compatible; GPTBot/1.2; +https://openai.com/gptbot)"
74.7.227.82 - - [03/Nov/2025:12:23:08 +0000] "GET /?path=//sys/class/net/lo/subsystem/lo/subsystem/eth0/device/net/eth0/device/subsystem/drivers/virtio_net/module/drivers/virtio:virtio_net/virtio0/subsystem/devices/virtio2/driver/virtio2/power HTTP/1.1" 200 2896 "-" "Mozilla/5.0 AppleWebKit/537.36 (KHTML, like Gecko; compatible; GPTBot/1.2; +https://openai.com/gptbot)"
74.7.227.82 - - [03/Nov/2025:12:23:11 +0000] "GET /?path=//sys/class/net/lo/subsystem/lo/subsystem/eth0/device/net/eth0/device/subsystem/drivers/virtio_net/module/drivers/virtio:virtio_net/virtio0/subsystem/devices/virtio2/driver/virtio2/virtio-ports HTTP/1.1" 200 2740 "-" "Mozilla/5.0 AppleWebKit/537.36 (KHTML, like Gecko; compatible; GPTBot/1.2; +https://openai.com/gptbot)"
74.7.227.82 - - [03/Nov/2025:12:23:14 +0000] "GET /?path=//sys/class/net/lo/subsystem/lo/subsystem/eth0/device/net/eth0/device/subsystem/drivers/virtio_net/virtio0/subsystem/devices/virtio1/driver/module/drivers/virtio:virtio_scsi/virtio1 HTTP/1.1" 200 3013 "-" "Mozilla/5.0 AppleWebKit/537.36 (KHTML, like Gecko; compatible; GPTBot/1.2; +https://openai.com/gptbot)"
74.7.227.82 - - [03/Nov/2025:12:23:16 +0000] "GET /?path=//sys/class/net/lo/subsystem/lo/subsystem/eth0/device/net/eth0/device/driver/virtio0/driver/virtio0/subsystem/drivers/virtio_balloon/module/drivers/virtio:virtio_balloon HTTP/1.1" 200 2869 "-" "Mozilla/5.0 AppleWebKit/537.36 (KHTML, like Gecko; compatible; GPTBot/1.2; +https://openai.com/gptbot)"
74.7.227.82 - - [03/Nov/2025:12:23:19 +0000] "GET /?path=//sys/class/net/eth0/subsystem/lo/subsystem/eth0/device/net/eth0/device/driver/virtio0/subsystem/drivers/virtio_scsi/virtio1/driver/module/drivers/virtio:virtio_scsi/module/drivers HTTP/1.1" 200 2722 "-" "Mozilla/5.0 AppleWebKit/537.36 (KHTML, like Gecko; compatible; GPTBot/1.2; +https://openai.com/gptbot)"
74.7.227.82 - - [03/Nov/2025:12:23:21 +0000] "GET /?path=//sys/class/net/lo/subsystem/lo/subsystem/eth0/device/net/eth0/device/driver/virtio0/subsystem/devices/virtio2/driver/module/drivers/virtio:virtio_console/module/drivers HTTP/1.1" 200 2755 "-" "Mozilla/5.0 AppleWebKit/537.36 (KHTML, like Gecko; compatible; GPTBot/1.2; +https://openai.com/gptbot)"
74.7.227.82 - - [03/Nov/2025:12:23:24 +0000] "GET /?path=//sys/class/net/eth0/subsystem/lo/subsystem/eth0/device/net/eth0/device/driver/virtio0/driver/module/drivers/virtio:virtio_net/virtio0/subsystem/drivers/virtio_rproc_serial/module/sections HTTP/1.1" 200 3355 "-" "Mozilla/5.0 AppleWebKit/537.36 (KHTML, like Gecko; compatible; GPTBot/1.2; +https://openai.com/gptbot)"
47.128.19.99 - - [03/Nov/2025:12:23:26 +0000] "GET /aside-from-the-techniques-im-also-going-to-be-explaining-the/?fileloc=%2F%2Fproc%2F536%2Foom_score_adj&path=%2F%2Fproc%2F536 HTTP/1.1" 200 2262 "-" "Mozilla/5.0 (Linux; Android 5.0) AppleWebKit/537.36 (KHTML, like Gecko) Mobile Safari/537.36 (compatible; Bytespider; spider-feedback@bytedance.com)"
74.7.227.82 - - [03/Nov/2025:12:23:27 +0000] "GET /?path=//sys/class/net/lo/subsystem/lo/subsystem/eth0/device/net/eth0/device/driver/virtio0/driver/virtio0/subsystem/devices/virtio2/subsystem/drivers/virtio_net/module/sections HTTP/1.1" 200 3372 "-" "Mozilla/5.0 AppleWebKit/537.36 (KHTML, like Gecko; compatible; GPTBot/1.2; +https://openai.com/gptbot)"
74.7.227.82 - - [03/Nov/2025:12:23:29 +0000] "GET /?path=//sys/class/net/lo/subsystem/lo/subsystem/eth0/device/net/eth0/device/subsystem/devices/virtio2/driver/virtio2/subsystem/drivers/virtio_net/virtio0/driver/module/drivers/virtio:virtio_net/module HTTP/1.1" 200 3098 "-" "Mozilla/5.0 AppleWebKit/537.36 (KHTML, like Gecko; compatible; GPTBot/1.2; +https://openai.com/gptbot)"
57.141.2.61 - - [03/Nov/2025:12:23:31 +0000] "GET /this-dedication-to-quality-control-helps-keep-the-popularity/?fileloc=/home/nakedfoamlojoweb/public_html/wp-admin/privacy.php&path=/home/nakedfoamlojoweb/public_html/wp-admin HTTP/1.1" 200 15655 "-" "meta-externalagent/1.1 (+https://developers.facebook.com/docs/sharing/webmasters/crawler)"
74.7.227.82 - - [03/Nov/2025:12:23:33 +0000] "GET /?path=//sys/class/net/lo/subsystem/lo/subsystem/eth0/device/net/eth0/device/subsystem/drivers/virtio_net/virtio0/subsystem/devices/virtio1/driver/module/drivers/virtio:virtio_scsi/virtio1/subsystem HTTP/1.1" 200 2909 "-" "Mozilla/5.0 AppleWebKit/537.36 (KHTML, like Gecko; compatible; GPTBot/1.2; +https://openai.com/gptbot)"
57.141.2.5 - - [03/Nov/2025:12:23:34 +0000] "GET /the-puller-should-by-no-means-grasp-down-at-a-90-levels-angle/?fileloc=//lib64/aspell-0.60/nroff.amf&path=//lib64/aspell-0.60 HTTP/1.1" 200 12478 "-" "meta-externalagent/1.1 (+https://developers.facebook.com/docs/sharing/webmasters/crawler)"
74.7.227.82 - - [03/Nov/2025:12:23:35 +0000] "GET /?path=//sys/class/net/lo/subsystem/lo/subsystem/eth0/device/net/eth0/device/subsystem/drivers/virtio_net/virtio0/subsystem/devices/virtio1/driver/module/drivers/virtio:virtio_scsi/virtio1/driver HTTP/1.1" 200 2900 "-" "Mozilla/5.0 AppleWebKit/537.36 (KHTML, like Gecko; compatible; GPTBot/1.2; +https://openai.com/gptbot)"
74.7.227.82 - - [03/Nov/2025:12:23:38 +0000] "GET /?path=//sys/class/net/lo/subsystem/lo/subsystem/eth0/device/net/eth0/device/subsystem/drivers/virtio_net/module/drivers/virtio:virtio_net/virtio0/driver/virtio0/subsystem/devices/virtio3/power HTTP/1.1" 200 2898 "-" "Mozilla/5.0 AppleWebKit/537.36 (KHTML, like Gecko; compatible; GPTBot/1.2; +https://openai.com/gptbot)"
74.7.227.82 - - [03/Nov/2025:12:23:40 +0000] "GET /?path=//sys/class/net/lo/subsystem/lo/subsystem/eth0/device/net/eth0/device/driver/virtio0/subsystem/drivers/virtio_console/virtio2/driver/module/drivers/virtio:virtio_rproc_serial/module HTTP/1.1" 200 3074 "-" "Mozilla/5.0 AppleWebKit/537.36 (KHTML, like Gecko; compatible; GPTBot/1.2; +https://openai.com/gptbot)"
57.141.2.6 - - [03/Nov/2025:12:23:41 +0000] "GET /wp-json/wp/v2/posts/29488?fileloc=//proc/16/comm&path=//proc/16 HTTP/1.1" 200 12293 "-" "meta-externalagent/1.1 (+https://developers.facebook.com/docs/sharing/webmasters/crawler)"
57.141.2.32 - - [03/Nov/2025:12:23:41 +0000] "GET /wp-json/wp/v2/posts/28016?path=//scripts HTTP/1.1" 200 658627 "-" "meta-externalagent/1.1 (+https://developers.facebook.com/docs/sharing/webmasters/crawler)"
74.7.227.82 - - [03/Nov/2025:12:23:44 +0000] "GET /?fileloc=//sys/class/net/eth0/subsystem/lo/subsystem/eth0/device/net/eth0/device/driver/virtio0/driver/module/drivers/virtio:virtio_net/virtio0/subsystem/drivers/virtio_rproc_serial/module/sections/__mcount_loc&path=//sys/class/net/eth0/subsystem/lo/subsystem/eth0/device/net/eth0/device/driver/virtio0/driver/module/drivers/virtio:virtio_net/virtio0/subsystem/drivers/virtio_rproc_serial/module/sections HTTP/1.1" 200 2446 "-" "Mozilla/5.0 AppleWebKit/537.36 (KHTML, like Gecko; compatible; GPTBot/1.2; +https://openai.com/gptbot)"
74.7.227.82 - - [03/Nov/2025:12:23:47 +0000] "GET /?path=//sys/class/net/lo/subsystem/lo/subsystem/eth0/device/net/eth0/device/subsystem/drivers/virtio_net/module/drivers/virtio:virtio_net/virtio0/driver/virtio0/subsystem/devices/virtio1/power HTTP/1.1" 200 2898 "-" "Mozilla/5.0 AppleWebKit/537.36 (KHTML, like Gecko; compatible; GPTBot/1.2; +https://openai.com/gptbot)"
74.7.227.82 - - [03/Nov/2025:12:23:50 +0000] "GET /?path=//sys/class/net/lo/subsystem/lo/subsystem/eth0/device/net/eth0/device/subsystem/devices/virtio2/driver/virtio2/subsystem/drivers/virtio_net/virtio0/driver/module/drivers/virtio:virtio_net/module/parameters HTTP/1.1" 200 2853 "-" "Mozilla/5.0 AppleWebKit/537.36 (KHTML, like Gecko; compatible; GPTBot/1.2; +https://openai.com/gptbot)"
74.7.227.82 - - [03/Nov/2025:12:23:53 +0000] "GET /?path=//sys/class/net/lo/subsystem/lo/subsystem/eth0/device/net/eth0/device/subsystem/devices/virtio2/driver/virtio2/subsystem/drivers/virtio_net/virtio0/driver/module/drivers/virtio:virtio_net/module/sections HTTP/1.1" 200 3399 "-" "Mozilla/5.0 AppleWebKit/537.36 (KHTML, like Gecko; compatible; GPTBot/1.2; +https://openai.com/gptbot)"
74.7.227.82 - - [03/Nov/2025:12:23:56 +0000] "GET /?path=//sys/class/net/lo/subsystem/lo/subsystem/eth0/device/net/eth0/device/subsystem/devices/virtio2/driver/virtio2/subsystem/drivers/virtio_net/virtio0/driver/module/drivers/virtio:virtio_net/module/notes HTTP/1.1" 200 2771 "-" "Mozilla/5.0 AppleWebKit/537.36 (KHTML, like Gecko; compatible; GPTBot/1.2; +https://openai.com/gptbot)"
74.7.227.82 - - [03/Nov/2025:12:23:58 +0000] "GET /?path=//sys/class/net/lo/subsystem/lo/subsystem/eth0/device/net/eth0/device/subsystem/devices/virtio0/subsystem/drivers/virtio_scsi/module/drivers/virtio:virtio_scsi/virtio1/driver/virtio1 HTTP/1.1" 200 2994 "-" "Mozilla/5.0 AppleWebKit/537.36 (KHTML, like Gecko; compatible; GPTBot/1.2; +https://openai.com/gptbot)"
57.141.2.23 - - [03/Nov/2025:12:23:58 +0000] "GET /wp-json/wp/v2/posts/32250?path=/home/nakedfoamlojoweb/public_html/wp-content/litespeed HTTP/1.1" 200 19631 "-" "meta-externalagent/1.1 (+https://developers.facebook.com/docs/sharing/webmasters/crawler)"
47.128.22.106 - - [03/Nov/2025:12:24:01 +0000] "GET /online-sales-have-additionally-exploded/?fileloc=%2F%2Fproc%2F572%2Fsched&path=%2F%2Fproc%2F572 HTTP/1.1" 200 2624 "-" "Mozilla/5.0 (Linux; Android 5.0) AppleWebKit/537.36 (KHTML, like Gecko) Mobile Safari/537.36 (compatible; Bytespider; spider-feedback@bytedance.com)"
74.7.227.82 - - [03/Nov/2025:12:24:01 +0000] "GET /?path=//sys/class/net/lo/subsystem/lo/subsystem/eth0/device/net/eth0/device/driver/virtio0/subsystem/drivers/virtio_console/virtio2/driver/module/drivers/virtio:virtio_rproc_serial/module/drivers HTTP/1.1" 200 2768 "-" "Mozilla/5.0 AppleWebKit/537.36 (KHTML, like Gecko; compatible; GPTBot/1.2; +https://openai.com/gptbot)"
74.7.227.82 - - [03/Nov/2025:12:24:05 +0000] "GET /?path=//sys/class/net/lo/subsystem/lo/subsystem/eth0/device/net/eth0/device/driver/virtio0/subsystem/drivers/virtio_console/virtio2/driver/module/drivers/virtio:virtio_rproc_serial/module/holders HTTP/1.1" 200 2493 "-" "Mozilla/5.0 AppleWebKit/537.36 (KHTML, like Gecko; compatible; GPTBot/1.2; +https://openai.com/gptbot)"
74.7.227.82 - - [03/Nov/2025:12:24:07 +0000] "GET /?path=//sys/class/net/lo/subsystem/lo/subsystem/eth0/device/net/eth0/device/driver/virtio0/subsystem/drivers/virtio_console/virtio2/driver/module/drivers/virtio:virtio_rproc_serial/module/notes HTTP/1.1" 200 2765 "-" "Mozilla/5.0 AppleWebKit/537.36 (KHTML, like Gecko; compatible; GPTBot/1.2; +https://openai.com/gptbot)"
74.7.227.82 - - [03/Nov/2025:12:24:10 +0000] "GET /?path=//sys/class/net/lo/subsystem/lo/subsystem/eth0/device/net/eth0/device/driver/virtio0/subsystem/drivers/virtio_console/virtio2/driver/module/drivers/virtio:virtio_rproc_serial/module/sections HTTP/1.1" 200 3359 "-" "Mozilla/5.0 AppleWebKit/537.36 (KHTML, like Gecko; compatible; GPTBot/1.2; +https://openai.com/gptbot)"
57.141.2.90 - - [03/Nov/2025:12:24:10 +0000] "GET /wp-json/wp/v2/posts/30509?fileloc=//bin/resolvectl&path=//bin HTTP/1.1" 200 12252 "-" "meta-externalagent/1.1 (+https://developers.facebook.com/docs/sharing/webmasters/crawler)"
74.7.227.82 - - [03/Nov/2025:12:24:12 +0000] "GET /?path=//sys/class/net/lo/subsystem/lo/subsystem/eth0/device/net/eth0/device/driver/virtio0/driver/virtio0/subsystem/devices/virtio2/subsystem/drivers/virtio_rproc_serial/module HTTP/1.1" 200 3064 "-" "Mozilla/5.0 AppleWebKit/537.36 (KHTML, like Gecko; compatible; GPTBot/1.2; +https://openai.com/gptbot)"
74.7.227.82 - - [03/Nov/2025:12:24:16 +0000] "GET /?path=//sys/class/net/lo/subsystem/lo/subsystem/eth0/device/net/eth0/device/subsystem/drivers/virtio_scsi/module/drivers/virtio:virtio_scsi/virtio1/driver/virtio1/subsystem/devices/virtio1 HTTP/1.1" 200 2993 "-" "Mozilla/5.0 AppleWebKit/537.36 (KHTML, like Gecko; compatible; GPTBot/1.2; +https://openai.com/gptbot)"
74.7.227.82 - - [03/Nov/2025:12:24:19 +0000] "GET /?path=//sys/class/net/lo/subsystem/lo/subsystem/eth0/device/net/eth0/device/subsystem/devices/virtio0/subsystem/drivers/virtio_scsi/module/drivers/virtio:virtio_scsi/virtio1/driver/virtio1/subsystem HTTP/1.1" 200 2890 "-" "Mozilla/5.0 AppleWebKit/537.36 (KHTML, like Gecko; compatible; GPTBot/1.2; +https://openai.com/gptbot)"
57.141.2.17 - - [03/Nov/2025:12:24:20 +0000] "GET /wp-json/wp/v2/posts/34056?fileloc=//bin/ptargrep&path=//bin HTTP/1.1" 200 16805 "-" "meta-externalagent/1.1 (+https://developers.facebook.com/docs/sharing/webmasters/crawler)"
57.141.2.23 - - [03/Nov/2025:12:24:21 +0000] "GET /wp-json/wp/v2/posts/30509?fileloc=//bin/nc&path=//bin HTTP/1.1" 200 12244 "-" "meta-externalagent/1.1 (+https://developers.facebook.com/docs/sharing/webmasters/crawler)"
74.7.227.82 - - [03/Nov/2025:12:24:22 +0000] "GET /?path=//sys/class/net/lo/subsystem/lo/subsystem/eth0/device/net/eth0/device/subsystem/devices/virtio0/subsystem/drivers/virtio_scsi/module/drivers/virtio:virtio_scsi/virtio1/driver/virtio1/power HTTP/1.1" 200 2896 "-" "Mozilla/5.0 AppleWebKit/537.36 (KHTML, like Gecko; compatible; GPTBot/1.2; +https://openai.com/gptbot)"
74.7.227.82 - - [03/Nov/2025:12:24:25 +0000] "GET /?path=//sys/class/net/lo/subsystem/lo/subsystem/eth0/device/net/eth0/device/driver/virtio0/driver/virtio0/subsystem/devices/virtio3/driver/module/drivers/virtio:virtio_balloon/module HTTP/1.1" 200 3063 "-" "Mozilla/5.0 AppleWebKit/537.36 (KHTML, like Gecko; compatible; GPTBot/1.2; +https://openai.com/gptbot)"
74.7.227.82 - - [03/Nov/2025:12:24:29 +0000] "GET /?path=//sys/class/net/lo/subsystem/lo/subsystem/eth0/device/net/eth0/device/subsystem/drivers/virtio_console/virtio2/driver/virtio2/driver/module/drivers/virtio:virtio_rproc_serial HTTP/1.1" 200 2844 "-" "Mozilla/5.0 AppleWebKit/537.36 (KHTML, like Gecko; compatible; GPTBot/1.2; +https://openai.com/gptbot)"
74.7.227.82 - - [03/Nov/2025:12:24:32 +0000] "GET /?path=//sys/class/net/lo/subsystem/lo/subsystem/eth0/device/net/eth0/device/driver/virtio0/driver/virtio0/subsystem/devices/virtio2/subsystem/drivers/virtio_rproc_serial/module/sections HTTP/1.1" 200 3353 "-" "Mozilla/5.0 AppleWebKit/537.36 (KHTML, like Gecko; compatible; GPTBot/1.2; +https://openai.com/gptbot)"
74.7.227.82 - - [03/Nov/2025:12:24:35 +0000] "GET /?path=//sys/class/net/lo/subsystem/lo/subsystem/eth0/device/net/eth0/device/driver/virtio0/driver/virtio0/subsystem/devices/virtio2/subsystem/drivers/virtio_rproc_serial/module/notes HTTP/1.1" 200 2759 "-" "Mozilla/5.0 AppleWebKit/537.36 (KHTML, like Gecko; compatible; GPTBot/1.2; +https://openai.com/gptbot)"
47.128.30.107 - - [03/Nov/2025:12:24:36 +0000] "GET /aside-from-the-techniques-im-also-going-to-be-explaining-the/?fileloc=%2F%2Fproc%2F69%2Fnet%2Fnf_conntrack_expect&path=%2F%2Fproc%2F69%2Fnet HTTP/1.1" 200 2269 "-" "Mozilla/5.0 (Linux; Android 5.0) AppleWebKit/537.36 (KHTML, like Gecko) Mobile Safari/537.36 (compatible; Bytespider; spider-feedback@bytedance.com)"
216.73.216.49 - - [03/Nov/2025:12:24:37 +0000] "GET /robots.txt HTTP/1.1" 200 3399 "-" "Mozilla/5.0 AppleWebKit/537.36 (KHTML, like Gecko; compatible; ClaudeBot/1.0; +claudebot@anthropic.com)"
216.73.216.49 - - [03/Nov/2025:12:24:37 +0000] "GET /its-a-nod-towards-supporting-moral-manufacturing-practices?fileloc=%2Fhome%2Fnakedfoamlojoweb%2Fpublic_html%2Fwp-includes%2Fclass-wp-embed.php&path=%2Fhome%2Fnakedfoamlojoweb%2Fpublic_html%2Fwp-includes HTTP/1.1" 200 6868 "-" "Mozilla/5.0 AppleWebKit/537.36 (KHTML, like Gecko; compatible; ClaudeBot/1.0; +claudebot@anthropic.com)"
57.141.2.85 - - [03/Nov/2025:12:24:37 +0000] "GET /wp-json/wp/v2/posts/28090?path=/home/nakedfoamlojoweb/public_html/wp-content HTTP/1.1" 200 24558 "-" "meta-externalagent/1.1 (+https://developers.facebook.com/docs/sharing/webmasters/crawler)"
216.73.216.49 - - [03/Nov/2025:12:24:38 +0000] "GET /its-a-nod-towards-supporting-moral-manufacturing-practices?fileloc=%2Fhome%2Fnakedfoamlojoweb%2Fpublic_html%2Fwp-includes%2Fclass-wp-plugin-dependencies.php&path=%2Fhome%2Fnakedfoamlojoweb%2Fpublic_html%2Fwp-includes HTTP/1.1" 200 7264 "-" "Mozilla/5.0 AppleWebKit/537.36 (KHTML, like Gecko; compatible; ClaudeBot/1.0; +claudebot@anthropic.com)"
216.73.216.49 - - [03/Nov/2025:12:24:38 +0000] "GET /its-a-nod-towards-supporting-moral-manufacturing-practices?fileloc=%2Fhome%2Fnakedfoamlojoweb%2Fpublic_html%2Fwp-includes%2Fms-files.php&path=%2Fhome%2Fnakedfoamlojoweb%2Fpublic_html%2Fwp-includes HTTP/1.1" 200 3372 "-" "Mozilla/5.0 AppleWebKit/537.36 (KHTML, like Gecko; compatible; ClaudeBot/1.0; +claudebot@anthropic.com)"
74.7.227.82 - - [03/Nov/2025:12:24:38 +0000] "GET /?fileloc=//sys/class/net/lo/subsystem/lo/subsystem/eth0/device/net/eth0/device/driver/virtio0/subsystem/drivers/virtio_console/virtio2/driver/module/drivers/virtio:virtio_rproc_serial/module/sections/.bss&path=//sys/class/net/lo/subsystem/lo/subsystem/eth0/device/net/eth0/device/driver/virtio0/subsystem/drivers/virtio_console/virtio2/driver/module/drivers/virtio:virtio_rproc_serial/module/sections HTTP/1.1" 200 2442 "-" "Mozilla/5.0 AppleWebKit/537.36 (KHTML, like Gecko; compatible; GPTBot/1.2; +https://openai.com/gptbot)"
216.73.216.49 - - [03/Nov/2025:12:24:39 +0000] "GET /its-a-nod-towards-supporting-moral-manufacturing-practices?fileloc=%2Fhome%2Fnakedfoamlojoweb%2Fpublic_html%2Fwp-includes%2Fclass-wp-navigation-fallback.php&path=%2Fhome%2Fnakedfoamlojoweb%2Fpublic_html%2Fwp-includes HTTP/1.1" 200 4452 "-" "Mozilla/5.0 AppleWebKit/537.36 (KHTML, like Gecko; compatible; ClaudeBot/1.0; +claudebot@anthropic.com)"
216.73.216.49 - - [03/Nov/2025:12:24:39 +0000] "GET /its-a-nod-towards-supporting-moral-manufacturing-practices?fileloc=%2Fhome%2Fnakedfoamlojoweb%2Fpublic_html%2Fwp-includes%2Fclass-wp-ajax-response.php&path=%2Fhome%2Fnakedfoamlojoweb%2Fpublic_html%2Fwp-includes HTTP/1.1" 200 4024 "-" "Mozilla/5.0 AppleWebKit/537.36 (KHTML, like Gecko; compatible; ClaudeBot/1.0; +claudebot@anthropic.com)"
216.73.216.49 - - [03/Nov/2025:12:24:40 +0000] "GET /its-a-nod-towards-supporting-moral-manufacturing-practices?fileloc=%2Fhome%2Fnakedfoamlojoweb%2Fpublic_html%2Fwp-includes%2Fclass-wp-network-query.php&path=%2Fhome%2Fnakedfoamlojoweb%2Fpublic_html%2Fwp-includes HTTP/1.1" 200 6970 "-" "Mozilla/5.0 AppleWebKit/537.36 (KHTML, like Gecko; compatible; ClaudeBot/1.0; +claudebot@anthropic.com)"
216.73.216.49 - - [03/Nov/2025:12:24:40 +0000] "GET /its-a-nod-towards-supporting-moral-manufacturing-practices?fileloc=%2Fhome%2Fnakedfoamlojoweb%2Fpublic_html%2Fwp-includes%2Fclass-wp-customize-setting.php&path=%2Fhome%2Fnakedfoamlojoweb%2Fpublic_html%2Fwp-includes HTTP/1.1" 200 8789 "-" "Mozilla/5.0 AppleWebKit/537.36 (KHTML, like Gecko; compatible; ClaudeBot/1.0; +claudebot@anthropic.com)"
216.73.216.49 - - [03/Nov/2025:12:24:41 +0000] "GET /its-a-nod-towards-supporting-moral-manufacturing-practices?fileloc=%2Fhome%2Fnakedfoamlojoweb%2Fpublic_html%2Fwp-includes%2Fshortcodes.php&path=%2Fhome%2Fnakedfoamlojoweb%2Fpublic_html%2Fwp-includes HTTP/1.1" 200 8689 "-" "Mozilla/5.0 AppleWebKit/537.36 (KHTML, like Gecko; compatible; ClaudeBot/1.0; +claudebot@anthropic.com)"
74.7.227.82 - - [03/Nov/2025:12:24:41 +0000] "GET /?path=//sys/class/net/lo/subsystem/lo/subsystem/eth0/device/net/eth0/device/subsystem/drivers/virtio_scsi/module/drivers/virtio:virtio_scsi/virtio1/driver/virtio1/subsystem/devices/virtio1/power HTTP/1.1" 200 2896 "-" "Mozilla/5.0 AppleWebKit/537.36 (KHTML, like Gecko; compatible; GPTBot/1.2; +https://openai.com/gptbot)"
216.73.216.49 - - [03/Nov/2025:12:24:41 +0000] "GET /its-a-nod-towards-supporting-moral-manufacturing-practices?fileloc=%2Fhome%2Fnakedfoamlojoweb%2Fpublic_html%2Fwp-includes%2Fclass-wp-user.php&path=%2Fhome%2Fnakedfoamlojoweb%2Fpublic_html%2Fwp-includes HTTP/1.1" 200 7911 "-" "Mozilla/5.0 AppleWebKit/537.36 (KHTML, like Gecko; compatible; ClaudeBot/1.0; +claudebot@anthropic.com)"
216.73.216.49 - - [03/Nov/2025:12:24:41 +0000] "GET /its-a-nod-towards-supporting-moral-manufacturing-practices?fileloc=%2Fhome%2Fnakedfoamlojoweb%2Fpublic_html%2Fwp-includes%2Fclass-wp-block.php&path=%2Fhome%2Fnakedfoamlojoweb%2Fpublic_html%2Fwp-includes HTTP/1.1" 200 8050 "-" "Mozilla/5.0 AppleWebKit/537.36 (KHTML, like Gecko; compatible; ClaudeBot/1.0; +claudebot@anthropic.com)"
216.73.216.49 - - [03/Nov/2025:12:24:41 +0000] "GET /its-a-nod-towards-supporting-moral-manufacturing-practices?fileloc=%2Fhome%2Fnakedfoamlojoweb%2Fpublic_html%2Fwp-includes%2Fclass-wp-error.php&path=%2Fhome%2Fnakedfoamlojoweb%2Fpublic_html%2Fwp-includes HTTP/1.1" 200 4050 "-" "Mozilla/5.0 AppleWebKit/537.36 (KHTML, like Gecko; compatible; ClaudeBot/1.0; +claudebot@anthropic.com)"
216.73.216.49 - - [03/Nov/2025:12:24:42 +0000] "GET /its-a-nod-towards-supporting-moral-manufacturing-practices?fileloc=%2Fhome%2Fnakedfoamlojoweb%2Fpublic_html%2Fwp-includes%2Ffeed-rss2.php&path=%2Fhome%2Fnakedfoamlojoweb%2Fpublic_html%2Fwp-includes HTTP/1.1" 200 3639 "-" "Mozilla/5.0 AppleWebKit/537.36 (KHTML, like Gecko; compatible; ClaudeBot/1.0; +claudebot@anthropic.com)"
216.73.216.49 - - [03/Nov/2025:12:24:42 +0000] "GET /its-a-nod-towards-supporting-moral-manufacturing-practices?fileloc=%2Fhome%2Fnakedfoamlojoweb%2Fpublic_html%2Fwp-includes%2Fhttps-detection.php&path=%2Fhome%2Fnakedfoamlojoweb%2Fpublic_html%2Fwp-includes HTTP/1.1" 200 4120 "-" "Mozilla/5.0 AppleWebKit/537.36 (KHTML, like Gecko; compatible; ClaudeBot/1.0; +claudebot@anthropic.com)"
216.73.216.49 - - [03/Nov/2025:12:24:42 +0000] "GET /its-a-nod-towards-supporting-moral-manufacturing-practices?fileloc=%2Fhome%2Fnakedfoamlojoweb%2Fpublic_html%2Fwp-includes%2Fclass-wp-scripts.php&path=%2Fhome%2Fnakedfoamlojoweb%2Fpublic_html%2Fwp-includes HTTP/1.1" 200 8668 "-" "Mozilla/5.0 AppleWebKit/537.36 (KHTML, like Gecko; compatible; ClaudeBot/1.0; +claudebot@anthropic.com)"
216.73.216.49 - - [03/Nov/2025:12:24:43 +0000] "GET /its-a-nod-towards-supporting-moral-manufacturing-practices?fileloc=%2Fhome%2Fnakedfoamlojoweb%2Fpublic_html%2Fwp-includes%2Fclass-json.php&path=%2Fhome%2Fnakedfoamlojoweb%2Fpublic_html%2Fwp-includes HTTP/1.1" 200 10473 "-" "Mozilla/5.0 AppleWebKit/537.36 (KHTML, like Gecko; compatible; ClaudeBot/1.0; +claudebot@anthropic.com)"
216.73.216.49 - - [03/Nov/2025:12:24:43 +0000] "GET /its-a-nod-towards-supporting-moral-manufacturing-practices?fileloc=%2Fhome%2Fnakedfoamlojoweb%2Fpublic_html%2Fwp-includes%2Fclass-wp-dependency.php&path=%2Fhome%2Fnakedfoamlojoweb%2Fpublic_html%2Fwp-includes HTTP/1.1" 200 3133 "-" "Mozilla/5.0 AppleWebKit/537.36 (KHTML, like Gecko; compatible; ClaudeBot/1.0; +claudebot@anthropic.com)"
216.73.216.49 - - [03/Nov/2025:12:24:43 +0000] "GET /its-a-nod-towards-supporting-moral-manufacturing-practices?fileloc=%2Fhome%2Fnakedfoamlojoweb%2Fpublic_html%2Fwp-includes%2Fclass-wp-exception.php&path=%2Fhome%2Fnakedfoamlojoweb%2Fpublic_html%2Fwp-includes HTTP/1.1" 200 2391 "-" "Mozilla/5.0 AppleWebKit/537.36 (KHTML, like Gecko; compatible; ClaudeBot/1.0; +claudebot@anthropic.com)"
216.73.216.49 - - [03/Nov/2025:12:24:43 +0000] "GET /its-a-nod-towards-supporting-moral-manufacturing-practices?fileloc=%2Fhome%2Fnakedfoamlojoweb%2Fpublic_html%2Fwp-includes%2Fclass-wp-user-query.php&path=%2Fhome%2Fnakedfoamlojoweb%2Fpublic_html%2Fwp-includes HTTP/1.1" 200 11452 "-" "Mozilla/5.0 AppleWebKit/537.36 (KHTML, like Gecko; compatible; ClaudeBot/1.0; +claudebot@anthropic.com)"
216.73.216.49 - - [03/Nov/2025:12:24:44 +0000] "GET /its-a-nod-towards-supporting-moral-manufacturing-practices?fileloc=%2Fhome%2Fnakedfoamlojoweb%2Fpublic_html%2Fwp-includes%2Fms-default-constants.php&path=%2Fhome%2Fnakedfoamlojoweb%2Fpublic_html%2Fwp-includes HTTP/1.1" 200 3801 "-" "Mozilla/5.0 AppleWebKit/537.36 (KHTML, like Gecko; compatible; ClaudeBot/1.0; +claudebot@anthropic.com)"
216.73.216.49 - - [03/Nov/2025:12:24:44 +0000] "GET /its-a-nod-towards-supporting-moral-manufacturing-practices?fileloc=%2Fhome%2Fnakedfoamlojoweb%2Fpublic_html%2Fwp-includes%2Fms-functions.php&path=%2Fhome%2Fnakedfoamlojoweb%2Fpublic_html%2Fwp-includes HTTP/1.1" 200 21223 "-" "Mozilla/5.0 AppleWebKit/537.36 (KHTML, like Gecko; compatible; ClaudeBot/1.0; +claudebot@anthropic.com)"
216.73.216.49 - - [03/Nov/2025:12:24:44 +0000] "GET /its-a-nod-towards-supporting-moral-manufacturing-practices?fileloc=%2Fhome%2Fnakedfoamlojoweb%2Fpublic_html%2Fwp-includes%2Ffunctions.php&path=%2Fhome%2Fnakedfoamlojoweb%2Fpublic_html%2Fwp-includes HTTP/1.1" 200 71691 "-" "Mozilla/5.0 AppleWebKit/537.36 (KHTML, like Gecko; compatible; ClaudeBot/1.0; +claudebot@anthropic.com)"
216.73.216.49 - - [03/Nov/2025:12:24:44 +0000] "GET /its-a-nod-towards-supporting-moral-manufacturing-practices?fileloc=%2Fhome%2Fnakedfoamlojoweb%2Fpublic_html%2Fwp-includes%2Fblock-patterns.php&path=%2Fhome%2Fnakedfoamlojoweb%2Fpublic_html%2Fwp-includes HTTP/1.1" 200 5208 "-" "Mozilla/5.0 AppleWebKit/537.36 (KHTML, like Gecko; compatible; ClaudeBot/1.0; +claudebot@anthropic.com)"
216.73.216.49 - - [03/Nov/2025:12:24:45 +0000] "GET /its-a-nod-towards-supporting-moral-manufacturing-practices?fileloc=%2Fhome%2Fnakedfoamlojoweb%2Fpublic_html%2Fwp-includes%2Frest-api.php&path=%2Fhome%2Fnakedfoamlojoweb%2Fpublic_html%2Fwp-includes HTTP/1.1" 200 22781 "-" "Mozilla/5.0 AppleWebKit/537.36 (KHTML, like Gecko; compatible; ClaudeBot/1.0; +claudebot@anthropic.com)"
216.73.216.49 - - [03/Nov/2025:12:24:45 +0000] "GET /its-a-nod-towards-supporting-moral-manufacturing-practices?fileloc=%2Fhome%2Fnakedfoamlojoweb%2Fpublic_html%2Fwp-includes%2Fwp-diff.php&path=%2Fhome%2Fnakedfoamlojoweb%2Fpublic_html%2Fwp-includes HTTP/1.1" 200 2568 "-" "Mozilla/5.0 AppleWebKit/537.36 (KHTML, like Gecko; compatible; ClaudeBot/1.0; +claudebot@anthropic.com)"
216.73.216.49 - - [03/Nov/2025:12:24:45 +0000] "GET /its-a-nod-towards-supporting-moral-manufacturing-practices?fileloc=%2Fhome%2Fnakedfoamlojoweb%2Fpublic_html%2Fwp-includes%2Fblock-template-utils.php&path=%2Fhome%2Fnakedfoamlojoweb%2Fpublic_html%2Fwp-includes HTTP/1.1" 200 14982 "-" "Mozilla/5.0 AppleWebKit/537.36 (KHTML, like Gecko; compatible; ClaudeBot/1.0; +claudebot@anthropic.com)"
216.73.216.49 - - [03/Nov/2025:12:24:45 +0000] "GET /its-a-nod-towards-supporting-moral-manufacturing-practices?fileloc=%2Fhome%2Fnakedfoamlojoweb%2Fpublic_html%2Fwp-includes%2Fclass-wp-customize-widgets.php&path=%2Fhome%2Fnakedfoamlojoweb%2Fpublic_html%2Fwp-includes HTTP/1.1" 200 18197 "-" "Mozilla/5.0 AppleWebKit/537.36 (KHTML, like Gecko; compatible; ClaudeBot/1.0; +claudebot@anthropic.com)"
216.73.216.49 - - [03/Nov/2025:12:24:45 +0000] "GET /its-a-nod-towards-supporting-moral-manufacturing-practices?fileloc=%2Fhome%2Fnakedfoamlojoweb%2Fpublic_html%2Fwp-includes%2Fclass-wp-editor.php&path=%2Fhome%2Fnakedfoamlojoweb%2Fpublic_html%2Fwp-includes HTTP/1.1" 200 18577 "-" "Mozilla/5.0 AppleWebKit/537.36 (KHTML, like Gecko; compatible; ClaudeBot/1.0; +claudebot@anthropic.com)"
216.73.216.49 - - [03/Nov/2025:12:24:45 +0000] "GET /its-a-nod-towards-supporting-moral-manufacturing-practices?fileloc=%2Fhome%2Fnakedfoamlojoweb%2Fpublic_html%2Fwp-includes%2Fblock-editor.php&path=%2Fhome%2Fnakedfoamlojoweb%2Fpublic_html%2Fwp-includes HTTP/1.1" 200 8651 "-" "Mozilla/5.0 AppleWebKit/537.36 (KHTML, like Gecko; compatible; ClaudeBot/1.0; +claudebot@anthropic.com)"
216.73.216.49 - - [03/Nov/2025:12:24:45 +0000] "GET /its-a-nod-towards-supporting-moral-manufacturing-practices?fileloc=%2Fhome%2Fnakedfoamlojoweb%2Fpublic_html%2Fwp-includes%2Fscript-modules.php&path=%2Fhome%2Fnakedfoamlojoweb%2Fpublic_html%2Fwp-includes HTTP/1.1" 200 3870 "-" "Mozilla/5.0 AppleWebKit/537.36 (KHTML, like Gecko; compatible; ClaudeBot/1.0; +claudebot@anthropic.com)"
216.73.216.49 - - [03/Nov/2025:12:24:45 +0000] "GET /its-a-nod-towards-supporting-moral-manufacturing-practices?fileloc=%2Fhome%2Fnakedfoamlojoweb%2Fpublic_html%2Fwp-includes%2Fclass-wp-object-cache.php&path=%2Fhome%2Fnakedfoamlojoweb%2Fpublic_html%2Fwp-includes HTTP/1.1" 200 5838 "-" "Mozilla/5.0 AppleWebKit/537.36 (KHTML, like Gecko; compatible; ClaudeBot/1.0; +claudebot@anthropic.com)"
216.73.216.49 - - [03/Nov/2025:12:24:46 +0000] "GET /its-a-nod-towards-supporting-moral-manufacturing-practices?fileloc=%2Fhome%2Fnakedfoamlojoweb%2Fpublic_html%2Fwp-includes%2Fclass.wp-dependencies.php&path=%2Fhome%2Fnakedfoamlojoweb%2Fpublic_html%2Fwp-includes HTTP/1.1" 200 2450 "-" "Mozilla/5.0 AppleWebKit/537.36 (KHTML, like Gecko; compatible; ClaudeBot/1.0; +claudebot@anthropic.com)"
216.73.216.49 - - [03/Nov/2025:12:24:46 +0000] "GET /its-a-nod-towards-supporting-moral-manufacturing-practices?fileloc=%2Fhome%2Fnakedfoamlojoweb%2Fpublic_html%2Fwp-includes%2Fclass-wp-http-cookie.php&path=%2Fhome%2Fnakedfoamlojoweb%2Fpublic_html%2Fwp-includes HTTP/1.1" 200 4644 "-" "Mozilla/5.0 AppleWebKit/537.36 (KHTML, like Gecko; compatible; ClaudeBot/1.0; +claudebot@anthropic.com)"
74.7.227.82 - - [03/Nov/2025:12:24:46 +0000] "GET /?path=//sys/class/net/lo/subsystem/lo/subsystem/eth0/device/net/eth0/device/subsystem/devices/virtio0/driver/virtio0/subsystem/drivers/virtio_net/module/drivers/virtio:virtio_net/virtio0/net/eth0/subsystem HTTP/1.1" 200 2769 "-" "Mozilla/5.0 AppleWebKit/537.36 (KHTML, like Gecko; compatible; GPTBot/1.2; +https://openai.com/gptbot)"
216.73.216.49 - - [03/Nov/2025:12:24:46 +0000] "GET /its-a-nod-towards-supporting-moral-manufacturing-practices?fileloc=%2Fhome%2Fnakedfoamlojoweb%2Fpublic_html%2Fwp-includes%2Ffeed-rss2-comments.php&path=%2Fhome%2Fnakedfoamlojoweb%2Fpublic_html%2Fwp-includes HTTP/1.1" 200 3697 "-" "Mozilla/5.0 AppleWebKit/537.36 (KHTML, like Gecko; compatible; ClaudeBot/1.0; +claudebot@anthropic.com)"
216.73.216.49 - - [03/Nov/2025:12:24:46 +0000] "GET /its-a-nod-towards-supporting-moral-manufacturing-practices?fileloc=%2Fhome%2Fnakedfoamlojoweb%2Fpublic_html%2Fwp-includes%2Fscript-loader.php&path=%2Fhome%2Fnakedfoamlojoweb%2Fpublic_html%2Fwp-includes HTTP/1.1" 200 32553 "-" "Mozilla/5.0 AppleWebKit/537.36 (KHTML, like Gecko; compatible; ClaudeBot/1.0; +claudebot@anthropic.com)"
216.73.216.49 - - [03/Nov/2025:12:24:46 +0000] "GET /its-a-nod-towards-supporting-moral-manufacturing-practices?fileloc=%2Fhome%2Fnakedfoamlojoweb%2Fpublic_html%2Fwp-includes%2Frss-functions.php&path=%2Fhome%2Fnakedfoamlojoweb%2Fpublic_html%2Fwp-includes HTTP/1.1" 200 2436 "-" "Mozilla/5.0 AppleWebKit/537.36 (KHTML, like Gecko; compatible; ClaudeBot/1.0; +claudebot@anthropic.com)"
216.73.216.49 - - [03/Nov/2025:12:24:46 +0000] "GET /its-a-nod-towards-supporting-moral-manufacturing-practices?fileloc=%2Fhome%2Fnakedfoamlojoweb%2Fpublic_html%2Fwp-includes%2Fclass-wp-image-editor.php&path=%2Fhome%2Fnakedfoamlojoweb%2Fpublic_html%2Fwp-includes HTTP/1.1" 200 6938 "-" "Mozilla/5.0 AppleWebKit/537.36 (KHTML, like Gecko; compatible; ClaudeBot/1.0; +claudebot@anthropic.com)"
216.73.216.49 - - [03/Nov/2025:12:24:46 +0000] "GET /its-a-nod-towards-supporting-moral-manufacturing-practices?fileloc=%2Fhome%2Fnakedfoamlojoweb%2Fpublic_html%2Fwp-includes%2Fclass-wp-http-response.php&path=%2Fhome%2Fnakedfoamlojoweb%2Fpublic_html%2Fwp-includes HTTP/1.1" 200 3140 "-" "Mozilla/5.0 AppleWebKit/537.36 (KHTML, like Gecko; compatible; ClaudeBot/1.0; +claudebot@anthropic.com)"
216.73.216.49 - - [03/Nov/2025:12:24:47 +0000] "GET /its-a-nod-towards-supporting-moral-manufacturing-practices?fileloc=%2Fhome%2Fnakedfoamlojoweb%2Fpublic_html%2Fwp-includes%2Ffunctions.wp-styles.php&path=%2Fhome%2Fnakedfoamlojoweb%2Fpublic_html%2Fwp-includes HTTP/1.1" 200 4464 "-" "Mozilla/5.0 AppleWebKit/537.36 (KHTML, like Gecko; compatible; ClaudeBot/1.0; +claudebot@anthropic.com)"
216.73.216.49 - - [03/Nov/2025:12:24:47 +0000] "GET /its-a-nod-towards-supporting-moral-manufacturing-practices?fileloc=%2Fhome%2Fnakedfoamlojoweb%2Fpublic_html%2Fwp-includes%2Fclass-wp-http-proxy.php&path=%2Fhome%2Fnakedfoamlojoweb%2Fpublic_html%2Fwp-includes HTTP/1.1" 200 4092 "-" "Mozilla/5.0 AppleWebKit/537.36 (KHTML, like Gecko; compatible; ClaudeBot/1.0; +claudebot@anthropic.com)"
216.73.216.49 - - [03/Nov/2025:12:24:47 +0000] "GET /its-a-nod-towards-supporting-moral-manufacturing-practices?fileloc=%2Fhome%2Fnakedfoamlojoweb%2Fpublic_html%2Fwp-includes%2Fclass-wp-http-streams.php&path=%2Fhome%2Fnakedfoamlojoweb%2Fpublic_html%2Fwp-includes HTTP/1.1" 200 6807 "-" "Mozilla/5.0 AppleWebKit/537.36 (KHTML, like Gecko; compatible; ClaudeBot/1.0; +claudebot@anthropic.com)"
216.73.216.49 - - [03/Nov/2025:12:24:47 +0000] "GET /its-a-nod-towards-supporting-moral-manufacturing-practices?fileloc=%2Fhome%2Fnakedfoamlojoweb%2Fpublic_html%2Fwp-includes%2Fclass-wp-http-curl.php&path=%2Fhome%2Fnakedfoamlojoweb%2Fpublic_html%2Fwp-includes HTTP/1.1" 200 5803 "-" "Mozilla/5.0 AppleWebKit/537.36 (KHTML, like Gecko; compatible; ClaudeBot/1.0; +claudebot@anthropic.com)"
216.73.216.49 - - [03/Nov/2025:12:24:47 +0000] "GET /its-a-nod-towards-supporting-moral-manufacturing-practices?fileloc=%2Fhome%2Fnakedfoamlojoweb%2Fpublic_html%2Fwp-includes%2Fclass-wp-script-modules.php&path=%2Fhome%2Fnakedfoamlojoweb%2Fpublic_html%2Fwp-includes HTTP/1.1" 200 6822 "-" "Mozilla/5.0 AppleWebKit/537.36 (KHTML, like Gecko; compatible; ClaudeBot/1.0; +claudebot@anthropic.com)"
216.73.216.49 - - [03/Nov/2025:12:24:47 +0000] "GET /its-a-nod-towards-supporting-moral-manufacturing-practices?fileloc=%2Fhome%2Fnakedfoamlojoweb%2Fpublic_html%2Fwp-includes%2Fclass-wp-block-parser.php&path=%2Fhome%2Fnakedfoamlojoweb%2Fpublic_html%2Fwp-includes HTTP/1.1" 200 5571 "-" "Mozilla/5.0 AppleWebKit/537.36 (KHTML, like Gecko; compatible; ClaudeBot/1.0; +claudebot@anthropic.com)"
216.73.216.49 - - [03/Nov/2025:12:24:47 +0000] "GET /its-a-nod-towards-supporting-moral-manufacturing-practices?fileloc=%2Fhome%2Fnakedfoamlojoweb%2Fpublic_html%2Fwp-includes%2Fclass.wp-scripts.php&path=%2Fhome%2Fnakedfoamlojoweb%2Fpublic_html%2Fwp-includes HTTP/1.1" 200 2450 "-" "Mozilla/5.0 AppleWebKit/537.36 (KHTML, like Gecko; compatible; ClaudeBot/1.0; +claudebot@anthropic.com)"
216.73.216.49 - - [03/Nov/2025:12:24:47 +0000] "GET /its-a-nod-towards-supporting-moral-manufacturing-practices?fileloc=%2Fhome%2Fnakedfoamlojoweb%2Fpublic_html%2Fwp-includes%2Fclass-wp-http-encoding.php&path=%2Fhome%2Fnakedfoamlojoweb%2Fpublic_html%2Fwp-includes HTTP/1.1" 200 4290 "-" "Mozilla/5.0 AppleWebKit/537.36 (KHTML, like Gecko; compatible; ClaudeBot/1.0; +claudebot@anthropic.com)"
216.73.216.49 - - [03/Nov/2025:12:24:47 +0000] "GET /its-a-nod-towards-supporting-moral-manufacturing-practices?fileloc=%2Fhome%2Fnakedfoamlojoweb%2Fpublic_html%2Fwp-includes%2Ffunctions.wp-scripts.php&path=%2Fhome%2Fnakedfoamlojoweb%2Fpublic_html%2Fwp-includes HTTP/1.1" 200 6067 "-" "Mozilla/5.0 AppleWebKit/537.36 (KHTML, like Gecko; compatible; ClaudeBot/1.0; +claudebot@anthropic.com)"
216.73.216.49 - - [03/Nov/2025:12:24:48 +0000] "GET /its-a-nod-towards-supporting-moral-manufacturing-practices?fileloc=%2Fhome%2Fnakedfoamlojoweb%2Fpublic_html%2Fwp-includes%2Fclass-wp-user-request.php&path=%2Fhome%2Fnakedfoamlojoweb%2Fpublic_html%2Fwp-includes HTTP/1.1" 200 2874 "-" "Mozilla/5.0 AppleWebKit/537.36 (KHTML, like Gecko; compatible; ClaudeBot/1.0; +claudebot@anthropic.com)"
74.7.227.82 - - [03/Nov/2025:12:24:50 +0000] "GET /?path=//sys/class/net/lo/subsystem/lo/subsystem/eth0/device/net/eth0/device/driver/virtio0/driver/virtio0/subsystem/devices/virtio3/driver/module/drivers/virtio:virtio_balloon/module/sections HTTP/1.1" 200 3279 "-" "Mozilla/5.0 AppleWebKit/537.36 (KHTML, like Gecko; compatible; GPTBot/1.2; +https://openai.com/gptbot)"
74.7.227.82 - - [03/Nov/2025:12:24:53 +0000] "GET /?path=//sys/class/net/lo/subsystem/lo/subsystem/eth0/device/net/eth0/device/subsystem/drivers/virtio_console/virtio2/driver/virtio2/driver/module/drivers/virtio:virtio_rproc_serial/module HTTP/1.1" 200 3062 "-" "Mozilla/5.0 AppleWebKit/537.36 (KHTML, like Gecko; compatible; GPTBot/1.2; +https://openai.com/gptbot)"
216.73.216.49 - - [03/Nov/2025:12:24:55 +0000] "GET /its-a-nod-towards-supporting-moral-manufacturing-practices?fileloc=%2Fhome%2Fnakedfoamlojoweb%2Fpublic_html%2Fwp-includes%2Frevision.php&path=%2Fhome%2Fnakedfoamlojoweb%2Fpublic_html%2Fwp-includes HTTP/1.1" 200 9963 "-" "Mozilla/5.0 AppleWebKit/537.36 (KHTML, like Gecko; compatible; ClaudeBot/1.0; +claudebot@anthropic.com)"
216.73.216.49 - - [03/Nov/2025:12:24:55 +0000] "GET /its-a-nod-towards-supporting-moral-manufacturing-practices?fileloc=%2Fhome%2Fnakedfoamlojoweb%2Fpublic_html%2Fwp-includes%2Fclass-requests.php&path=%2Fhome%2Fnakedfoamlojoweb%2Fpublic_html%2Fwp-includes HTTP/1.1" 200 3058 "-" "Mozilla/5.0 AppleWebKit/537.36 (KHTML, like Gecko; compatible; ClaudeBot/1.0; +claudebot@anthropic.com)"
216.73.216.49 - - [03/Nov/2025:12:24:55 +0000] "GET /its-a-nod-towards-supporting-moral-manufacturing-practices?fileloc=%2Fhome%2Fnakedfoamlojoweb%2Fpublic_html%2Fwp-includes%2Fclass-smtp.php&path=%2Fhome%2Fnakedfoamlojoweb%2Fpublic_html%2Fwp-includes HTTP/1.1" 200 2482 "-" "Mozilla/5.0 AppleWebKit/537.36 (KHTML, like Gecko; compatible; ClaudeBot/1.0; +claudebot@anthropic.com)"
216.73.216.49 - - [03/Nov/2025:12:24:55 +0000] "GET /its-a-nod-towards-supporting-moral-manufacturing-practices?fileloc=%2Fhome%2Fnakedfoamlojoweb%2Fpublic_html%2Fwp-includes%2Fclass-snoopy.php&path=%2Fhome%2Fnakedfoamlojoweb%2Fpublic_html%2Fwp-includes HTTP/1.1" 200 10155 "-" "Mozilla/5.0 AppleWebKit/537.36 (KHTML, like Gecko; compatible; ClaudeBot/1.0; +claudebot@anthropic.com)"
216.73.216.49 - - [03/Nov/2025:12:24:55 +0000] "GET /its-a-nod-towards-supporting-moral-manufacturing-practices?fileloc=%2Fhome%2Fnakedfoamlojoweb%2Fpublic_html%2Fwp-includes%2Fclass-IXR.php&path=%2Fhome%2Fnakedfoamlojoweb%2Fpublic_html%2Fwp-includes HTTP/1.1" 200 3382 "-" "Mozilla/5.0 AppleWebKit/537.36 (KHTML, like Gecko; compatible; ClaudeBot/1.0; +claudebot@anthropic.com)"
216.73.216.49 - - [03/Nov/2025:12:24:55 +0000] "GET /its-a-nod-towards-supporting-moral-manufacturing-practices?fileloc=%2Fhome%2Fnakedfoamlojoweb%2Fpublic_html%2Fwp-includes%2Ftaxonomy.php&path=%2Fhome%2Fnakedfoamlojoweb%2Fpublic_html%2Fwp-includes HTTP/1.1" 200 38313 "-" "Mozilla/5.0 AppleWebKit/537.36 (KHTML, like Gecko; compatible; ClaudeBot/1.0; +claudebot@anthropic.com)"
