File: /home/nakedfoamlojoweb/access-logs/nakedfoam.lojoweb.com-ssl_log
74.7.227.82 - - [03/Nov/2025:12:05:26 +0000] "GET /?path=//sys/class/net/eth0/subsystem/lo/subsystem/eth0/device/net/eth0/device/subsystem/drivers/virtio_balloon/virtio3/driver/module/drivers/virtio:virtio_balloon/module/notes HTTP/1.1" 200 2738 "-" "Mozilla/5.0 AppleWebKit/537.36 (KHTML, like Gecko; compatible; GPTBot/1.2; +https://openai.com/gptbot)"
74.7.227.82 - - [03/Nov/2025:12:05:29 +0000] "GET /?path=//sys/class/net/lo/subsystem/lo/subsystem/eth0/device/net/eth0/device/subsystem/drivers/virtio_rproc_serial/module/drivers/virtio:virtio_console/virtio2/subsystem/devices/virtio0/net/eth0/queues HTTP/1.1" 200 2769 "-" "Mozilla/5.0 AppleWebKit/537.36 (KHTML, like Gecko; compatible; GPTBot/1.2; +https://openai.com/gptbot)"
57.141.2.3 - - [03/Nov/2025:12:05:32 +0000] "GET /wp-json/wp/v2/posts/32603?fileloc=/home/nakedfoamlojoweb/public_html/wp-signup.php&path=/home/nakedfoamlojoweb/public_html HTTP/1.1" 200 50430 "-" "meta-externalagent/1.1 (+https://developers.facebook.com/docs/sharing/webmasters/crawler)"
74.7.227.82 - - [03/Nov/2025:12:05:33 +0000] "GET /?path=//sys/class/net/eth0/subsystem/lo/subsystem/eth0/device/net/eth0/device/driver/module/drivers/virtio:virtio_net/virtio0/subsystem/devices/virtio2/subsystem/drivers/virtio_net/module HTTP/1.1" 200 3099 "-" "Mozilla/5.0 AppleWebKit/537.36 (KHTML, like Gecko; compatible; GPTBot/1.2; +https://openai.com/gptbot)"
217.113.194.251 - - [03/Nov/2025:12:05:33 +0000] "GET /tag/cs-go/feed/?path=//backup HTTP/1.1" 200 12671 "-" "Mozilla/5.0 (compatible; Barkrowler/0.9; +https://babbar.tech/crawler)"
74.7.227.82 - - [03/Nov/2025:12:05:36 +0000] "GET /?path=//sys/class/net/lo/subsystem/lo/subsystem/eth0/device/net/eth0/device/subsystem/drivers/virtio_rproc_serial/module/drivers/virtio:virtio_console/virtio2/subsystem/devices/virtio0/net/eth0/subsystem/lo HTTP/1.1" 200 3776 "-" "Mozilla/5.0 AppleWebKit/537.36 (KHTML, like Gecko; compatible; GPTBot/1.2; +https://openai.com/gptbot)"
57.141.2.72 - - [03/Nov/2025:12:05:39 +0000] "GET /wp-json/wp/v2/posts/27757?fileloc=/home/nakedfoamlojoweb/public_html/wp-includes/class-wp-speculation-rules.php&path=/home/nakedfoamlojoweb/public_html/wp-includes HTTP/1.1" 200 20309 "-" "meta-externalagent/1.1 (+https://developers.facebook.com/docs/sharing/webmasters/crawler)"
74.7.227.82 - - [03/Nov/2025:12:05:40 +0000] "GET /?path=//sys/class/net/lo/subsystem/lo/subsystem/eth0/device/net/eth0/device/driver/virtio0/driver/module/drivers/virtio:virtio_net/virtio0/subsystem/devices/virtio2/subsystem/drivers/virtio_rng HTTP/1.1" 200 2802 "-" "Mozilla/5.0 AppleWebKit/537.36 (KHTML, like Gecko; compatible; GPTBot/1.2; +https://openai.com/gptbot)"
57.141.2.28 - - [03/Nov/2025:12:05:41 +0000] "GET /?fileloc=//lib64/libcap.so&path=//lib64 HTTP/1.1" 200 12257 "-" "meta-externalagent/1.1 (+https://developers.facebook.com/docs/sharing/webmasters/crawler)"
74.7.227.82 - - [03/Nov/2025:12:05:42 +0000] "GET /?path=//sys/class/net/eth0/subsystem/lo/subsystem/eth0/device/net/eth0/device/driver/virtio0/subsystem/devices/virtio1/driver/module/drivers/virtio:virtio_scsi/module/drivers HTTP/1.1" 200 2717 "-" "Mozilla/5.0 AppleWebKit/537.36 (KHTML, like Gecko; compatible; GPTBot/1.2; +https://openai.com/gptbot)"
47.128.59.59 - - [03/Nov/2025:12:05:44 +0000] "GET /aside-from-the-techniques-im-also-going-to-be-explaining-the/?path=%2F%2Fusr%2Finclude%2Fncursesw HTTP/1.1" 200 3089 "-" "Mozilla/5.0 (Linux; Android 5.0) AppleWebKit/537.36 (KHTML, like Gecko) Mobile Safari/537.36 (compatible; Bytespider; spider-feedback@bytedance.com)"
74.7.227.82 - - [03/Nov/2025:12:05:45 +0000] "GET /?path=//sys/class/net/eth0/subsystem/lo/subsystem/eth0/device/net/eth0/device/driver/module/drivers/virtio:virtio_net/virtio0/driver/virtio0/subsystem/drivers/virtio_net/module/parameters HTTP/1.1" 200 2833 "-" "Mozilla/5.0 AppleWebKit/537.36 (KHTML, like Gecko; compatible; GPTBot/1.2; +https://openai.com/gptbot)"
74.7.227.82 - - [03/Nov/2025:12:05:49 +0000] "GET /?path=//sys/class/net/lo/subsystem/lo/subsystem/eth0/device/net/eth0/device/subsystem/drivers/virtio_rproc_serial/module/drivers/virtio:virtio_console/virtio2/subsystem/devices/virtio0/net/eth0/queues/tx-0 HTTP/1.1" 200 2975 "-" "Mozilla/5.0 AppleWebKit/537.36 (KHTML, like Gecko; compatible; GPTBot/1.2; +https://openai.com/gptbot)"
154.54.249.213 - - [03/Nov/2025:12:05:50 +0000] "GET /tag/cs-go/feed/?path=//usr HTTP/1.1" 200 30875 "-" "Mozilla/5.0 (compatible; Barkrowler/0.9; +https://babbar.tech/crawler)"
74.7.227.82 - - [03/Nov/2025:12:05:52 +0000] "GET /?path=//sys/class/net/lo/subsystem/lo/subsystem/eth0/device/net/eth0/device/driver/virtio0/subsystem/devices/virtio2/subsystem/drivers/virtio_net/module/drivers/virtio:virtio_net/virtio0/net/eth0 HTTP/1.1" 200 3788 "-" "Mozilla/5.0 AppleWebKit/537.36 (KHTML, like Gecko; compatible; GPTBot/1.2; +https://openai.com/gptbot)"
74.7.227.82 - - [03/Nov/2025:12:05:56 +0000] "GET /?path=//sys/class/net/lo/subsystem/lo/subsystem/eth0/device/net/eth0/device/subsystem/drivers/virtio_rproc_serial/module/drivers/virtio:virtio_console/virtio2/subsystem/devices/virtio0/net/eth0/subsystem/lo/statistics HTTP/1.1" 200 3337 "-" "Mozilla/5.0 AppleWebKit/537.36 (KHTML, like Gecko; compatible; GPTBot/1.2; +https://openai.com/gptbot)"
74.7.227.82 - - [03/Nov/2025:12:06:00 +0000] "GET /?path=//sys/class/net/eth0/subsystem/lo/subsystem/eth0/device/net/eth0/device/driver/module/drivers/virtio:virtio_net/virtio0/subsystem/devices/virtio2/subsystem/drivers/virtio_net/module/parameters HTTP/1.1" 200 2848 "-" "Mozilla/5.0 AppleWebKit/537.36 (KHTML, like Gecko; compatible; GPTBot/1.2; +https://openai.com/gptbot)"
74.7.227.82 - - [03/Nov/2025:12:06:02 +0000] "GET /?path=//sys/class/net/eth0/subsystem/lo/subsystem/eth0/device/net/eth0/device/driver/module/drivers/virtio:virtio_net/virtio0/subsystem/devices/virtio2/subsystem/drivers/virtio_net/module/notes HTTP/1.1" 200 2765 "-" "Mozilla/5.0 AppleWebKit/537.36 (KHTML, like Gecko; compatible; GPTBot/1.2; +https://openai.com/gptbot)"
74.7.227.82 - - [03/Nov/2025:12:06:05 +0000] "GET /?path=//sys/class/net/eth0/subsystem/lo/subsystem/eth0/device/net/eth0/device/subsystem/devices/virtio2/subsystem/drivers/virtio_scsi/virtio1/driver/module/drivers/virtio:virtio_scsi HTTP/1.1" 200 2875 "-" "Mozilla/5.0 AppleWebKit/537.36 (KHTML, like Gecko; compatible; GPTBot/1.2; +https://openai.com/gptbot)"
74.7.227.82 - - [03/Nov/2025:12:06:08 +0000] "GET /?path=//sys/class/net/eth0/subsystem/lo/subsystem/eth0/device/net/eth0/device/driver/virtio0/driver/virtio0/subsystem/drivers/virtio_console/module/drivers/virtio:virtio_rproc_serial HTTP/1.1" 200 2849 "-" "Mozilla/5.0 AppleWebKit/537.36 (KHTML, like Gecko; compatible; GPTBot/1.2; +https://openai.com/gptbot)"
57.141.2.6 - - [03/Nov/2025:12:06:11 +0000] "GET /wp-json/wp/v2/posts/30063?path=/home/ranchograndemhpl HTTP/1.1" 200 12726 "-" "meta-externalagent/1.1 (+https://developers.facebook.com/docs/sharing/webmasters/crawler)"
74.7.227.82 - - [03/Nov/2025:12:06:12 +0000] "GET /?path=//sys/class/net/eth0/subsystem/lo/subsystem/eth0/device/net/eth0/device/driver/module/drivers/virtio:virtio_net/virtio0/subsystem/drivers/virtio_scsi/virtio1/driver/module/sections HTTP/1.1" 200 3280 "-" "Mozilla/5.0 AppleWebKit/537.36 (KHTML, like Gecko; compatible; GPTBot/1.2; +https://openai.com/gptbot)"
74.7.227.82 - - [03/Nov/2025:12:06:14 +0000] "GET /?path=//sys/class/net/lo/subsystem/lo/subsystem/eth0/device/net/eth0/device/driver/virtio0/subsystem/devices/virtio2/subsystem/drivers/virtio_net/module/drivers/virtio:virtio_net/virtio0/net/eth0/power HTTP/1.1" 200 2916 "-" "Mozilla/5.0 AppleWebKit/537.36 (KHTML, like Gecko; compatible; GPTBot/1.2; +https://openai.com/gptbot)"
74.7.227.82 - - [03/Nov/2025:12:06:17 +0000] "GET /?path=//sys/class/net/lo/subsystem/lo/subsystem/eth0/device/net/eth0/device/driver/virtio0/subsystem/devices/virtio2/subsystem/drivers/virtio_net/module/drivers/virtio:virtio_net/virtio0/net/eth0/queues HTTP/1.1" 200 2774 "-" "Mozilla/5.0 AppleWebKit/537.36 (KHTML, like Gecko; compatible; GPTBot/1.2; +https://openai.com/gptbot)"
47.128.56.106 - - [03/Nov/2025:12:06:18 +0000] "GET /aside-from-the-techniques-im-also-going-to-be-explaining-the/?fileloc=%2F%2Fproc%2F80%2Fnet%2Fconnector&path=%2F%2Fproc%2F80%2Fnet HTTP/1.1" 200 2278 "-" "Mozilla/5.0 (Linux; Android 5.0) AppleWebKit/537.36 (KHTML, like Gecko) Mobile Safari/537.36 (compatible; Bytespider; spider-feedback@bytedance.com)"
217.113.194.190 - - [03/Nov/2025:12:06:07 +0000] "GET /tag/cs-go/feed/?path=//proc HTTP/1.1" 200 367636 "-" "Mozilla/5.0 (compatible; Barkrowler/0.9; +https://babbar.tech/crawler)"
74.7.227.82 - - [03/Nov/2025:12:06:19 +0000] "GET /?path=//sys/class/net/lo/subsystem/lo/subsystem/eth0/device/net/eth0/device/driver/virtio0/subsystem/devices/virtio2/subsystem/drivers/virtio_net/module/drivers/virtio:virtio_net/virtio0/net/eth0/device HTTP/1.1" 200 3032 "-" "Mozilla/5.0 AppleWebKit/537.36 (KHTML, like Gecko; compatible; GPTBot/1.2; +https://openai.com/gptbot)"
74.7.227.82 - - [03/Nov/2025:12:06:22 +0000] "GET /?path=//sys/class/net/lo/subsystem/lo/subsystem/eth0/device/net/eth0/device/subsystem/devices/virtio0/driver/module/drivers/virtio:virtio_net/virtio0/subsystem/drivers/virtio_rproc_serial HTTP/1.1" 200 2868 "-" "Mozilla/5.0 AppleWebKit/537.36 (KHTML, like Gecko; compatible; GPTBot/1.2; +https://openai.com/gptbot)"
74.7.227.82 - - [03/Nov/2025:12:06:24 +0000] "GET /?path=//sys/class/net/lo/subsystem/lo/subsystem/eth0/device/net/eth0/device/subsystem/devices/virtio3/driver/virtio3/driver/module/drivers/virtio:virtio_balloon/module/drivers HTTP/1.1" 200 2706 "-" "Mozilla/5.0 AppleWebKit/537.36 (KHTML, like Gecko; compatible; GPTBot/1.2; +https://openai.com/gptbot)"
57.141.2.4 - - [03/Nov/2025:12:06:24 +0000] "GET /2024/06/08/free-random-video-chat-with-strangers-online/feed/?path=/home/virtfs HTTP/1.1" 200 12706 "-" "meta-externalagent/1.1 (+https://developers.facebook.com/docs/sharing/webmasters/crawler)"
74.7.227.82 - - [03/Nov/2025:12:06:25 +0000] "GET /?path=//sys/class/net/lo/subsystem/lo/subsystem/eth0/device/net/eth0/device/subsystem/drivers/virtio_scsi/virtio1/subsystem/devices/virtio1/driver/virtio1/driver/module/holders HTTP/1.1" 200 2472 "-" "Mozilla/5.0 AppleWebKit/537.36 (KHTML, like Gecko; compatible; GPTBot/1.2; +https://openai.com/gptbot)"
74.7.227.82 - - [03/Nov/2025:12:06:28 +0000] "GET /?path=//sys/class/net/lo/subsystem/lo/subsystem/eth0/device/net/eth0/device/subsystem/drivers/virtio_net/virtio0/subsystem/devices/virtio3/driver/module/drivers/virtio:virtio_balloon HTTP/1.1" 200 2873 "-" "Mozilla/5.0 AppleWebKit/537.36 (KHTML, like Gecko; compatible; GPTBot/1.2; +https://openai.com/gptbot)"
74.7.227.82 - - [03/Nov/2025:12:06:31 +0000] "GET /?path=//sys/class/net/lo/subsystem/lo/subsystem/eth0/device/net/eth0/device/driver/virtio0/driver/module/drivers/virtio:virtio_net/virtio0/driver/virtio0/subsystem/drivers/virtio_console/module/notes HTTP/1.1" 200 2764 "-" "Mozilla/5.0 AppleWebKit/537.36 (KHTML, like Gecko; compatible; GPTBot/1.2; +https://openai.com/gptbot)"
74.7.227.82 - - [03/Nov/2025:12:06:34 +0000] "GET /?path=//sys/class/net/lo/subsystem/lo/subsystem/eth0/device/net/eth0/device/driver/virtio0/driver/virtio0/subsystem/drivers/virtio_scsi/virtio1/driver/module/drivers/virtio:virtio_scsi/module/holders HTTP/1.1" 200 2497 "-" "Mozilla/5.0 AppleWebKit/537.36 (KHTML, like Gecko; compatible; GPTBot/1.2; +https://openai.com/gptbot)"
74.7.227.82 - - [03/Nov/2025:12:06:36 +0000] "GET /?path=//sys/class/net/lo/subsystem/lo/subsystem/eth0/device/net/eth0/device/subsystem/devices/virtio0/driver/virtio0/subsystem/drivers/virtio_net/module/drivers/virtio:virtio_net/virtio0/net/eth0 HTTP/1.1" 200 3784 "-" "Mozilla/5.0 AppleWebKit/537.36 (KHTML, like Gecko; compatible; GPTBot/1.2; +https://openai.com/gptbot)"
57.141.2.24 - - [03/Nov/2025:12:06:38 +0000] "GET /wp-json/wp/v2/posts/34358?fileloc=/home/nakedfoamlojoweb/public_html/wp-includes/class-wp-http-proxy.php&path=/home/nakedfoamlojoweb/public_html/wp-includes HTTP/1.1" 200 18601 "-" "meta-externalagent/1.1 (+https://developers.facebook.com/docs/sharing/webmasters/crawler)"
74.7.227.82 - - [03/Nov/2025:12:06:39 +0000] "GET /?path=//sys/class/net/lo/subsystem/lo/subsystem/eth0/device/net/eth0/device/subsystem/drivers/virtio_scsi/module/drivers/virtio:virtio_scsi/virtio1/host0/subsystem/devices/host0/subsystem HTTP/1.1" 200 2885 "-" "Mozilla/5.0 AppleWebKit/537.36 (KHTML, like Gecko; compatible; GPTBot/1.2; +https://openai.com/gptbot)"
217.113.194.186 - - [03/Nov/2025:12:06:40 +0000] "GET /tag/cs-go/feed/?path=/home/cpp HTTP/1.1" 200 12700 "-" "Mozilla/5.0 (compatible; Barkrowler/0.9; +https://babbar.tech/crawler)"
57.141.2.87 - - [03/Nov/2025:12:06:41 +0000] "GET /wp-json/wp/v2/posts/29941?fileloc=/home/nakedfoamlojoweb/public_html/wp-includes/class-wp-rewrite.php&path=/home/nakedfoamlojoweb/public_html/wp-includes HTTP/1.1" 200 77792 "-" "meta-externalagent/1.1 (+https://developers.facebook.com/docs/sharing/webmasters/crawler)"
74.7.227.82 - - [03/Nov/2025:12:06:41 +0000] "GET /?path=//sys/class/net/lo/subsystem/lo/subsystem/eth0/device/net/eth0/device/subsystem/devices/virtio0/driver/module/drivers/virtio:virtio_net/virtio0/subsystem/drivers/virtio_rproc_serial/module HTTP/1.1" 200 3078 "-" "Mozilla/5.0 AppleWebKit/537.36 (KHTML, like Gecko; compatible; GPTBot/1.2; +https://openai.com/gptbot)"
74.7.227.82 - - [03/Nov/2025:12:06:45 +0000] "GET /?path=//sys/class/net/lo/subsystem/lo/subsystem/eth0/device/net/eth0/device/subsystem/devices/virtio2/subsystem/drivers/virtio_scsi/virtio1/driver/module/drivers/virtio:virtio_scsi HTTP/1.1" 200 2871 "-" "Mozilla/5.0 AppleWebKit/537.36 (KHTML, like Gecko; compatible; GPTBot/1.2; +https://openai.com/gptbot)"
74.7.227.82 - - [03/Nov/2025:12:06:48 +0000] "GET /?path=//sys/class/net/lo/subsystem/lo/subsystem/eth0/device/net/eth0/device/driver/virtio0/subsystem/devices/virtio1/subsystem/drivers/virtio_scsi/module/drivers/virtio:virtio_scsi/virtio1 HTTP/1.1" 200 3004 "-" "Mozilla/5.0 AppleWebKit/537.36 (KHTML, like Gecko; compatible; GPTBot/1.2; +https://openai.com/gptbot)"
74.7.227.82 - - [03/Nov/2025:12:06:51 +0000] "GET /?path=//sys/class/net/lo/subsystem/lo/subsystem/eth0/device/net/eth0/device/subsystem/drivers/virtio_net/virtio0/driver/virtio0/subsystem/devices/virtio1/driver/module/drivers/virtio:virtio_scsi HTTP/1.1" 200 2901 "-" "Mozilla/5.0 AppleWebKit/537.36 (KHTML, like Gecko; compatible; GPTBot/1.2; +https://openai.com/gptbot)"
47.128.37.144 - - [03/Nov/2025:12:06:53 +0000] "GET /the-authentic-sole-is-extra-defined-than-the-reproduction-one/?fileloc=%2F%2Fproc%2F82%2Fmountstats&path=%2F%2Fproc%2F82 HTTP/1.1" 200 2253 "-" "Mozilla/5.0 (Linux; Android 5.0) AppleWebKit/537.36 (KHTML, like Gecko) Mobile Safari/537.36 (compatible; Bytespider; spider-feedback@bytedance.com)"
74.7.227.82 - - [03/Nov/2025:12:06:54 +0000] "GET /?path=//sys/class/net/lo/subsystem/lo/subsystem/eth0/device/net/eth0/device/driver/virtio0/driver/virtio0/subsystem/devices/virtio2/driver/module/drivers/virtio:virtio_rproc_serial HTTP/1.1" 200 2851 "-" "Mozilla/5.0 AppleWebKit/537.36 (KHTML, like Gecko; compatible; GPTBot/1.2; +https://openai.com/gptbot)"
57.141.2.38 - - [03/Nov/2025:12:06:56 +0000] "GET /wp-json/wp/v2/posts/32983?fileloc=/home/nakedfoamlojoweb/public_html/wp-includes/wp-db.php&path=/home/nakedfoamlojoweb/public_html/wp-includes HTTP/1.1" 200 12947 "-" "meta-externalagent/1.1 (+https://developers.facebook.com/docs/sharing/webmasters/crawler)"
217.113.194.190 - - [03/Nov/2025:12:06:56 +0000] "GET /tag/cs-go/feed/?path=/home/mammoth HTTP/1.1" 200 12708 "-" "Mozilla/5.0 (compatible; Barkrowler/0.9; +https://babbar.tech/crawler)"
74.7.227.82 - - [03/Nov/2025:12:06:57 +0000] "GET /?path=//sys/class/net/lo/subsystem/lo/subsystem/eth0/device/net/eth0/device/subsystem/devices/virtio0/driver/virtio0/subsystem/drivers/virtio_net/module/drivers/virtio:virtio_net/virtio0/net/eth0/queues HTTP/1.1" 200 2769 "-" "Mozilla/5.0 AppleWebKit/537.36 (KHTML, like Gecko; compatible; GPTBot/1.2; +https://openai.com/gptbot)"
74.7.227.82 - - [03/Nov/2025:12:07:01 +0000] "GET /?path=//sys/class/net/lo/subsystem/lo/subsystem/eth0/device/net/eth0/device/subsystem/devices/virtio0/driver/module/drivers/virtio:virtio_net/virtio0/subsystem/drivers/virtio_rproc_serial/module/sections HTTP/1.1" 200 3364 "-" "Mozilla/5.0 AppleWebKit/537.36 (KHTML, like Gecko; compatible; GPTBot/1.2; +https://openai.com/gptbot)"
57.141.2.26 - - [03/Nov/2025:12:07:02 +0000] "GET /wp-json/wp/v2/posts/34996?fileloc=/home/nakedfoamlojoweb/public_html/wp-includes/class-walker-page-dropdown.php&path=/home/nakedfoamlojoweb/public_html/wp-includes HTTP/1.1" 200 15334 "-" "meta-externalagent/1.1 (+https://developers.facebook.com/docs/sharing/webmasters/crawler)"
74.7.227.82 - - [03/Nov/2025:12:07:05 +0000] "GET /?path=//sys/class/net/lo/subsystem/lo/subsystem/eth0/device/net/eth0/device/subsystem/devices/virtio0/driver/module/drivers/virtio:virtio_net/virtio0/subsystem/drivers/virtio_rproc_serial/module/notes HTTP/1.1" 200 2773 "-" "Mozilla/5.0 AppleWebKit/537.36 (KHTML, like Gecko; compatible; GPTBot/1.2; +https://openai.com/gptbot)"
74.7.227.82 - - [03/Nov/2025:12:07:08 +0000] "GET /?path=//sys/class/net/lo/subsystem/lo/subsystem/eth0/device/net/eth0/device/driver/virtio0/subsystem/drivers/virtio_scsi/module/drivers/virtio:virtio_scsi/virtio1/driver/virtio1/driver/module/holders HTTP/1.1" 200 2494 "-" "Mozilla/5.0 AppleWebKit/537.36 (KHTML, like Gecko; compatible; GPTBot/1.2; +https://openai.com/gptbot)"
74.7.227.82 - - [03/Nov/2025:12:07:10 +0000] "GET /?path=//sys/class/net/lo/subsystem/lo/subsystem/eth0/device/net/eth0/device/subsystem/devices/virtio0/driver/module/drivers/virtio:virtio_net/virtio0/subsystem/drivers/virtio_rproc_serial/module/holders HTTP/1.1" 200 2498 "-" "Mozilla/5.0 AppleWebKit/537.36 (KHTML, like Gecko; compatible; GPTBot/1.2; +https://openai.com/gptbot)"
74.7.227.82 - - [03/Nov/2025:12:07:13 +0000] "GET /?path=//sys/class/net/lo/subsystem/lo/subsystem/eth0/device/net/eth0/device/subsystem/devices/virtio0/driver/module/drivers/virtio:virtio_net/virtio0/subsystem/drivers/virtio_rproc_serial/module/drivers HTTP/1.1" 200 2774 "-" "Mozilla/5.0 AppleWebKit/537.36 (KHTML, like Gecko; compatible; GPTBot/1.2; +https://openai.com/gptbot)"
74.7.227.82 - - [03/Nov/2025:12:07:16 +0000] "GET /?path=//sys/class/net/lo/subsystem/lo/subsystem/eth0/device/net/eth0/device/subsystem/devices/virtio0/driver/virtio0/subsystem/drivers/virtio_net/module/drivers/virtio:virtio_net/virtio0/net/eth0/device HTTP/1.1" 200 3028 "-" "Mozilla/5.0 AppleWebKit/537.36 (KHTML, like Gecko; compatible; GPTBot/1.2; +https://openai.com/gptbot)"
74.7.227.82 - - [03/Nov/2025:12:07:19 +0000] "GET /?path=//sys/class/net/lo/subsystem/lo/subsystem/eth0/device/net/eth0/device/subsystem/devices/virtio0/driver/virtio0/subsystem/drivers/virtio_net/module/drivers/virtio:virtio_net/virtio0/net/eth0/statistics HTTP/1.1" 200 3328 "-" "Mozilla/5.0 AppleWebKit/537.36 (KHTML, like Gecko; compatible; GPTBot/1.2; +https://openai.com/gptbot)"
74.7.227.82 - - [03/Nov/2025:12:07:22 +0000] "GET /?path=//sys/class/net/lo/subsystem/lo/subsystem/eth0/device/net/eth0/device/subsystem/devices/virtio2/subsystem/drivers/virtio_scsi/virtio1/driver/module/drivers/virtio:virtio_scsi/module HTTP/1.1" 200 3055 "-" "Mozilla/5.0 AppleWebKit/537.36 (KHTML, like Gecko; compatible; GPTBot/1.2; +https://openai.com/gptbot)"
74.7.227.82 - - [03/Nov/2025:12:07:24 +0000] "GET /?fileloc=//sys/class/net/lo/subsystem/lo/subsystem/eth0/device/net/eth0/device/subsystem/drivers/virtio_scsi/module/drivers/virtio:virtio_scsi/virtio1/host0/subsystem/devices/host0/subsystem/uevent&path=//sys/class/net/lo/subsystem/lo/subsystem/eth0/device/net/eth0/device/subsystem/drivers/virtio_scsi/module/drivers/virtio:virtio_scsi/virtio1/host0/subsystem/devices/host0/subsystem HTTP/1.1" 200 2429 "-" "Mozilla/5.0 AppleWebKit/537.36 (KHTML, like Gecko; compatible; GPTBot/1.2; +https://openai.com/gptbot)"
57.141.2.60 - - [03/Nov/2025:12:07:25 +0000] "GET /wp-json/oembed/1.0/embed?fileloc=/home/nakedfoamlojoweb/public_html/wp-includes/vars.php&path=/home/nakedfoamlojoweb/public_html/wp-includes HTTP/1.1" 200 19120 "-" "meta-externalagent/1.1 (+https://developers.facebook.com/docs/sharing/webmasters/crawler)"
47.128.62.161 - - [03/Nov/2025:12:07:27 +0000] "GET /the-leather-tote-bag-features-a-compact-card-holder/?fileloc=%2F%2Fetc%2Fmailips&path=%2F%2Fetc HTTP/1.1" 200 2242 "-" "Mozilla/5.0 (Linux; Android 5.0) AppleWebKit/537.36 (KHTML, like Gecko) Mobile Safari/537.36 (compatible; Bytespider; spider-feedback@bytedance.com)"
74.7.227.82 - - [03/Nov/2025:12:07:28 +0000] "GET /?path=//sys/class/net/lo/subsystem/lo/subsystem/eth0/device/net/eth0/device/driver/virtio0/subsystem/devices/virtio1/subsystem/drivers/virtio_scsi/module/drivers/virtio:virtio_scsi/virtio1/power HTTP/1.1" 200 2902 "-" "Mozilla/5.0 AppleWebKit/537.36 (KHTML, like Gecko; compatible; GPTBot/1.2; +https://openai.com/gptbot)"
74.7.227.82 - - [03/Nov/2025:12:07:30 +0000] "GET /?path=//sys/class/net/lo/subsystem/lo/subsystem/eth0/device/net/eth0/device/driver/virtio0/driver/virtio0/subsystem/devices/virtio2/driver/module/drivers/virtio:virtio_rproc_serial/module HTTP/1.1" 200 3074 "-" "Mozilla/5.0 AppleWebKit/537.36 (KHTML, like Gecko; compatible; GPTBot/1.2; +https://openai.com/gptbot)"
74.7.227.82 - - [03/Nov/2025:12:07:33 +0000] "GET /?path=//sys/class/net/lo/subsystem/lo/subsystem/eth0/device/net/eth0/device/subsystem/devices/virtio0/driver/virtio0/subsystem/drivers/virtio_net/module/drivers/virtio:virtio_net/virtio0/net/eth0/power HTTP/1.1" 200 2912 "-" "Mozilla/5.0 AppleWebKit/537.36 (KHTML, like Gecko; compatible; GPTBot/1.2; +https://openai.com/gptbot)"
74.7.227.82 - - [03/Nov/2025:12:07:35 +0000] "GET /?path=//sys/class/net/eth0/subsystem/lo/subsystem/eth0/device/net/eth0/device/subsystem/devices/virtio1/driver/module/drivers/virtio:virtio_scsi/virtio1/subsystem/drivers/virtio_scsi HTTP/1.1" 200 2886 "-" "Mozilla/5.0 AppleWebKit/537.36 (KHTML, like Gecko; compatible; GPTBot/1.2; +https://openai.com/gptbot)"
57.141.2.88 - - [03/Nov/2025:12:07:36 +0000] "GET /wp-json/wp/v2/posts/31050?fileloc=/home/nakedfoamlojoweb/public_html/wp-includes/class-wp-block-supports.php&path=/home/nakedfoamlojoweb/public_html/wp-includes HTTP/1.1" 200 18232 "-" "meta-externalagent/1.1 (+https://developers.facebook.com/docs/sharing/webmasters/crawler)"
57.141.2.36 - - [03/Nov/2025:12:07:37 +0000] "GET /wp-json/wp/v2/posts/8020?path=/ HTTP/1.1" 200 47293 "-" "meta-externalagent/1.1 (+https://developers.facebook.com/docs/sharing/webmasters/crawler)"
74.7.227.82 - - [03/Nov/2025:12:07:38 +0000] "GET /?fileloc=//sys/class/net/lo/subsystem/lo/subsystem/eth0/device/net/eth0/device/subsystem/devices/virtio0/driver/virtio0/subsystem/drivers/virtio_net/module/drivers/virtio:virtio_net/virtio0/net/eth0/statistics/rx_crc_errors&path=//sys/class/net/lo/subsystem/lo/subsystem/eth0/device/net/eth0/device/subsystem/devices/virtio0/driver/virtio0/subsystem/drivers/virtio_net/module/drivers/virtio:virtio_net/virtio0/net/eth0/statistics HTTP/1.1" 200 2461 "-" "Mozilla/5.0 AppleWebKit/537.36 (KHTML, like Gecko; compatible; GPTBot/1.2; +https://openai.com/gptbot)"
74.7.227.82 - - [03/Nov/2025:12:07:41 +0000] "GET /?path=//sys/class/net/lo/subsystem/lo/subsystem/eth0/device/net/eth0/device/subsystem/devices/virtio2/subsystem/drivers/virtio_scsi/virtio1/driver/module/drivers/virtio:virtio_scsi/module/notes HTTP/1.1" 200 2756 "-" "Mozilla/5.0 AppleWebKit/537.36 (KHTML, like Gecko; compatible; GPTBot/1.2; +https://openai.com/gptbot)"
74.7.227.82 - - [03/Nov/2025:12:07:43 +0000] "GET /?path=//sys/class/net/lo/subsystem/lo/subsystem/eth0/device/net/eth0/device/subsystem/devices/virtio2/subsystem/drivers/virtio_scsi/virtio1/driver/module/drivers/virtio:virtio_scsi/module/drivers HTTP/1.1" 200 2726 "-" "Mozilla/5.0 AppleWebKit/537.36 (KHTML, like Gecko; compatible; GPTBot/1.2; +https://openai.com/gptbot)"
57.141.2.17 - - [03/Nov/2025:12:07:43 +0000] "GET /wp-json/wp/v2/posts/34156?fileloc=/home/nakedfoamlojoweb/public_html/wp-includes/ms-functions.php&path=/home/nakedfoamlojoweb/public_html/wp-includes HTTP/1.1" 200 105586 "-" "meta-externalagent/1.1 (+https://developers.facebook.com/docs/sharing/webmasters/crawler)"
74.7.227.82 - - [03/Nov/2025:12:07:46 +0000] "GET /?path=//sys/class/net/lo/subsystem/lo/subsystem/eth0/device/net/eth0/device/subsystem/devices/virtio2/subsystem/drivers/virtio_scsi/virtio1/driver/module/drivers/virtio:virtio_scsi/module/holders HTTP/1.1" 200 2490 "-" "Mozilla/5.0 AppleWebKit/537.36 (KHTML, like Gecko; compatible; GPTBot/1.2; +https://openai.com/gptbot)"
216.73.216.105 - - [03/Nov/2025:12:07:47 +0000] "GET /lvbet-partner-comprehensive-guide-to-the-affiliate?fileloc=%2Fhome%2Fnakedfoamlojoweb%2Fpublic_html%2Fwp-includes%2Fblocks%2Fsocial-links%2Fstyle-rtl.min.css&path=%2Fhome%2Fnakedfoamlojoweb%2Fpublic_html%2Fwp-includes%2Fblocks%2Fsocial-links HTTP/1.1" 200 3746 "-" "Mozilla/5.0 AppleWebKit/537.36 (KHTML, like Gecko; compatible; ClaudeBot/1.0; +claudebot@anthropic.com)"
216.73.216.105 - - [03/Nov/2025:12:07:47 +0000] "GET /lvbet-partner-comprehensive-guide-to-the-affiliate?fileloc=%2Fhome%2Fnakedfoamlojoweb%2Fpublic_html%2Fwp-includes%2Fblocks%2Fsite-logo%2F.htaccess&path=%2Fhome%2Fnakedfoamlojoweb%2Fpublic_html%2Fwp-includes%2Fblocks%2Fsite-logo HTTP/1.1" 200 2388 "-" "Mozilla/5.0 AppleWebKit/537.36 (KHTML, like Gecko; compatible; ClaudeBot/1.0; +claudebot@anthropic.com)"
216.73.216.105 - - [03/Nov/2025:12:07:48 +0000] "GET /lvbet-partner-comprehensive-guide-to-the-affiliate?fileloc=%2Fhome%2Fnakedfoamlojoweb%2Fpublic_html%2Fwp-includes%2Fblocks%2Ffootnotes%2Fblock.json&path=%2Fhome%2Fnakedfoamlojoweb%2Fpublic_html%2Fwp-includes%2Fblocks%2Ffootnotes HTTP/1.1" 200 2746 "-" "Mozilla/5.0 AppleWebKit/537.36 (KHTML, like Gecko; compatible; ClaudeBot/1.0; +claudebot@anthropic.com)"
217.113.194.190 - - [03/Nov/2025:12:07:12 +0000] "GET /tag/cs-go/?path=//lib64 HTTP/1.1" 200 1022958 "-" "Mozilla/5.0 (compatible; Barkrowler/0.9; +https://babbar.tech/crawler)"
216.73.216.105 - - [03/Nov/2025:12:07:48 +0000] "GET /lvbet-partner-comprehensive-guide-to-the-affiliate?fileloc=%2Fhome%2Fnakedfoamlojoweb%2Fpublic_html%2Fwp-includes%2Fblocks%2Fsocial-links%2Fstyle.css&path=%2Fhome%2Fnakedfoamlojoweb%2Fpublic_html%2Fwp-includes%2Fblocks%2Fsocial-links HTTP/1.1" 200 3787 "-" "Mozilla/5.0 AppleWebKit/537.36 (KHTML, like Gecko; compatible; ClaudeBot/1.0; +claudebot@anthropic.com)"
216.73.216.105 - - [03/Nov/2025:12:07:49 +0000] "GET /lvbet-partner-comprehensive-guide-to-the-affiliate?fileloc=%2Fhome%2Fnakedfoamlojoweb%2Fpublic_html%2Fwp-includes%2Fblocks%2Fgallery%2Fstyle-rtl.min.css&path=%2Fhome%2Fnakedfoamlojoweb%2Fpublic_html%2Fwp-includes%2Fblocks%2Fgallery HTTP/1.1" 200 3946 "-" "Mozilla/5.0 AppleWebKit/537.36 (KHTML, like Gecko; compatible; ClaudeBot/1.0; +claudebot@anthropic.com)"
216.73.216.105 - - [03/Nov/2025:12:07:49 +0000] "GET /lvbet-partner-comprehensive-guide-to-the-affiliate?fileloc=%2Fhome%2Fnakedfoamlojoweb%2Fpublic_html%2Fwp-content%2Fuploads%2F2024%2F.htaccess&path=%2Fhome%2Fnakedfoamlojoweb%2Fpublic_html%2Fwp-content%2Fuploads%2F2024 HTTP/1.1" 200 2386 "-" "Mozilla/5.0 AppleWebKit/537.36 (KHTML, like Gecko; compatible; ClaudeBot/1.0; +claudebot@anthropic.com)"
74.7.227.82 - - [03/Nov/2025:12:07:49 +0000] "GET /?fileloc=//sys/class/net/lo/subsystem/lo/subsystem/eth0/device/net/eth0/device/driver/virtio0/subsystem/devices/virtio1/subsystem/drivers/virtio_scsi/module/drivers/virtio:virtio_scsi/virtio1/power/autosuspend_delay_ms&path=//sys/class/net/lo/subsystem/lo/subsystem/eth0/device/net/eth0/device/driver/virtio0/subsystem/devices/virtio1/subsystem/drivers/virtio_scsi/module/drivers/virtio:virtio_scsi/virtio1/power HTTP/1.1" 200 2454 "-" "Mozilla/5.0 AppleWebKit/537.36 (KHTML, like Gecko; compatible; GPTBot/1.2; +https://openai.com/gptbot)"
216.73.216.105 - - [03/Nov/2025:12:07:50 +0000] "GET /lvbet-partner-comprehensive-guide-to-the-affiliate?fileloc=%2Fhome%2Fnakedfoamlojoweb%2Fpublic_html%2Fwp-includes%2Fblocks%2Fverse%2Fstyle.min.css&path=%2Fhome%2Fnakedfoamlojoweb%2Fpublic_html%2Fwp-includes%2Fblocks%2Fverse HTTP/1.1" 200 2345 "-" "Mozilla/5.0 AppleWebKit/537.36 (KHTML, like Gecko; compatible; ClaudeBot/1.0; +claudebot@anthropic.com)"
216.73.216.105 - - [03/Nov/2025:12:07:50 +0000] "GET /lvbet-partner-comprehensive-guide-to-the-affiliate?fileloc=%2Fhome%2Fnakedfoamlojoweb%2Fpublic_html%2Fwp-includes%2Fblocks%2Fgallery%2Fstyle.css&path=%2Fhome%2Fnakedfoamlojoweb%2Fpublic_html%2Fwp-includes%2Fblocks%2Fgallery HTTP/1.1" 200 3999 "-" "Mozilla/5.0 AppleWebKit/537.36 (KHTML, like Gecko; compatible; ClaudeBot/1.0; +claudebot@anthropic.com)"
216.73.216.105 - - [03/Nov/2025:12:07:51 +0000] "GET /lvbet-partner-comprehensive-guide-to-the-affiliate?fileloc=%2Fhome%2Fnakedfoamlojoweb%2Fpublic_html%2Fwp-includes%2Fblocks%2Fvideo%2Fstyle-rtl.min.css&path=%2Fhome%2Fnakedfoamlojoweb%2Fpublic_html%2Fwp-includes%2Fblocks%2Fvideo HTTP/1.1" 200 2411 "-" "Mozilla/5.0 AppleWebKit/537.36 (KHTML, like Gecko; compatible; ClaudeBot/1.0; +claudebot@anthropic.com)"
216.73.216.105 - - [03/Nov/2025:12:07:51 +0000] "GET /lvbet-partner-comprehensive-guide-to-the-affiliate?fileloc=%2Fhome%2Fnakedfoamlojoweb%2Fpublic_html%2Fwp-includes%2Fblocks%2Fspacer%2Fstyle-rtl.min.css&path=%2Fhome%2Fnakedfoamlojoweb%2Fpublic_html%2Fwp-includes%2Fblocks%2Fspacer HTTP/1.1" 200 2318 "-" "Mozilla/5.0 AppleWebKit/537.36 (KHTML, like Gecko; compatible; ClaudeBot/1.0; +claudebot@anthropic.com)"
216.73.216.105 - - [03/Nov/2025:12:07:51 +0000] "GET /lvbet-partner-comprehensive-guide-to-the-affiliate?fileloc=%2Fhome%2Fnakedfoamlojoweb%2Fpublic_html%2Fwp-includes%2Fblocks%2Fparagraph%2Fstyle.min.css&path=%2Fhome%2Fnakedfoamlojoweb%2Fpublic_html%2Fwp-includes%2Fblocks%2Fparagraph HTTP/1.1" 200 2559 "-" "Mozilla/5.0 AppleWebKit/537.36 (KHTML, like Gecko; compatible; ClaudeBot/1.0; +claudebot@anthropic.com)"
216.73.216.105 - - [03/Nov/2025:12:07:51 +0000] "GET /lvbet-partner-comprehensive-guide-to-the-affiliate?fileloc=%2Fhome%2Fnakedfoamlojoweb%2Fpublic_html%2Fwp-includes%2Fblocks%2Fcomment-author-name%2Fstyle.min.css&path=%2Fhome%2Fnakedfoamlojoweb%2Fpublic_html%2Fwp-includes%2Fblocks%2Fcomment-author-name HTTP/1.1" 200 2324 "-" "Mozilla/5.0 AppleWebKit/537.36 (KHTML, like Gecko; compatible; ClaudeBot/1.0; +claudebot@anthropic.com)"
216.73.216.105 - - [03/Nov/2025:12:07:52 +0000] "GET /lvbet-partner-comprehensive-guide-to-the-affiliate?fileloc=%2Fhome%2Fnakedfoamlojoweb%2Fpublic_html%2Fwp-content%2Fuploads%2Fao_ccss%2F.htaccess&path=%2Fhome%2Fnakedfoamlojoweb%2Fpublic_html%2Fwp-content%2Fuploads%2Fao_ccss HTTP/1.1" 200 2388 "-" "Mozilla/5.0 AppleWebKit/537.36 (KHTML, like Gecko; compatible; ClaudeBot/1.0; +claudebot@anthropic.com)"
216.73.216.105 - - [03/Nov/2025:12:07:52 +0000] "GET /lvbet-partner-comprehensive-guide-to-the-affiliate?fileloc=%2Fhome%2Fnakedfoamlojoweb%2Fpublic_html%2Fwp-includes%2Fblocks%2Fvideo%2Fstyle.css&path=%2Fhome%2Fnakedfoamlojoweb%2Fpublic_html%2Fwp-includes%2Fblocks%2Fvideo HTTP/1.1" 200 2419 "-" "Mozilla/5.0 AppleWebKit/537.36 (KHTML, like Gecko; compatible; ClaudeBot/1.0; +claudebot@anthropic.com)"
74.7.227.82 - - [03/Nov/2025:12:07:52 +0000] "GET /?path=//sys/class/net/lo/subsystem/lo/subsystem/eth0/device/net/eth0/device/subsystem/devices/virtio2/subsystem/drivers/virtio_scsi/virtio1/driver/module/drivers/virtio:virtio_scsi/module/sections HTTP/1.1" 200 3282 "-" "Mozilla/5.0 AppleWebKit/537.36 (KHTML, like Gecko; compatible; GPTBot/1.2; +https://openai.com/gptbot)"
216.73.216.105 - - [03/Nov/2025:12:07:52 +0000] "GET /lvbet-partner-comprehensive-guide-to-the-affiliate?fileloc=%2Fhome%2Fnakedfoamlojoweb%2Fpublic_html%2Fwp-includes%2Fblocks%2Fspacer%2Fstyle.css&path=%2Fhome%2Fnakedfoamlojoweb%2Fpublic_html%2Fwp-includes%2Fblocks%2Fspacer HTTP/1.1" 200 2314 "-" "Mozilla/5.0 AppleWebKit/537.36 (KHTML, like Gecko; compatible; ClaudeBot/1.0; +claudebot@anthropic.com)"
216.73.216.105 - - [03/Nov/2025:12:07:52 +0000] "GET /lvbet-partner-comprehensive-guide-to-the-affiliate?fileloc=%2Fhome%2Fnakedfoamlojoweb%2Fpublic_html%2Fwp-includes%2Fblocks%2Fgallery%2Ftheme.min.css&path=%2Fhome%2Fnakedfoamlojoweb%2Fpublic_html%2Fwp-includes%2Fblocks%2Fgallery HTTP/1.1" 200 2345 "-" "Mozilla/5.0 AppleWebKit/537.36 (KHTML, like Gecko; compatible; ClaudeBot/1.0; +claudebot@anthropic.com)"
216.73.216.105 - - [03/Nov/2025:12:07:53 +0000] "GET /lvbet-partner-comprehensive-guide-to-the-affiliate?fileloc=%2Fhome%2Fnakedfoamlojoweb%2Fpublic_html%2Fwp-includes%2Fblocks%2Faudio%2Fstyle.min.css&path=%2Fhome%2Fnakedfoamlojoweb%2Fpublic_html%2Fwp-includes%2Fblocks%2Faudio HTTP/1.1" 200 2359 "-" "Mozilla/5.0 AppleWebKit/537.36 (KHTML, like Gecko; compatible; ClaudeBot/1.0; +claudebot@anthropic.com)"
216.73.216.105 - - [03/Nov/2025:12:07:53 +0000] "GET /lvbet-partner-comprehensive-guide-to-the-affiliate?fileloc=%2Fhome%2Fnakedfoamlojoweb%2Fpublic_html%2Fwp-includes%2Fblocks%2Fheading%2Fstyle.min.css&path=%2Fhome%2Fnakedfoamlojoweb%2Fpublic_html%2Fwp-includes%2Fblocks%2Fheading HTTP/1.1" 200 2426 "-" "Mozilla/5.0 AppleWebKit/537.36 (KHTML, like Gecko; compatible; ClaudeBot/1.0; +claudebot@anthropic.com)"
216.73.216.105 - - [03/Nov/2025:12:07:53 +0000] "GET /lvbet-partner-comprehensive-guide-to-the-affiliate?fileloc=%2Fhome%2Fnakedfoamlojoweb%2Fpublic_html%2Fwp-includes%2Fblocks%2Fgroup%2Fstyle.min.css&path=%2Fhome%2Fnakedfoamlojoweb%2Fpublic_html%2Fwp-includes%2Fblocks%2Fgroup HTTP/1.1" 200 2348 "-" "Mozilla/5.0 AppleWebKit/537.36 (KHTML, like Gecko; compatible; ClaudeBot/1.0; +claudebot@anthropic.com)"
216.73.216.105 - - [03/Nov/2025:12:07:53 +0000] "GET /lvbet-partner-comprehensive-guide-to-the-affiliate?fileloc=%2Fhome%2Fnakedfoamlojoweb%2Fpublic_html%2Fwp-includes%2Fblocks%2Ffile%2Fstyle.min.css&path=%2Fhome%2Fnakedfoamlojoweb%2Fpublic_html%2Fwp-includes%2Fblocks%2Ffile HTTP/1.1" 200 2485 "-" "Mozilla/5.0 AppleWebKit/537.36 (KHTML, like Gecko; compatible; ClaudeBot/1.0; +claudebot@anthropic.com)"
216.73.216.105 - - [03/Nov/2025:12:07:54 +0000] "GET /lvbet-partner-comprehensive-guide-to-the-affiliate?fileloc=%2Fhome%2Fnakedfoamlojoweb%2Fpublic_html%2Fwp-includes%2Fblocks%2Fvideo%2Ftheme.min.css&path=%2Fhome%2Fnakedfoamlojoweb%2Fpublic_html%2Fwp-includes%2Fblocks%2Fvideo HTTP/1.1" 200 2368 "-" "Mozilla/5.0 AppleWebKit/537.36 (KHTML, like Gecko; compatible; ClaudeBot/1.0; +claudebot@anthropic.com)"
216.73.216.105 - - [03/Nov/2025:12:07:54 +0000] "GET /lvbet-partner-comprehensive-guide-to-the-affiliate?fileloc=%2Fhome%2Fnakedfoamlojoweb%2Fpublic_html%2Fwp-content%2Fuploads%2F2021%2F.htaccess&path=%2Fhome%2Fnakedfoamlojoweb%2Fpublic_html%2Fwp-content%2Fuploads%2F2021 HTTP/1.1" 200 2386 "-" "Mozilla/5.0 AppleWebKit/537.36 (KHTML, like Gecko; compatible; ClaudeBot/1.0; +claudebot@anthropic.com)"
216.73.216.105 - - [03/Nov/2025:12:07:54 +0000] "GET /lvbet-partner-comprehensive-guide-to-the-affiliate?fileloc=%2Fhome%2Fnakedfoamlojoweb%2Fpublic_html%2Fwp-includes%2Fblocks%2Fquote%2Fstyle-rtl.min.css&path=%2Fhome%2Fnakedfoamlojoweb%2Fpublic_html%2Fwp-includes%2Fblocks%2Fquote HTTP/1.1" 200 2449 "-" "Mozilla/5.0 AppleWebKit/537.36 (KHTML, like Gecko; compatible; ClaudeBot/1.0; +claudebot@anthropic.com)"
216.73.216.105 - - [03/Nov/2025:12:07:54 +0000] "GET /lvbet-partner-comprehensive-guide-to-the-affiliate?fileloc=%2Fhome%2Fnakedfoamlojoweb%2Fpublic_html%2Fwp-includes%2Fblocks%2Fcalendar%2Fstyle-rtl.min.css&path=%2Fhome%2Fnakedfoamlojoweb%2Fpublic_html%2Fwp-includes%2Fblocks%2Fcalendar HTTP/1.1" 200 2452 "-" "Mozilla/5.0 AppleWebKit/537.36 (KHTML, like Gecko; compatible; ClaudeBot/1.0; +claudebot@anthropic.com)"
216.73.216.105 - - [03/Nov/2025:12:07:54 +0000] "GET /lvbet-partner-comprehensive-guide-to-the-affiliate?fileloc=%2Fhome%2Fnakedfoamlojoweb%2Fpublic_html%2Fwp-includes%2Fblocks%2Fmedia-text%2Fstyle-rtl.min.css&path=%2Fhome%2Fnakedfoamlojoweb%2Fpublic_html%2Fwp-includes%2Fblocks%2Fmedia-text HTTP/1.1" 200 2726 "-" "Mozilla/5.0 AppleWebKit/537.36 (KHTML, like Gecko; compatible; ClaudeBot/1.0; +claudebot@anthropic.com)"
216.73.216.105 - - [03/Nov/2025:12:07:54 +0000] "GET /lvbet-partner-comprehensive-guide-to-the-affiliate?fileloc=%2Fhome%2Fnakedfoamlojoweb%2Fpublic_html%2Fwp-includes%2Fblocks%2Fread-more%2Fstyle-rtl.min.css&path=%2Fhome%2Fnakedfoamlojoweb%2Fpublic_html%2Fwp-includes%2Fblocks%2Fread-more HTTP/1.1" 200 2370 "-" "Mozilla/5.0 AppleWebKit/537.36 (KHTML, like Gecko; compatible; ClaudeBot/1.0; +claudebot@anthropic.com)"
216.73.216.105 - - [03/Nov/2025:12:07:55 +0000] "GET /lvbet-partner-comprehensive-guide-to-the-affiliate?fileloc=%2Fhome%2Fnakedfoamlojoweb%2Fpublic_html%2Fwp-includes%2Fblocks%2Fquote%2Fstyle.css&path=%2Fhome%2Fnakedfoamlojoweb%2Fpublic_html%2Fwp-includes%2Fblocks%2Fquote HTTP/1.1" 200 2458 "-" "Mozilla/5.0 AppleWebKit/537.36 (KHTML, like Gecko; compatible; ClaudeBot/1.0; +claudebot@anthropic.com)"
216.73.216.105 - - [03/Nov/2025:12:07:55 +0000] "GET /lvbet-partner-comprehensive-guide-to-the-affiliate?fileloc=%2Fhome%2Fnakedfoamlojoweb%2Fpublic_html%2Fwp-content%2Fuploads%2F2023%2F.htaccess&path=%2Fhome%2Fnakedfoamlojoweb%2Fpublic_html%2Fwp-content%2Fuploads%2F2023 HTTP/1.1" 200 2386 "-" "Mozilla/5.0 AppleWebKit/537.36 (KHTML, like Gecko; compatible; ClaudeBot/1.0; +claudebot@anthropic.com)"
216.73.216.105 - - [03/Nov/2025:12:07:55 +0000] "GET /lvbet-partner-comprehensive-guide-to-the-affiliate?fileloc=%2Fhome%2Fnakedfoamlojoweb%2Fpublic_html%2Fwp-includes%2Fblocks%2Fcalendar%2Fstyle.css&path=%2Fhome%2Fnakedfoamlojoweb%2Fpublic_html%2Fwp-includes%2Fblocks%2Fcalendar HTTP/1.1" 200 2456 "-" "Mozilla/5.0 AppleWebKit/537.36 (KHTML, like Gecko; compatible; ClaudeBot/1.0; +claudebot@anthropic.com)"
216.73.216.105 - - [03/Nov/2025:12:07:55 +0000] "GET /lvbet-partner-comprehensive-guide-to-the-affiliate?fileloc=%2Fhome%2Fnakedfoamlojoweb%2Fpublic_html%2Fwp-includes%2Fblocks%2Farchives%2Fstyle-rtl.min.css&path=%2Fhome%2Fnakedfoamlojoweb%2Fpublic_html%2Fwp-includes%2Fblocks%2Farchives HTTP/1.1" 200 2333 "-" "Mozilla/5.0 AppleWebKit/537.36 (KHTML, like Gecko; compatible; ClaudeBot/1.0; +claudebot@anthropic.com)"
216.73.216.105 - - [03/Nov/2025:12:07:55 +0000] "GET /lvbet-partner-comprehensive-guide-to-the-affiliate?fileloc=%2Fhome%2Fnakedfoamlojoweb%2Fpublic_html%2Fwp-includes%2Fblocks%2Fread-more%2Fstyle.css&path=%2Fhome%2Fnakedfoamlojoweb%2Fpublic_html%2Fwp-includes%2Fblocks%2Fread-more HTTP/1.1" 200 2369 "-" "Mozilla/5.0 AppleWebKit/537.36 (KHTML, like Gecko; compatible; ClaudeBot/1.0; +claudebot@anthropic.com)"
216.73.216.105 - - [03/Nov/2025:12:07:55 +0000] "GET /lvbet-partner-comprehensive-guide-to-the-affiliate?fileloc=%2Fhome%2Fnakedfoamlojoweb%2Fpublic_html%2Fwp-includes%2Fblocks%2Fmedia-text%2Fstyle.css&path=%2Fhome%2Fnakedfoamlojoweb%2Fpublic_html%2Fwp-includes%2Fblocks%2Fmedia-text HTTP/1.1" 200 2760 "-" "Mozilla/5.0 AppleWebKit/537.36 (KHTML, like Gecko; compatible; ClaudeBot/1.0; +claudebot@anthropic.com)"
216.73.216.105 - - [03/Nov/2025:12:07:56 +0000] "GET /lvbet-partner-comprehensive-guide-to-the-affiliate?fileloc=%2Fhome%2Fnakedfoamlojoweb%2Fpublic_html%2Fwp-includes%2Fblocks%2Fquote%2Ftheme.min.css&path=%2Fhome%2Fnakedfoamlojoweb%2Fpublic_html%2Fwp-includes%2Fblocks%2Fquote HTTP/1.1" 200 2451 "-" "Mozilla/5.0 AppleWebKit/537.36 (KHTML, like Gecko; compatible; ClaudeBot/1.0; +claudebot@anthropic.com)"
74.7.227.82 - - [03/Nov/2025:12:07:56 +0000] "GET /?path=//sys/class/net/lo/subsystem/lo/subsystem/eth0/device/net/eth0/device/driver/virtio0/driver/virtio0/subsystem/devices/virtio2/driver/module/drivers/virtio:virtio_rproc_serial/module/notes HTTP/1.1" 200 2764 "-" "Mozilla/5.0 AppleWebKit/537.36 (KHTML, like Gecko; compatible; GPTBot/1.2; +https://openai.com/gptbot)"
216.73.216.105 - - [03/Nov/2025:12:07:56 +0000] "GET /lvbet-partner-comprehensive-guide-to-the-affiliate?fileloc=%2Fhome%2Fnakedfoamlojoweb%2Fpublic_html%2Fwp-includes%2Fblocks%2Fpost-author%2Fstyle.min.css&path=%2Fhome%2Fnakedfoamlojoweb%2Fpublic_html%2Fwp-includes%2Fblocks%2Fpost-author HTTP/1.1" 200 2411 "-" "Mozilla/5.0 AppleWebKit/537.36 (KHTML, like Gecko; compatible; ClaudeBot/1.0; +claudebot@anthropic.com)"
216.73.216.105 - - [03/Nov/2025:12:07:56 +0000] "GET /lvbet-partner-comprehensive-guide-to-the-affiliate?fileloc=%2Fhome%2Fnakedfoamlojoweb%2Fpublic_html%2Fwp-includes%2Fblocks%2Fpost-author-name%2Fstyle-rtl.min.css&path=%2Fhome%2Fnakedfoamlojoweb%2Fpublic_html%2Fwp-includes%2Fblocks%2Fpost-author-name HTTP/1.1" 200 2327 "-" "Mozilla/5.0 AppleWebKit/537.36 (KHTML, like Gecko; compatible; ClaudeBot/1.0; +claudebot@anthropic.com)"
216.73.216.105 - - [03/Nov/2025:12:07:56 +0000] "GET /lvbet-partner-comprehensive-guide-to-the-affiliate?fileloc=%2Fhome%2Fnakedfoamlojoweb%2Fpublic_html%2Fwp-includes%2Fblocks%2Fpost-author-name%2Fstyle.css&path=%2Fhome%2Fnakedfoamlojoweb%2Fpublic_html%2Fwp-includes%2Fblocks%2Fpost-author-name HTTP/1.1" 200 2324 "-" "Mozilla/5.0 AppleWebKit/537.36 (KHTML, like Gecko; compatible; ClaudeBot/1.0; +claudebot@anthropic.com)"
216.73.216.105 - - [03/Nov/2025:12:07:56 +0000] "GET /lvbet-partner-comprehensive-guide-to-the-affiliate?fileloc=%2Fhome%2Fnakedfoamlojoweb%2Fpublic_html%2Fwp-includes%2Fblocks%2Farchives%2Fstyle.css&path=%2Fhome%2Fnakedfoamlojoweb%2Fpublic_html%2Fwp-includes%2Fblocks%2Farchives HTTP/1.1" 200 2332 "-" "Mozilla/5.0 AppleWebKit/537.36 (KHTML, like Gecko; compatible; ClaudeBot/1.0; +claudebot@anthropic.com)"
216.73.216.105 - - [03/Nov/2025:12:07:56 +0000] "GET /lvbet-partner-comprehensive-guide-to-the-affiliate?fileloc=%2Fhome%2Fnakedfoamlojoweb%2Fpublic_html%2Fwp-content%2Fuploads%2F2022%2F.htaccess&path=%2Fhome%2Fnakedfoamlojoweb%2Fpublic_html%2Fwp-content%2Fuploads%2F2022 HTTP/1.1" 200 2387 "-" "Mozilla/5.0 AppleWebKit/537.36 (KHTML, like Gecko; compatible; ClaudeBot/1.0; +claudebot@anthropic.com)"
216.73.216.105 - - [03/Nov/2025:12:07:56 +0000] "GET /lvbet-partner-comprehensive-guide-to-the-affiliate?fileloc=%2Fhome%2Fnakedfoamlojoweb%2Fpublic_html%2Fwp-includes%2Fblocks%2Favatar%2Fstyle.min.css&path=%2Fhome%2Fnakedfoamlojoweb%2Fpublic_html%2Fwp-includes%2Fblocks%2Favatar HTTP/1.1" 200 2343 "-" "Mozilla/5.0 AppleWebKit/537.36 (KHTML, like Gecko; compatible; ClaudeBot/1.0; +claudebot@anthropic.com)"
216.73.216.105 - - [03/Nov/2025:12:07:56 +0000] "GET /lvbet-partner-comprehensive-guide-to-the-affiliate?fileloc=%2Fhome%2Fnakedfoamlojoweb%2Fpublic_html%2Fwp-includes%2Fblocks%2Fdetails%2Feditor-rtl.min.css&path=%2Fhome%2Fnakedfoamlojoweb%2Fpublic_html%2Fwp-includes%2Fblocks%2Fdetails HTTP/1.1" 200 2324 "-" "Mozilla/5.0 AppleWebKit/537.36 (KHTML, like Gecko; compatible; ClaudeBot/1.0; +claudebot@anthropic.com)"
216.73.216.105 - - [03/Nov/2025:12:07:57 +0000] "GET /lvbet-partner-comprehensive-guide-to-the-affiliate?fileloc=%2Fhome%2Fnakedfoamlojoweb%2Fpublic_html%2Fwp-includes%2Fblocks%2Flist%2Fstyle-rtl.min.css&path=%2Fhome%2Fnakedfoamlojoweb%2Fpublic_html%2Fwp-includes%2Fblocks%2Flist HTTP/1.1" 200 2350 "-" "Mozilla/5.0 AppleWebKit/537.36 (KHTML, like Gecko; compatible; ClaudeBot/1.0; +claudebot@anthropic.com)"
216.73.216.105 - - [03/Nov/2025:12:07:57 +0000] "GET /lvbet-partner-comprehensive-guide-to-the-affiliate?fileloc=%2Fhome%2Fnakedfoamlojoweb%2Fpublic_html%2Fwp-includes%2Fblocks%2Flist%2Fstyle.css&path=%2Fhome%2Fnakedfoamlojoweb%2Fpublic_html%2Fwp-includes%2Fblocks%2Flist HTTP/1.1" 200 2352 "-" "Mozilla/5.0 AppleWebKit/537.36 (KHTML, like Gecko; compatible; ClaudeBot/1.0; +claudebot@anthropic.com)"
216.73.216.105 - - [03/Nov/2025:12:07:57 +0000] "GET /lvbet-partner-comprehensive-guide-to-the-affiliate?fileloc=%2Fhome%2Fnakedfoamlojoweb%2Fpublic_html%2Fwp-includes%2Fblocks%2Fembed%2Fstyle.min.css&path=%2Fhome%2Fnakedfoamlojoweb%2Fpublic_html%2Fwp-includes%2Fblocks%2Fembed HTTP/1.1" 200 2619 "-" "Mozilla/5.0 AppleWebKit/537.36 (KHTML, like Gecko; compatible; ClaudeBot/1.0; +claudebot@anthropic.com)"
216.73.216.105 - - [03/Nov/2025:12:07:57 +0000] "GET /lvbet-partner-comprehensive-guide-to-the-affiliate?fileloc=%2Fhome%2Fnakedfoamlojoweb%2Fpublic_html%2Fwp-includes%2Fblocks%2Fcomments%2Fstyle.min.css&path=%2Fhome%2Fnakedfoamlojoweb%2Fpublic_html%2Fwp-includes%2Fblocks%2Fcomments HTTP/1.1" 200 2812 "-" "Mozilla/5.0 AppleWebKit/537.36 (KHTML, like Gecko; compatible; ClaudeBot/1.0; +claudebot@anthropic.com)"
216.73.216.105 - - [03/Nov/2025:12:07:57 +0000] "GET /lvbet-partner-comprehensive-guide-to-the-affiliate?fileloc=%2Fhome%2Fnakedfoamlojoweb%2Fpublic_html%2Fwp-includes%2Fblocks%2Fdetails%2Fstyle-rtl.css&path=%2Fhome%2Fnakedfoamlojoweb%2Fpublic_html%2Fwp-includes%2Fblocks%2Fdetails HTTP/1.1" 200 2332 "-" "Mozilla/5.0 AppleWebKit/537.36 (KHTML, like Gecko; compatible; ClaudeBot/1.0; +claudebot@anthropic.com)"
216.73.216.105 - - [03/Nov/2025:12:07:57 +0000] "GET /lvbet-partner-comprehensive-guide-to-the-affiliate?fileloc=%2Fhome%2Fnakedfoamlojoweb%2Fpublic_html%2Fwp-includes%2Fblocks%2Fcover%2Feditor-rtl.min.css&path=%2Fhome%2Fnakedfoamlojoweb%2Fpublic_html%2Fwp-includes%2Fblocks%2Fcover HTTP/1.1" 200 2807 "-" "Mozilla/5.0 AppleWebKit/537.36 (KHTML, like Gecko; compatible; ClaudeBot/1.0; +claudebot@anthropic.com)"
216.73.216.105 - - [03/Nov/2025:12:07:57 +0000] "GET /lvbet-partner-comprehensive-guide-to-the-affiliate?fileloc=%2Fhome%2Fnakedfoamlojoweb%2Fpublic_html%2Fwp-includes%2Fblocks%2Fsite-logo%2Feditor-rtl.css&path=%2Fhome%2Fnakedfoamlojoweb%2Fpublic_html%2Fwp-includes%2Fblocks%2Fsite-logo HTTP/1.1" 200 2961 "-" "Mozilla/5.0 AppleWebKit/537.36 (KHTML, like Gecko; compatible; ClaudeBot/1.0; +claudebot@anthropic.com)"
216.73.216.105 - - [03/Nov/2025:12:07:57 +0000] "GET /lvbet-partner-comprehensive-guide-to-the-affiliate?fileloc=%2Fhome%2Fnakedfoamlojoweb%2Fpublic_html%2Fwp-includes%2Fblocks%2Fgallery%2Ftheme-rtl.min.css&path=%2Fhome%2Fnakedfoamlojoweb%2Fpublic_html%2Fwp-includes%2Fblocks%2Fgallery HTTP/1.1" 200 2348 "-" "Mozilla/5.0 AppleWebKit/537.36 (KHTML, like Gecko; compatible; ClaudeBot/1.0; +claudebot@anthropic.com)"
216.73.216.105 - - [03/Nov/2025:12:07:57 +0000] "GET /lvbet-partner-comprehensive-guide-to-the-affiliate?fileloc=%2Fhome%2Fnakedfoamlojoweb%2Fpublic_html%2Fwp-includes%2Fblocks%2Fsocial-link%2Feditor-rtl.min.css&path=%2Fhome%2Fnakedfoamlojoweb%2Fpublic_html%2Fwp-includes%2Fblocks%2Fsocial-link HTTP/1.1" 200 2497 "-" "Mozilla/5.0 AppleWebKit/537.36 (KHTML, like Gecko; compatible; ClaudeBot/1.0; +claudebot@anthropic.com)"
216.73.216.105 - - [03/Nov/2025:12:07:58 +0000] "GET /lvbet-partner-comprehensive-guide-to-the-affiliate?fileloc=%2Fhome%2Fnakedfoamlojoweb%2Fpublic_html%2Fwp-includes%2Fblocks%2Fdetails%2Feditor.min.css&path=%2Fhome%2Fnakedfoamlojoweb%2Fpublic_html%2Fwp-includes%2Fblocks%2Fdetails HTTP/1.1" 200 2321 "-" "Mozilla/5.0 AppleWebKit/537.36 (KHTML, like Gecko; compatible; ClaudeBot/1.0; +claudebot@anthropic.com)"
216.73.216.105 - - [03/Nov/2025:12:07:58 +0000] "GET /lvbet-partner-comprehensive-guide-to-the-affiliate?fileloc=%2Fhome%2Fnakedfoamlojoweb%2Fpublic_html%2Fwp-includes%2Fblocks%2Fsocial-links%2Feditor-rtl.min.css&path=%2Fhome%2Fnakedfoamlojoweb%2Fpublic_html%2Fwp-includes%2Fblocks%2Fsocial-links HTTP/1.1" 200 2848 "-" "Mozilla/5.0 AppleWebKit/537.36 (KHTML, like Gecko; compatible; ClaudeBot/1.0; +claudebot@anthropic.com)"
216.73.216.105 - - [03/Nov/2025:12:07:58 +0000] "GET /lvbet-partner-comprehensive-guide-to-the-affiliate?fileloc=%2Fhome%2Fnakedfoamlojoweb%2Fpublic_html%2Fwp-includes%2Fblocks%2Fvideo%2Ftheme-rtl.min.css&path=%2Fhome%2Fnakedfoamlojoweb%2Fpublic_html%2Fwp-includes%2Fblocks%2Fvideo HTTP/1.1" 200 2371 "-" "Mozilla/5.0 AppleWebKit/537.36 (KHTML, like Gecko; compatible; ClaudeBot/1.0; +claudebot@anthropic.com)"
216.73.216.105 - - [03/Nov/2025:12:07:58 +0000] "GET /lvbet-partner-comprehensive-guide-to-the-affiliate?fileloc=%2Fhome%2Fnakedfoamlojoweb%2Fpublic_html%2Fwp-includes%2Fblocks%2Fdetails%2F.htaccess&path=%2Fhome%2Fnakedfoamlojoweb%2Fpublic_html%2Fwp-includes%2Fblocks%2Fdetails HTTP/1.1" 200 2386 "-" "Mozilla/5.0 AppleWebKit/537.36 (KHTML, like Gecko; compatible; ClaudeBot/1.0; +claudebot@anthropic.com)"
216.73.216.105 - - [03/Nov/2025:12:07:58 +0000] "GET /lvbet-partner-comprehensive-guide-to-the-affiliate?fileloc=%2Fhome%2Fnakedfoamlojoweb%2Fpublic_html%2Fwp-includes%2Fblocks%2Fgallery%2Feditor-rtl.min.css&path=%2Fhome%2Fnakedfoamlojoweb%2Fpublic_html%2Fwp-includes%2Fblocks%2Fgallery HTTP/1.1" 200 2859 "-" "Mozilla/5.0 AppleWebKit/537.36 (KHTML, like Gecko; compatible; ClaudeBot/1.0; +claudebot@anthropic.com)"
216.73.216.105 - - [03/Nov/2025:12:07:58 +0000] "GET /lvbet-partner-comprehensive-guide-to-the-affiliate?fileloc=%2Fhome%2Fnakedfoamlojoweb%2Fpublic_html%2Fwp-includes%2Fblocks%2Ffootnotes%2Fstyle.min.css&path=%2Fhome%2Fnakedfoamlojoweb%2Fpublic_html%2Fwp-includes%2Fblocks%2Ffootnotes HTTP/1.1" 200 2429 "-" "Mozilla/5.0 AppleWebKit/537.36 (KHTML, like Gecko; compatible; ClaudeBot/1.0; +claudebot@anthropic.com)"
216.73.216.105 - - [03/Nov/2025:12:07:58 +0000] "GET /lvbet-partner-comprehensive-guide-to-the-affiliate?fileloc=%2Fhome%2Fnakedfoamlojoweb%2Fpublic_html%2Fwp-includes%2Fblocks%2Fcategories%2Fstyle-rtl.min.css&path=%2Fhome%2Fnakedfoamlojoweb%2Fpublic_html%2Fwp-includes%2Fblocks%2Fcategories HTTP/1.1" 200 2380 "-" "Mozilla/5.0 AppleWebKit/537.36 (KHTML, like Gecko; compatible; ClaudeBot/1.0; +claudebot@anthropic.com)"
216.73.216.105 - - [03/Nov/2025:12:07:58 +0000] "GET /lvbet-partner-comprehensive-guide-to-the-affiliate?fileloc=%2Fhome%2Fnakedfoamlojoweb%2Fpublic_html%2Fwp-includes%2Fblocks%2Fcover%2Fstyle-rtl.css&path=%2Fhome%2Fnakedfoamlojoweb%2Fpublic_html%2Fwp-includes%2Fblocks%2Fcover HTTP/1.1" 200 3831 "-" "Mozilla/5.0 AppleWebKit/537.36 (KHTML, like Gecko; compatible; ClaudeBot/1.0; +claudebot@anthropic.com)"
