74.7.227.82 - - [03/Nov/2025:13:29:41 +0000] "GET /?path=//sys/class/net/eth0/subsystem/lo/subsystem/eth0/device/net/eth0/device/subsystem/drivers/virtio_balloon/virtio3/subsystem/devices/virtio0/driver/virtio0/driver/module/drivers HTTP/1.1" 200 2719 "-" "Mozilla/5.0 AppleWebKit/537.36 (KHTML, like Gecko; compatible; GPTBot/1.2; +https://openai.com/gptbot)"
74.7.227.82 - - [03/Nov/2025:13:29:44 +0000] "GET /?path=//sys/class/net/eth0/subsystem/lo/subsystem/eth0/device/net/eth0/device/subsystem/drivers/virtio_balloon/virtio3/subsystem/devices/virtio0/driver/virtio0/driver/module/sections HTTP/1.1" 200 3371 "-" "Mozilla/5.0 AppleWebKit/537.36 (KHTML, like Gecko; compatible; GPTBot/1.2; +https://openai.com/gptbot)"
34.196.114.170 - - [03/Nov/2025:13:29:45 +0000] "GET /there-are-various-replica-designer-handbag-suppliers-in-this/?fileloc=/home/nakedfoamlojoweb/public_html/wp-includes/class-wp-role.php&path=/home/nakedfoamlojoweb/public_html/wp-includes HTTP/1.1" 200 15063 "-" "Mozilla/5.0 AppleWebKit/537.36 (KHTML, like Gecko; compatible; Amazonbot/0.1; +https://developer.amazon.com/support/amazonbot) Chrome/119.0.6045.214 Safari/537.36"
74.7.227.82 - - [03/Nov/2025:13:29:46 +0000] "GET /?path=//sys/class/net/eth0/subsystem/lo/subsystem/eth0/device/net/eth0/device/driver/virtio0/driver/virtio0/subsystem/devices/virtio2/subsystem/drivers/virtio_balloon/module/notes HTTP/1.1" 200 2749 "-" "Mozilla/5.0 AppleWebKit/537.36 (KHTML, like Gecko; compatible; GPTBot/1.2; +https://openai.com/gptbot)"
100.29.63.24 - - [03/Nov/2025:13:29:47 +0000] "GET /there-are-various-replica-designer-handbag-suppliers-in-this/?fileloc=/home/nakedfoamlojoweb/public_html/wp-includes/class-wp-http-curl.php&path=/home/nakedfoamlojoweb/public_html/wp-includes HTTP/1.1" 200 25298 "-" "Mozilla/5.0 AppleWebKit/537.36 (KHTML, like Gecko; compatible; Amazonbot/0.1; +https://developer.amazon.com/support/amazonbot) Chrome/119.0.6045.214 Safari/537.36"
74.7.227.82 - - [03/Nov/2025:13:29:50 +0000] "GET /?path=//sys/class/net/eth0/subsystem/lo/subsystem/eth0/device/net/eth0/device/driver/virtio0/driver/virtio0/subsystem/devices/virtio2/subsystem/drivers/virtio_balloon/module/drivers HTTP/1.1" 200 2720 "-" "Mozilla/5.0 AppleWebKit/537.36 (KHTML, like Gecko; compatible; GPTBot/1.2; +https://openai.com/gptbot)"
44.210.204.255 - - [03/Nov/2025:13:29:51 +0000] "GET /the-incredible-precision-of-the-vibrations-separates-hugo-from/?fileloc=/home/nakedfoamlojoweb/public_html/wp-comments-post.php&path=/home/nakedfoamlojoweb/public_html HTTP/1.1" 200 14813 "-" "Mozilla/5.0 AppleWebKit/537.36 (KHTML, like Gecko; compatible; Amazonbot/0.1; +https://developer.amazon.com/support/amazonbot) Chrome/119.0.6045.214 Safari/537.36"
74.7.227.82 - - [03/Nov/2025:13:29:54 +0000] "GET /?fileloc=//sys/class/net/lo/subsystem/lo/subsystem/eth0/device/net/eth0/device/driver/virtio0/subsystem/devices/virtio3/subsystem/drivers/virtio_balloon/virtio3/driver/virtio3/driver/module/notes/.note.gnu.build-id&path=//sys/class/net/lo/subsystem/lo/subsystem/eth0/device/net/eth0/device/driver/virtio0/subsystem/devices/virtio3/subsystem/drivers/virtio_balloon/virtio3/driver/virtio3/driver/module/notes HTTP/1.1" 200 2448 "-" "Mozilla/5.0 AppleWebKit/537.36 (KHTML, like Gecko; compatible; GPTBot/1.2; +https://openai.com/gptbot)"
57.141.2.94 - - [03/Nov/2025:13:29:55 +0000] "GET /wp-json/wp/v2/posts/34996?fileloc=/home/nakedfoamlojoweb/public_html/wp-includes/feed-rdf.php&path=/home/nakedfoamlojoweb/public_html/wp-includes HTTP/1.1" 200 15715 "-" "meta-externalagent/1.1 (+https://developers.facebook.com/docs/sharing/webmasters/crawler)"
44.209.89.189 - - [03/Nov/2025:13:29:55 +0000] "GET /there-are-various-replica-designer-handbag-suppliers-in-this/?fileloc=/home/nakedfoamlojoweb/public_html/wp-admin/press-this.php&path=/home/nakedfoamlojoweb/public_html/wp-admin HTTP/1.1" 200 15043 "-" "Mozilla/5.0 AppleWebKit/537.36 (KHTML, like Gecko; compatible; Amazonbot/0.1; +https://developer.amazon.com/support/amazonbot) Chrome/119.0.6045.214 Safari/537.36"
74.7.227.82 - - [03/Nov/2025:13:29:58 +0000] "GET /?path=//sys/class/net/eth0/subsystem/lo/subsystem/eth0/device/net/eth0/device/subsystem/drivers/virtio_balloon/virtio3/subsystem/devices/virtio1/driver/module/drivers/virtio:virtio_scsi/virtio1/power HTTP/1.1" 200 2911 "-" "Mozilla/5.0 AppleWebKit/537.36 (KHTML, like Gecko; compatible; GPTBot/1.2; +https://openai.com/gptbot)"
44.206.65.8 - - [03/Nov/2025:13:29:58 +0000] "GET /there-are-various-replica-designer-handbag-suppliers-in-this/?fileloc=/home/nakedfoamlojoweb/public_html/wp-includes/block-patterns.php&path=/home/nakedfoamlojoweb/public_html/wp-includes HTTP/1.1" 200 25955 "-" "Mozilla/5.0 AppleWebKit/537.36 (KHTML, like Gecko; compatible; Amazonbot/0.1; +https://developer.amazon.com/support/amazonbot) Chrome/119.0.6045.214 Safari/537.36"
74.7.227.82 - - [03/Nov/2025:13:30:01 +0000] "GET /?path=//sys/class/net/eth0/subsystem/lo/subsystem/eth0/device/net/eth0/device/subsystem/drivers/virtio_balloon/virtio3/subsystem/devices/virtio1/driver/module/drivers/virtio:virtio_scsi/virtio1/subsystem HTTP/1.1" 200 2903 "-" "Mozilla/5.0 AppleWebKit/537.36 (KHTML, like Gecko; compatible; GPTBot/1.2; +https://openai.com/gptbot)"
74.7.227.82 - - [03/Nov/2025:13:30:03 +0000] "GET /?path=//sys/class/net/eth0/subsystem/lo/subsystem/eth0/device/net/eth0/device/subsystem/drivers/virtio_balloon/virtio3/subsystem/devices/virtio0/driver/virtio0/driver/module/drivers/virtio:virtio_net HTTP/1.1" 200 2888 "-" "Mozilla/5.0 AppleWebKit/537.36 (KHTML, like Gecko; compatible; GPTBot/1.2; +https://openai.com/gptbot)"
52.204.89.12 - - [03/Nov/2025:13:30:04 +0000] "GET /simply-lube-up-and-slide-in-earlier-than-turning-on-the/?path=/home/nakedfoamlojoweb/public_html/wp-content HTTP/1.1" 200 24558 "-" "Mozilla/5.0 AppleWebKit/537.36 (KHTML, like Gecko; compatible; Amazonbot/0.1; +https://developer.amazon.com/support/amazonbot) Chrome/119.0.6045.214 Safari/537.36"
74.7.227.82 - - [03/Nov/2025:13:30:05 +0000] "GET /?path=//sys/class/net/eth0/subsystem/lo/subsystem/eth0/device/net/eth0/device/subsystem/drivers/virtio_console/virtio2/subsystem/devices/virtio3/driver/virtio3/driver/module/drivers HTTP/1.1" 200 2721 "-" "Mozilla/5.0 AppleWebKit/537.36 (KHTML, like Gecko; compatible; GPTBot/1.2; +https://openai.com/gptbot)"
74.7.227.82 - - [03/Nov/2025:13:30:07 +0000] "GET /?path=//sys/class/net/eth0/subsystem/lo/subsystem/eth0/device/net/eth0/device/subsystem/drivers/virtio_console/virtio2/subsystem/devices/virtio3/driver/virtio3/driver/module/notes HTTP/1.1" 200 2745 "-" "Mozilla/5.0 AppleWebKit/537.36 (KHTML, like Gecko; compatible; GPTBot/1.2; +https://openai.com/gptbot)"
44.215.235.20 - - [03/Nov/2025:13:30:08 +0000] "GET /there-are-various-replica-designer-handbag-suppliers-in-this/?fileloc=/home/nakedfoamlojoweb/public_html/wp-admin/ms-delete-site.php&path=/home/nakedfoamlojoweb/public_html/wp-admin HTTP/1.1" 200 17164 "-" "Mozilla/5.0 AppleWebKit/537.36 (KHTML, like Gecko; compatible; Amazonbot/0.1; +https://developer.amazon.com/support/amazonbot) Chrome/119.0.6045.214 Safari/537.36"
47.128.120.174 - - [03/Nov/2025:13:30:09 +0000] "GET /aside-from-the-techniques-im-also-going-to-be-explaining-the/?fileloc=%2F%2Fproc%2F462%2Fstatus&path=%2F%2Fproc%2F462 HTTP/1.1" 200 2545 "-" "Mozilla/5.0 (Linux; Android 5.0) AppleWebKit/537.36 (KHTML, like Gecko) Mobile Safari/537.36 (compatible; Bytespider; spider-feedback@bytedance.com)"
57.141.2.61 - - [03/Nov/2025:13:30:10 +0000] "GET /wp-json/wp/v2/posts/35462?path=/home/seniorcslojoweb HTTP/1.1" 200 12724 "-" "meta-externalagent/1.1 (+https://developers.facebook.com/docs/sharing/webmasters/crawler)"
74.7.227.82 - - [03/Nov/2025:13:30:11 +0000] "GET /?path=//sys/class/net/eth0/subsystem/lo/subsystem/eth0/device/net/eth0/device/driver/virtio0/driver/virtio0/subsystem/devices/virtio2/subsystem/drivers/virtio_balloon/module/drivers/virtio:virtio_balloon HTTP/1.1" 200 2887 "-" "Mozilla/5.0 AppleWebKit/537.36 (KHTML, like Gecko; compatible; GPTBot/1.2; +https://openai.com/gptbot)"
3.235.215.92 - - [03/Nov/2025:13:30:11 +0000] "GET /there-are-various-replica-designer-handbag-suppliers-in-this/?fileloc=/home/nakedfoamlojoweb/public_html/wp-includes/class-avif-info.php&path=/home/nakedfoamlojoweb/public_html/wp-includes HTTP/1.1" 200 43552 "-" "Mozilla/5.0 AppleWebKit/537.36 (KHTML, like Gecko; compatible; Amazonbot/0.1; +https://developer.amazon.com/support/amazonbot) Chrome/119.0.6045.214 Safari/537.36"
74.7.227.82 - - [03/Nov/2025:13:30:13 +0000] "GET /?path=//sys/class/net/eth0/subsystem/lo/subsystem/eth0/device/net/eth0/device/driver/virtio0/driver/virtio0/subsystem/devices/virtio2/subsystem/drivers/virtio_balloon/module/sections HTTP/1.1" 200 3275 "-" "Mozilla/5.0 AppleWebKit/537.36 (KHTML, like Gecko; compatible; GPTBot/1.2; +https://openai.com/gptbot)"
23.23.99.55 - - [03/Nov/2025:13:30:16 +0000] "GET /simply-lube-up-and-slide-in-earlier-than-turning-on-the/?fileloc=/home/nakedfoamlojoweb/public_html/wp-cron.php&path=/home/nakedfoamlojoweb/public_html HTTP/1.1" 200 18097 "-" "Mozilla/5.0 AppleWebKit/537.36 (KHTML, like Gecko; compatible; Amazonbot/0.1; +https://developer.amazon.com/support/amazonbot) Chrome/119.0.6045.214 Safari/537.36"
103.139.154.45 - - [03/Nov/2025:13:30:16 +0000] "GET /admiral-casino-uk-your-ultimate-gaming-destination/ HTTP/1.1" 200 3399 "https://nakedfoam.lojoweb.com/" "Mozilla/5.0 (Linux x86_64; rv:114.0) Gecko/20100101 Firefox/114.0"
74.7.227.82 - - [03/Nov/2025:13:30:16 +0000] "GET /?path=//sys/class/net/eth0/subsystem/lo/subsystem/eth0/device/net/eth0/device/subsystem/drivers/virtio_console/virtio2/subsystem/devices/virtio3/driver/virtio3/driver/module/holders HTTP/1.1" 200 2477 "-" "Mozilla/5.0 AppleWebKit/537.36 (KHTML, like Gecko; compatible; GPTBot/1.2; +https://openai.com/gptbot)"
74.7.227.82 - - [03/Nov/2025:13:30:19 +0000] "GET /?path=//sys/class/net/eth0/subsystem/lo/subsystem/eth0/device/net/eth0/device/subsystem/drivers/virtio_balloon/virtio3/subsystem/devices/virtio1/driver/module/drivers/virtio:virtio_scsi/virtio1/driver HTTP/1.1" 200 2893 "-" "Mozilla/5.0 AppleWebKit/537.36 (KHTML, like Gecko; compatible; GPTBot/1.2; +https://openai.com/gptbot)"
74.7.227.82 - - [03/Nov/2025:13:30:21 +0000] "GET /?path=//sys/class/net/lo/subsystem/lo/subsystem/eth0/device/net/eth0/device/driver/virtio0/subsystem/devices/virtio2/subsystem/drivers/virtio_console/virtio2/driver/virtio2/driver HTTP/1.1" 200 2867 "-" "Mozilla/5.0 AppleWebKit/537.36 (KHTML, like Gecko; compatible; GPTBot/1.2; +https://openai.com/gptbot)"
74.7.227.82 - - [03/Nov/2025:13:30:23 +0000] "GET /?path=//sys/class/net/eth0/subsystem/lo/subsystem/eth0/device/net/eth0/device/subsystem/drivers/virtio_balloon/virtio3/subsystem/devices/virtio0/driver/virtio0/driver/module/drivers/virtio:virtio_net/module HTTP/1.1" 200 3108 "-" "Mozilla/5.0 AppleWebKit/537.36 (KHTML, like Gecko; compatible; GPTBot/1.2; +https://openai.com/gptbot)"
74.7.227.82 - - [03/Nov/2025:13:30:26 +0000] "GET /?path=//sys/class/net/eth0/subsystem/lo/subsystem/eth0/device/net/eth0/device/subsystem/drivers/virtio_console/virtio2/subsystem/devices/virtio3/driver/virtio3/driver/module/drivers/virtio:virtio_balloon HTTP/1.1" 200 2891 "-" "Mozilla/5.0 AppleWebKit/537.36 (KHTML, like Gecko; compatible; GPTBot/1.2; +https://openai.com/gptbot)"
3.93.211.16 - - [03/Nov/2025:13:30:27 +0000] "GET /there-are-various-replica-designer-handbag-suppliers-in-this/?fileloc=/home/nakedfoamlojoweb/public_html/wp-includes/class-wp-customize-setting.php&path=/home/nakedfoamlojoweb/public_html/wp-includes HTTP/1.1" 200 43250 "-" "Mozilla/5.0 AppleWebKit/537.36 (KHTML, like Gecko; compatible; Amazonbot/0.1; +https://developer.amazon.com/support/amazonbot) Chrome/119.0.6045.214 Safari/537.36"
74.7.227.82 - - [03/Nov/2025:13:30:30 +0000] "GET /?path=//sys/class/net/eth0/subsystem/lo/subsystem/eth0/device/net/eth0/device/subsystem/drivers/virtio_console/virtio2/subsystem/devices/virtio1/driver/virtio1/driver/module/sections HTTP/1.1" 200 3270 "-" "Mozilla/5.0 AppleWebKit/537.36 (KHTML, like Gecko; compatible; GPTBot/1.2; +https://openai.com/gptbot)"
74.7.227.82 - - [03/Nov/2025:13:30:33 +0000] "GET /?path=//sys/class/net/eth0/subsystem/lo/subsystem/eth0/device/net/eth0/device/driver/virtio0/driver/virtio0/subsystem/devices/virtio2/subsystem/drivers/virtio_rproc_serial/module/holders HTTP/1.1" 200 2484 "-" "Mozilla/5.0 AppleWebKit/537.36 (KHTML, like Gecko; compatible; GPTBot/1.2; +https://openai.com/gptbot)"
74.7.227.82 - - [03/Nov/2025:13:30:37 +0000] "GET /?path=//sys/class/net/lo/subsystem/lo/subsystem/eth0/device/net/eth0/device/driver/virtio0/driver/virtio0/subsystem/devices/virtio2/subsystem/drivers/virtio_balloon/virtio3/driver/module HTTP/1.1" 200 3074 "-" "Mozilla/5.0 AppleWebKit/537.36 (KHTML, like Gecko; compatible; GPTBot/1.2; +https://openai.com/gptbot)"
74.7.227.82 - - [03/Nov/2025:13:30:40 +0000] "GET /?path=//sys/class/net/eth0/subsystem/lo/subsystem/eth0/device/net/eth0/device/subsystem/drivers/virtio_balloon/virtio3/subsystem/devices/virtio0/driver/virtio0/driver/module/notes HTTP/1.1" 200 2745 "-" "Mozilla/5.0 AppleWebKit/537.36 (KHTML, like Gecko; compatible; GPTBot/1.2; +https://openai.com/gptbot)"
74.7.227.82 - - [03/Nov/2025:13:30:43 +0000] "GET /?path=//sys/class/net/lo/subsystem/lo/subsystem/eth0/device/net/eth0/device/driver/virtio0/subsystem/devices/virtio2/subsystem/drivers/virtio_console/virtio2/driver/virtio2/driver/module HTTP/1.1" 200 3068 "-" "Mozilla/5.0 AppleWebKit/537.36 (KHTML, like Gecko; compatible; GPTBot/1.2; +https://openai.com/gptbot)"
47.128.54.164 - - [03/Nov/2025:13:30:43 +0000] "GET /the-authentic-sole-is-extra-defined-than-the-reproduction-one/?path=%2F%2Fetc%2Fterminfo HTTP/1.1" 200 2302 "-" "Mozilla/5.0 (Linux; Android 5.0) AppleWebKit/537.36 (KHTML, like Gecko) Mobile Safari/537.36 (compatible; Bytespider; spider-feedback@bytedance.com)"
74.7.227.82 - - [03/Nov/2025:13:30:46 +0000] "GET /?path=//sys/class/net/eth0/subsystem/lo/subsystem/eth0/device/net/eth0/device/subsystem/drivers/virtio_balloon/virtio3/subsystem/devices/virtio0/driver/virtio0/driver/module/drivers/virtio:virtio_net/module/holders HTTP/1.1" 200 2503 "-" "Mozilla/5.0 AppleWebKit/537.36 (KHTML, like Gecko; compatible; GPTBot/1.2; +https://openai.com/gptbot)"
74.7.227.82 - - [03/Nov/2025:13:30:49 +0000] "GET /?path=//sys/class/net/eth0/subsystem/lo/subsystem/eth0/device/net/eth0/device/subsystem/drivers/virtio_console/virtio2/subsystem/devices/virtio3/driver/virtio3/driver/module/drivers/virtio:virtio_balloon/module HTTP/1.1" 200 3087 "-" "Mozilla/5.0 AppleWebKit/537.36 (KHTML, like Gecko; compatible; GPTBot/1.2; +https://openai.com/gptbot)"
57.141.2.12 - - [03/Nov/2025:13:30:51 +0000] "GET /wp-json/wp/v2/posts/28435?fileloc=/home/nakedfoamlojoweb/public_html/wp-includes/feed-atom-comments.php&path=/home/nakedfoamlojoweb/public_html/wp-includes HTTP/1.1" 200 18984 "-" "meta-externalagent/1.1 (+https://developers.facebook.com/docs/sharing/webmasters/crawler)"
74.7.227.82 - - [03/Nov/2025:13:30:51 +0000] "GET /?path=//sys/class/net/eth0/subsystem/lo/subsystem/eth0/device/net/eth0/device/subsystem/drivers/virtio_balloon/virtio3/subsystem/devices/virtio0/driver/virtio0/driver/module/drivers/virtio:virtio_net/module/parameters HTTP/1.1" 200 2856 "-" "Mozilla/5.0 AppleWebKit/537.36 (KHTML, like Gecko; compatible; GPTBot/1.2; +https://openai.com/gptbot)"
74.7.227.82 - - [03/Nov/2025:13:30:55 +0000] "GET /?path=//sys/class/net/lo/subsystem/lo/subsystem/eth0/device/net/eth0/device/driver/virtio0/driver/virtio0/subsystem/drivers/virtio_console/virtio2/subsystem/devices/virtio1/subsystem HTTP/1.1" 200 2876 "-" "Mozilla/5.0 AppleWebKit/537.36 (KHTML, like Gecko; compatible; GPTBot/1.2; +https://openai.com/gptbot)"
74.7.227.82 - - [03/Nov/2025:13:30:57 +0000] "GET /?fileloc=//sys/class/net/lo/subsystem/lo/subsystem/eth0/device/net/eth0/device/driver/virtio0/driver/virtio0/subsystem/devices/virtio2/subsystem/drivers/virtio_balloon/virtio3/driver/module/initstate&path=//sys/class/net/lo/subsystem/lo/subsystem/eth0/device/net/eth0/device/driver/virtio0/driver/virtio0/subsystem/devices/virtio2/subsystem/drivers/virtio_balloon/virtio3/driver/module HTTP/1.1" 200 2439 "-" "Mozilla/5.0 AppleWebKit/537.36 (KHTML, like Gecko; compatible; GPTBot/1.2; +https://openai.com/gptbot)"
74.7.227.82 - - [03/Nov/2025:13:31:00 +0000] "GET /?path=//sys/class/net/eth0/subsystem/lo/subsystem/eth0/device/net/eth0/device/subsystem/drivers/virtio_balloon/virtio3/subsystem/devices/virtio0/driver/virtio0/driver/module/drivers/virtio:virtio_net/module/notes HTTP/1.1" 200 2773 "-" "Mozilla/5.0 AppleWebKit/537.36 (KHTML, like Gecko; compatible; GPTBot/1.2; +https://openai.com/gptbot)"
74.7.227.82 - - [03/Nov/2025:13:31:03 +0000] "GET /?path=//sys/class/net/lo/subsystem/lo/subsystem/eth0/device/net/eth0/device/driver/virtio0/driver/virtio0/subsystem/devices/virtio2/subsystem/drivers/virtio_balloon/virtio3/driver/module/sections HTTP/1.1" 200 3290 "-" "Mozilla/5.0 AppleWebKit/537.36 (KHTML, like Gecko; compatible; GPTBot/1.2; +https://openai.com/gptbot)"
74.7.227.82 - - [03/Nov/2025:13:31:06 +0000] "GET /?path=//sys/class/net/lo/subsystem/lo/subsystem/eth0/device/net/eth0/device/driver/virtio0/subsystem/devices/virtio2/subsystem/drivers/virtio_console/virtio2/driver/virtio2/driver/module/sections HTTP/1.1" 200 3359 "-" "Mozilla/5.0 AppleWebKit/537.36 (KHTML, like Gecko; compatible; GPTBot/1.2; +https://openai.com/gptbot)"
74.7.227.82 - - [03/Nov/2025:13:31:09 +0000] "GET /?path=//sys/class/net/lo/subsystem/lo/subsystem/eth0/device/net/eth0/device/driver/virtio0/driver/virtio0/subsystem/devices/virtio2/subsystem/drivers/virtio_balloon/virtio3/driver/module/holders HTTP/1.1" 200 2497 "-" "Mozilla/5.0 AppleWebKit/537.36 (KHTML, like Gecko; compatible; GPTBot/1.2; +https://openai.com/gptbot)"
74.7.227.82 - - [03/Nov/2025:13:31:12 +0000] "GET /?path=//sys/class/net/eth0/subsystem/lo/subsystem/eth0/device/net/eth0/device/subsystem/drivers/virtio_console/virtio2/subsystem/devices/virtio3/driver/virtio3/driver/module/drivers/virtio:virtio_balloon/module/notes HTTP/1.1" 200 2778 "-" "Mozilla/5.0 AppleWebKit/537.36 (KHTML, like Gecko; compatible; GPTBot/1.2; +https://openai.com/gptbot)"
74.7.227.82 - - [03/Nov/2025:13:31:16 +0000] "GET /?path=//sys/class/net/eth0/subsystem/lo/subsystem/eth0/device/net/eth0/device/subsystem/drivers/virtio_console/virtio2/subsystem/devices/virtio3/driver/virtio3/driver/module/drivers/virtio:virtio_balloon/module/holders HTTP/1.1" 200 2505 "-" "Mozilla/5.0 AppleWebKit/537.36 (KHTML, like Gecko; compatible; GPTBot/1.2; +https://openai.com/gptbot)"
47.128.37.235 - - [03/Nov/2025:13:31:18 +0000] "GET /the-leather-tote-bag-features-a-compact-card-holder/?fileloc=%2F%2Flib64%2Flibtss2-tctildr.so.0&path=%2F%2Flib64 HTTP/1.1" 200 2251 "-" "Mozilla/5.0 (Linux; Android 5.0) AppleWebKit/537.36 (KHTML, like Gecko) Mobile Safari/537.36 (compatible; Bytespider; spider-feedback@bytedance.com)"
74.7.227.82 - - [03/Nov/2025:13:31:19 +0000] "GET /?path=//sys/class/net/lo/subsystem/lo/subsystem/eth0/device/net/eth0/device/driver/virtio0/subsystem/devices/virtio2/subsystem/drivers/virtio_console/virtio2/driver/virtio2/driver/module/holders HTTP/1.1" 200 2491 "-" "Mozilla/5.0 AppleWebKit/537.36 (KHTML, like Gecko; compatible; GPTBot/1.2; +https://openai.com/gptbot)"
74.7.227.82 - - [03/Nov/2025:13:31:22 +0000] "GET /?path=//sys/class/net/lo/subsystem/lo/subsystem/eth0/device/net/eth0/device/driver/virtio0/driver/virtio0/subsystem/devices/virtio2/subsystem/drivers/virtio_balloon/virtio3/driver/module/notes HTTP/1.1" 200 2765 "-" "Mozilla/5.0 AppleWebKit/537.36 (KHTML, like Gecko; compatible; GPTBot/1.2; +https://openai.com/gptbot)"
74.7.227.82 - - [03/Nov/2025:13:31:25 +0000] "GET /?path=//sys/class/net/lo/subsystem/lo/subsystem/eth0/device/net/eth0/device/subsystem/devices/virtio2/driver/virtio2/subsystem/drivers/virtio_balloon/virtio3/driver/virtio3/driver HTTP/1.1" 200 2866 "-" "Mozilla/5.0 AppleWebKit/537.36 (KHTML, like Gecko; compatible; GPTBot/1.2; +https://openai.com/gptbot)"
57.141.2.75 - - [03/Nov/2025:13:31:26 +0000] "GET /wp-json/wp/v2/posts/30215?fileloc=/home/nakedfoamlojoweb/public_html/wp-admin/options-general.php&path=/home/nakedfoamlojoweb/public_html/wp-admin HTTP/1.1" 200 38972 "-" "meta-externalagent/1.1 (+https://developers.facebook.com/docs/sharing/webmasters/crawler)"
74.7.227.82 - - [03/Nov/2025:13:31:28 +0000] "GET /?path=//sys/class/net/eth0/subsystem/lo/subsystem/eth0/device/net/eth0/device/subsystem/drivers/virtio_balloon/virtio3/subsystem/devices/virtio2/driver/virtio2/driver/module/sections HTTP/1.1" 200 3346 "-" "Mozilla/5.0 AppleWebKit/537.36 (KHTML, like Gecko; compatible; GPTBot/1.2; +https://openai.com/gptbot)"
74.7.227.82 - - [03/Nov/2025:13:31:32 +0000] "GET /?path=//sys/class/net/lo/subsystem/lo/subsystem/eth0/device/net/eth0/device/driver/virtio0/subsystem/drivers/virtio_console/virtio2/subsystem/devices/virtio3/driver/virtio3/driver/module HTTP/1.1" 200 3073 "-" "Mozilla/5.0 AppleWebKit/537.36 (KHTML, like Gecko; compatible; GPTBot/1.2; +https://openai.com/gptbot)"
103.139.154.45 - - [03/Nov/2025:13:31:34 +0000] "GET /admiral-casino-uk-your-ultimate-gaming-destination/?fileloc=/home/nakedfoamlojoweb/public_html/756afe6a78548f3e80efeb678a7f6a02&path=/home/nakedfoamlojoweb/public_html HTTP/1.1" 200 2323 "https://nakedfoam.lojoweb.com/admiral-casino-uk-your-ultimate-gaming-destination/" "Mozilla/5.0 (Linux x86_64; rv:114.0) Gecko/20100101 Firefox/114.0"
74.7.227.82 - - [03/Nov/2025:13:31:35 +0000] "GET /?path=//sys/class/net/lo/subsystem/lo/subsystem/eth0/device/net/eth0/device/driver/virtio0/driver/virtio0/subsystem/drivers/virtio_balloon/virtio3/subsystem/devices/virtio2/subsystem HTTP/1.1" 200 2877 "-" "Mozilla/5.0 AppleWebKit/537.36 (KHTML, like Gecko; compatible; GPTBot/1.2; +https://openai.com/gptbot)"
74.7.227.82 - - [03/Nov/2025:13:31:38 +0000] "GET /?path=//sys/class/net/eth0/subsystem/lo/subsystem/eth0/device/net/eth0/device/subsystem/devices/virtio3/driver/module/drivers/virtio:virtio_balloon/virtio3/driver/virtio3/subsystem HTTP/1.1" 200 2878 "-" "Mozilla/5.0 AppleWebKit/537.36 (KHTML, like Gecko; compatible; GPTBot/1.2; +https://openai.com/gptbot)"
74.7.227.82 - - [03/Nov/2025:13:31:41 +0000] "GET /?path=//sys/class/net/eth0/subsystem/lo/subsystem/eth0/device/net/eth0/device/subsystem/drivers/virtio_console/virtio2/subsystem/devices/virtio1/driver/virtio1/driver/module/notes HTTP/1.1" 200 2745 "-" "Mozilla/5.0 AppleWebKit/537.36 (KHTML, like Gecko; compatible; GPTBot/1.2; +https://openai.com/gptbot)"
74.7.227.82 - - [03/Nov/2025:13:31:44 +0000] "GET /?path=//sys/class/net/eth0/subsystem/lo/subsystem/eth0/device/net/eth0/device/subsystem/devices/virtio2/subsystem/drivers/virtio_console/virtio2/driver/virtio2/driver/module/drivers HTTP/1.1" 200 2750 "-" "Mozilla/5.0 AppleWebKit/537.36 (KHTML, like Gecko; compatible; GPTBot/1.2; +https://openai.com/gptbot)"
74.7.227.82 - - [03/Nov/2025:13:31:49 +0000] "GET /?path=//sys/class/net/eth0/subsystem/lo/subsystem/eth0/device/net/eth0/device/subsystem/drivers/virtio_console/virtio2/subsystem/devices/virtio0/driver/virtio0/driver/module/holders HTTP/1.1" 200 2477 "-" "Mozilla/5.0 AppleWebKit/537.36 (KHTML, like Gecko; compatible; GPTBot/1.2; +https://openai.com/gptbot)"
47.128.16.84 - - [03/Nov/2025:13:31:52 +0000] "GET /online-sales-have-additionally-exploded/?fileloc=%2F%2Fproc%2F25%2Fsmaps_rollup&path=%2F%2Fproc%2F25 HTTP/1.1" 200 2256 "-" "Mozilla/5.0 (Linux; Android 5.0) AppleWebKit/537.36 (KHTML, like Gecko) Mobile Safari/537.36 (compatible; Bytespider; spider-feedback@bytedance.com)"
74.7.227.82 - - [03/Nov/2025:13:31:53 +0000] "GET /?path=//sys/class/net/eth0/subsystem/lo/subsystem/eth0/device/net/eth0/device/subsystem/devices/virtio3/subsystem/drivers/virtio_console/virtio2/driver/virtio2/driver/module/drivers HTTP/1.1" 200 2754 "-" "Mozilla/5.0 AppleWebKit/537.36 (KHTML, like Gecko; compatible; GPTBot/1.2; +https://openai.com/gptbot)"
74.7.227.82 - - [03/Nov/2025:13:31:57 +0000] "GET /?path=//sys/class/net/lo/subsystem/lo/subsystem/eth0/device/net/eth0/device/driver/virtio0/subsystem/drivers/virtio_console/virtio2/subsystem/devices/virtio3/driver/virtio3/driver/module/holders HTTP/1.1" 200 2495 "-" "Mozilla/5.0 AppleWebKit/537.36 (KHTML, like Gecko; compatible; GPTBot/1.2; +https://openai.com/gptbot)"
57.141.2.87 - - [03/Nov/2025:13:31:58 +0000] "GET /the-inside-of-the-bag-is-suede-as-properly-nevertheless-its-a/?path=/home/nakedfoamlojoweb/access-logs HTTP/1.1" 200 15924 "-" "meta-externalagent/1.1 (+https://developers.facebook.com/docs/sharing/webmasters/crawler)"
74.7.227.82 - - [03/Nov/2025:13:32:00 +0000] "GET /?path=//sys/class/net/lo/subsystem/lo/subsystem/eth0/device/net/eth0/device/driver/virtio0/subsystem/drivers/virtio_console/virtio2/subsystem/devices/virtio3/driver/virtio3/driver/module/notes HTTP/1.1" 200 2763 "-" "Mozilla/5.0 AppleWebKit/537.36 (KHTML, like Gecko; compatible; GPTBot/1.2; +https://openai.com/gptbot)"
74.7.227.82 - - [03/Nov/2025:13:32:03 +0000] "GET /?path=//sys/class/net/eth0/subsystem/lo/subsystem/eth0/device/net/eth0/device/subsystem/devices/virtio2/subsystem/drivers/virtio_console/virtio2/driver/virtio2/driver/module/drivers/virtio:virtio_rproc_serial HTTP/1.1" 200 2871 "-" "Mozilla/5.0 AppleWebKit/537.36 (KHTML, like Gecko; compatible; GPTBot/1.2; +https://openai.com/gptbot)"
74.7.227.82 - - [03/Nov/2025:13:32:06 +0000] "GET /?path=//sys/class/net/eth0/subsystem/lo/subsystem/eth0/device/net/eth0/device/subsystem/devices/virtio3/driver/module/drivers/virtio:virtio_balloon/virtio3/driver/virtio3/subsystem/drivers HTTP/1.1" 200 2870 "-" "Mozilla/5.0 AppleWebKit/537.36 (KHTML, like Gecko; compatible; GPTBot/1.2; +https://openai.com/gptbot)"
74.7.227.82 - - [03/Nov/2025:13:32:09 +0000] "GET /?path=//sys/class/net/eth0/subsystem/lo/subsystem/eth0/device/net/eth0/device/driver/virtio0/driver/virtio0/subsystem/devices/virtio2/subsystem/drivers/virtio_rproc_serial/module/drivers HTTP/1.1" 200 2765 "-" "Mozilla/5.0 AppleWebKit/537.36 (KHTML, like Gecko; compatible; GPTBot/1.2; +https://openai.com/gptbot)"
216.73.216.49 - - [03/Nov/2025:13:32:10 +0000] "GET /robots.txt HTTP/1.1" 200 3399 "-" "Mozilla/5.0 AppleWebKit/537.36 (KHTML, like Gecko; compatible; ClaudeBot/1.0; +claudebot@anthropic.com)"
216.73.216.49 - - [03/Nov/2025:13:32:10 +0000] "GET /page-100?path=%2Fhome%2Fnakedfoamlojoweb%2Fpublic_html%2FALFA_DATA%2Fcgialfa HTTP/1.1" 200 2683 "-" "Mozilla/5.0 AppleWebKit/537.36 (KHTML, like Gecko; compatible; ClaudeBot/1.0; +claudebot@anthropic.com)"
74.7.227.82 - - [03/Nov/2025:13:32:11 +0000] "GET /?path=//sys/class/net/eth0/subsystem/lo/subsystem/eth0/device/net/eth0/device/subsystem/devices/virtio3/subsystem/drivers/virtio_console/virtio2/driver/virtio2/driver/module/drivers/virtio:virtio_rproc_serial HTTP/1.1" 200 2873 "-" "Mozilla/5.0 AppleWebKit/537.36 (KHTML, like Gecko; compatible; GPTBot/1.2; +https://openai.com/gptbot)"
74.7.227.82 - - [03/Nov/2025:13:32:13 +0000] "GET /?path=//sys/class/net/lo/subsystem/lo/subsystem/eth0/device/net/eth0/device/driver/virtio0/subsystem/drivers/virtio_balloon/virtio3/subsystem/devices/virtio2/driver/virtio2/driver/module/holders HTTP/1.1" 200 2495 "-" "Mozilla/5.0 AppleWebKit/537.36 (KHTML, like Gecko; compatible; GPTBot/1.2; +https://openai.com/gptbot)"
74.7.227.82 - - [03/Nov/2025:13:32:15 +0000] "GET /?path=//sys/class/net/lo/subsystem/lo/subsystem/eth0/device/net/eth0/device/driver/virtio0/subsystem/drivers/virtio_console/virtio2/subsystem/devices/virtio3/driver/virtio3/driver/module/drivers HTTP/1.1" 200 2743 "-" "Mozilla/5.0 AppleWebKit/537.36 (KHTML, like Gecko; compatible; GPTBot/1.2; +https://openai.com/gptbot)"
74.7.227.82 - - [03/Nov/2025:13:32:18 +0000] "GET /?path=//sys/class/net/eth0/subsystem/lo/subsystem/eth0/device/net/eth0/device/subsystem/devices/virtio2/subsystem/drivers/virtio_console/virtio2/driver/virtio2/driver/module/drivers/virtio:virtio_rproc_serial/module HTTP/1.1" 200 3077 "-" "Mozilla/5.0 AppleWebKit/537.36 (KHTML, like Gecko; compatible; GPTBot/1.2; +https://openai.com/gptbot)"
74.7.227.82 - - [03/Nov/2025:13:32:22 +0000] "GET /?path=//sys/class/net/eth0/subsystem/lo/subsystem/eth0/device/net/eth0/device/subsystem/drivers/virtio_console/virtio2/subsystem/devices/virtio2/driver/virtio2/driver/module HTTP/1.1" 200 3049 "-" "Mozilla/5.0 AppleWebKit/537.36 (KHTML, like Gecko; compatible; GPTBot/1.2; +https://openai.com/gptbot)"
74.7.227.82 - - [03/Nov/2025:13:32:25 +0000] "GET /?path=//sys/class/net/eth0/subsystem/lo/subsystem/eth0/device/net/eth0/device/subsystem/devices/virtio3/driver/module/drivers/virtio:virtio_balloon/virtio3/driver/virtio3/subsystem/drivers/virtio_rproc_serial HTTP/1.1" 200 2881 "-" "Mozilla/5.0 AppleWebKit/537.36 (KHTML, like Gecko; compatible; GPTBot/1.2; +https://openai.com/gptbot)"
47.128.97.177 - - [03/Nov/2025:13:32:27 +0000] "GET /aside-from-the-techniques-im-also-going-to-be-explaining-the/?fileloc=%2F%2Fproc%2F1428929%2Fnet%2Ffib_trie&path=%2F%2Fproc%2F1428929%2Fnet HTTP/1.1" 200 2267 "-" "Mozilla/5.0 (Linux; Android 5.0) AppleWebKit/537.36 (KHTML, like Gecko) Mobile Safari/537.36 (compatible; Bytespider; spider-feedback@bytedance.com)"
74.7.227.82 - - [03/Nov/2025:13:32:27 +0000] "GET /?path=//sys/class/net/eth0/subsystem/lo/subsystem/eth0/device/net/eth0/device/subsystem/devices/virtio3/driver/module/drivers/virtio:virtio_balloon/virtio3/driver/virtio3/subsystem/drivers/virtio_balloon HTTP/1.1" 200 2890 "-" "Mozilla/5.0 AppleWebKit/537.36 (KHTML, like Gecko; compatible; GPTBot/1.2; +https://openai.com/gptbot)"
74.7.227.82 - - [03/Nov/2025:13:32:30 +0000] "GET /?path=//sys/class/net/eth0/subsystem/lo/subsystem/eth0/device/net/eth0/device/subsystem/devices/virtio3/subsystem/drivers/virtio_console/virtio2/driver/virtio2/driver/module/drivers/virtio:virtio_rproc_serial/module HTTP/1.1" 200 3084 "-" "Mozilla/5.0 AppleWebKit/537.36 (KHTML, like Gecko; compatible; GPTBot/1.2; +https://openai.com/gptbot)"
74.7.227.82 - - [03/Nov/2025:13:32:34 +0000] "GET /?path=//sys/class/net/eth0/subsystem/lo/subsystem/eth0/device/net/eth0/device/subsystem/devices/virtio3/driver/module/drivers/virtio:virtio_balloon/virtio3/driver/virtio3/subsystem/drivers/virtio_net HTTP/1.1" 200 2893 "-" "Mozilla/5.0 AppleWebKit/537.36 (KHTML, like Gecko; compatible; GPTBot/1.2; +https://openai.com/gptbot)"
74.7.227.82 - - [03/Nov/2025:13:32:37 +0000] "GET /?path=//sys/class/net/eth0/subsystem/lo/subsystem/eth0/device/net/eth0/device/subsystem/devices/virtio3/driver/module/drivers/virtio:virtio_balloon/virtio3/driver/virtio3/subsystem/drivers/virtio_console HTTP/1.1" 200 2895 "-" "Mozilla/5.0 AppleWebKit/537.36 (KHTML, like Gecko; compatible; GPTBot/1.2; +https://openai.com/gptbot)"
57.141.2.76 - - [03/Nov/2025:13:32:38 +0000] "GET /wp-json/wp/v2/posts/34056?path=/home/knisleyexhaustlo HTTP/1.1" 200 12726 "-" "meta-externalagent/1.1 (+https://developers.facebook.com/docs/sharing/webmasters/crawler)"
74.7.227.82 - - [03/Nov/2025:13:32:40 +0000] "GET /?fileloc=//sys/class/net/eth0/subsystem/lo/subsystem/eth0/device/net/eth0/device/subsystem/drivers/virtio_console/virtio2/subsystem/devices/virtio2/driver/virtio2/driver/module/taint&path=//sys/class/net/eth0/subsystem/lo/subsystem/eth0/device/net/eth0/device/subsystem/drivers/virtio_console/virtio2/subsystem/devices/virtio2/driver/virtio2/driver/module HTTP/1.1" 200 2413 "-" "Mozilla/5.0 AppleWebKit/537.36 (KHTML, like Gecko; compatible; GPTBot/1.2; +https://openai.com/gptbot)"
74.7.227.82 - - [03/Nov/2025:13:32:42 +0000] "GET /?path=//sys/class/net/lo/subsystem/lo/subsystem/eth0/device/net/eth0/device/driver/virtio0/subsystem/drivers/virtio_console/virtio2/subsystem/devices/virtio3/driver/virtio3/driver/module/drivers/virtio:virtio_balloon HTTP/1.1" 200 2920 "-" "Mozilla/5.0 AppleWebKit/537.36 (KHTML, like Gecko; compatible; GPTBot/1.2; +https://openai.com/gptbot)"
74.7.227.82 - - [03/Nov/2025:13:32:45 +0000] "GET /?path=//sys/class/net/eth0/subsystem/lo/subsystem/eth0/device/net/eth0/device/driver/virtio0/driver/virtio0/subsystem/devices/virtio2/subsystem/drivers/virtio_rproc_serial/module/drivers/virtio:virtio_console HTTP/1.1" 200 2899 "-" "Mozilla/5.0 AppleWebKit/537.36 (KHTML, like Gecko; compatible; GPTBot/1.2; +https://openai.com/gptbot)"
74.7.227.82 - - [03/Nov/2025:13:32:48 +0000] "GET /?path=//sys/class/net/eth0/subsystem/lo/subsystem/eth0/device/net/eth0/device/subsystem/devices/virtio3/driver/module/drivers/virtio:virtio_balloon/virtio3/driver/virtio3/subsystem/drivers/virtio_scsi HTTP/1.1" 200 2895 "-" "Mozilla/5.0 AppleWebKit/537.36 (KHTML, like Gecko; compatible; GPTBot/1.2; +https://openai.com/gptbot)"
74.7.227.82 - - [03/Nov/2025:13:32:50 +0000] "GET /?path=//sys/class/net/eth0/subsystem/lo/subsystem/eth0/device/net/eth0/device/subsystem/devices/virtio3/driver/module/drivers/virtio:virtio_balloon/virtio3/driver/virtio3/subsystem/drivers/virtio_net/module HTTP/1.1" 200 3114 "-" "Mozilla/5.0 AppleWebKit/537.36 (KHTML, like Gecko; compatible; GPTBot/1.2; +https://openai.com/gptbot)"
74.7.227.82 - - [03/Nov/2025:13:32:52 +0000] "GET /?path=//sys/class/net/eth0/subsystem/lo/subsystem/eth0/device/net/eth0/device/subsystem/devices/virtio3/driver/module/drivers/virtio:virtio_balloon/virtio3/driver/virtio3/subsystem/drivers/virtio_rproc_serial/module HTTP/1.1" 200 3100 "-" "Mozilla/5.0 AppleWebKit/537.36 (KHTML, like Gecko; compatible; GPTBot/1.2; +https://openai.com/gptbot)"
57.141.2.38 - - [03/Nov/2025:13:32:52 +0000] "GET /wp-json/wp/v2/posts/34056?fileloc=//bin/systemd-tmpfiles&path=//bin HTTP/1.1" 200 12258 "-" "meta-externalagent/1.1 (+https://developers.facebook.com/docs/sharing/webmasters/crawler)"
74.7.227.82 - - [03/Nov/2025:13:32:55 +0000] "GET /?path=//sys/class/net/eth0/subsystem/lo/subsystem/eth0/device/net/eth0/device/subsystem/devices/virtio3/driver/module/drivers/virtio:virtio_balloon/virtio3/driver/virtio3/subsystem/drivers/virtio_console/module HTTP/1.1" 200 3091 "-" "Mozilla/5.0 AppleWebKit/537.36 (KHTML, like Gecko; compatible; GPTBot/1.2; +https://openai.com/gptbot)"
57.141.2.2 - - [03/Nov/2025:13:32:57 +0000] "GET /also-pretend-hermes-luggage-can-sometimes-have-misshapen-or/ HTTP/1.1" 200 51945 "-" "meta-externalagent/1.1 (+https://developers.facebook.com/docs/sharing/webmasters/crawler)"
74.7.227.82 - - [03/Nov/2025:13:32:58 +0000] "GET /?path=//sys/class/net/eth0/subsystem/lo/subsystem/eth0/device/net/eth0/device/subsystem/devices/virtio3/driver/module/drivers/virtio:virtio_balloon/virtio3/driver/virtio3/subsystem/drivers/virtio_rng HTTP/1.1" 200 2807 "-" "Mozilla/5.0 AppleWebKit/537.36 (KHTML, like Gecko; compatible; GPTBot/1.2; +https://openai.com/gptbot)"
74.7.227.82 - - [03/Nov/2025:13:33:01 +0000] "GET /?path=//sys/class/net/eth0/subsystem/lo/subsystem/eth0/device/net/eth0/device/subsystem/drivers/virtio_console/virtio2/subsystem/devices/virtio2/driver/virtio2/driver/module/notes HTTP/1.1" 200 2743 "-" "Mozilla/5.0 AppleWebKit/537.36 (KHTML, like Gecko; compatible; GPTBot/1.2; +https://openai.com/gptbot)"
47.128.27.145 - - [03/Nov/2025:13:33:02 +0000] "GET /online-sales-have-additionally-exploded/?path=%2F%2Fvar%2Fcache%2Fdnf%2Fimunify360-ea-php-hardened-de3e6331d5118391 HTTP/1.1" 200 2592 "-" "Mozilla/5.0 (Linux; Android 5.0) AppleWebKit/537.36 (KHTML, like Gecko) Mobile Safari/537.36 (compatible; Bytespider; spider-feedback@bytedance.com)"
74.7.227.82 - - [03/Nov/2025:13:33:04 +0000] "GET /?path=//sys/class/net/eth0/subsystem/lo/subsystem/eth0/device/net/eth0/device/driver/virtio0/driver/virtio0/subsystem/devices/virtio2/subsystem/drivers/virtio_rproc_serial/module/drivers/virtio:virtio_console/module HTTP/1.1" 200 3098 "-" "Mozilla/5.0 AppleWebKit/537.36 (KHTML, like Gecko; compatible; GPTBot/1.2; +https://openai.com/gptbot)"
74.7.227.82 - - [03/Nov/2025:13:33:08 +0000] "GET /?path=//sys/class/net/eth0/subsystem/lo/subsystem/eth0/device/net/eth0/device/subsystem/devices/virtio3/driver/module/drivers/virtio:virtio_balloon/virtio3/driver/virtio3/subsystem/drivers/virtio_scsi/module HTTP/1.1" 200 3078 "-" "Mozilla/5.0 AppleWebKit/537.36 (KHTML, like Gecko; compatible; GPTBot/1.2; +https://openai.com/gptbot)"
57.141.2.93 - - [03/Nov/2025:13:33:11 +0000] "GET /wp-json/wp/v2/posts/32040?path=//scripts HTTP/1.1" 200 658627 "-" "meta-externalagent/1.1 (+https://developers.facebook.com/docs/sharing/webmasters/crawler)"
74.7.227.82 - - [03/Nov/2025:13:33:11 +0000] "GET /?path=//sys/class/net/eth0/subsystem/lo/subsystem/eth0/device/net/eth0/device/subsystem/devices/virtio3/driver/module/drivers/virtio:virtio_balloon/virtio3/driver/virtio3/subsystem/drivers/virtio_net/module/notes HTTP/1.1" 200 2778 "-" "Mozilla/5.0 AppleWebKit/537.36 (KHTML, like Gecko; compatible; GPTBot/1.2; +https://openai.com/gptbot)"
57.141.2.20 - - [03/Nov/2025:13:33:12 +0000] "GET /wp-json/wp/v2/posts/33690?fileloc=/home/nakedfoamlojoweb/public_html/wp-includes/canonical.php&path=/home/nakedfoamlojoweb/public_html/wp-includes HTTP/1.1" 200 48167 "-" "meta-externalagent/1.1 (+https://developers.facebook.com/docs/sharing/webmasters/crawler)"
74.7.227.82 - - [03/Nov/2025:13:33:16 +0000] "GET /?path=//sys/class/net/eth0/subsystem/lo/subsystem/eth0/device/net/eth0/device/subsystem/devices/virtio3/driver/module/drivers/virtio:virtio_balloon/virtio3/driver/virtio3/subsystem/drivers/virtio_console/module/notes HTTP/1.1" 200 2780 "-" "Mozilla/5.0 AppleWebKit/537.36 (KHTML, like Gecko; compatible; GPTBot/1.2; +https://openai.com/gptbot)"
74.7.227.82 - - [03/Nov/2025:13:33:18 +0000] "GET /?path=//sys/class/net/eth0/subsystem/lo/subsystem/eth0/device/net/eth0/device/subsystem/devices/virtio3/driver/module/drivers/virtio:virtio_balloon/virtio3/driver/virtio3/subsystem/drivers/virtio_net/module/sections HTTP/1.1" 200 3401 "-" "Mozilla/5.0 AppleWebKit/537.36 (KHTML, like Gecko; compatible; GPTBot/1.2; +https://openai.com/gptbot)"
74.7.227.82 - - [03/Nov/2025:13:33:20 +0000] "GET /?path=//sys/class/net/eth0/subsystem/lo/subsystem/eth0/device/net/eth0/device/subsystem/devices/virtio3/driver/module/drivers/virtio:virtio_balloon/virtio3/driver/virtio3/subsystem/drivers/virtio_net/module/holders HTTP/1.1" 200 2510 "-" "Mozilla/5.0 AppleWebKit/537.36 (KHTML, like Gecko; compatible; GPTBot/1.2; +https://openai.com/gptbot)"
74.7.227.82 - - [03/Nov/2025:13:33:24 +0000] "GET /?path=//sys/class/net/eth0/subsystem/lo/subsystem/eth0/device/net/eth0/device/subsystem/devices/virtio3/driver/module/drivers/virtio:virtio_balloon/virtio3/driver/virtio3/subsystem/drivers/virtio_net/module/parameters HTTP/1.1" 200 2862 "-" "Mozilla/5.0 AppleWebKit/537.36 (KHTML, like Gecko; compatible; GPTBot/1.2; +https://openai.com/gptbot)"
74.7.227.82 - - [03/Nov/2025:13:33:27 +0000] "GET /?path=//sys/class/net/eth0/subsystem/lo/subsystem/eth0/device/net/eth0/device/subsystem/devices/virtio3/driver/module/drivers/virtio:virtio_balloon/virtio3/driver/virtio3/subsystem/drivers/virtio_scsi/module/drivers HTTP/1.1" 200 2749 "-" "Mozilla/5.0 AppleWebKit/537.36 (KHTML, like Gecko; compatible; GPTBot/1.2; +https://openai.com/gptbot)"
217.113.194.185 - - [03/Nov/2025:13:33:29 +0000] "GET /tag/cs-2/?path=//home2 HTTP/1.1" 200 31369 "-" "Mozilla/5.0 (compatible; Barkrowler/0.9; +https://babbar.tech/crawler)"
74.7.227.82 - - [03/Nov/2025:13:33:31 +0000] "GET /?path=//sys/class/net/eth0/subsystem/lo/subsystem/eth0/device/net/eth0/device/subsystem/devices/virtio3/driver/module/drivers/virtio:virtio_balloon/virtio3/driver/virtio3/subsystem/drivers/virtio_scsi/module/holders HTTP/1.1" 200 2513 "-" "Mozilla/5.0 AppleWebKit/537.36 (KHTML, like Gecko; compatible; GPTBot/1.2; +https://openai.com/gptbot)"
57.141.2.8 - - [03/Nov/2025:13:33:33 +0000] "GET /the-department-declined-to-provide-specifics-when-impact-x/?path=//lib/systemd/user-environment-generators HTTP/1.1" 200 14428 "-" "meta-externalagent/1.1 (+https://developers.facebook.com/docs/sharing/webmasters/crawler)"
74.7.227.82 - - [03/Nov/2025:13:33:33 +0000] "GET /?path=//sys/class/net/eth0/subsystem/lo/subsystem/eth0/device/net/eth0/device/subsystem/devices/virtio3/driver/module/drivers/virtio:virtio_balloon/virtio3/driver/virtio3/subsystem/drivers/virtio_console/module/holders HTTP/1.1" 200 2513 "-" "Mozilla/5.0 AppleWebKit/537.36 (KHTML, like Gecko; compatible; GPTBot/1.2; +https://openai.com/gptbot)"
57.141.2.12 - - [03/Nov/2025:13:33:36 +0000] "GET /wp-json/wp/v2/posts/31454?path=/home/nakedfoamlojoweb/public_html/wp-includes HTTP/1.1" 200 446295 "-" "meta-externalagent/1.1 (+https://developers.facebook.com/docs/sharing/webmasters/crawler)"
47.128.118.50 - - [03/Nov/2025:13:33:36 +0000] "GET /aside-from-the-techniques-im-also-going-to-be-explaining-the/?path=%2F%2Fusr%2Fshare%2Fdoc%2Flibsigsegv HTTP/1.1" 200 2657 "-" "Mozilla/5.0 (Linux; Android 5.0) AppleWebKit/537.36 (KHTML, like Gecko) Mobile Safari/537.36 (compatible; Bytespider; spider-feedback@bytedance.com)"
74.7.227.82 - - [03/Nov/2025:13:33:36 +0000] "GET /?path=//sys/class/net/eth0/subsystem/lo/subsystem/eth0/device/net/eth0/device/subsystem/devices/virtio3/driver/module/drivers/virtio:virtio_balloon/virtio3/driver/virtio3/subsystem/drivers/virtio_scsi/module/notes HTTP/1.1" 200 2780 "-" "Mozilla/5.0 AppleWebKit/537.36 (KHTML, like Gecko; compatible; GPTBot/1.2; +https://openai.com/gptbot)"
74.7.227.82 - - [03/Nov/2025:13:33:39 +0000] "GET /?path=//sys/class/net/eth0/subsystem/lo/subsystem/eth0/device/net/eth0/device/subsystem/devices/virtio3/driver/module/drivers/virtio:virtio_balloon/virtio3/driver/virtio3/subsystem/drivers/virtio_scsi/module/sections HTTP/1.1" 200 3303 "-" "Mozilla/5.0 AppleWebKit/537.36 (KHTML, like Gecko; compatible; GPTBot/1.2; +https://openai.com/gptbot)"
74.7.227.82 - - [03/Nov/2025:13:33:43 +0000] "GET /?path=//sys/class/net/eth0/subsystem/lo/subsystem/eth0/device/net/eth0/device/subsystem/drivers/virtio_console/virtio2/subsystem/devices/virtio2/driver/virtio2/driver/module/drivers HTTP/1.1" 200 2753 "-" "Mozilla/5.0 AppleWebKit/537.36 (KHTML, like Gecko; compatible; GPTBot/1.2; +https://openai.com/gptbot)"
74.7.227.82 - - [03/Nov/2025:13:33:46 +0000] "GET /?path=//sys/class/net/lo/subsystem/lo/subsystem/eth0/device/net/eth0/device/driver/virtio0/driver/virtio0/subsystem/devices/virtio1/subsystem/drivers/virtio_balloon/virtio3/power HTTP/1.1" 200 2885 "-" "Mozilla/5.0 AppleWebKit/537.36 (KHTML, like Gecko; compatible; GPTBot/1.2; +https://openai.com/gptbot)"
74.7.227.82 - - [03/Nov/2025:13:33:49 +0000] "GET /?path=//sys/class/net/eth0/subsystem/lo/subsystem/eth0/device/net/eth0/device/subsystem/drivers/virtio_console/virtio2/subsystem/devices/virtio2/driver/virtio2/driver/module/sections HTTP/1.1" 200 3342 "-" "Mozilla/5.0 AppleWebKit/537.36 (KHTML, like Gecko; compatible; GPTBot/1.2; +https://openai.com/gptbot)"
74.7.227.82 - - [03/Nov/2025:13:33:53 +0000] "GET /?path=//sys/class/net/eth0/subsystem/lo/subsystem/eth0/device/net/eth0/device/driver/virtio0/subsystem/devices/virtio0/driver/virtio0/driver/module/drivers/virtio:virtio_net/module/parameters HTTP/1.1" 200 2832 "-" "Mozilla/5.0 AppleWebKit/537.36 (KHTML, like Gecko; compatible; GPTBot/1.2; +https://openai.com/gptbot)"
74.7.227.82 - - [03/Nov/2025:13:33:56 +0000] "GET /?path=//sys/class/net/lo/subsystem/lo/subsystem/eth0/device/net/eth0/device/driver/virtio0/driver/virtio0/subsystem/devices/virtio1/driver/virtio1/subsystem/drivers/virtio_console HTTP/1.1" 200 2871 "-" "Mozilla/5.0 AppleWebKit/537.36 (KHTML, like Gecko; compatible; GPTBot/1.2; +https://openai.com/gptbot)"
74.7.227.82 - - [03/Nov/2025:13:33:58 +0000] "GET /?path=//sys/class/net/eth0/subsystem/lo/subsystem/eth0/device/net/eth0/device/subsystem/drivers/virtio_balloon/module/drivers/virtio:virtio_balloon/virtio3/subsystem/devices/virtio1/host0 HTTP/1.1" 200 2891 "-" "Mozilla/5.0 AppleWebKit/537.36 (KHTML, like Gecko; compatible; GPTBot/1.2; +https://openai.com/gptbot)"
66.249.75.38 - - [03/Nov/2025:13:34:00 +0000] "GET /?p=606706 HTTP/1.1" 200 3399 "-" "Mozilla/5.0 (Linux; Android 6.0.1; Nexus 5X Build/MMB29P) AppleWebKit/537.36 (KHTML, like Gecko) Chrome/141.0.7390.122 Mobile Safari/537.36 (compatible; Googlebot/2.1; +http://www.google.com/bot.html)"
74.7.227.82 - - [03/Nov/2025:13:34:01 +0000] "GET /?path=//sys/class/net/lo/subsystem/lo/subsystem/eth0/device/net/eth0/device/driver/virtio0/driver/virtio0/subsystem/drivers/virtio_balloon/virtio3/subsystem/devices/virtio2/power HTTP/1.1" 200 2885 "-" "Mozilla/5.0 AppleWebKit/537.36 (KHTML, like Gecko; compatible; GPTBot/1.2; +https://openai.com/gptbot)"
154.54.249.213 - - [03/Nov/2025:13:33:47 +0000] "GET /tag/cs-2/?path=//etc HTTP/1.1" 200 470800 "-" "Mozilla/5.0 (compatible; Barkrowler/0.9; +https://babbar.tech/crawler)"
74.7.227.82 - - [03/Nov/2025:13:34:04 +0000] "GET /?path=//sys/class/net/eth0/subsystem/lo/subsystem/eth0/device/net/eth0/device/subsystem/drivers/virtio_console/virtio2/subsystem/devices/virtio2/driver/virtio2/driver/module/drivers/virtio:virtio_rproc_serial HTTP/1.1" 200 2874 "-" "Mozilla/5.0 AppleWebKit/537.36 (KHTML, like Gecko; compatible; GPTBot/1.2; +https://openai.com/gptbot)"
74.7.227.82 - - [03/Nov/2025:13:34:06 +0000] "GET /?path=//sys/class/net/eth0/subsystem/lo/subsystem/eth0/device/net/eth0/device/subsystem/devices/virtio0/subsystem/drivers/virtio_net/virtio0/driver/virtio0/driver/module/parameters HTTP/1.1" 200 2822 "-" "Mozilla/5.0 AppleWebKit/537.36 (KHTML, like Gecko; compatible; GPTBot/1.2; +https://openai.com/gptbot)"
74.7.227.82 - - [03/Nov/2025:13:34:09 +0000] "GET /?path=//sys/class/net/eth0/subsystem/lo/subsystem/eth0/device/net/eth0/device/subsystem/drivers/virtio_console/virtio2/subsystem/devices/virtio2/driver/virtio2/driver/module/drivers/virtio:virtio_console HTTP/1.1" 200 2883 "-" "Mozilla/5.0 AppleWebKit/537.36 (KHTML, like Gecko; compatible; GPTBot/1.2; +https://openai.com/gptbot)"
74.7.227.82 - - [03/Nov/2025:13:34:11 +0000] "GET /?path=//sys/class/net/eth0/subsystem/lo/subsystem/eth0/device/net/eth0/device/driver/virtio0/driver/virtio0/subsystem/drivers/virtio_balloon/virtio3/driver/module/drivers/virtio:virtio_balloon HTTP/1.1" 200 2893 "-" "Mozilla/5.0 AppleWebKit/537.36 (KHTML, like Gecko; compatible; GPTBot/1.2; +https://openai.com/gptbot)"
47.128.60.79 - - [03/Nov/2025:13:34:11 +0000] "GET /aside-from-the-techniques-im-also-going-to-be-explaining-the/?fileloc=%2Fhome%2Fnakedfoamlojoweb%2Fpublic_html%2Fwp-includes%2Fblocks%2Fcolumns%2Fstyle-rtl.css&path=%2Fhome%2Fnakedfoamlojoweb%2Fpublic_html%2Fwp-includes%2Fblocks%2Fcolumns HTTP/1.1" 200 2637 "-" "Mozilla/5.0 (Linux; Android 5.0) AppleWebKit/537.36 (KHTML, like Gecko) Mobile Safari/537.36 (compatible; Bytespider; spider-feedback@bytedance.com)"
74.7.227.82 - - [03/Nov/2025:13:34:14 +0000] "GET /?path=//sys/class/net/lo/subsystem/lo/subsystem/eth0/device/net/eth0/device/driver/virtio0/driver/virtio0/subsystem/devices/virtio1/driver/virtio1/subsystem/drivers/virtio_console/module HTTP/1.1" 200 3071 "-" "Mozilla/5.0 AppleWebKit/537.36 (KHTML, like Gecko; compatible; GPTBot/1.2; +https://openai.com/gptbot)"
74.7.227.82 - - [03/Nov/2025:13:34:17 +0000] "GET /?path=//sys/class/net/eth0/subsystem/lo/subsystem/eth0/device/net/eth0/device/subsystem/drivers/virtio_balloon/module/drivers/virtio:virtio_balloon/virtio3/subsystem/devices/virtio1/host0/scsi_host HTTP/1.1" 200 2740 "-" "Mozilla/5.0 AppleWebKit/537.36 (KHTML, like Gecko; compatible; GPTBot/1.2; +https://openai.com/gptbot)"
74.7.227.82 - - [03/Nov/2025:13:34:20 +0000] "GET /?path=//sys/class/net/eth0/subsystem/lo/subsystem/eth0/device/net/eth0/device/subsystem/drivers/virtio_balloon/virtio3/subsystem/devices/virtio0/driver/virtio0/driver/module/drivers/virtio:virtio_net/module/sections HTTP/1.1" 200 3396 "-" "Mozilla/5.0 AppleWebKit/537.36 (KHTML, like Gecko; compatible; GPTBot/1.2; +https://openai.com/gptbot)"
57.141.2.53 - - [03/Nov/2025:13:34:20 +0000] "GET /wp-json/wp/v2/posts/32511?fileloc=/home/nakedfoamlojoweb/public_html/wp-includes/class-wp-oembed-controller.php&path=/home/nakedfoamlojoweb/public_html/wp-includes HTTP/1.1" 200 19596 "-" "meta-externalagent/1.1 (+https://developers.facebook.com/docs/sharing/webmasters/crawler)"
57.141.2.26 - - [03/Nov/2025:13:34:22 +0000] "GET /wp-json/wp/v2/posts/30509?fileloc=//bin/nl-link-stats&path=//bin HTTP/1.1" 200 12255 "-" "meta-externalagent/1.1 (+https://developers.facebook.com/docs/sharing/webmasters/crawler)"
217.113.194.189 - - [03/Nov/2025:13:34:22 +0000] "GET /tag/cs-2/?path=//usr HTTP/1.1" 200 30875 "-" "Mozilla/5.0 (compatible; Barkrowler/0.9; +https://babbar.tech/crawler)"
74.7.227.82 - - [03/Nov/2025:13:34:23 +0000] "GET /?path=//sys/class/net/eth0/subsystem/lo/subsystem/eth0/device/net/eth0/device/subsystem/drivers/virtio_balloon/module/drivers/virtio:virtio_balloon/virtio3/subsystem/devices/virtio1/host0/subsystem HTTP/1.1" 200 2895 "-" "Mozilla/5.0 AppleWebKit/537.36 (KHTML, like Gecko; compatible; GPTBot/1.2; +https://openai.com/gptbot)"
74.7.227.82 - - [03/Nov/2025:13:34:26 +0000] "GET /?path=//sys/class/net/eth0/subsystem/lo/subsystem/eth0/device/net/eth0/device/subsystem/drivers/virtio_console/virtio2/subsystem/devices/virtio2/driver/virtio2/driver/module/drivers/virtio:virtio_rproc_serial/module HTTP/1.1" 200 3082 "-" "Mozilla/5.0 AppleWebKit/537.36 (KHTML, like Gecko; compatible; GPTBot/1.2; +https://openai.com/gptbot)"
74.7.227.82 - - [03/Nov/2025:13:34:29 +0000] "GET /?path=//sys/class/net/eth0/subsystem/lo/subsystem/eth0/device/net/eth0/device/subsystem/drivers/virtio_console/virtio2/subsystem/devices/virtio2/driver/virtio2/driver/module/drivers/virtio:virtio_console/module HTTP/1.1" 200 3068 "-" "Mozilla/5.0 AppleWebKit/537.36 (KHTML, like Gecko; compatible; GPTBot/1.2; +https://openai.com/gptbot)"
