74.7.227.82 - - [03/Nov/2025:13:39:13 +0000] "GET /?path=//sys/class/net/lo/subsystem/lo/subsystem/eth0/device/net/eth0/device/driver/virtio0/driver/virtio0/subsystem/devices/virtio1/subsystem/drivers/virtio_console/virtio2/driver/module/holders HTTP/1.1" 200 2497 "-" "Mozilla/5.0 AppleWebKit/537.36 (KHTML, like Gecko; compatible; GPTBot/1.2; +https://openai.com/gptbot)"
57.141.2.81 - - [03/Nov/2025:13:39:14 +0000] "GET /wp-json/wp/v2/posts/29488?fileloc=//proc/29/cpuset&path=//proc/29 HTTP/1.1" 200 12289 "-" "meta-externalagent/1.1 (+https://developers.facebook.com/docs/sharing/webmasters/crawler)"
74.7.227.82 - - [03/Nov/2025:13:39:16 +0000] "GET /?path=//sys/class/net/lo/subsystem/lo/subsystem/eth0/device/net/eth0/device/driver/virtio0/driver/virtio0/subsystem/devices/virtio2/driver/virtio2/subsystem/drivers/virtio_balloon/module/notes HTTP/1.1" 200 2759 "-" "Mozilla/5.0 AppleWebKit/537.36 (KHTML, like Gecko; compatible; GPTBot/1.2; +https://openai.com/gptbot)"
217.113.194.186 - - [03/Nov/2025:13:39:19 +0000] "GET /1xbet-app/?path=/home HTTP/1.1" 200 12666 "-" "Mozilla/5.0 (compatible; Barkrowler/0.9; +https://babbar.tech/crawler)"
74.7.227.82 - - [03/Nov/2025:13:39:19 +0000] "GET /?path=//sys/class/net/lo/subsystem/lo/subsystem/eth0/device/net/eth0/device/driver/virtio0/driver/virtio0/subsystem/devices/virtio2/driver/virtio2/subsystem/drivers/virtio_balloon/module/sections HTTP/1.1" 200 3285 "-" "Mozilla/5.0 AppleWebKit/537.36 (KHTML, like Gecko; compatible; GPTBot/1.2; +https://openai.com/gptbot)"
74.7.227.82 - - [03/Nov/2025:13:39:22 +0000] "GET /?path=//sys/class/net/lo/subsystem/lo/subsystem/eth0/device/net/eth0/device/driver/virtio0/driver/virtio0/subsystem/devices/virtio1/subsystem/drivers/virtio_console/virtio2/driver/module/sections HTTP/1.1" 200 3363 "-" "Mozilla/5.0 AppleWebKit/537.36 (KHTML, like Gecko; compatible; GPTBot/1.2; +https://openai.com/gptbot)"
74.7.227.82 - - [03/Nov/2025:13:39:25 +0000] "GET /?path=//sys/class/net/eth0/subsystem/lo/subsystem/eth0/device/net/eth0/device/subsystem/drivers/virtio_balloon/virtio3/subsystem/devices/virtio2/driver/virtio2/driver/module/holders HTTP/1.1" 200 2477 "-" "Mozilla/5.0 AppleWebKit/537.36 (KHTML, like Gecko; compatible; GPTBot/1.2; +https://openai.com/gptbot)"
74.7.227.82 - - [03/Nov/2025:13:39:28 +0000] "GET /?path=//sys/class/net/lo/subsystem/lo/subsystem/eth0/device/net/eth0/device/driver/virtio0/driver/virtio0/subsystem/drivers/virtio_balloon/virtio3/subsystem/devices/virtio2/driver/module HTTP/1.1" 200 3074 "-" "Mozilla/5.0 AppleWebKit/537.36 (KHTML, like Gecko; compatible; GPTBot/1.2; +https://openai.com/gptbot)"
74.7.227.82 - - [03/Nov/2025:13:39:32 +0000] "GET /?path=//sys/class/net/lo/subsystem/lo/subsystem/eth0/device/net/eth0/device/subsystem/drivers/virtio_balloon/virtio3/driver/virtio3/subsystem/devices/virtio1/driver/virtio1/driver HTTP/1.1" 200 2866 "-" "Mozilla/5.0 AppleWebKit/537.36 (KHTML, like Gecko; compatible; GPTBot/1.2; +https://openai.com/gptbot)"
74.7.227.82 - - [03/Nov/2025:13:39:34 +0000] "GET /?path=//sys/class/net/lo/subsystem/lo/subsystem/eth0/device/net/eth0/device/driver/virtio0/driver/virtio0/subsystem/devices/virtio3/subsystem/drivers/virtio_console/virtio2/subsystem HTTP/1.1" 200 2879 "-" "Mozilla/5.0 AppleWebKit/537.36 (KHTML, like Gecko; compatible; GPTBot/1.2; +https://openai.com/gptbot)"
217.113.194.183 - - [03/Nov/2025:13:39:36 +0000] "GET /category/rokubetbetbet-aug/ HTTP/1.1" 200 51945 "-" "Mozilla/5.0 (compatible; Barkrowler/0.9; +https://babbar.tech/crawler)"
74.7.227.82 - - [03/Nov/2025:13:39:38 +0000] "GET /?path=//sys/class/net/lo/subsystem/lo/subsystem/eth0/device/net/eth0/device/driver/virtio0/driver/virtio0/subsystem/devices/virtio2/subsystem/drivers/virtio_console/virtio2/virtio-ports HTTP/1.1" 200 2723 "-" "Mozilla/5.0 AppleWebKit/537.36 (KHTML, like Gecko; compatible; GPTBot/1.2; +https://openai.com/gptbot)"
66.249.75.37 - - [03/Nov/2025:13:39:38 +0000] "GET /2025/02/13/free-pokies-quickspin/ HTTP/1.1" 200 3399 "-" "Mozilla/5.0 (Linux; Android 6.0.1; Nexus 5X Build/MMB29P) AppleWebKit/537.36 (KHTML, like Gecko) Chrome/141.0.7390.122 Mobile Safari/537.36 (compatible; Googlebot/2.1; +http://www.google.com/bot.html)"
74.7.227.82 - - [03/Nov/2025:13:39:40 +0000] "GET /?fileloc=//sys/class/net/lo/subsystem/lo/subsystem/eth0/device/net/eth0/device/driver/virtio0/driver/virtio0/subsystem/devices/virtio2/driver/virtio2/subsystem/drivers/virtio_balloon/module/sections/.exit.text&path=//sys/class/net/lo/subsystem/lo/subsystem/eth0/device/net/eth0/device/driver/virtio0/driver/virtio0/subsystem/devices/virtio2/driver/virtio2/subsystem/drivers/virtio_balloon/module/sections HTTP/1.1" 200 2445 "-" "Mozilla/5.0 AppleWebKit/537.36 (KHTML, like Gecko; compatible; GPTBot/1.2; +https://openai.com/gptbot)"
74.7.227.82 - - [03/Nov/2025:13:39:43 +0000] "GET /?path=//sys/class/net/eth0/subsystem/lo/subsystem/eth0/device/net/eth0/device/subsystem/drivers/virtio_scsi/virtio1/subsystem/devices/virtio2/driver/module/drivers/virtio:virtio_console/virtio2 HTTP/1.1" 200 3013 "-" "Mozilla/5.0 AppleWebKit/537.36 (KHTML, like Gecko; compatible; GPTBot/1.2; +https://openai.com/gptbot)"
47.128.55.46 - - [03/Nov/2025:13:39:46 +0000] "GET /ivermectin-cena-ivermectin-cena-slovenija-4/?fileloc=%2Fhome%2Fnakedfoamlojoweb%2Ftmp%2Fsess_f75921001b0f817da138fd5c60e1177f&path=%2Fhome%2Fnakedfoamlojoweb%2Ftmp HTTP/1.1" 200 2279 "-" "Mozilla/5.0 (Linux; Android 5.0) AppleWebKit/537.36 (KHTML, like Gecko) Mobile Safari/537.36 (compatible; Bytespider; spider-feedback@bytedance.com)"
74.7.227.82 - - [03/Nov/2025:13:39:46 +0000] "GET /?path=//sys/class/net/eth0/subsystem/lo/subsystem/eth0/device/net/eth0/device/subsystem/drivers/virtio_console/virtio2/subsystem/devices/virtio1/driver/module/drivers/virtio:virtio_scsi/virtio1 HTTP/1.1" 200 3009 "-" "Mozilla/5.0 AppleWebKit/537.36 (KHTML, like Gecko; compatible; GPTBot/1.2; +https://openai.com/gptbot)"
74.7.227.82 - - [03/Nov/2025:13:39:49 +0000] "GET /?path=//sys/class/net/eth0/subsystem/lo/subsystem/eth0/device/net/eth0/device/subsystem/devices/virtio2/driver/virtio2/driver/module/drivers/virtio:virtio_console/virtio2/subsystem/drivers/virtio_balloon/module/holders HTTP/1.1" 200 2509 "-" "Mozilla/5.0 AppleWebKit/537.36 (KHTML, like Gecko; compatible; GPTBot/1.2; +https://openai.com/gptbot)"
74.7.227.82 - - [03/Nov/2025:13:39:52 +0000] "GET /?path=//sys/class/net/lo/subsystem/lo/subsystem/eth0/device/net/eth0/device/driver/virtio0/driver/virtio0/subsystem/drivers/virtio_balloon/virtio3/subsystem/devices/virtio2/driver/module/sections HTTP/1.1" 200 3363 "-" "Mozilla/5.0 AppleWebKit/537.36 (KHTML, like Gecko; compatible; GPTBot/1.2; +https://openai.com/gptbot)"
74.7.227.82 - - [03/Nov/2025:13:39:56 +0000] "GET /?path=//sys/class/net/lo/subsystem/lo/subsystem/eth0/device/net/eth0/device/driver/virtio0/driver/virtio0/subsystem/drivers/virtio_balloon/virtio3/subsystem/devices/virtio2/driver/module/drivers HTTP/1.1" 200 2780 "-" "Mozilla/5.0 AppleWebKit/537.36 (KHTML, like Gecko; compatible; GPTBot/1.2; +https://openai.com/gptbot)"
74.7.227.82 - - [03/Nov/2025:13:39:59 +0000] "GET /?path=//sys/class/net/lo/subsystem/lo/subsystem/eth0/device/net/eth0/device/driver/virtio0/driver/virtio0/subsystem/drivers/virtio_balloon/virtio3/subsystem/devices/virtio2/driver/module/notes HTTP/1.1" 200 2767 "-" "Mozilla/5.0 AppleWebKit/537.36 (KHTML, like Gecko; compatible; GPTBot/1.2; +https://openai.com/gptbot)"
74.7.227.82 - - [03/Nov/2025:13:40:02 +0000] "GET /?path=//sys/class/net/eth0/subsystem/lo/subsystem/eth0/device/net/eth0/device/subsystem/drivers/virtio_scsi/virtio1/subsystem/devices/virtio2/driver/module/drivers/virtio:virtio_console/virtio2/power HTTP/1.1" 200 2908 "-" "Mozilla/5.0 AppleWebKit/537.36 (KHTML, like Gecko; compatible; GPTBot/1.2; +https://openai.com/gptbot)"
57.141.2.25 - - [03/Nov/2025:13:40:02 +0000] "GET /wp-json/wp/v2/posts/28243?path=/home/nakedfoamlojoweb/etc/nakedfoam.lojoweb.com HTTP/1.1" 200 12868 "-" "meta-externalagent/1.1 (+https://developers.facebook.com/docs/sharing/webmasters/crawler)"
66.249.75.37 - - [03/Nov/2025:13:40:04 +0000] "GET /?bajilive=03-08&type=PokerStars HTTP/1.1" 200 3399 "-" "Mozilla/5.0 (Linux; Android 6.0.1; Nexus 5X Build/MMB29P) AppleWebKit/537.36 (KHTML, like Gecko) Chrome/141.0.7390.122 Mobile Safari/537.36 (compatible; Googlebot/2.1; +http://www.google.com/bot.html)"
74.7.227.82 - - [03/Nov/2025:13:40:05 +0000] "GET /?path=//sys/class/net/lo/subsystem/lo/subsystem/eth0/device/net/eth0/device/subsystem/drivers/virtio_balloon/virtio3/driver/virtio3/subsystem/devices/virtio1/driver/virtio1/driver/module HTTP/1.1" 200 3056 "-" "Mozilla/5.0 AppleWebKit/537.36 (KHTML, like Gecko; compatible; GPTBot/1.2; +https://openai.com/gptbot)"
74.7.227.82 - - [03/Nov/2025:13:40:08 +0000] "GET /?path=//sys/class/net/eth0/subsystem/lo/subsystem/eth0/device/net/eth0/device/subsystem/drivers/virtio_scsi/virtio1/subsystem/devices/virtio2/driver/module/drivers/virtio:virtio_console/virtio2/driver HTTP/1.1" 200 2891 "-" "Mozilla/5.0 AppleWebKit/537.36 (KHTML, like Gecko; compatible; GPTBot/1.2; +https://openai.com/gptbot)"
74.7.227.82 - - [03/Nov/2025:13:40:11 +0000] "GET /?fileloc=//sys/class/net/lo/subsystem/lo/subsystem/eth0/device/net/eth0/device/driver/virtio0/driver/virtio0/subsystem/drivers/virtio_balloon/virtio3/subsystem/devices/virtio2/driver/module/sections/.text..refcount&path=//sys/class/net/lo/subsystem/lo/subsystem/eth0/device/net/eth0/device/driver/virtio0/driver/virtio0/subsystem/drivers/virtio_balloon/virtio3/subsystem/devices/virtio2/driver/module/sections HTTP/1.1" 200 2451 "-" "Mozilla/5.0 AppleWebKit/537.36 (KHTML, like Gecko; compatible; GPTBot/1.2; +https://openai.com/gptbot)"
217.113.194.183 - - [03/Nov/2025:13:39:53 +0000] "GET /category/pinup/?path=//scripts HTTP/1.1" 200 658627 "-" "Mozilla/5.0 (compatible; Barkrowler/0.9; +https://babbar.tech/crawler)"
74.7.227.82 - - [03/Nov/2025:13:40:14 +0000] "GET /?path=//sys/class/net/lo/subsystem/lo/subsystem/eth0/device/net/eth0/device/driver/virtio0/driver/virtio0/subsystem/drivers/virtio_balloon/virtio3/subsystem/devices/virtio2/driver/module/drivers/virtio:virtio_console HTTP/1.1" 200 2920 "-" "Mozilla/5.0 AppleWebKit/537.36 (KHTML, like Gecko; compatible; GPTBot/1.2; +https://openai.com/gptbot)"
74.7.227.82 - - [03/Nov/2025:13:40:17 +0000] "GET /?path=//sys/class/net/eth0/subsystem/lo/subsystem/eth0/device/net/eth0/device/subsystem/drivers/virtio_console/virtio2/subsystem/devices/virtio1/driver/module/drivers/virtio:virtio_scsi/virtio1/driver HTTP/1.1" 200 2893 "-" "Mozilla/5.0 AppleWebKit/537.36 (KHTML, like Gecko; compatible; GPTBot/1.2; +https://openai.com/gptbot)"
74.7.227.82 - - [03/Nov/2025:13:40:19 +0000] "GET /?path=//sys/class/net/eth0/subsystem/lo/subsystem/eth0/device/net/eth0/device/subsystem/drivers/virtio_console/virtio2/subsystem/devices/virtio1/driver/module/drivers/virtio:virtio_scsi/virtio1/power HTTP/1.1" 200 2911 "-" "Mozilla/5.0 AppleWebKit/537.36 (KHTML, like Gecko; compatible; GPTBot/1.2; +https://openai.com/gptbot)"
47.128.110.229 - - [03/Nov/2025:13:40:20 +0000] "GET /the-authentic-sole-is-extra-defined-than-the-reproduction-one/?path=%2F%2Fetc%2Flibibverbs.d HTTP/1.1" 200 2864 "-" "Mozilla/5.0 (Linux; Android 5.0) AppleWebKit/537.36 (KHTML, like Gecko) Mobile Safari/537.36 (compatible; Bytespider; spider-feedback@bytedance.com)"
74.7.227.82 - - [03/Nov/2025:13:40:21 +0000] "GET /?path=//sys/class/net/eth0/subsystem/lo/subsystem/eth0/device/net/eth0/device/subsystem/drivers/virtio_scsi/virtio1/subsystem/devices/virtio2/driver/module/drivers/virtio:virtio_console/virtio2/subsystem HTTP/1.1" 200 2900 "-" "Mozilla/5.0 AppleWebKit/537.36 (KHTML, like Gecko; compatible; GPTBot/1.2; +https://openai.com/gptbot)"
74.7.227.82 - - [03/Nov/2025:13:40:24 +0000] "GET /?path=//sys/class/net/eth0/subsystem/lo/subsystem/eth0/device/net/eth0/device/subsystem/drivers/virtio_scsi/virtio1/subsystem/devices/virtio2/driver/module/drivers/virtio:virtio_console/virtio2/virtio-ports HTTP/1.1" 200 2748 "-" "Mozilla/5.0 AppleWebKit/537.36 (KHTML, like Gecko; compatible; GPTBot/1.2; +https://openai.com/gptbot)"
216.73.216.49 - - [03/Nov/2025:13:40:26 +0000] "GET /page-100?fileloc=%2Fhome%2Fnakedfoamlojoweb%2Fpublic_html%2Fwp-includes%2Fhtml-api%2Fclass-wp-html-token.php&path=%2Fhome%2Fnakedfoamlojoweb%2Fpublic_html%2Fwp-includes%2Fhtml-api HTTP/1.1" 200 3459 "-" "Mozilla/5.0 AppleWebKit/537.36 (KHTML, like Gecko; compatible; ClaudeBot/1.0; +claudebot@anthropic.com)"
216.73.216.49 - - [03/Nov/2025:13:40:27 +0000] "GET /page-100?fileloc=%2Fhome%2Fnakedfoamlojoweb%2Fpublic_html%2Fwp-includes%2Fhtml-api%2Fclass-wp-html-span.php&path=%2Fhome%2Fnakedfoamlojoweb%2Fpublic_html%2Fwp-includes%2Fhtml-api HTTP/1.1" 200 2744 "-" "Mozilla/5.0 AppleWebKit/537.36 (KHTML, like Gecko; compatible; ClaudeBot/1.0; +claudebot@anthropic.com)"
74.7.227.82 - - [03/Nov/2025:13:40:27 +0000] "GET /?path=//sys/class/net/eth0/subsystem/lo/subsystem/eth0/device/net/eth0/device/subsystem/drivers/virtio_console/virtio2/subsystem/devices/virtio1/driver/module/drivers/virtio:virtio_scsi/virtio1/subsystem HTTP/1.1" 200 2903 "-" "Mozilla/5.0 AppleWebKit/537.36 (KHTML, like Gecko; compatible; GPTBot/1.2; +https://openai.com/gptbot)"
74.7.227.82 - - [03/Nov/2025:13:40:29 +0000] "GET /?path=//sys/class/net/lo/subsystem/lo/subsystem/eth0/device/net/eth0/device/subsystem/drivers/virtio_balloon/virtio3/driver/virtio3/subsystem/devices/virtio1/driver/virtio1/driver/module/drivers HTTP/1.1" 200 2735 "-" "Mozilla/5.0 AppleWebKit/537.36 (KHTML, like Gecko; compatible; GPTBot/1.2; +https://openai.com/gptbot)"
217.113.194.188 - - [03/Nov/2025:13:40:30 +0000] "GET /category/pinup/?path=//share HTTP/1.1" 200 13975 "-" "Mozilla/5.0 (compatible; Barkrowler/0.9; +https://babbar.tech/crawler)"
57.141.2.71 - - [03/Nov/2025:13:40:30 +0000] "GET /wp-json/wp/v2/posts/29376?fileloc=/home/nakedfoamlojoweb/public_html/wp-includes/class-wp-classic-to-block-menu-converter.php&path=/home/nakedfoamlojoweb/public_html/wp-includes HTTP/1.1" 200 16754 "-" "meta-externalagent/1.1 (+https://developers.facebook.com/docs/sharing/webmasters/crawler)"
74.7.227.82 - - [03/Nov/2025:13:40:32 +0000] "GET /?path=//sys/class/net/lo/subsystem/lo/subsystem/eth0/device/net/eth0/device/subsystem/drivers/virtio_balloon/virtio3/driver/virtio3/subsystem/devices/virtio1/driver/virtio1/driver/module/holders HTTP/1.1" 200 2489 "-" "Mozilla/5.0 AppleWebKit/537.36 (KHTML, like Gecko; compatible; GPTBot/1.2; +https://openai.com/gptbot)"
74.7.227.82 - - [03/Nov/2025:13:40:34 +0000] "GET /?path=//sys/class/net/lo/subsystem/lo/subsystem/eth0/device/net/eth0/device/subsystem/drivers/virtio_balloon/virtio3/driver/virtio3/subsystem/devices/virtio1/driver/virtio1/driver/module/sections HTTP/1.1" 200 3280 "-" "Mozilla/5.0 AppleWebKit/537.36 (KHTML, like Gecko; compatible; GPTBot/1.2; +https://openai.com/gptbot)"
74.7.227.82 - - [03/Nov/2025:13:40:36 +0000] "GET /?path=//sys/class/net/lo/subsystem/lo/subsystem/eth0/device/net/eth0/device/subsystem/drivers/virtio_balloon/virtio3/driver/virtio3/subsystem/devices/virtio1/driver/virtio1/driver/module/notes HTTP/1.1" 200 2757 "-" "Mozilla/5.0 AppleWebKit/537.36 (KHTML, like Gecko; compatible; GPTBot/1.2; +https://openai.com/gptbot)"
216.73.216.49 - - [03/Nov/2025:13:40:37 +0000] "GET /page-100?fileloc=%2Fhome%2Fnakedfoamlojoweb%2Fpublic_html%2Fwp-includes%2Finteractivity-api%2Finteractivity-api.php&path=%2Fhome%2Fnakedfoamlojoweb%2Fpublic_html%2Fwp-includes%2Finteractivity-api HTTP/1.1" 200 3632 "-" "Mozilla/5.0 AppleWebKit/537.36 (KHTML, like Gecko; compatible; ClaudeBot/1.0; +claudebot@anthropic.com)"
216.73.216.49 - - [03/Nov/2025:13:40:38 +0000] "GET /page-100?fileloc=%2Fhome%2Fnakedfoamlojoweb%2Fpublic_html%2Fwp-includes%2Fhtml-api%2Fclass-wp-html-decoder.php&path=%2Fhome%2Fnakedfoamlojoweb%2Fpublic_html%2Fwp-includes%2Fhtml-api HTTP/1.1" 200 7199 "-" "Mozilla/5.0 AppleWebKit/537.36 (KHTML, like Gecko; compatible; ClaudeBot/1.0; +claudebot@anthropic.com)"
74.7.227.82 - - [03/Nov/2025:13:40:40 +0000] "GET /?path=//sys/class/net/eth0/subsystem/lo/subsystem/eth0/device/net/eth0/device/subsystem/devices/virtio3/subsystem/drivers/virtio_net/virtio0/driver/virtio0/driver/module/sections HTTP/1.1" 200 3368 "-" "Mozilla/5.0 AppleWebKit/537.36 (KHTML, like Gecko; compatible; GPTBot/1.2; +https://openai.com/gptbot)"
74.7.227.82 - - [03/Nov/2025:13:40:43 +0000] "GET /?path=//sys/class/net/lo/subsystem/lo/subsystem/eth0/device/net/eth0/device/subsystem/drivers/virtio_console/virtio2/driver/virtio2/subsystem/devices/virtio0/driver/virtio0/driver/module HTTP/1.1" 200 3093 "-" "Mozilla/5.0 AppleWebKit/537.36 (KHTML, like Gecko; compatible; GPTBot/1.2; +https://openai.com/gptbot)"
74.7.227.82 - - [03/Nov/2025:13:40:47 +0000] "GET /?path=//sys/class/net/eth0/subsystem/lo/subsystem/eth0/device/net/eth0/device/subsystem/devices/virtio3/subsystem/drivers/virtio_scsi/virtio1/driver/virtio1/driver/module/holders HTTP/1.1" 200 2476 "-" "Mozilla/5.0 AppleWebKit/537.36 (KHTML, like Gecko; compatible; GPTBot/1.2; +https://openai.com/gptbot)"
74.7.227.82 - - [03/Nov/2025:13:40:50 +0000] "GET /?path=//sys/class/net/lo/subsystem/lo/subsystem/eth0/device/net/eth0/device/driver/virtio0/driver/virtio0/subsystem/drivers/virtio_balloon/virtio3/subsystem/devices/virtio2/driver/module/holders HTTP/1.1" 200 2494 "-" "Mozilla/5.0 AppleWebKit/537.36 (KHTML, like Gecko; compatible; GPTBot/1.2; +https://openai.com/gptbot)"
74.7.227.82 - - [03/Nov/2025:13:40:52 +0000] "GET /?path=//sys/class/net/lo/subsystem/lo/subsystem/eth0/device/net/eth0/device/subsystem/drivers/virtio_balloon/virtio3/driver/virtio3/subsystem/devices/virtio1/driver/virtio1/driver/module/drivers/virtio:virtio_scsi HTTP/1.1" 200 2902 "-" "Mozilla/5.0 AppleWebKit/537.36 (KHTML, like Gecko; compatible; GPTBot/1.2; +https://openai.com/gptbot)"
74.7.227.82 - - [03/Nov/2025:13:40:55 +0000] "GET /?path=//sys/class/net/eth0/subsystem/lo/subsystem/eth0/device/net/eth0/device/driver/virtio0/driver/virtio0/subsystem/devices/virtio1/subsystem/drivers/virtio_net/module/parameters HTTP/1.1" 200 2828 "-" "Mozilla/5.0 AppleWebKit/537.36 (KHTML, like Gecko; compatible; GPTBot/1.2; +https://openai.com/gptbot)"
47.128.32.209 - - [03/Nov/2025:13:40:56 +0000] "GET /the-authentic-sole-is-extra-defined-than-the-reproduction-one/?fileloc=%2F%2Fsbin%2Faugenrules&path=%2F%2Fsbin HTTP/1.1" 200 3832 "-" "Mozilla/5.0 (Linux; Android 5.0) AppleWebKit/537.36 (KHTML, like Gecko) Mobile Safari/537.36 (compatible; Bytespider; spider-feedback@bytedance.com)"
74.7.227.82 - - [03/Nov/2025:13:40:57 +0000] "GET /?path=//sys/class/net/eth0/subsystem/lo/subsystem/eth0/device/net/eth0/device/subsystem/drivers/virtio_console/virtio2/subsystem/devices/virtio0/driver/virtio0/driver/module/parameters HTTP/1.1" 200 2829 "-" "Mozilla/5.0 AppleWebKit/537.36 (KHTML, like Gecko; compatible; GPTBot/1.2; +https://openai.com/gptbot)"
74.7.227.82 - - [03/Nov/2025:13:41:01 +0000] "GET /?path=//sys/class/net/lo/subsystem/lo/subsystem/eth0/device/net/eth0/device/subsystem/drivers/virtio_console/virtio2/driver/virtio2/subsystem/devices/virtio0/driver/virtio0/driver/module/parameters HTTP/1.1" 200 2839 "-" "Mozilla/5.0 AppleWebKit/537.36 (KHTML, like Gecko; compatible; GPTBot/1.2; +https://openai.com/gptbot)"
74.7.227.82 - - [03/Nov/2025:13:41:03 +0000] "GET /?fileloc=//sys/class/net/lo/subsystem/lo/subsystem/eth0/device/net/eth0/device/subsystem/drivers/virtio_balloon/virtio3/driver/virtio3/subsystem/devices/virtio1/driver/virtio1/driver/module/notes/.note.gnu.build-id&path=//sys/class/net/lo/subsystem/lo/subsystem/eth0/device/net/eth0/device/subsystem/drivers/virtio_balloon/virtio3/driver/virtio3/subsystem/devices/virtio1/driver/virtio1/driver/module/notes HTTP/1.1" 200 2448 "-" "Mozilla/5.0 AppleWebKit/537.36 (KHTML, like Gecko; compatible; GPTBot/1.2; +https://openai.com/gptbot)"
216.73.216.49 - - [03/Nov/2025:13:41:03 +0000] "GET /page-100?fileloc=%2Fhome%2Fnakedfoamlojoweb%2Fpublic_html%2Fwp-includes%2Finteractivity-api%2Fclass-wp-interactivity-api.php&path=%2Fhome%2Fnakedfoamlojoweb%2Fpublic_html%2Fwp-includes%2Finteractivity-api HTTP/1.1" 200 12538 "-" "Mozilla/5.0 AppleWebKit/537.36 (KHTML, like Gecko; compatible; ClaudeBot/1.0; +claudebot@anthropic.com)"
74.7.227.82 - - [03/Nov/2025:13:41:06 +0000] "GET /?path=//sys/class/net/lo/subsystem/lo/subsystem/eth0/device/net/eth0/device/subsystem/drivers/virtio_console/virtio2/driver/virtio2/subsystem/devices/virtio0/driver/virtio0/driver/module/sections HTTP/1.1" 200 3382 "-" "Mozilla/5.0 AppleWebKit/537.36 (KHTML, like Gecko; compatible; GPTBot/1.2; +https://openai.com/gptbot)"
57.141.2.1 - - [03/Nov/2025:13:41:06 +0000] "GET /wp-json/wp/v2/posts/35703?fileloc=//bin/pr&path=//bin HTTP/1.1" 200 12244 "-" "meta-externalagent/1.1 (+https://developers.facebook.com/docs/sharing/webmasters/crawler)"
74.7.227.82 - - [03/Nov/2025:13:41:09 +0000] "GET /?path=//sys/class/net/lo/subsystem/lo/subsystem/eth0/device/net/eth0/device/driver/virtio0/driver/virtio0/subsystem/devices/virtio3/driver/virtio3/subsystem/drivers/virtio_console/module/sections HTTP/1.1" 200 3359 "-" "Mozilla/5.0 AppleWebKit/537.36 (KHTML, like Gecko; compatible; GPTBot/1.2; +https://openai.com/gptbot)"
57.141.2.34 - - [03/Nov/2025:13:41:09 +0000] "GET /wp-json/wp/v2/posts/30275?fileloc=//scripts/generate_account_suspension_include&path=//scripts HTTP/1.1" 200 18292 "-" "meta-externalagent/1.1 (+https://developers.facebook.com/docs/sharing/webmasters/crawler)"
74.7.227.82 - - [03/Nov/2025:13:41:11 +0000] "GET /?fileloc=//sys/class/net/lo/subsystem/lo/subsystem/eth0/device/net/eth0/device/subsystem/drivers/virtio_balloon/virtio3/driver/virtio3/subsystem/devices/virtio1/driver/virtio1/driver/module/drivers/virtio:virtio_scsi/unbind&path=//sys/class/net/lo/subsystem/lo/subsystem/eth0/device/net/eth0/device/subsystem/drivers/virtio_balloon/virtio3/driver/virtio3/subsystem/devices/virtio1/driver/virtio1/driver/module/drivers/virtio:virtio_scsi HTTP/1.1" 200 2451 "-" "Mozilla/5.0 AppleWebKit/537.36 (KHTML, like Gecko; compatible; GPTBot/1.2; +https://openai.com/gptbot)"
74.7.227.82 - - [03/Nov/2025:13:41:14 +0000] "GET /?path=//sys/class/net/lo/subsystem/lo/subsystem/eth0/device/net/eth0/device/subsystem/drivers/virtio_console/virtio2/driver/virtio2/subsystem/devices/virtio0/driver/virtio0/driver/module/holders HTTP/1.1" 200 2489 "-" "Mozilla/5.0 AppleWebKit/537.36 (KHTML, like Gecko; compatible; GPTBot/1.2; +https://openai.com/gptbot)"
74.7.227.82 - - [03/Nov/2025:13:41:16 +0000] "GET /?path=//sys/class/net/lo/subsystem/lo/subsystem/eth0/device/net/eth0/device/subsystem/drivers/virtio_console/virtio2/driver/virtio2/subsystem/devices/virtio0/driver/virtio0/driver/module/drivers HTTP/1.1" 200 2732 "-" "Mozilla/5.0 AppleWebKit/537.36 (KHTML, like Gecko; compatible; GPTBot/1.2; +https://openai.com/gptbot)"
217.113.194.251 - - [03/Nov/2025:13:40:46 +0000] "GET /category/pinup/?path=//sbin HTTP/1.1" 200 730963 "-" "Mozilla/5.0 (compatible; Barkrowler/0.9; +https://babbar.tech/crawler)"
74.7.227.82 - - [03/Nov/2025:13:41:19 +0000] "GET /?path=//sys/class/net/lo/subsystem/lo/subsystem/eth0/device/net/eth0/device/subsystem/drivers/virtio_console/virtio2/driver/virtio2/subsystem/devices/virtio0/driver/virtio0/driver/module/notes HTTP/1.1" 200 2757 "-" "Mozilla/5.0 AppleWebKit/537.36 (KHTML, like Gecko; compatible; GPTBot/1.2; +https://openai.com/gptbot)"
57.141.2.21 - - [03/Nov/2025:13:41:23 +0000] "GET /clinical-sexologist-and-sex-therapist-ness-cooper-recommends/?fileloc=//lib64/libopcodes-2.30-125.el8_10.so&path=//lib64 HTTP/1.1" 200 12277 "-" "meta-externalagent/1.1 (+https://developers.facebook.com/docs/sharing/webmasters/crawler)"
74.7.227.82 - - [03/Nov/2025:13:41:23 +0000] "GET /?path=//sys/class/net/eth0/subsystem/lo/subsystem/eth0/device/net/eth0/device/subsystem/devices/virtio1/subsystem/drivers/virtio_scsi/virtio1/driver/virtio1/driver/module/sections HTTP/1.1" 200 3266 "-" "Mozilla/5.0 AppleWebKit/537.36 (KHTML, like Gecko; compatible; GPTBot/1.2; +https://openai.com/gptbot)"
74.7.227.82 - - [03/Nov/2025:13:41:26 +0000] "GET /?path=//sys/class/net/lo/subsystem/lo/subsystem/eth0/device/net/eth0/device/driver/virtio0/driver/virtio0/subsystem/drivers/virtio_balloon/virtio3/subsystem/devices/virtio0/driver HTTP/1.1" 200 2871 "-" "Mozilla/5.0 AppleWebKit/537.36 (KHTML, like Gecko; compatible; GPTBot/1.2; +https://openai.com/gptbot)"
74.7.227.82 - - [03/Nov/2025:13:41:29 +0000] "GET /?path=//sys/class/net/eth0/subsystem/lo/subsystem/eth0/device/net/eth0/device/subsystem/drivers/virtio_console/virtio2/subsystem/devices/virtio3/driver/virtio3/driver/module/sections HTTP/1.1" 200 3272 "-" "Mozilla/5.0 AppleWebKit/537.36 (KHTML, like Gecko; compatible; GPTBot/1.2; +https://openai.com/gptbot)"
47.128.60.77 - - [03/Nov/2025:13:41:30 +0000] "GET /online-sales-have-additionally-exploded/?fileloc=%2F%2Flib64%2Fpython2.7%2Flib-tk%2FTkdnd.pyc&path=%2F%2Flib64%2Fpython2.7%2Flib-tk HTTP/1.1" 200 2273 "-" "Mozilla/5.0 (Linux; Android 5.0) AppleWebKit/537.36 (KHTML, like Gecko) Mobile Safari/537.36 (compatible; Bytespider; spider-feedback@bytedance.com)"
57.141.2.7 - - [03/Nov/2025:13:41:31 +0000] "GET /wp-json/wp/v2/posts/29697?fileloc=/home/nakedfoamlojoweb/public_html/wp-includes/class-wp-customize-setting.php&path=/home/nakedfoamlojoweb/public_html/wp-includes HTTP/1.1" 200 43250 "-" "meta-externalagent/1.1 (+https://developers.facebook.com/docs/sharing/webmasters/crawler)"
74.7.227.82 - - [03/Nov/2025:13:41:32 +0000] "GET /?path=//sys/class/net/eth0/subsystem/lo/subsystem/eth0/device/net/eth0/device/driver/virtio0/driver/virtio0/subsystem/devices/virtio3/subsystem/drivers/virtio_net/module/parameters HTTP/1.1" 200 2829 "-" "Mozilla/5.0 AppleWebKit/537.36 (KHTML, like Gecko; compatible; GPTBot/1.2; +https://openai.com/gptbot)"
74.7.227.82 - - [03/Nov/2025:13:41:34 +0000] "GET /?path=//sys/class/net/lo/subsystem/lo/subsystem/eth0/device/net/eth0/device/subsystem/devices/virtio0/driver/virtio0/subsystem/drivers/virtio_console/virtio2/driver/virtio2/driver/module HTTP/1.1" 200 3068 "-" "Mozilla/5.0 AppleWebKit/537.36 (KHTML, like Gecko; compatible; GPTBot/1.2; +https://openai.com/gptbot)"
74.7.227.82 - - [03/Nov/2025:13:41:38 +0000] "GET /?path=//sys/class/net/eth0/subsystem/lo/subsystem/eth0/device/net/eth0/device/subsystem/devices/virtio0/subsystem/drivers/virtio_scsi/virtio1/driver/virtio1/driver/module/holders HTTP/1.1" 200 2476 "-" "Mozilla/5.0 AppleWebKit/537.36 (KHTML, like Gecko; compatible; GPTBot/1.2; +https://openai.com/gptbot)"
57.141.2.65 - - [03/Nov/2025:13:41:39 +0000] "GET /the-department-declined-to-provide-specifics-when-impact-x/?path=//proc/thread-self/root/lib/locale/en_CA/LC_MESSAGES HTTP/1.1" 200 14631 "-" "meta-externalagent/1.1 (+https://developers.facebook.com/docs/sharing/webmasters/crawler)"
74.7.227.82 - - [03/Nov/2025:13:41:42 +0000] "GET /?path=//sys/class/net/eth0/subsystem/lo/subsystem/eth0/device/net/eth0/device/driver/virtio0/driver/virtio0/subsystem/devices/virtio3/subsystem/drivers/virtio_rproc_serial/module/sections HTTP/1.1" 200 3354 "-" "Mozilla/5.0 AppleWebKit/537.36 (KHTML, like Gecko; compatible; GPTBot/1.2; +https://openai.com/gptbot)"
74.7.227.82 - - [03/Nov/2025:13:41:46 +0000] "GET /?path=//sys/class/net/lo/subsystem/lo/subsystem/eth0/device/net/eth0/device/driver/virtio0/driver/virtio0/subsystem/devices/virtio1/subsystem/drivers/virtio_console/virtio2/driver/module/notes HTTP/1.1" 200 2765 "-" "Mozilla/5.0 AppleWebKit/537.36 (KHTML, like Gecko; compatible; GPTBot/1.2; +https://openai.com/gptbot)"
74.7.227.82 - - [03/Nov/2025:13:41:48 +0000] "GET /?path=//sys/class/net/lo/subsystem/lo/subsystem/eth0/device/net/eth0/device/driver/virtio0/driver/virtio0/subsystem/drivers/virtio_balloon/virtio3/subsystem/devices/virtio0/driver/module HTTP/1.1" 200 3099 "-" "Mozilla/5.0 AppleWebKit/537.36 (KHTML, like Gecko; compatible; GPTBot/1.2; +https://openai.com/gptbot)"
74.7.227.82 - - [03/Nov/2025:13:41:51 +0000] "GET /?path=//sys/class/net/lo/subsystem/lo/subsystem/eth0/device/net/eth0/device/driver/virtio0/driver/virtio0/subsystem/drivers/virtio_balloon/virtio3/driver/virtio3/subsystem/devices HTTP/1.1" 200 2772 "-" "Mozilla/5.0 AppleWebKit/537.36 (KHTML, like Gecko; compatible; GPTBot/1.2; +https://openai.com/gptbot)"
74.7.227.82 - - [03/Nov/2025:13:41:53 +0000] "GET /?fileloc=//sys/class/net/lo/subsystem/lo/subsystem/eth0/device/net/eth0/device/subsystem/devices/virtio0/driver/virtio0/subsystem/drivers/virtio_console/virtio2/driver/virtio2/driver/module/coresize&path=//sys/class/net/lo/subsystem/lo/subsystem/eth0/device/net/eth0/device/subsystem/devices/virtio0/driver/virtio0/subsystem/drivers/virtio_console/virtio2/driver/virtio2/driver/module HTTP/1.1" 200 2435 "-" "Mozilla/5.0 AppleWebKit/537.36 (KHTML, like Gecko; compatible; GPTBot/1.2; +https://openai.com/gptbot)"
74.7.227.82 - - [03/Nov/2025:13:41:56 +0000] "GET /?path=//sys/class/net/eth0/subsystem/lo/subsystem/eth0/device/net/eth0/device/subsystem/devices/virtio3/driver/virtio3/subsystem/drivers/virtio_balloon/virtio3/driver/module HTTP/1.1" 200 3057 "-" "Mozilla/5.0 AppleWebKit/537.36 (KHTML, like Gecko; compatible; GPTBot/1.2; +https://openai.com/gptbot)"
74.7.227.82 - - [03/Nov/2025:13:42:00 +0000] "GET /?fileloc=//sys/class/net/eth0/subsystem/lo/subsystem/eth0/device/net/eth0/device/driver/virtio0/driver/virtio0/subsystem/devices/virtio3/subsystem/drivers/virtio_rproc_serial/module/sections/.text&path=//sys/class/net/eth0/subsystem/lo/subsystem/eth0/device/net/eth0/device/driver/virtio0/driver/virtio0/subsystem/devices/virtio3/subsystem/drivers/virtio_rproc_serial/module/sections HTTP/1.1" 200 2438 "-" "Mozilla/5.0 AppleWebKit/537.36 (KHTML, like Gecko; compatible; GPTBot/1.2; +https://openai.com/gptbot)"
57.141.2.87 - - [03/Nov/2025:13:42:00 +0000] "GET /wp-json/wp/v2/posts/30401?path=/home/nakedfoamlojoweb/public_html/wp-admin/js HTTP/1.1" 200 169818 "-" "meta-externalagent/1.1 (+https://developers.facebook.com/docs/sharing/webmasters/crawler)"
74.7.227.82 - - [03/Nov/2025:13:42:02 +0000] "GET /?path=//sys/class/net/lo/subsystem/lo/subsystem/eth0/device/net/eth0/device/subsystem/devices/virtio0/driver/virtio0/subsystem/drivers/virtio_console/virtio2/driver/virtio2/driver/module/sections HTTP/1.1" 200 3356 "-" "Mozilla/5.0 AppleWebKit/537.36 (KHTML, like Gecko; compatible; GPTBot/1.2; +https://openai.com/gptbot)"
47.128.123.164 - - [03/Nov/2025:13:42:04 +0000] "GET /by-purchasing-or-thinking-of-buying-a-duplicate-bag-you/?path=%2F%2Fopt%2Fcpanel HTTP/1.1" 200 2993 "-" "Mozilla/5.0 (Linux; Android 5.0) AppleWebKit/537.36 (KHTML, like Gecko) Mobile Safari/537.36 (compatible; Bytespider; spider-feedback@bytedance.com)"
74.7.227.82 - - [03/Nov/2025:13:42:07 +0000] "GET /?path=//sys/class/net/lo/subsystem/lo/subsystem/eth0/device/net/eth0/device/subsystem/devices/virtio0/driver/virtio0/subsystem/drivers/virtio_console/virtio2/driver/virtio2/driver/module/drivers HTTP/1.1" 200 2768 "-" "Mozilla/5.0 AppleWebKit/537.36 (KHTML, like Gecko; compatible; GPTBot/1.2; +https://openai.com/gptbot)"
74.7.227.82 - - [03/Nov/2025:13:42:10 +0000] "GET /?fileloc=//sys/class/net/lo/subsystem/lo/subsystem/eth0/device/net/eth0/device/driver/virtio0/driver/virtio0/subsystem/drivers/virtio_balloon/virtio3/subsystem/devices/virtio0/driver/module/rhelversion&path=//sys/class/net/lo/subsystem/lo/subsystem/eth0/device/net/eth0/device/driver/virtio0/driver/virtio0/subsystem/drivers/virtio_balloon/virtio3/subsystem/devices/virtio0/driver/module HTTP/1.1" 200 2439 "-" "Mozilla/5.0 AppleWebKit/537.36 (KHTML, like Gecko; compatible; GPTBot/1.2; +https://openai.com/gptbot)"
74.7.227.82 - - [03/Nov/2025:13:42:12 +0000] "GET /?path=//sys/class/net/lo/subsystem/lo/subsystem/eth0/device/net/eth0/device/driver/virtio0/driver/virtio0/subsystem/drivers/virtio_balloon/virtio3/subsystem/devices/virtio0/driver/module/parameters HTTP/1.1" 200 2847 "-" "Mozilla/5.0 AppleWebKit/537.36 (KHTML, like Gecko; compatible; GPTBot/1.2; +https://openai.com/gptbot)"
216.73.216.49 - - [03/Nov/2025:13:42:15 +0000] "GET /page-100?fileloc=%2Fhome%2Fnakedfoamlojoweb%2Fpublic_html%2Fwp-includes%2Fhtml-api%2F.htaccess&path=%2Fhome%2Fnakedfoamlojoweb%2Fpublic_html%2Fwp-includes%2Fhtml-api HTTP/1.1" 200 2377 "-" "Mozilla/5.0 AppleWebKit/537.36 (KHTML, like Gecko; compatible; ClaudeBot/1.0; +claudebot@anthropic.com)"
74.7.227.82 - - [03/Nov/2025:13:42:16 +0000] "GET /?path=//sys/class/net/lo/subsystem/lo/subsystem/eth0/device/net/eth0/device/driver/virtio0/driver/virtio0/subsystem/drivers/virtio_balloon/virtio3/subsystem/devices/virtio0/driver/module/sections HTTP/1.1" 200 3389 "-" "Mozilla/5.0 AppleWebKit/537.36 (KHTML, like Gecko; compatible; GPTBot/1.2; +https://openai.com/gptbot)"
74.7.227.82 - - [03/Nov/2025:13:42:18 +0000] "GET /?path=//sys/class/net/lo/subsystem/lo/subsystem/eth0/device/net/eth0/device/driver/virtio0/driver/virtio0/subsystem/drivers/virtio_balloon/virtio3/subsystem/devices/virtio0/driver/module/holders HTTP/1.1" 200 2496 "-" "Mozilla/5.0 AppleWebKit/537.36 (KHTML, like Gecko; compatible; GPTBot/1.2; +https://openai.com/gptbot)"
74.7.227.82 - - [03/Nov/2025:13:42:20 +0000] "GET /?path=//sys/class/net/lo/subsystem/lo/subsystem/eth0/device/net/eth0/device/driver/virtio0/driver/virtio0/subsystem/drivers/virtio_balloon/virtio3/subsystem/devices/virtio0/driver/module/drivers HTTP/1.1" 200 2740 "-" "Mozilla/5.0 AppleWebKit/537.36 (KHTML, like Gecko; compatible; GPTBot/1.2; +https://openai.com/gptbot)"
74.7.227.82 - - [03/Nov/2025:13:42:23 +0000] "GET /?path=//sys/class/net/eth0/subsystem/lo/subsystem/eth0/device/net/eth0/device/subsystem/devices/virtio3/driver/virtio3/subsystem/drivers/virtio_balloon/virtio3/driver/module/drivers HTTP/1.1" 200 2716 "-" "Mozilla/5.0 AppleWebKit/537.36 (KHTML, like Gecko; compatible; GPTBot/1.2; +https://openai.com/gptbot)"
74.7.227.82 - - [03/Nov/2025:13:42:26 +0000] "GET /?path=//sys/class/net/eth0/subsystem/lo/subsystem/eth0/device/net/eth0/device/subsystem/devices/virtio3/driver/virtio3/subsystem/drivers/virtio_balloon/virtio3/driver/module/holders HTTP/1.1" 200 2481 "-" "Mozilla/5.0 AppleWebKit/537.36 (KHTML, like Gecko; compatible; GPTBot/1.2; +https://openai.com/gptbot)"
74.7.227.82 - - [03/Nov/2025:13:42:30 +0000] "GET /?path=//sys/class/net/lo/subsystem/lo/subsystem/eth0/device/net/eth0/device/subsystem/devices/virtio0/driver/virtio0/subsystem/drivers/virtio_console/virtio2/driver/virtio2/driver/module/notes HTTP/1.1" 200 2757 "-" "Mozilla/5.0 AppleWebKit/537.36 (KHTML, like Gecko; compatible; GPTBot/1.2; +https://openai.com/gptbot)"
74.7.227.82 - - [03/Nov/2025:13:42:32 +0000] "GET /?path=//sys/class/net/lo/subsystem/lo/subsystem/eth0/device/net/eth0/device/subsystem/devices/virtio0/driver/virtio0/subsystem/drivers/virtio_console/virtio2/driver/virtio2/driver/module/holders HTTP/1.1" 200 2491 "-" "Mozilla/5.0 AppleWebKit/537.36 (KHTML, like Gecko; compatible; GPTBot/1.2; +https://openai.com/gptbot)"
74.7.227.82 - - [03/Nov/2025:13:42:35 +0000] "GET /?path=//sys/class/net/eth0/subsystem/lo/subsystem/eth0/device/net/eth0/device/subsystem/drivers/virtio_balloon/virtio3/subsystem/devices/virtio1/driver/virtio1/driver/module HTTP/1.1" 200 3052 "-" "Mozilla/5.0 AppleWebKit/537.36 (KHTML, like Gecko; compatible; GPTBot/1.2; +https://openai.com/gptbot)"
74.7.227.82 - - [03/Nov/2025:13:42:37 +0000] "GET /?path=//sys/class/net/lo/subsystem/lo/subsystem/eth0/device/net/eth0/device/driver/virtio0/driver/virtio0/subsystem/devices/virtio2/driver/virtio2/subsystem/drivers/virtio_balloon/module/holders HTTP/1.1" 200 2492 "-" "Mozilla/5.0 AppleWebKit/537.36 (KHTML, like Gecko; compatible; GPTBot/1.2; +https://openai.com/gptbot)"
47.128.110.154 - - [03/Nov/2025:13:42:39 +0000] "GET /aside-from-the-techniques-im-also-going-to-be-explaining-the/?fileloc=%2F%2Flib64%2Fpython3.6%2F__pycache__%2Fsite.cpython-36.opt-1.pyc&path=%2F%2Flib64%2Fpython3.6%2F__pycache__ HTTP/1.1" 200 2284 "-" "Mozilla/5.0 (Linux; Android 5.0) AppleWebKit/537.36 (KHTML, like Gecko) Mobile Safari/537.36 (compatible; Bytespider; spider-feedback@bytedance.com)"
74.7.227.82 - - [03/Nov/2025:13:42:41 +0000] "GET /?path=//sys/class/net/lo/subsystem/lo/subsystem/eth0/device/net/eth0/device/driver/virtio0/driver/virtio0/subsystem/devices/virtio3/subsystem/drivers/virtio_console/virtio2/driver HTTP/1.1" 200 2872 "-" "Mozilla/5.0 AppleWebKit/537.36 (KHTML, like Gecko; compatible; GPTBot/1.2; +https://openai.com/gptbot)"
74.7.227.82 - - [03/Nov/2025:13:42:44 +0000] "GET /?path=//sys/class/net/lo/subsystem/lo/subsystem/eth0/device/net/eth0/device/driver/virtio0/driver/virtio0/subsystem/drivers/virtio_balloon/virtio3/subsystem/devices/virtio1/subsystem HTTP/1.1" 200 2876 "-" "Mozilla/5.0 AppleWebKit/537.36 (KHTML, like Gecko; compatible; GPTBot/1.2; +https://openai.com/gptbot)"
74.7.227.82 - - [03/Nov/2025:13:42:46 +0000] "GET /?path=//sys/class/net/eth0/subsystem/lo/subsystem/eth0/device/net/eth0/device/subsystem/drivers/virtio_net/virtio0/subsystem/devices/virtio1/driver/virtio1/driver/module/sections HTTP/1.1" 200 3267 "-" "Mozilla/5.0 AppleWebKit/537.36 (KHTML, like Gecko; compatible; GPTBot/1.2; +https://openai.com/gptbot)"
74.7.227.82 - - [03/Nov/2025:13:42:50 +0000] "GET /?path=//sys/class/net/eth0/subsystem/lo/subsystem/eth0/device/net/eth0/device/driver/virtio0/driver/virtio0/subsystem/devices/virtio1/subsystem/drivers/virtio_console/module/notes HTTP/1.1" 200 2749 "-" "Mozilla/5.0 AppleWebKit/537.36 (KHTML, like Gecko; compatible; GPTBot/1.2; +https://openai.com/gptbot)"
74.7.227.82 - - [03/Nov/2025:13:42:54 +0000] "GET /?path=//sys/class/net/lo/subsystem/lo/subsystem/eth0/device/net/eth0/device/subsystem/devices/virtio0/driver/virtio0/subsystem/drivers/virtio_balloon/virtio3/driver/virtio3/driver/module HTTP/1.1" 200 3068 "-" "Mozilla/5.0 AppleWebKit/537.36 (KHTML, like Gecko; compatible; GPTBot/1.2; +https://openai.com/gptbot)"
74.7.227.82 - - [03/Nov/2025:13:42:57 +0000] "GET /?path=//sys/class/net/eth0/subsystem/lo/subsystem/eth0/device/net/eth0/device/subsystem/drivers/virtio_balloon/virtio3/subsystem/devices/virtio1/driver/virtio1/driver/module/drivers HTTP/1.1" 200 2721 "-" "Mozilla/5.0 AppleWebKit/537.36 (KHTML, like Gecko; compatible; GPTBot/1.2; +https://openai.com/gptbot)"
74.7.227.82 - - [03/Nov/2025:13:43:01 +0000] "GET /?path=//sys/class/net/eth0/subsystem/lo/subsystem/eth0/device/net/eth0/device/subsystem/drivers/virtio_balloon/virtio3/subsystem/devices/virtio1/driver/virtio1/driver/module/sections HTTP/1.1" 200 3270 "-" "Mozilla/5.0 AppleWebKit/537.36 (KHTML, like Gecko; compatible; GPTBot/1.2; +https://openai.com/gptbot)"
216.73.216.49 - - [03/Nov/2025:13:43:02 +0000] "GET /page-100?fileloc=%2Fhome%2Fnakedfoamlojoweb%2Fpublic_html%2Fwp-includes%2Finteractivity-api%2F.htaccess&path=%2Fhome%2Fnakedfoamlojoweb%2Fpublic_html%2Fwp-includes%2Finteractivity-api HTTP/1.1" 200 2382 "-" "Mozilla/5.0 AppleWebKit/537.36 (KHTML, like Gecko; compatible; ClaudeBot/1.0; +claudebot@anthropic.com)"
74.7.227.82 - - [03/Nov/2025:13:43:03 +0000] "GET /?fileloc=//sys/class/net/lo/subsystem/lo/subsystem/eth0/device/net/eth0/device/driver/virtio0/driver/virtio0/subsystem/devices/virtio3/subsystem/drivers/virtio_console/virtio2/driver/unbind&path=//sys/class/net/lo/subsystem/lo/subsystem/eth0/device/net/eth0/device/driver/virtio0/driver/virtio0/subsystem/devices/virtio3/subsystem/drivers/virtio_console/virtio2/driver HTTP/1.1" 200 2423 "-" "Mozilla/5.0 AppleWebKit/537.36 (KHTML, like Gecko; compatible; GPTBot/1.2; +https://openai.com/gptbot)"
74.7.227.82 - - [03/Nov/2025:13:43:06 +0000] "GET /?fileloc=//sys/class/net/eth0/subsystem/lo/subsystem/eth0/device/net/eth0/device/subsystem/drivers/virtio_net/virtio0/subsystem/devices/virtio1/driver/virtio1/driver/module/sections/.init.text&path=//sys/class/net/eth0/subsystem/lo/subsystem/eth0/device/net/eth0/device/subsystem/drivers/virtio_net/virtio0/subsystem/devices/virtio1/driver/virtio1/driver/module/sections HTTP/1.1" 200 2427 "-" "Mozilla/5.0 AppleWebKit/537.36 (KHTML, like Gecko; compatible; GPTBot/1.2; +https://openai.com/gptbot)"
74.7.227.82 - - [03/Nov/2025:13:43:10 +0000] "GET /?path=//sys/class/net/eth0/subsystem/lo/subsystem/eth0/device/net/eth0/device/subsystem/drivers/virtio_balloon/virtio3/subsystem/devices/virtio1/driver/virtio1/driver/module/notes HTTP/1.1" 200 2745 "-" "Mozilla/5.0 AppleWebKit/537.36 (KHTML, like Gecko; compatible; GPTBot/1.2; +https://openai.com/gptbot)"
74.7.227.82 - - [03/Nov/2025:13:43:12 +0000] "GET /?path=//sys/class/net/eth0/subsystem/lo/subsystem/eth0/device/net/eth0/device/subsystem/drivers/virtio_balloon/virtio3/subsystem/devices/virtio1/driver/virtio1/driver/module/holders HTTP/1.1" 200 2477 "-" "Mozilla/5.0 AppleWebKit/537.36 (KHTML, like Gecko; compatible; GPTBot/1.2; +https://openai.com/gptbot)"
47.128.48.14 - - [03/Nov/2025:13:43:14 +0000] "GET /the-leather-tote-bag-features-a-compact-card-holder/?fileloc=%2F%2Fproc%2F48%2Ftimerslack_ns&path=%2F%2Fproc%2F48 HTTP/1.1" 200 2256 "-" "Mozilla/5.0 (Linux; Android 5.0) AppleWebKit/537.36 (KHTML, like Gecko) Mobile Safari/537.36 (compatible; Bytespider; spider-feedback@bytedance.com)"
74.7.227.82 - - [03/Nov/2025:13:43:15 +0000] "GET /?path=//sys/class/net/lo/subsystem/lo/subsystem/eth0/device/net/eth0/device/subsystem/devices/virtio0/driver/virtio0/subsystem/drivers/virtio_balloon/virtio3/driver/virtio3/driver/module/notes HTTP/1.1" 200 2757 "-" "Mozilla/5.0 AppleWebKit/537.36 (KHTML, like Gecko; compatible; GPTBot/1.2; +https://openai.com/gptbot)"
74.7.227.82 - - [03/Nov/2025:13:43:18 +0000] "GET /?path=//sys/class/net/eth0/subsystem/lo/subsystem/eth0/device/net/eth0/device/subsystem/drivers/virtio_balloon/virtio3/subsystem/devices/virtio1/driver/virtio1/driver/module/drivers/virtio:virtio_scsi HTTP/1.1" 200 2892 "-" "Mozilla/5.0 AppleWebKit/537.36 (KHTML, like Gecko; compatible; GPTBot/1.2; +https://openai.com/gptbot)"
74.7.227.82 - - [03/Nov/2025:13:43:22 +0000] "GET /?path=//sys/class/net/lo/subsystem/lo/subsystem/eth0/device/net/eth0/device/subsystem/devices/virtio0/driver/virtio0/subsystem/drivers/virtio_balloon/virtio3/driver/virtio3/driver/module/holders HTTP/1.1" 200 2491 "-" "Mozilla/5.0 AppleWebKit/537.36 (KHTML, like Gecko; compatible; GPTBot/1.2; +https://openai.com/gptbot)"
74.7.227.82 - - [03/Nov/2025:13:43:24 +0000] "GET /?path=//sys/class/net/lo/subsystem/lo/subsystem/eth0/device/net/eth0/device/subsystem/devices/virtio0/driver/virtio0/subsystem/drivers/virtio_balloon/virtio3/driver/virtio3/driver/module/drivers HTTP/1.1" 200 2731 "-" "Mozilla/5.0 AppleWebKit/537.36 (KHTML, like Gecko; compatible; GPTBot/1.2; +https://openai.com/gptbot)"
74.7.227.82 - - [03/Nov/2025:13:43:27 +0000] "GET /?path=//sys/class/net/lo/subsystem/lo/subsystem/eth0/device/net/eth0/device/subsystem/devices/virtio0/driver/virtio0/subsystem/drivers/virtio_balloon/virtio3/driver/virtio3/driver/module/sections HTTP/1.1" 200 3282 "-" "Mozilla/5.0 AppleWebKit/537.36 (KHTML, like Gecko; compatible; GPTBot/1.2; +https://openai.com/gptbot)"
74.7.227.82 - - [03/Nov/2025:13:43:31 +0000] "GET /?path=//sys/class/net/lo/subsystem/lo/subsystem/eth0/device/net/eth0/device/driver/virtio0/driver/virtio0/subsystem/devices/virtio3/subsystem/drivers/virtio_console/virtio2/driver/module HTTP/1.1" 200 3074 "-" "Mozilla/5.0 AppleWebKit/537.36 (KHTML, like Gecko; compatible; GPTBot/1.2; +https://openai.com/gptbot)"
74.7.227.82 - - [03/Nov/2025:13:43:35 +0000] "GET /?path=//sys/class/net/lo/subsystem/lo/subsystem/eth0/device/net/eth0/device/driver/virtio0/subsystem/devices/virtio2/subsystem/drivers/virtio_console/virtio2/driver/virtio2/driver/module/drivers HTTP/1.1" 200 2773 "-" "Mozilla/5.0 AppleWebKit/537.36 (KHTML, like Gecko; compatible; GPTBot/1.2; +https://openai.com/gptbot)"
74.7.227.82 - - [03/Nov/2025:13:43:38 +0000] "GET /?path=//sys/class/net/eth0/subsystem/lo/subsystem/eth0/device/net/eth0/device/driver/virtio0/driver/virtio0/subsystem/devices/virtio3/subsystem/drivers/virtio_console/module/drivers HTTP/1.1" 200 2760 "-" "Mozilla/5.0 AppleWebKit/537.36 (KHTML, like Gecko; compatible; GPTBot/1.2; +https://openai.com/gptbot)"
74.7.227.82 - - [03/Nov/2025:13:43:41 +0000] "GET /?path=//sys/class/net/eth0/subsystem/lo/subsystem/eth0/device/net/eth0/device/subsystem/drivers/virtio_balloon/virtio3/subsystem/devices/virtio1/driver/virtio1/driver/module/drivers/virtio:virtio_scsi/module HTTP/1.1" 200 3075 "-" "Mozilla/5.0 AppleWebKit/537.36 (KHTML, like Gecko; compatible; GPTBot/1.2; +https://openai.com/gptbot)"
74.7.227.82 - - [03/Nov/2025:13:43:45 +0000] "GET /?path=//sys/class/net/eth0/subsystem/lo/subsystem/eth0/device/net/eth0/device/driver/virtio0/driver/virtio0/subsystem/devices/virtio1/subsystem/drivers/virtio_rproc_serial/module HTTP/1.1" 200 3070 "-" "Mozilla/5.0 AppleWebKit/537.36 (KHTML, like Gecko; compatible; GPTBot/1.2; +https://openai.com/gptbot)"
74.7.227.82 - - [03/Nov/2025:13:43:47 +0000] "GET /?fileloc=//sys/class/net/lo/subsystem/lo/subsystem/eth0/device/net/eth0/device/subsystem/devices/virtio0/driver/virtio0/subsystem/drivers/virtio_balloon/virtio3/driver/virtio3/driver/module/sections/.text.unlikely&path=//sys/class/net/lo/subsystem/lo/subsystem/eth0/device/net/eth0/device/subsystem/devices/virtio0/driver/virtio0/subsystem/drivers/virtio_balloon/virtio3/driver/virtio3/driver/module/sections HTTP/1.1" 200 2446 "-" "Mozilla/5.0 AppleWebKit/537.36 (KHTML, like Gecko; compatible; GPTBot/1.2; +https://openai.com/gptbot)"
47.128.99.134 - - [03/Nov/2025:13:43:48 +0000] "GET /online-sales-have-additionally-exploded/?fileloc=%2F%2Fproc%2F1429089%2Fprojid_map&path=%2F%2Fproc%2F1429089 HTTP/1.1" 200 2272 "-" "Mozilla/5.0 (Linux; Android 5.0) AppleWebKit/537.36 (KHTML, like Gecko) Mobile Safari/537.36 (compatible; Bytespider; spider-feedback@bytedance.com)"
57.141.2.12 - - [03/Nov/2025:13:43:49 +0000] "GET /wp-json/wp/v2/posts/30724?path=/home/nakedfoamlojoweb/access-logs HTTP/1.1" 200 15924 "-" "meta-externalagent/1.1 (+https://developers.facebook.com/docs/sharing/webmasters/crawler)"
57.141.2.3 - - [03/Nov/2025:13:43:50 +0000] "GET /wp-json/wp/v2/posts/31121?path=/home/nakedfoamlojoweb/public_html HTTP/1.1" 200 51945 "-" "meta-externalagent/1.1 (+https://developers.facebook.com/docs/sharing/webmasters/crawler)"
74.7.227.82 - - [03/Nov/2025:13:43:51 +0000] "GET /?path=//sys/class/net/lo/subsystem/lo/subsystem/eth0/device/net/eth0/device/driver/virtio0/driver/virtio0/subsystem/devices/virtio3/subsystem/drivers/virtio_console/virtio2/driver/module/notes HTTP/1.1" 200 2765 "-" "Mozilla/5.0 AppleWebKit/537.36 (KHTML, like Gecko; compatible; GPTBot/1.2; +https://openai.com/gptbot)"
57.141.2.9 - - [03/Nov/2025:13:43:52 +0000] "GET /wp-json/wp/v2/posts/29699?fileloc=/home/nakedfoamlojoweb/public_html/wp-admin/site-editor.php&path=/home/nakedfoamlojoweb/public_html/wp-admin HTTP/1.1" 200 25174 "-" "meta-externalagent/1.1 (+https://developers.facebook.com/docs/sharing/webmasters/crawler)"
74.7.227.82 - - [03/Nov/2025:13:43:54 +0000] "GET /?path=//sys/class/net/lo/subsystem/lo/subsystem/eth0/device/net/eth0/device/driver/virtio0/driver/virtio0/subsystem/devices/virtio3/subsystem/drivers/virtio_console/virtio2/driver/module/drivers HTTP/1.1" 200 2777 "-" "Mozilla/5.0 AppleWebKit/537.36 (KHTML, like Gecko; compatible; GPTBot/1.2; +https://openai.com/gptbot)"
74.7.227.82 - - [03/Nov/2025:13:43:57 +0000] "GET /?path=//sys/class/net/lo/subsystem/lo/subsystem/eth0/device/net/eth0/device/driver/virtio0/driver/virtio0/subsystem/drivers/virtio_console/virtio2/subsystem/devices/virtio2/driver/module HTTP/1.1" 200 3070 "-" "Mozilla/5.0 AppleWebKit/537.36 (KHTML, like Gecko; compatible; GPTBot/1.2; +https://openai.com/gptbot)"
74.7.227.82 - - [03/Nov/2025:13:44:00 +0000] "GET /?path=//sys/class/net/eth0/subsystem/lo/subsystem/eth0/device/net/eth0/device/driver/virtio0/driver/virtio0/subsystem/devices/virtio3/subsystem/drivers/virtio_console/module/drivers/virtio:virtio_console HTTP/1.1" 200 2887 "-" "Mozilla/5.0 AppleWebKit/537.36 (KHTML, like Gecko; compatible; GPTBot/1.2; +https://openai.com/gptbot)"
74.7.227.82 - - [03/Nov/2025:13:44:02 +0000] "GET /?path=//sys/class/net/eth0/subsystem/lo/subsystem/eth0/device/net/eth0/device/subsystem/drivers/virtio_balloon/virtio3/subsystem/devices/virtio1/driver/virtio1/driver/module/drivers/virtio:virtio_scsi/module/sections HTTP/1.1" 200 3301 "-" "Mozilla/5.0 AppleWebKit/537.36 (KHTML, like Gecko; compatible; GPTBot/1.2; +https://openai.com/gptbot)"
74.7.227.82 - - [03/Nov/2025:13:44:05 +0000] "GET /?path=//sys/class/net/eth0/subsystem/lo/subsystem/eth0/device/net/eth0/device/subsystem/drivers/virtio_balloon/virtio3/subsystem/devices/virtio1/driver/virtio1/driver/module/drivers/virtio:virtio_scsi/module/notes HTTP/1.1" 200 2779 "-" "Mozilla/5.0 AppleWebKit/537.36 (KHTML, like Gecko; compatible; GPTBot/1.2; +https://openai.com/gptbot)"
74.7.227.82 - - [03/Nov/2025:13:44:09 +0000] "GET /?path=//sys/class/net/eth0/subsystem/lo/subsystem/eth0/device/net/eth0/device/subsystem/drivers/virtio_balloon/virtio3/subsystem/devices/virtio1/driver/virtio1/driver/module/drivers/virtio:virtio_scsi/module/holders HTTP/1.1" 200 2506 "-" "Mozilla/5.0 AppleWebKit/537.36 (KHTML, like Gecko; compatible; GPTBot/1.2; +https://openai.com/gptbot)"
74.7.227.82 - - [03/Nov/2025:13:44:12 +0000] "GET /?path=//sys/class/net/eth0/subsystem/lo/subsystem/eth0/device/net/eth0/device/driver/virtio0/driver/virtio0/subsystem/devices/virtio3/subsystem/drivers/virtio_console/module/drivers/virtio:virtio_rproc_serial HTTP/1.1" 200 2888 "-" "Mozilla/5.0 AppleWebKit/537.36 (KHTML, like Gecko; compatible; GPTBot/1.2; +https://openai.com/gptbot)"
